[INFO] fetching crate beam_file 0.3.1...
[INFO] testing beam_file-0.3.1 against 1.83.0 for beta-1.84.0-4-retry
[INFO] extracting crate beam_file 0.3.1 into /workspace/builds/worker-5-tc1/source
[INFO] validating manifest of crates.io crate beam_file 0.3.1 on toolchain 1.83.0
[INFO] running `Command { std: CARGO_HOME="/workspace/cargo-home" RUSTUP_HOME="/workspace/rustup-home" "/workspace/cargo-home/bin/cargo" "+1.83.0" "metadata" "--manifest-path" "Cargo.toml" "--no-deps", kill_on_drop: false }`
[INFO] started tweaking crates.io crate beam_file 0.3.1
[INFO] finished tweaking crates.io crate beam_file 0.3.1
[INFO] tweaked toml for crates.io crate beam_file 0.3.1 written to /workspace/builds/worker-5-tc1/source/Cargo.toml
[INFO] running `Command { std: CARGO_HOME="/workspace/cargo-home" RUSTUP_HOME="/workspace/rustup-home" "/workspace/cargo-home/bin/cargo" "+1.83.0" "generate-lockfile" "--manifest-path" "Cargo.toml", kill_on_drop: false }`
[INFO] [stderr]     Blocking waiting for file lock on package cache
[INFO] [stderr]     Updating crates.io index
[INFO] [stderr]      Locking 13 packages to latest compatible versions
[INFO] [stderr]       Adding libflate v1.4.0 (available: v2.1.0)
[INFO] [stderr]       Adding thiserror v1.0.69 (available: v2.0.7)
[INFO] running `Command { std: CARGO_HOME="/workspace/cargo-home" RUSTUP_HOME="/workspace/rustup-home" "/workspace/cargo-home/bin/cargo" "+1.83.0" "fetch" "--manifest-path" "Cargo.toml", kill_on_drop: false }`
[INFO] [stderr]     Blocking waiting for file lock on package cache
[INFO] [stderr]     Blocking waiting for file lock on package cache
[INFO] running `Command { std: "docker" "create" "-v" "/var/lib/crater-agent-workspace/builds/worker-5-tc1/target:/opt/rustwide/target:rw,Z" "-v" "/var/lib/crater-agent-workspace/builds/worker-5-tc1/source:/opt/rustwide/workdir:ro,Z" "-v" "/var/lib/crater-agent-workspace/cargo-home:/opt/rustwide/cargo-home:ro,Z" "-v" "/var/lib/crater-agent-workspace/rustup-home:/opt/rustwide/rustup-home:ro,Z" "-e" "SOURCE_DIR=/opt/rustwide/workdir" "-e" "CARGO_TARGET_DIR=/opt/rustwide/target" "-e" "CARGO_HOME=/opt/rustwide/cargo-home" "-e" "RUSTUP_HOME=/opt/rustwide/rustup-home" "-w" "/opt/rustwide/workdir" "-m" "1610612736" "--user" "0:0" "--network" "none" "ghcr.io/rust-lang/crates-build-env/linux@sha256:f3a9d4ad9d972b27faf3965f35b62e55ba32bbce8f20bc8fe909558a86702fde" "/opt/rustwide/cargo-home/bin/cargo" "+1.83.0" "metadata" "--no-deps" "--format-version=1", kill_on_drop: false }`
[INFO] [stdout] 447919607bb3f7c08ecc8eba4744bd9f6e991883c2f1276a8dbf2ac3b37f31cb
[INFO] running `Command { std: "docker" "start" "-a" "447919607bb3f7c08ecc8eba4744bd9f6e991883c2f1276a8dbf2ac3b37f31cb", kill_on_drop: false }`
[INFO] running `Command { std: "docker" "inspect" "447919607bb3f7c08ecc8eba4744bd9f6e991883c2f1276a8dbf2ac3b37f31cb", kill_on_drop: false }`
[INFO] running `Command { std: "docker" "rm" "-f" "447919607bb3f7c08ecc8eba4744bd9f6e991883c2f1276a8dbf2ac3b37f31cb", kill_on_drop: false }`
[INFO] [stdout] 447919607bb3f7c08ecc8eba4744bd9f6e991883c2f1276a8dbf2ac3b37f31cb
[INFO] running `Command { std: "docker" "create" "-v" "/var/lib/crater-agent-workspace/builds/worker-5-tc1/target:/opt/rustwide/target:rw,Z" "-v" "/var/lib/crater-agent-workspace/builds/worker-5-tc1/source:/opt/rustwide/workdir:ro,Z" "-v" "/var/lib/crater-agent-workspace/cargo-home:/opt/rustwide/cargo-home:ro,Z" "-v" "/var/lib/crater-agent-workspace/rustup-home:/opt/rustwide/rustup-home:ro,Z" "-e" "SOURCE_DIR=/opt/rustwide/workdir" "-e" "CARGO_TARGET_DIR=/opt/rustwide/target" "-e" "CARGO_INCREMENTAL=0" "-e" "RUST_BACKTRACE=full" "-e" "RUSTFLAGS=--cap-lints=warn" "-e" "RUSTDOCFLAGS=--cap-lints=warn" "-e" "CARGO_HOME=/opt/rustwide/cargo-home" "-e" "RUSTUP_HOME=/opt/rustwide/rustup-home" "-w" "/opt/rustwide/workdir" "-m" "1610612736" "--user" "0:0" "--network" "none" "ghcr.io/rust-lang/crates-build-env/linux@sha256:f3a9d4ad9d972b27faf3965f35b62e55ba32bbce8f20bc8fe909558a86702fde" "/opt/rustwide/cargo-home/bin/cargo" "+1.83.0" "build" "--frozen" "--message-format=json", kill_on_drop: false }`
[INFO] [stdout] 08e758e744aeadd922919e3cde22bd01ee1af2b83064d0de1240413925b167f2
[INFO] running `Command { std: "docker" "start" "-a" "08e758e744aeadd922919e3cde22bd01ee1af2b83064d0de1240413925b167f2", kill_on_drop: false }`
[INFO] [stderr]    Compiling proc-macro2 v1.0.92
[INFO] [stderr]    Compiling unicode-ident v1.0.14
[INFO] [stderr]    Compiling cfg-if v1.0.0
[INFO] [stderr]    Compiling thiserror v1.0.69
[INFO] [stderr]    Compiling rle-decode-fast v1.0.3
[INFO] [stderr]    Compiling adler32 v1.2.0
[INFO] [stderr]    Compiling byteorder v1.5.0
[INFO] [stderr]    Compiling crc32fast v1.4.2
[INFO] [stderr]    Compiling libflate_lz77 v1.2.0
[INFO] [stderr]    Compiling libflate v1.4.0
[INFO] [stderr]    Compiling quote v1.0.37
[INFO] [stderr]    Compiling syn v2.0.90
[INFO] [stderr]    Compiling thiserror-impl v1.0.69
[INFO] [stderr]    Compiling beam_file v0.3.1 (/opt/rustwide/workdir)
[INFO] [stderr]     Finished `dev` profile [unoptimized + debuginfo] target(s) in 8.41s
[INFO] running `Command { std: "docker" "inspect" "08e758e744aeadd922919e3cde22bd01ee1af2b83064d0de1240413925b167f2", kill_on_drop: false }`
[INFO] running `Command { std: "docker" "rm" "-f" "08e758e744aeadd922919e3cde22bd01ee1af2b83064d0de1240413925b167f2", kill_on_drop: false }`
[INFO] [stdout] 08e758e744aeadd922919e3cde22bd01ee1af2b83064d0de1240413925b167f2
[INFO] running `Command { std: "docker" "create" "-v" "/var/lib/crater-agent-workspace/builds/worker-5-tc1/target:/opt/rustwide/target:rw,Z" "-v" "/var/lib/crater-agent-workspace/builds/worker-5-tc1/source:/opt/rustwide/workdir:ro,Z" "-v" "/var/lib/crater-agent-workspace/cargo-home:/opt/rustwide/cargo-home:ro,Z" "-v" "/var/lib/crater-agent-workspace/rustup-home:/opt/rustwide/rustup-home:ro,Z" "-e" "SOURCE_DIR=/opt/rustwide/workdir" "-e" "CARGO_TARGET_DIR=/opt/rustwide/target" "-e" "CARGO_INCREMENTAL=0" "-e" "RUST_BACKTRACE=full" "-e" "RUSTFLAGS=--cap-lints=warn" "-e" "RUSTDOCFLAGS=--cap-lints=warn" "-e" "CARGO_HOME=/opt/rustwide/cargo-home" "-e" "RUSTUP_HOME=/opt/rustwide/rustup-home" "-w" "/opt/rustwide/workdir" "-m" "1610612736" "--user" "0:0" "--network" "none" "ghcr.io/rust-lang/crates-build-env/linux@sha256:f3a9d4ad9d972b27faf3965f35b62e55ba32bbce8f20bc8fe909558a86702fde" "/opt/rustwide/cargo-home/bin/cargo" "+1.83.0" "test" "--frozen" "--no-run" "--message-format=json", kill_on_drop: false }`
[INFO] [stdout] 8c5f50a8be38dec62023f06e9596446abe7e46a695d9288042681909e6e8ac6f
[INFO] running `Command { std: "docker" "start" "-a" "8c5f50a8be38dec62023f06e9596446abe7e46a695d9288042681909e6e8ac6f", kill_on_drop: false }`
[INFO] [stderr]    Compiling beam_file v0.3.1 (/opt/rustwide/workdir)
[INFO] [stderr]     Finished `test` profile [unoptimized + debuginfo] target(s) in 1.92s
[INFO] running `Command { std: "docker" "inspect" "8c5f50a8be38dec62023f06e9596446abe7e46a695d9288042681909e6e8ac6f", kill_on_drop: false }`
[INFO] running `Command { std: "docker" "rm" "-f" "8c5f50a8be38dec62023f06e9596446abe7e46a695d9288042681909e6e8ac6f", kill_on_drop: false }`
[INFO] [stdout] 8c5f50a8be38dec62023f06e9596446abe7e46a695d9288042681909e6e8ac6f
[INFO] running `Command { std: "docker" "create" "-v" "/var/lib/crater-agent-workspace/builds/worker-5-tc1/target:/opt/rustwide/target:rw,Z" "-v" "/var/lib/crater-agent-workspace/builds/worker-5-tc1/source:/opt/rustwide/workdir:ro,Z" "-v" "/var/lib/crater-agent-workspace/cargo-home:/opt/rustwide/cargo-home:ro,Z" "-v" "/var/lib/crater-agent-workspace/rustup-home:/opt/rustwide/rustup-home:ro,Z" "-e" "SOURCE_DIR=/opt/rustwide/workdir" "-e" "CARGO_TARGET_DIR=/opt/rustwide/target" "-e" "CARGO_INCREMENTAL=0" "-e" "RUST_BACKTRACE=full" "-e" "RUSTFLAGS=--cap-lints=warn" "-e" "RUSTDOCFLAGS=--cap-lints=warn" "-e" "CARGO_HOME=/opt/rustwide/cargo-home" "-e" "RUSTUP_HOME=/opt/rustwide/rustup-home" "-w" "/opt/rustwide/workdir" "-m" "1610612736" "--user" "0:0" "--network" "none" "ghcr.io/rust-lang/crates-build-env/linux@sha256:f3a9d4ad9d972b27faf3965f35b62e55ba32bbce8f20bc8fe909558a86702fde" "/opt/rustwide/cargo-home/bin/cargo" "+1.83.0" "test" "--frozen", kill_on_drop: false }`
[INFO] [stdout] c840b1ff4d35a7c4eacd694d2775cb32cc2f081a70c1740bb838fae2efd542cb
[INFO] running `Command { std: "docker" "start" "-a" "c840b1ff4d35a7c4eacd694d2775cb32cc2f081a70c1740bb838fae2efd542cb", kill_on_drop: false }`
[INFO] [stderr]     Finished `test` profile [unoptimized + debuginfo] target(s) in 0.03s
[INFO] [stderr]      Running unittests src/lib.rs (/opt/rustwide/target/debug/deps/beam_file-059e7ec8d732d779)
[INFO] [stdout] 
[INFO] [stdout] running 0 tests
[INFO] [stdout] 
[INFO] [stdout] test result: ok. 0 passed; 0 failed; 0 ignored; 0 measured; 0 filtered out; finished in 0.00s
[INFO] [stdout] 
[INFO] [stderr]      Running tests/lib.rs (/opt/rustwide/target/debug/deps/lib-0e570a39c1513dc4)
[INFO] [stdout] 
[INFO] [stdout] running 3 tests
[INFO] [stdout] test standard_chunks ... ok
[INFO] [stdout] test raw_chunks ... ok
[INFO] [stdout] test encode_chunks ... ok
[INFO] [stdout] 
[INFO] [stdout] test result: ok. 3 passed; 0 failed; 0 ignored; 0 measured; 0 filtered out; finished in 0.01s
[INFO] [stdout] 
[INFO] [stderr]    Doc-tests beam_file
[INFO] [stdout] 
[INFO] [stdout] running 4 tests
[INFO] [stdout] test src/lib.rs - (line 20) ... FAILED
[INFO] [stdout] test src/beam_file.rs - beam_file::BeamFile (line 11) ... ok
[INFO] [stdout] test src/lib.rs - (line 7) ... ok
[INFO] [stdout] test src/chunk.rs - chunk::StandardChunk (line 611) ... ok
[INFO] [stdout] 
[INFO] [stdout] failures:
[INFO] [stdout] 
[INFO] [stdout] ---- src/lib.rs - (line 20) stdout ----
[INFO] [stdout] Test executable failed (exit status: 101).
[INFO] [stdout] 
[INFO] [stdout] stderr:
[INFO] [stdout] thread 'main' panicked at src/lib.rs:10:25:
[INFO] [stdout] called `Result::unwrap()` on an `Err` value: Io(Os { code: 30, kind: ReadOnlyFilesystem, message: "Read-only file system" })
[INFO] [stdout] stack backtrace:
[INFO] [stdout]    0:     0x600d73a3eb3a - std::backtrace_rs::backtrace::libunwind::trace::h5a5b8284f2d0c266
[INFO] [stdout]                                at /rustc/90b35a6239c3d8bdabc530a6a0816f7ff89a0aaf/library/std/src/../../backtrace/src/backtrace/libunwind.rs:116:5
[INFO] [stdout]    1:     0x600d73a3eb3a - std::backtrace_rs::backtrace::trace_unsynchronized::h76d4f1c9b0b875e3
[INFO] [stdout]                                at /rustc/90b35a6239c3d8bdabc530a6a0816f7ff89a0aaf/library/std/src/../../backtrace/src/backtrace/mod.rs:66:5
[INFO] [stdout]    2:     0x600d73a3eb3a - std::sys::backtrace::_print_fmt::hc4546b8364a537c6
[INFO] [stdout]                                at /rustc/90b35a6239c3d8bdabc530a6a0816f7ff89a0aaf/library/std/src/sys/backtrace.rs:66:9
[INFO] [stdout]    3:     0x600d73a3eb3a - <std::sys::backtrace::BacktraceLock::print::DisplayBacktrace as core::fmt::Display>::fmt::h5b6bd5631a6d1f6b
[INFO] [stdout]                                at /rustc/90b35a6239c3d8bdabc530a6a0816f7ff89a0aaf/library/std/src/sys/backtrace.rs:39:26
[INFO] [stdout]    4:     0x600d73a5a043 - core::fmt::rt::Argument::fmt::h270f6602a2b96f62
[INFO] [stdout]                                at /rustc/90b35a6239c3d8bdabc530a6a0816f7ff89a0aaf/library/core/src/fmt/rt.rs:177:76
[INFO] [stdout]    5:     0x600d73a5a043 - core::fmt::write::h7550c97b06c86515
[INFO] [stdout]                                at /rustc/90b35a6239c3d8bdabc530a6a0816f7ff89a0aaf/library/core/src/fmt/mod.rs:1186:21
[INFO] [stdout]    6:     0x600d73a3c8e3 - std::io::Write::write_fmt::h7b09c64fe0be9c84
[INFO] [stdout]                                at /rustc/90b35a6239c3d8bdabc530a6a0816f7ff89a0aaf/library/std/src/io/mod.rs:1839:15
[INFO] [stdout]    7:     0x600d73a3e982 - std::sys::backtrace::BacktraceLock::print::h2395ccd2c84ba3aa
[INFO] [stdout]                                at /rustc/90b35a6239c3d8bdabc530a6a0816f7ff89a0aaf/library/std/src/sys/backtrace.rs:42:9
[INFO] [stdout]    8:     0x600d73a3f92c - std::panicking::default_hook::{{closure}}::he19d4c7230e07961
[INFO] [stdout]                                at /rustc/90b35a6239c3d8bdabc530a6a0816f7ff89a0aaf/library/std/src/panicking.rs:268:22
[INFO] [stdout]    9:     0x600d73a3f772 - std::panicking::default_hook::hf614597d3c67bbdb
[INFO] [stdout]                                at /rustc/90b35a6239c3d8bdabc530a6a0816f7ff89a0aaf/library/std/src/panicking.rs:295:9
[INFO] [stdout]   10:     0x600d73a3ff07 - std::panicking::rust_panic_with_hook::h8942133a8b252070
[INFO] [stdout]                                at /rustc/90b35a6239c3d8bdabc530a6a0816f7ff89a0aaf/library/std/src/panicking.rs:801:13
[INFO] [stdout]   11:     0x600d73a3fd9a - std::panicking::begin_panic_handler::{{closure}}::hb5f5963570096b29
[INFO] [stdout]                                at /rustc/90b35a6239c3d8bdabc530a6a0816f7ff89a0aaf/library/std/src/panicking.rs:674:13
[INFO] [stdout]   12:     0x600d73a3f019 - std::sys::backtrace::__rust_end_short_backtrace::h6208cedc1922feda
[INFO] [stdout]                                at /rustc/90b35a6239c3d8bdabc530a6a0816f7ff89a0aaf/library/std/src/sys/backtrace.rs:170:18
[INFO] [stdout]   13:     0x600d73a3fa2c - rust_begin_unwind
[INFO] [stdout]                                at /rustc/90b35a6239c3d8bdabc530a6a0816f7ff89a0aaf/library/std/src/panicking.rs:665:5
[INFO] [stdout]   14:     0x600d73a1b040 - core::panicking::panic_fmt::h0c3082644d1bf418
[INFO] [stdout]                                at /rustc/90b35a6239c3d8bdabc530a6a0816f7ff89a0aaf/library/core/src/panicking.rs:74:14
[INFO] [stdout]   15:     0x600d73a1b456 - core::result::unwrap_failed::hd20b4aa073bda1e2
[INFO] [stdout]                                at /rustc/90b35a6239c3d8bdabc530a6a0816f7ff89a0aaf/library/core/src/result.rs:1700:5
[INFO] [stdout]   16:     0x600d73a1e7ee - rust_out::main::_doctest_main_src_lib_rs_20_0::he62f35a3eecd8ee9
[INFO] [stdout]   17:     0x600d73a1e606 - rust_out::main::h86d391cc11b8a827
[INFO] [stdout]   18:     0x600d73a1c663 - core::ops::function::FnOnce::call_once::hd1e0b33d350e8c2e
[INFO] [stdout]   19:     0x600d73a1c4c6 - std::sys::backtrace::__rust_begin_short_backtrace::hb7c4fd168269da08
[INFO] [stdout]   20:     0x600d73a1c409 - std::rt::lang_start::{{closure}}::h7630186e3858a44d
[INFO] [stdout]   21:     0x600d73a3ad0e - core::ops::function::impls::<impl core::ops::function::FnOnce<A> for &F>::call_once::hfdb85f4ee94732d3
[INFO] [stdout]                                at /rustc/90b35a6239c3d8bdabc530a6a0816f7ff89a0aaf/library/core/src/ops/function.rs:284:13
[INFO] [stdout]   22:     0x600d73a3ad0e - std::panicking::try::do_call::h6e577310f330cbef
[INFO] [stdout]                                at /rustc/90b35a6239c3d8bdabc530a6a0816f7ff89a0aaf/library/std/src/panicking.rs:557:40
[INFO] [stdout]   23:     0x600d73a3ad0e - std::panicking::try::ha588d438267d2645
[INFO] [stdout]                                at /rustc/90b35a6239c3d8bdabc530a6a0816f7ff89a0aaf/library/std/src/panicking.rs:520:19
[INFO] [stdout]   24:     0x600d73a3ad0e - std::panic::catch_unwind::h429fda1e025f26d9
[INFO] [stdout]                                at /rustc/90b35a6239c3d8bdabc530a6a0816f7ff89a0aaf/library/std/src/panic.rs:358:14
[INFO] [stdout]   25:     0x600d73a3ad0e - std::rt::lang_start_internal::{{closure}}::h7b731265e841c4bf
[INFO] [stdout]                                at /rustc/90b35a6239c3d8bdabc530a6a0816f7ff89a0aaf/library/std/src/rt.rs:174:48
[INFO] [stdout]   26:     0x600d73a3ad0e - std::panicking::try::do_call::hc0f6a675b7ae5a36
[INFO] [stdout]                                at /rustc/90b35a6239c3d8bdabc530a6a0816f7ff89a0aaf/library/std/src/panicking.rs:557:40
[INFO] [stdout]   27:     0x600d73a3ad0e - std::panicking::try::h4c93b7ff0671f1ff
[INFO] [stdout]                                at /rustc/90b35a6239c3d8bdabc530a6a0816f7ff89a0aaf/library/std/src/panicking.rs:520:19
[INFO] [stdout]   28:     0x600d73a3ad0e - std::panic::catch_unwind::hcc1e154961d16ce6
[INFO] [stdout]                                at /rustc/90b35a6239c3d8bdabc530a6a0816f7ff89a0aaf/library/std/src/panic.rs:358:14
[INFO] [stdout]   29:     0x600d73a3ad0e - std::rt::lang_start_internal::h1c66660c99c8424c
[INFO] [stdout]                                at /rustc/90b35a6239c3d8bdabc530a6a0816f7ff89a0aaf/library/std/src/rt.rs:174:20
[INFO] [stdout]   30:     0x600d73a1c3e7 - std::rt::lang_start::hcdb31f4834f76b8c
[INFO] [stdout]   31:     0x600d73a1e895 - main
[INFO] [stdout]   32:     0x77f8f6665d90 - <unknown>
[INFO] [stdout]   33:     0x77f8f6665e40 - __libc_start_main
[INFO] [stdout]   34:     0x600d73a1b815 - _start
[INFO] [stdout]   35:                0x0 - <unknown>
[INFO] [stdout] 
[INFO] [stdout] 
[INFO] [stdout] 
[INFO] [stdout] failures:
[INFO] [stdout]     src/lib.rs - (line 20)
[INFO] [stdout] 
[INFO] [stdout] test result: FAILED. 3 passed; 1 failed; 0 ignored; 0 measured; 0 filtered out; finished in 1.49s
[INFO] [stdout] 
[INFO] [stderr] error: doctest failed, to rerun pass `--doc`
[INFO] running `Command { std: "docker" "inspect" "c840b1ff4d35a7c4eacd694d2775cb32cc2f081a70c1740bb838fae2efd542cb", kill_on_drop: false }`
[INFO] running `Command { std: "docker" "rm" "-f" "c840b1ff4d35a7c4eacd694d2775cb32cc2f081a70c1740bb838fae2efd542cb", kill_on_drop: false }`
[INFO] [stdout] c840b1ff4d35a7c4eacd694d2775cb32cc2f081a70c1740bb838fae2efd542cb
