[INFO] fetching crate bdrck 0.20.5...
[INFO] testing bdrck-0.20.5 against 1.83.0 for beta-1.84.0-4-retry
[INFO] extracting crate bdrck 0.20.5 into /workspace/builds/worker-1-tc1/source
[INFO] validating manifest of crates.io crate bdrck 0.20.5 on toolchain 1.83.0
[INFO] running `Command { std: CARGO_HOME="/workspace/cargo-home" RUSTUP_HOME="/workspace/rustup-home" "/workspace/cargo-home/bin/cargo" "+1.83.0" "metadata" "--manifest-path" "Cargo.toml" "--no-deps", kill_on_drop: false }`
[INFO] started tweaking crates.io crate bdrck 0.20.5
[INFO] finished tweaking crates.io crate bdrck 0.20.5
[INFO] tweaked toml for crates.io crate bdrck 0.20.5 written to /workspace/builds/worker-1-tc1/source/Cargo.toml
[INFO] running `Command { std: CARGO_HOME="/workspace/cargo-home" RUSTUP_HOME="/workspace/rustup-home" "/workspace/cargo-home/bin/cargo" "+1.83.0" "generate-lockfile" "--manifest-path" "Cargo.toml", kill_on_drop: false }`
[INFO] [stderr]     Updating crates.io index
[INFO] [stderr]      Locking 195 packages to latest compatible versions
[INFO] [stderr]       Adding thiserror v1.0.69 (available: v2.0.7)
[INFO] running `Command { std: CARGO_HOME="/workspace/cargo-home" RUSTUP_HOME="/workspace/rustup-home" "/workspace/cargo-home/bin/cargo" "+1.83.0" "fetch" "--manifest-path" "Cargo.toml", kill_on_drop: false }`
[INFO] [stderr]  Downloading crates ...
[INFO] [stderr]   Downloaded halite-sys v0.1.12
[INFO] running `Command { std: "docker" "create" "-v" "/var/lib/crater-agent-workspace/builds/worker-1-tc1/target:/opt/rustwide/target:rw,Z" "-v" "/var/lib/crater-agent-workspace/builds/worker-1-tc1/source:/opt/rustwide/workdir:ro,Z" "-v" "/var/lib/crater-agent-workspace/cargo-home:/opt/rustwide/cargo-home:ro,Z" "-v" "/var/lib/crater-agent-workspace/rustup-home:/opt/rustwide/rustup-home:ro,Z" "-e" "SOURCE_DIR=/opt/rustwide/workdir" "-e" "CARGO_TARGET_DIR=/opt/rustwide/target" "-e" "CARGO_HOME=/opt/rustwide/cargo-home" "-e" "RUSTUP_HOME=/opt/rustwide/rustup-home" "-w" "/opt/rustwide/workdir" "-m" "1610612736" "--user" "0:0" "--network" "none" "ghcr.io/rust-lang/crates-build-env/linux@sha256:f3a9d4ad9d972b27faf3965f35b62e55ba32bbce8f20bc8fe909558a86702fde" "/opt/rustwide/cargo-home/bin/cargo" "+1.83.0" "metadata" "--no-deps" "--format-version=1", kill_on_drop: false }`
[INFO] [stdout] 166f34873cb1c863a07b9c98d0d512df8598f979280e3056fd288badf946dacf
[INFO] running `Command { std: "docker" "start" "-a" "166f34873cb1c863a07b9c98d0d512df8598f979280e3056fd288badf946dacf", kill_on_drop: false }`
[INFO] running `Command { std: "docker" "inspect" "166f34873cb1c863a07b9c98d0d512df8598f979280e3056fd288badf946dacf", kill_on_drop: false }`
[INFO] running `Command { std: "docker" "rm" "-f" "166f34873cb1c863a07b9c98d0d512df8598f979280e3056fd288badf946dacf", kill_on_drop: false }`
[INFO] [stdout] 166f34873cb1c863a07b9c98d0d512df8598f979280e3056fd288badf946dacf
[INFO] running `Command { std: "docker" "create" "-v" "/var/lib/crater-agent-workspace/builds/worker-1-tc1/target:/opt/rustwide/target:rw,Z" "-v" "/var/lib/crater-agent-workspace/builds/worker-1-tc1/source:/opt/rustwide/workdir:ro,Z" "-v" "/var/lib/crater-agent-workspace/cargo-home:/opt/rustwide/cargo-home:ro,Z" "-v" "/var/lib/crater-agent-workspace/rustup-home:/opt/rustwide/rustup-home:ro,Z" "-e" "SOURCE_DIR=/opt/rustwide/workdir" "-e" "CARGO_TARGET_DIR=/opt/rustwide/target" "-e" "CARGO_INCREMENTAL=0" "-e" "RUST_BACKTRACE=full" "-e" "RUSTFLAGS=--cap-lints=warn" "-e" "RUSTDOCFLAGS=--cap-lints=warn" "-e" "CARGO_HOME=/opt/rustwide/cargo-home" "-e" "RUSTUP_HOME=/opt/rustwide/rustup-home" "-w" "/opt/rustwide/workdir" "-m" "1610612736" "--user" "0:0" "--network" "none" "ghcr.io/rust-lang/crates-build-env/linux@sha256:f3a9d4ad9d972b27faf3965f35b62e55ba32bbce8f20bc8fe909558a86702fde" "/opt/rustwide/cargo-home/bin/cargo" "+1.83.0" "build" "--frozen" "--message-format=json", kill_on_drop: false }`
[INFO] [stdout] eb127893fb0520792bea66da2883cb2a33bbb5e66d3967ddb29c582191d88670
[INFO] running `Command { std: "docker" "start" "-a" "eb127893fb0520792bea66da2883cb2a33bbb5e66d3967ddb29c582191d88670", kill_on_drop: false }`
[INFO] [stderr]    Compiling proc-macro2 v1.0.92
[INFO] [stderr]    Compiling unicode-ident v1.0.14
[INFO] [stderr]    Compiling libc v0.2.168
[INFO] [stderr]    Compiling cfg-if v1.0.0
[INFO] [stderr]    Compiling autocfg v1.4.0
[INFO] [stderr]    Compiling shlex v1.3.0
[INFO] [stderr]    Compiling stable_deref_trait v1.2.0
[INFO] [stderr]    Compiling pin-project-lite v0.2.15
[INFO] [stderr]    Compiling futures-core v0.3.31
[INFO] [stderr]    Compiling bytes v1.9.0
[INFO] [stderr]    Compiling futures-sink v0.3.31
[INFO] [stderr]    Compiling itoa v1.0.14
[INFO] [stderr]    Compiling vcpkg v0.2.15
[INFO] [stderr]    Compiling once_cell v1.20.2
[INFO] [stderr]    Compiling pkg-config v0.3.31
[INFO] [stderr]    Compiling cc v1.2.4
[INFO] [stderr]    Compiling slab v0.4.9
[INFO] [stderr]    Compiling writeable v0.5.5
[INFO] [stderr]    Compiling memchr v2.7.4
[INFO] [stderr]    Compiling litemap v0.7.4
[INFO] [stderr]    Compiling quote v1.0.37
[INFO] [stderr]    Compiling syn v2.0.90
[INFO] [stderr]    Compiling futures-channel v0.3.31
[INFO] [stderr]    Compiling futures-task v0.3.31
[INFO] [stderr]    Compiling socket2 v0.5.8
[INFO] [stderr]    Compiling mio v1.0.3
[INFO] [stderr]    Compiling fnv v1.0.7
[INFO] [stderr]    Compiling pin-utils v0.1.0
[INFO] [stderr]    Compiling rustix v0.38.42
[INFO] [stderr]    Compiling log v0.4.22
[INFO] [stderr]    Compiling glob v0.3.1
[INFO] [stderr]    Compiling smallvec v1.13.2
[INFO] [stderr]    Compiling futures-io v0.3.31
[INFO] [stderr]    Compiling tokio v1.42.0
[INFO] [stderr]    Compiling http v1.2.0
[INFO] [stderr]    Compiling openssl-sys v0.9.104
[INFO] [stderr]    Compiling clang-sys v1.8.1
[INFO] [stderr]    Compiling bitflags v2.6.0
[INFO] [stderr]    Compiling icu_locid_transform_data v1.5.0
[INFO] [stderr]    Compiling linux-raw-sys v0.4.14
[INFO] [stderr]    Compiling prettyplease v0.2.25
[INFO] [stderr]    Compiling tracing-core v0.1.33
[INFO] [stderr]    Compiling httparse v1.9.5
[INFO] [stderr]    Compiling byteorder v1.5.0
[INFO] [stderr]    Compiling regex-syntax v0.8.5
[INFO] [stderr]    Compiling openssl v0.10.68
[INFO] [stderr]    Compiling hashbrown v0.15.2
[INFO] [stderr]    Compiling icu_properties_data v1.5.0
[INFO] [stderr]    Compiling gimli v0.31.1
[INFO] [stderr]    Compiling adler2 v2.0.0
[INFO] [stderr]    Compiling minimal-lexical v0.2.1
[INFO] [stderr]    Compiling serde v1.0.216
[INFO] [stderr]    Compiling foreign-types-shared v0.1.1
[INFO] [stderr]    Compiling equivalent v1.0.1
[INFO] [stderr]    Compiling either v1.13.0
[INFO] [stderr]    Compiling foreign-types v0.3.2
[INFO] [stderr]    Compiling nom v7.1.3
[INFO] [stderr]    Compiling indexmap v2.7.0
[INFO] [stderr]    Compiling miniz_oxide v0.8.0
[INFO] [stderr]    Compiling regex-automata v0.4.9
[INFO] [stderr]    Compiling http-body v1.0.1
[INFO] [stderr]    Compiling object v0.36.5
[INFO] [stderr]    Compiling libloading v0.8.6
[INFO] [stderr]    Compiling atomic-waker v1.1.2
[INFO] [stderr]    Compiling utf8_iter v1.0.4
[INFO] [stderr]    Compiling icu_normalizer_data v1.5.0
[INFO] [stderr]    Compiling utf16_iter v1.0.5
[INFO] [stderr]    Compiling addr2line v0.24.2
[INFO] [stderr]    Compiling tokio-util v0.7.13
[INFO] [stderr]    Compiling write16 v1.0.0
[INFO] [stderr]    Compiling synstructure v0.13.1
[INFO] [stderr]    Compiling home v0.5.9
[INFO] [stderr]    Compiling bindgen v0.69.5
[INFO] [stderr]    Compiling native-tls v0.2.12
[INFO] [stderr]    Compiling rustc-demangle v0.1.24
[INFO] [stderr]    Compiling try-lock v0.2.5
[INFO] [stderr]    Compiling anyhow v1.0.94
[INFO] [stderr]    Compiling want v0.3.1
[INFO] [stderr]    Compiling which v4.4.2
[INFO] [stderr]    Compiling regex v1.11.1
[INFO] [stderr]    Compiling cexpr v0.6.0
[INFO] [stderr]    Compiling itertools v0.12.1
[INFO] [stderr]    Compiling num-traits v0.2.19
[INFO] [stderr]    Compiling lazycell v1.3.0
[INFO] [stderr]    Compiling same-file v1.0.6
[INFO] [stderr]    Compiling fastrand v2.3.0
[INFO] [stderr]    Compiling paste v1.0.15
[INFO] [stderr]    Compiling percent-encoding v2.3.1
[INFO] [stderr]    Compiling lazy_static v1.5.0
[INFO] [stderr]    Compiling openssl-probe v0.1.5
[INFO] [stderr]    Compiling rustc-hash v1.1.0
[INFO] [stderr]    Compiling tempfile v3.14.0
[INFO] [stderr]    Compiling form_urlencoded v1.2.1
[INFO] [stderr]    Compiling walkdir v2.5.0
[INFO] [stderr]    Compiling getrandom v0.2.15
[INFO] [stderr]    Compiling ryu v1.0.18
[INFO] [stderr]    Compiling tower-service v0.3.3
[INFO] [stderr]    Compiling rand_core v0.6.4
[INFO] [stderr]    Compiling zerofrom-derive v0.1.5
[INFO] [stderr]    Compiling yoke-derive v0.7.5
[INFO] [stderr]    Compiling zerovec-derive v0.10.3
[INFO] [stderr]    Compiling displaydoc v0.2.5
[INFO] [stderr]    Compiling futures-macro v0.3.31
[INFO] [stderr]    Compiling icu_provider_macros v1.5.0
[INFO] [stderr]    Compiling tracing-attributes v0.1.28
[INFO] [stderr]    Compiling openssl-macros v0.1.1
[INFO] [stderr]    Compiling serde_derive v1.0.216
[INFO] [stderr]    Compiling backtrace v0.3.74
[INFO] [stderr]    Compiling futures-util v0.3.31
[INFO] [stderr]    Compiling zerocopy-derive v0.7.35
[INFO] [stderr]    Compiling zerofrom v0.1.5
[INFO] [stderr]    Compiling yoke v0.7.5
[INFO] [stderr]    Compiling zerovec v0.10.4
[INFO] [stderr]    Compiling tracing v0.1.41
[INFO] [stderr]    Compiling h2 v0.4.7
[INFO] [stderr]    Compiling tinystr v0.7.6
[INFO] [stderr]    Compiling icu_locid v1.5.0
[INFO] [stderr]    Compiling icu_collections v1.5.0
[INFO] [stderr]    Compiling zerocopy v0.7.35
[INFO] [stderr]    Compiling ppv-lite86 v0.2.20
[INFO] [stderr]    Compiling serde_json v1.0.133
[INFO] [stderr]    Compiling icu_provider v1.5.0
[INFO] [stderr]    Compiling thiserror v1.0.69
[INFO] [stderr]    Compiling icu_locid_transform v1.5.0
[INFO] [stderr]    Compiling http-body-util v0.1.2
[INFO] [stderr]    Compiling rustls-pki-types v1.10.1
[INFO] [stderr]    Compiling futures-executor v0.3.31
[INFO] [stderr]    Compiling rand_chacha v0.3.1
[INFO] [stderr]    Compiling rustls-pemfile v2.2.0
[INFO] [stderr]    Compiling rmp v0.8.14
[INFO] [stderr]    Compiling thiserror-impl v1.0.69
[INFO] [stderr]    Compiling icu_properties v1.5.1
[INFO] [stderr]    Compiling hyper v1.5.1
[INFO] [stderr]    Compiling tokio-native-tls v0.3.1
[INFO] [stderr]    Compiling sync_wrapper v1.0.2
[INFO] [stderr]    Compiling encoding_rs v0.8.35
[INFO] [stderr]    Compiling base64 v0.22.1
[INFO] [stderr]    Compiling mime v0.3.17
[INFO] [stderr]    Compiling hyper-util v0.1.10
[INFO] [stderr]    Compiling ipnet v2.10.1
[INFO] [stderr]    Compiling rand v0.8.5
[INFO] [stderr]    Compiling futures v0.3.31
[INFO] [stderr]    Compiling icu_normalizer v1.5.0
[INFO] [stderr]    Compiling errno v0.3.10
[INFO] [stderr]    Compiling data-encoding v2.6.0
[INFO] [stderr]    Compiling idna_adapter v1.2.0
[INFO] [stderr]    Compiling idna v1.0.3
[INFO] [stderr]    Compiling hyper-tls v0.6.0
[INFO] [stderr]    Compiling url v2.5.4
[INFO] [stderr]    Compiling serde_urlencoded v0.7.1
[INFO] [stderr]    Compiling rmp-serde v1.3.0
[INFO] [stderr]    Compiling halite-sys v0.1.12
[INFO] [stderr]    Compiling reqwest v0.12.9
[INFO] [stderr]    Compiling bdrck v0.20.5 (/opt/rustwide/workdir)
[INFO] [stdout] warning: unexpected `cfg` condition value: `regex`
[INFO] [stdout]   --> src/error.rs:93:11
[INFO] [stdout]    |
[INFO] [stdout] 93 |     #[cfg(feature = "regex")]
[INFO] [stdout]    |           ^^^^^^^^^^^^^^^^^
[INFO] [stdout]    |
[INFO] [stdout]    = note: expected values for `feature` are: `cli`, `configuration`, `crypto`, `data-encoding`, `default`, `errno`, `fs`, `futures`, `halite-sys`, `http`, `io`, `libc`, `net`, `rand`, `reqwest`, `rmp-serde`, `serde`, `serde_json`, `testing`, `tracing`, and `url`
[INFO] [stdout]    = help: consider adding `regex` as a feature in `Cargo.toml`
[INFO] [stdout]    = note: see <https://doc.rust-lang.org/nightly/rustc/check-cfg/cargo-specifics.html> for more information about checking conditional configuration
[INFO] [stdout]    = note: `#[warn(unexpected_cfgs)]` on by default
[INFO] [stdout] 
[INFO] [stdout] 
[INFO] [stdout] warning: unnecessary qualification
[INFO] [stdout]    --> src/fs.rs:214:31
[INFO] [stdout]     |
[INFO] [stdout] 214 |         mem::transmute::<[u8; mem::size_of::<libc::passwd>()], libc::passwd>(
[INFO] [stdout]     |                               ^^^^^^^^^^^^^^^^^^^^^^^^^^^^
[INFO] [stdout]     |
[INFO] [stdout] note: the lint level is defined here
[INFO] [stdout]    --> src/lib.rs:23:46
[INFO] [stdout]     |
[INFO] [stdout] 23  | #![warn(bare_trait_objects, unreachable_pub, unused_qualifications)]
[INFO] [stdout]     |                                              ^^^^^^^^^^^^^^^^^^^^^
[INFO] [stdout] help: remove the unnecessary path segments
[INFO] [stdout]     |
[INFO] [stdout] 214 -         mem::transmute::<[u8; mem::size_of::<libc::passwd>()], libc::passwd>(
[INFO] [stdout] 214 +         mem::transmute::<[u8; size_of::<libc::passwd>()], libc::passwd>(
[INFO] [stdout]     |
[INFO] [stdout] 
[INFO] [stdout] 
[INFO] [stdout] warning: unnecessary qualification
[INFO] [stdout]    --> src/fs.rs:215:20
[INFO] [stdout]     |
[INFO] [stdout] 215 |             [0_u8; mem::size_of::<libc::passwd>()],
[INFO] [stdout]     |                    ^^^^^^^^^^^^^^^^^^^^^^^^^^^^
[INFO] [stdout]     |
[INFO] [stdout] help: remove the unnecessary path segments
[INFO] [stdout]     |
[INFO] [stdout] 215 -             [0_u8; mem::size_of::<libc::passwd>()],
[INFO] [stdout] 215 +             [0_u8; size_of::<libc::passwd>()],
[INFO] [stdout]     |
[INFO] [stdout] 
[INFO] [stdout] 
[INFO] [stdout] warning: unnecessary qualification
[INFO] [stdout]   --> src/lib.rs:84:19
[INFO] [stdout]    |
[INFO] [stdout] 84 | fn init_nacl() -> self::error::Result<()> {
[INFO] [stdout]    |                   ^^^^^^^^^^^^^^^^^^^^^^^
[INFO] [stdout]    |
[INFO] [stdout] help: remove the unnecessary path segments
[INFO] [stdout]    |
[INFO] [stdout] 84 - fn init_nacl() -> self::error::Result<()> {
[INFO] [stdout] 84 + fn init_nacl() -> error::Result<()> {
[INFO] [stdout]    |
[INFO] [stdout] 
[INFO] [stdout] 
[INFO] [stdout] warning: unnecessary qualification
[INFO] [stdout]    --> src/lib.rs:102:18
[INFO] [stdout]     |
[INFO] [stdout] 102 | pub fn init() -> self::error::Result<()> {
[INFO] [stdout]     |                  ^^^^^^^^^^^^^^^^^^^^^^^
[INFO] [stdout]     |
[INFO] [stdout] help: remove the unnecessary path segments
[INFO] [stdout]     |
[INFO] [stdout] 102 - pub fn init() -> self::error::Result<()> {
[INFO] [stdout] 102 + pub fn init() -> error::Result<()> {
[INFO] [stdout]     |
[INFO] [stdout] 
[INFO] [stdout] 
[INFO] [stderr]     Finished `dev` profile [unoptimized + debuginfo] target(s) in 3m 27s
[INFO] running `Command { std: "docker" "inspect" "eb127893fb0520792bea66da2883cb2a33bbb5e66d3967ddb29c582191d88670", kill_on_drop: false }`
[INFO] running `Command { std: "docker" "rm" "-f" "eb127893fb0520792bea66da2883cb2a33bbb5e66d3967ddb29c582191d88670", kill_on_drop: false }`
[INFO] [stdout] eb127893fb0520792bea66da2883cb2a33bbb5e66d3967ddb29c582191d88670
[INFO] running `Command { std: "docker" "create" "-v" "/var/lib/crater-agent-workspace/builds/worker-1-tc1/target:/opt/rustwide/target:rw,Z" "-v" "/var/lib/crater-agent-workspace/builds/worker-1-tc1/source:/opt/rustwide/workdir:ro,Z" "-v" "/var/lib/crater-agent-workspace/cargo-home:/opt/rustwide/cargo-home:ro,Z" "-v" "/var/lib/crater-agent-workspace/rustup-home:/opt/rustwide/rustup-home:ro,Z" "-e" "SOURCE_DIR=/opt/rustwide/workdir" "-e" "CARGO_TARGET_DIR=/opt/rustwide/target" "-e" "CARGO_INCREMENTAL=0" "-e" "RUST_BACKTRACE=full" "-e" "RUSTFLAGS=--cap-lints=warn" "-e" "RUSTDOCFLAGS=--cap-lints=warn" "-e" "CARGO_HOME=/opt/rustwide/cargo-home" "-e" "RUSTUP_HOME=/opt/rustwide/rustup-home" "-w" "/opt/rustwide/workdir" "-m" "1610612736" "--user" "0:0" "--network" "none" "ghcr.io/rust-lang/crates-build-env/linux@sha256:f3a9d4ad9d972b27faf3965f35b62e55ba32bbce8f20bc8fe909558a86702fde" "/opt/rustwide/cargo-home/bin/cargo" "+1.83.0" "test" "--frozen" "--no-run" "--message-format=json", kill_on_drop: false }`
[INFO] [stdout] d7c508ed25befc74d8d5c89142c35165724052a4da11b5b971288b98fcf3d317
[INFO] running `Command { std: "docker" "start" "-a" "d7c508ed25befc74d8d5c89142c35165724052a4da11b5b971288b98fcf3d317", kill_on_drop: false }`
[INFO] [stderr]    Compiling bdrck v0.20.5 (/opt/rustwide/workdir)
[INFO] [stdout] warning: unexpected `cfg` condition value: `regex`
[INFO] [stdout]   --> src/error.rs:93:11
[INFO] [stdout]    |
[INFO] [stdout] 93 |     #[cfg(feature = "regex")]
[INFO] [stdout]    |           ^^^^^^^^^^^^^^^^^
[INFO] [stdout]    |
[INFO] [stdout]    = note: expected values for `feature` are: `cli`, `configuration`, `crypto`, `data-encoding`, `default`, `errno`, `fs`, `futures`, `halite-sys`, `http`, `io`, `libc`, `net`, `rand`, `reqwest`, `rmp-serde`, `serde`, `serde_json`, `testing`, `tracing`, and `url`
[INFO] [stdout]    = help: consider adding `regex` as a feature in `Cargo.toml`
[INFO] [stdout]    = note: see <https://doc.rust-lang.org/nightly/rustc/check-cfg/cargo-specifics.html> for more information about checking conditional configuration
[INFO] [stdout]    = note: `#[warn(unexpected_cfgs)]` on by default
[INFO] [stdout] 
[INFO] [stdout] 
[INFO] [stdout] warning: unnecessary qualification
[INFO] [stdout]    --> src/fs.rs:214:31
[INFO] [stdout]     |
[INFO] [stdout] 214 |         mem::transmute::<[u8; mem::size_of::<libc::passwd>()], libc::passwd>(
[INFO] [stdout]     |                               ^^^^^^^^^^^^^^^^^^^^^^^^^^^^
[INFO] [stdout]     |
[INFO] [stdout] note: the lint level is defined here
[INFO] [stdout]    --> src/lib.rs:23:46
[INFO] [stdout]     |
[INFO] [stdout] 23  | #![warn(bare_trait_objects, unreachable_pub, unused_qualifications)]
[INFO] [stdout]     |                                              ^^^^^^^^^^^^^^^^^^^^^
[INFO] [stdout] help: remove the unnecessary path segments
[INFO] [stdout]     |
[INFO] [stdout] 214 -         mem::transmute::<[u8; mem::size_of::<libc::passwd>()], libc::passwd>(
[INFO] [stdout] 214 +         mem::transmute::<[u8; size_of::<libc::passwd>()], libc::passwd>(
[INFO] [stdout]     |
[INFO] [stdout] 
[INFO] [stdout] 
[INFO] [stdout] warning: unnecessary qualification
[INFO] [stdout]    --> src/fs.rs:215:20
[INFO] [stdout]     |
[INFO] [stdout] 215 |             [0_u8; mem::size_of::<libc::passwd>()],
[INFO] [stdout]     |                    ^^^^^^^^^^^^^^^^^^^^^^^^^^^^
[INFO] [stdout]     |
[INFO] [stdout] help: remove the unnecessary path segments
[INFO] [stdout]     |
[INFO] [stdout] 215 -             [0_u8; mem::size_of::<libc::passwd>()],
[INFO] [stdout] 215 +             [0_u8; size_of::<libc::passwd>()],
[INFO] [stdout]     |
[INFO] [stdout] 
[INFO] [stdout] 
[INFO] [stdout] warning: unnecessary qualification
[INFO] [stdout]   --> src/lib.rs:84:19
[INFO] [stdout]    |
[INFO] [stdout] 84 | fn init_nacl() -> self::error::Result<()> {
[INFO] [stdout]    |                   ^^^^^^^^^^^^^^^^^^^^^^^
[INFO] [stdout]    |
[INFO] [stdout] help: remove the unnecessary path segments
[INFO] [stdout]    |
[INFO] [stdout] 84 - fn init_nacl() -> self::error::Result<()> {
[INFO] [stdout] 84 + fn init_nacl() -> error::Result<()> {
[INFO] [stdout]    |
[INFO] [stdout] 
[INFO] [stdout] 
[INFO] [stdout] warning: unnecessary qualification
[INFO] [stdout]    --> src/lib.rs:102:18
[INFO] [stdout]     |
[INFO] [stdout] 102 | pub fn init() -> self::error::Result<()> {
[INFO] [stdout]     |                  ^^^^^^^^^^^^^^^^^^^^^^^
[INFO] [stdout]     |
[INFO] [stdout] help: remove the unnecessary path segments
[INFO] [stdout]     |
[INFO] [stdout] 102 - pub fn init() -> self::error::Result<()> {
[INFO] [stdout] 102 + pub fn init() -> error::Result<()> {
[INFO] [stdout]     |
[INFO] [stdout] 
[INFO] [stdout] 
[INFO] [stdout] warning: unexpected `cfg` condition value: `regex`
[INFO] [stdout]   --> src/error.rs:93:11
[INFO] [stdout]    |
[INFO] [stdout] 93 |     #[cfg(feature = "regex")]
[INFO] [stdout]    |           ^^^^^^^^^^^^^^^^^
[INFO] [stdout]    |
[INFO] [stdout]    = note: expected values for `feature` are: `cli`, `configuration`, `crypto`, `data-encoding`, `default`, `errno`, `fs`, `futures`, `halite-sys`, `http`, `io`, `libc`, `net`, `rand`, `reqwest`, `rmp-serde`, `serde`, `serde_json`, `testing`, `tracing`, and `url`
[INFO] [stdout]    = help: consider adding `regex` as a feature in `Cargo.toml`
[INFO] [stdout]    = note: see <https://doc.rust-lang.org/nightly/rustc/check-cfg/cargo-specifics.html> for more information about checking conditional configuration
[INFO] [stdout]    = note: `#[warn(unexpected_cfgs)]` on by default
[INFO] [stdout] 
[INFO] [stdout] 
[INFO] [stdout] warning: unnecessary qualification
[INFO] [stdout]    --> src/fs.rs:214:31
[INFO] [stdout]     |
[INFO] [stdout] 214 |         mem::transmute::<[u8; mem::size_of::<libc::passwd>()], libc::passwd>(
[INFO] [stdout]     |                               ^^^^^^^^^^^^^^^^^^^^^^^^^^^^
[INFO] [stdout]     |
[INFO] [stdout] note: the lint level is defined here
[INFO] [stdout]    --> src/lib.rs:23:46
[INFO] [stdout]     |
[INFO] [stdout] 23  | #![warn(bare_trait_objects, unreachable_pub, unused_qualifications)]
[INFO] [stdout]     |                                              ^^^^^^^^^^^^^^^^^^^^^
[INFO] [stdout] help: remove the unnecessary path segments
[INFO] [stdout]     |
[INFO] [stdout] 214 -         mem::transmute::<[u8; mem::size_of::<libc::passwd>()], libc::passwd>(
[INFO] [stdout] 214 +         mem::transmute::<[u8; size_of::<libc::passwd>()], libc::passwd>(
[INFO] [stdout]     |
[INFO] [stdout] 
[INFO] [stdout] 
[INFO] [stdout] warning: unnecessary qualification
[INFO] [stdout]    --> src/fs.rs:215:20
[INFO] [stdout]     |
[INFO] [stdout] 215 |             [0_u8; mem::size_of::<libc::passwd>()],
[INFO] [stdout]     |                    ^^^^^^^^^^^^^^^^^^^^^^^^^^^^
[INFO] [stdout]     |
[INFO] [stdout] help: remove the unnecessary path segments
[INFO] [stdout]     |
[INFO] [stdout] 215 -             [0_u8; mem::size_of::<libc::passwd>()],
[INFO] [stdout] 215 +             [0_u8; size_of::<libc::passwd>()],
[INFO] [stdout]     |
[INFO] [stdout] 
[INFO] [stdout] 
[INFO] [stdout] warning: unnecessary qualification
[INFO] [stdout]   --> src/lib.rs:84:19
[INFO] [stdout]    |
[INFO] [stdout] 84 | fn init_nacl() -> self::error::Result<()> {
[INFO] [stdout]    |                   ^^^^^^^^^^^^^^^^^^^^^^^
[INFO] [stdout]    |
[INFO] [stdout] help: remove the unnecessary path segments
[INFO] [stdout]    |
[INFO] [stdout] 84 - fn init_nacl() -> self::error::Result<()> {
[INFO] [stdout] 84 + fn init_nacl() -> error::Result<()> {
[INFO] [stdout]    |
[INFO] [stdout] 
[INFO] [stdout] 
[INFO] [stdout] warning: unnecessary qualification
[INFO] [stdout]    --> src/lib.rs:102:18
[INFO] [stdout]     |
[INFO] [stdout] 102 | pub fn init() -> self::error::Result<()> {
[INFO] [stdout]     |                  ^^^^^^^^^^^^^^^^^^^^^^^
[INFO] [stdout]     |
[INFO] [stdout] help: remove the unnecessary path segments
[INFO] [stdout]     |
[INFO] [stdout] 102 - pub fn init() -> self::error::Result<()> {
[INFO] [stdout] 102 + pub fn init() -> error::Result<()> {
[INFO] [stdout]     |
[INFO] [stdout] 
[INFO] [stdout] 
[INFO] [stderr]     Finished `test` profile [unoptimized + debuginfo] target(s) in 6.40s
[INFO] running `Command { std: "docker" "inspect" "d7c508ed25befc74d8d5c89142c35165724052a4da11b5b971288b98fcf3d317", kill_on_drop: false }`
[INFO] running `Command { std: "docker" "rm" "-f" "d7c508ed25befc74d8d5c89142c35165724052a4da11b5b971288b98fcf3d317", kill_on_drop: false }`
[INFO] [stdout] d7c508ed25befc74d8d5c89142c35165724052a4da11b5b971288b98fcf3d317
[INFO] running `Command { std: "docker" "create" "-v" "/var/lib/crater-agent-workspace/builds/worker-1-tc1/target:/opt/rustwide/target:rw,Z" "-v" "/var/lib/crater-agent-workspace/builds/worker-1-tc1/source:/opt/rustwide/workdir:ro,Z" "-v" "/var/lib/crater-agent-workspace/cargo-home:/opt/rustwide/cargo-home:ro,Z" "-v" "/var/lib/crater-agent-workspace/rustup-home:/opt/rustwide/rustup-home:ro,Z" "-e" "SOURCE_DIR=/opt/rustwide/workdir" "-e" "CARGO_TARGET_DIR=/opt/rustwide/target" "-e" "CARGO_INCREMENTAL=0" "-e" "RUST_BACKTRACE=full" "-e" "RUSTFLAGS=--cap-lints=warn" "-e" "RUSTDOCFLAGS=--cap-lints=warn" "-e" "CARGO_HOME=/opt/rustwide/cargo-home" "-e" "RUSTUP_HOME=/opt/rustwide/rustup-home" "-w" "/opt/rustwide/workdir" "-m" "1610612736" "--user" "0:0" "--network" "none" "ghcr.io/rust-lang/crates-build-env/linux@sha256:f3a9d4ad9d972b27faf3965f35b62e55ba32bbce8f20bc8fe909558a86702fde" "/opt/rustwide/cargo-home/bin/cargo" "+1.83.0" "test" "--frozen", kill_on_drop: false }`
[INFO] [stdout] b1142c673f7da2d6bc5a87bfaee3c40c2d19d0d87d3a4f1f3c4a0fb7a08fef17
[INFO] running `Command { std: "docker" "start" "-a" "b1142c673f7da2d6bc5a87bfaee3c40c2d19d0d87d3a4f1f3c4a0fb7a08fef17", kill_on_drop: false }`
[INFO] [stderr] warning: unexpected `cfg` condition value: `regex`
[INFO] [stderr]   --> src/error.rs:93:11
[INFO] [stderr]    |
[INFO] [stderr] 93 |     #[cfg(feature = "regex")]
[INFO] [stderr]    |           ^^^^^^^^^^^^^^^^^
[INFO] [stderr]    |
[INFO] [stderr]    = note: expected values for `feature` are: `cli`, `configuration`, `crypto`, `data-encoding`, `default`, `errno`, `fs`, `futures`, `halite-sys`, `http`, `io`, `libc`, `net`, `rand`, `reqwest`, `rmp-serde`, `serde`, `serde_json`, `testing`, `tracing`, and `url`
[INFO] [stderr]    = help: consider adding `regex` as a feature in `Cargo.toml`
[INFO] [stderr]    = note: see <https://doc.rust-lang.org/nightly/rustc/check-cfg/cargo-specifics.html> for more information about checking conditional configuration
[INFO] [stderr]    = note: `#[warn(unexpected_cfgs)]` on by default
[INFO] [stderr] 
[INFO] [stderr] warning: unnecessary qualification
[INFO] [stderr]    --> src/fs.rs:214:31
[INFO] [stderr]     |
[INFO] [stderr] 214 |         mem::transmute::<[u8; mem::size_of::<libc::passwd>()], libc::passwd>(
[INFO] [stderr]     |                               ^^^^^^^^^^^^^^^^^^^^^^^^^^^^
[INFO] [stderr]     |
[INFO] [stderr] note: the lint level is defined here
[INFO] [stderr]    --> src/lib.rs:23:46
[INFO] [stderr]     |
[INFO] [stderr] 23  | #![warn(bare_trait_objects, unreachable_pub, unused_qualifications)]
[INFO] [stderr]     |                                              ^^^^^^^^^^^^^^^^^^^^^
[INFO] [stderr] help: remove the unnecessary path segments
[INFO] [stderr]     |
[INFO] [stderr] 214 -         mem::transmute::<[u8; mem::size_of::<libc::passwd>()], libc::passwd>(
[INFO] [stderr] 214 +         mem::transmute::<[u8; size_of::<libc::passwd>()], libc::passwd>(
[INFO] [stderr]     |
[INFO] [stderr] 
[INFO] [stderr] warning: unnecessary qualification
[INFO] [stderr]    --> src/fs.rs:215:20
[INFO] [stderr]     |
[INFO] [stderr] 215 |             [0_u8; mem::size_of::<libc::passwd>()],
[INFO] [stderr]     |                    ^^^^^^^^^^^^^^^^^^^^^^^^^^^^
[INFO] [stderr]     |
[INFO] [stderr] help: remove the unnecessary path segments
[INFO] [stderr]     |
[INFO] [stderr] 215 -             [0_u8; mem::size_of::<libc::passwd>()],
[INFO] [stderr] 215 +             [0_u8; size_of::<libc::passwd>()],
[INFO] [stderr]     |
[INFO] [stderr] 
[INFO] [stderr] warning: unnecessary qualification
[INFO] [stderr]   --> src/lib.rs:84:19
[INFO] [stderr]    |
[INFO] [stderr] 84 | fn init_nacl() -> self::error::Result<()> {
[INFO] [stderr]    |                   ^^^^^^^^^^^^^^^^^^^^^^^
[INFO] [stderr]    |
[INFO] [stderr] help: remove the unnecessary path segments
[INFO] [stderr]    |
[INFO] [stderr] 84 - fn init_nacl() -> self::error::Result<()> {
[INFO] [stderr] 84 + fn init_nacl() -> error::Result<()> {
[INFO] [stderr]    |
[INFO] [stderr] 
[INFO] [stderr] warning: unnecessary qualification
[INFO] [stderr]    --> src/lib.rs:102:18
[INFO] [stderr]     |
[INFO] [stderr] 102 | pub fn init() -> self::error::Result<()> {
[INFO] [stderr]     |                  ^^^^^^^^^^^^^^^^^^^^^^^
[INFO] [stderr]     |
[INFO] [stderr] help: remove the unnecessary path segments
[INFO] [stderr]     |
[INFO] [stderr] 102 - pub fn init() -> self::error::Result<()> {
[INFO] [stderr] 102 + pub fn init() -> error::Result<()> {
[INFO] [stderr]     |
[INFO] [stderr] 
[INFO] [stderr] warning: `bdrck` (lib) generated 5 warnings (run `cargo fix --lib -p bdrck` to apply 4 suggestions)
[INFO] [stderr] warning: `bdrck` (lib test) generated 5 warnings (5 duplicates)
[INFO] [stderr]     Finished `test` profile [unoptimized + debuginfo] target(s) in 0.35s
[INFO] [stderr]      Running unittests src/lib.rs (/opt/rustwide/target/debug/deps/bdrck-81dce68f5c4618e6)
[INFO] [stdout] 
[INFO] [stdout] running 75 tests
[INFO] [stdout] test tests::cli::test_continue_confirmation_n ... ok
[INFO] [stdout] test tests::cli::test_continue_confirmation_no_any_case ... ok
[INFO] [stdout] test tests::cli::test_continue_confirmation_no ... ok
[INFO] [stdout] test tests::cli::test_continue_confirmation_y ... ok
[INFO] [stdout] test tests::cli::test_continue_confirmation_yes_any_case ... ok
[INFO] [stdout] test tests::cli::test_continue_confirmation_yes ... ok
[INFO] [stdout] test tests::cli::test_maybe_prompted_string ... ok
[INFO] [stdout] test tests::cli::test_continue_confirmation_bad_input ... ok
[INFO] [stdout] test tests::cli::test_input_stream_must_be_a_tty ... ok
[INFO] [stdout] test tests::cli::test_maybe_prompted_string_confirm_mismatch ... ok
[INFO] [stdout] test tests::cli::test_input_stream_must_support_read ... ok
[INFO] [stdout] test tests::cli::test_maybe_prompted_string_confirm ... ok
[INFO] [stdout] test tests::cli::test_prompt_for_string ... ok
[INFO] [stdout] test tests::cli::test_prompt_for_string_confirm_sensitive ... ok
[INFO] [stdout] test tests::cli::test_prompt_for_string_confirm ... ok
[INFO] [stdout] test tests::cli::test_prompt_for_string_confirm_mismatch ... ok
[INFO] [stdout] test tests::cli::test_prompt_for_string_sensitive ... ok
[INFO] [stdout] test tests::cli::test_maybe_prompted_string_sensitive ... ok
[INFO] [stdout] test tests::cli::test_output_stream_must_support_write ... ok
[INFO] [stdout] test tests::cli::test_real_terminal_attributes ... ok
[INFO] [stdout] test tests::crypto::key::test_digest_serde_round_trip ... ok
[INFO] [stdout] test tests::crypto::key::test_decrypting_with_wrong_key_fails ... ok
[INFO] [stdout] test tests::configuration::test_persistence ... ok
[INFO] [stdout] test tests::cli::test_maybe_prompted_string_provided ... ok
[INFO] [stdout] test tests::cli::test_output_stream_must_be_a_tty ... ok
[INFO] [stdout] test tests::crypto::key::test_encryption_roundtrip ... ok
[INFO] [stdout] test tests::crypto::keystore::test_add_duplicate_key ... ok
[INFO] [stdout] test tests::crypto::keystore::test_keystore_save_round_trip ... ok
[INFO] [stdout] test tests::crypto::keystore::test_remove_only_key ... ok
[INFO] [stdout] test tests::crypto::key::test_basic_key_digest_comparison ... ok
[INFO] [stdout] test tests::crypto::key::test_nonce_increment ... ok
[INFO] [stdout] test tests::crypto::keystore::test_remove_first_key ... ok
[INFO] [stdout] test tests::crypto::keystore::test_unpersistable ... ok
[INFO] [stdout] test tests::crypto::secret::test_roundtrip ... ok
[INFO] [stdout] test tests::crypto::wrap::test_unwrapping_with_wrong_key_fails ... ok
[INFO] [stdout] test tests::crypto::secret::test_empty ... ok
[INFO] [stdout] test tests::crypto::secret::test_resize ... ok
[INFO] [stdout] test tests::fs::test_create_symlink ... ok
[INFO] [stdout] test tests::crypto::wrap::test_wrapping_roundtrip ... ok
[INFO] [stdout] test tests::fs::test_create_file ... ok
[INFO] [stdout] test tests::fs::test_set_permissions_mode ... ok
[INFO] [stdout] test tests::fs::test_path_bytes_round_trip ... ok
[INFO] [stdout] test tests::http::util::test_get_links_multiple_values_empty ... ok
[INFO] [stdout] test tests::http::util::test_get_links_multiple_values_multiple_urls ... ok
[INFO] [stdout] test tests::http::util::test_get_links_multiple_values_single_urls ... ok
[INFO] [stdout] test tests::http::util::test_get_links_no_header ... ok
[INFO] [stdout] test tests::http::util::test_get_links_no_values ... ok
[INFO] [stdout] test tests::http::util::test_get_links_single_value_empty ... ok
[INFO] [stdout] test tests::http::util::test_get_links_single_value_multiple_urls ... ok
[INFO] [stdout] test tests::http::util::test_get_links_single_value_single_url ... ok
[INFO] [stdout] test tests::io::test_read_at_most ... ok
[INFO] [stdout] test tests::crypto::key::test_password_key_derivation ... ok
[INFO] [stdout] test tests::net::test_hardware_addr_parse_error ... ok
[INFO] [stdout] test tests::net::test_hardware_addr_string_bit_order ... ok
[INFO] [stdout] test tests::net::test_hardware_addr_string_round_trip ... ok
[INFO] [stdout] test tests::net::test_increment_ip ... ok
[INFO] [stdout] test tests::net::test_ip_net_bit_order ... ok
[INFO] [stdout] test tests::net::test_ip_net_broadcast ... ok
[INFO] [stdout] test tests::net::test_ip_net_contains ... ok
[INFO] [stdout] test tests::net::test_ip_net_first_address ... ok
[INFO] [stdout] test tests::net::test_ip_net_last_address ... ok
[INFO] [stdout] test tests::net::test_ip_net_netmask ... ok
[INFO] [stdout] test tests::net::test_ip_net_string_round_trip ... ok
[INFO] [stdout] test tests::net::test_min_max_ip ... ok
[INFO] [stdout] test tests::testing::fn_instrumentation::test_fn_mut_instrumentation ... ok
[INFO] [stdout] test tests::testing::temp::test_new_file_in_subdirectory ... ok
[INFO] [stdout] test tests::testing::temp::test_new_symlink_in_subdirectory ... ok
[INFO] [stdout] test tests::testing::temp::test_read_write_temp_file ... ok
[INFO] [stdout] test tests::crypto::keystore::test_keystore_open_with_added_key ... ok
[INFO] [stdout] test tests::test_all_tests_initialize_library ... FAILED
[INFO] [stdout] test tests::http::client::test_trait_object_works ... ok
[INFO] [stdout] test tests::crypto::keystore::test_remove_unused_key ... ok
[INFO] [stdout] test tests::http::client::test_execute_with_retries_many ... ok
[INFO] [stdout] test tests::http::client::test_execute_with_retries_too_many ... ok
[INFO] [stdout] test tests::http::client::test_execute_with_retries_single ... ok
[INFO] [stdout] 
[INFO] [stdout] failures:
[INFO] [stdout] 
[INFO] [stdout] ---- tests::test_all_tests_initialize_library stdout ----
[INFO] [stdout] thread 'tests::test_all_tests_initialize_library' panicked at src/tests/mod.rs:54:9:
[INFO] [stdout] assertion failed: dir.pop()
[INFO] [stdout] stack backtrace:
[INFO] [stdout]    0:     0x5bae32ad207a - std::backtrace_rs::backtrace::libunwind::trace::h5a5b8284f2d0c266
[INFO] [stdout]                                at /rustc/90b35a6239c3d8bdabc530a6a0816f7ff89a0aaf/library/std/src/../../backtrace/src/backtrace/libunwind.rs:116:5
[INFO] [stdout]    1:     0x5bae32ad207a - std::backtrace_rs::backtrace::trace_unsynchronized::h76d4f1c9b0b875e3
[INFO] [stdout]                                at /rustc/90b35a6239c3d8bdabc530a6a0816f7ff89a0aaf/library/std/src/../../backtrace/src/backtrace/mod.rs:66:5
[INFO] [stdout]    2:     0x5bae32ad207a - std::sys::backtrace::_print_fmt::hc4546b8364a537c6
[INFO] [stdout]                                at /rustc/90b35a6239c3d8bdabc530a6a0816f7ff89a0aaf/library/std/src/sys/backtrace.rs:66:9
[INFO] [stdout]    3:     0x5bae32ad207a - <std::sys::backtrace::BacktraceLock::print::DisplayBacktrace as core::fmt::Display>::fmt::h5b6bd5631a6d1f6b
[INFO] [stdout]                                at /rustc/90b35a6239c3d8bdabc530a6a0816f7ff89a0aaf/library/std/src/sys/backtrace.rs:39:26
[INFO] [stdout]    4:     0x5bae32afb983 - core::fmt::rt::Argument::fmt::h270f6602a2b96f62
[INFO] [stdout]                                at /rustc/90b35a6239c3d8bdabc530a6a0816f7ff89a0aaf/library/core/src/fmt/rt.rs:177:76
[INFO] [stdout]    5:     0x5bae32afb983 - core::fmt::write::h7550c97b06c86515
[INFO] [stdout]                                at /rustc/90b35a6239c3d8bdabc530a6a0816f7ff89a0aaf/library/core/src/fmt/mod.rs:1186:21
[INFO] [stdout]    6:     0x5bae32ace803 - std::io::Write::write_fmt::h509ff860e5956e5e
[INFO] [stdout]                                at /rustc/90b35a6239c3d8bdabc530a6a0816f7ff89a0aaf/library/std/src/io/mod.rs:1839:15
[INFO] [stdout]    7:     0x5bae32ad1ec2 - std::sys::backtrace::BacktraceLock::print::h2395ccd2c84ba3aa
[INFO] [stdout]                                at /rustc/90b35a6239c3d8bdabc530a6a0816f7ff89a0aaf/library/std/src/sys/backtrace.rs:42:9
[INFO] [stdout]    8:     0x5bae32ad34da - std::panicking::default_hook::{{closure}}::he19d4c7230e07961
[INFO] [stdout]                                at /rustc/90b35a6239c3d8bdabc530a6a0816f7ff89a0aaf/library/std/src/panicking.rs:268:22
[INFO] [stdout]    9:     0x5bae32ad32e4 - std::panicking::default_hook::hf614597d3c67bbdb
[INFO] [stdout]                                at /rustc/90b35a6239c3d8bdabc530a6a0816f7ff89a0aaf/library/std/src/panicking.rs:292:9
[INFO] [stdout]   10:     0x5bae328664b9 - <alloc::boxed::Box<F,A> as core::ops::function::Fn<Args>>::call::h39b51ce4599c23d1
[INFO] [stdout]                                at /rustc/90b35a6239c3d8bdabc530a6a0816f7ff89a0aaf/library/alloc/src/boxed.rs:2468:9
[INFO] [stdout]   11:     0x5bae328664b9 - test::test_main::{{closure}}::he977ae839a582784
[INFO] [stdout]                                at /rustc/90b35a6239c3d8bdabc530a6a0816f7ff89a0aaf/library/test/src/lib.rs:133:21
[INFO] [stdout]   12:     0x5bae32ad3b78 - <alloc::boxed::Box<F,A> as core::ops::function::Fn<Args>>::call::h9455091b6b06f9fb
[INFO] [stdout]                                at /rustc/90b35a6239c3d8bdabc530a6a0816f7ff89a0aaf/library/alloc/src/boxed.rs:2468:9
[INFO] [stdout]   13:     0x5bae32ad3b78 - std::panicking::rust_panic_with_hook::h8942133a8b252070
[INFO] [stdout]                                at /rustc/90b35a6239c3d8bdabc530a6a0816f7ff89a0aaf/library/std/src/panicking.rs:809:13
[INFO] [stdout]   14:     0x5bae32ad3906 - std::panicking::begin_panic_handler::{{closure}}::hb5f5963570096b29
[INFO] [stdout]                                at /rustc/90b35a6239c3d8bdabc530a6a0816f7ff89a0aaf/library/std/src/panicking.rs:667:13
[INFO] [stdout]   15:     0x5bae32ad2559 - std::sys::backtrace::__rust_end_short_backtrace::h6208cedc1922feda
[INFO] [stdout]                                at /rustc/90b35a6239c3d8bdabc530a6a0816f7ff89a0aaf/library/std/src/sys/backtrace.rs:170:18
[INFO] [stdout]   16:     0x5bae32ad35cc - rust_begin_unwind
[INFO] [stdout]                                at /rustc/90b35a6239c3d8bdabc530a6a0816f7ff89a0aaf/library/std/src/panicking.rs:665:5
[INFO] [stdout]   17:     0x5bae327624c0 - core::panicking::panic_fmt::h0c3082644d1bf418
[INFO] [stdout]                                at /rustc/90b35a6239c3d8bdabc530a6a0816f7ff89a0aaf/library/core/src/panicking.rs:74:14
[INFO] [stdout]   18:     0x5bae3276254c - core::panicking::panic::h957f98c65a3b3074
[INFO] [stdout]                                at /rustc/90b35a6239c3d8bdabc530a6a0816f7ff89a0aaf/library/core/src/panicking.rs:148:5
[INFO] [stdout]   19:     0x5bae327d9bf0 - bdrck::tests::test_all_tests_initialize_library::hbab838b5854dbb94
[INFO] [stdout]                                at /opt/rustwide/workdir/src/tests/mod.rs:54:9
[INFO] [stdout]   20:     0x5bae327d95f7 - bdrck::tests::test_all_tests_initialize_library::{{closure}}::h12ca85ae3a5af70b
[INFO] [stdout]                                at /opt/rustwide/workdir/src/tests/mod.rs:33:39
[INFO] [stdout]   21:     0x5bae32815ff6 - core::ops::function::FnOnce::call_once::h8de4a040fcf61ce0
[INFO] [stdout]                                at /rustc/90b35a6239c3d8bdabc530a6a0816f7ff89a0aaf/library/core/src/ops/function.rs:250:5
[INFO] [stdout]   22:     0x5bae3286ae7b - core::ops::function::FnOnce::call_once::h109cf8051a59b34e
[INFO] [stdout]                                at /rustc/90b35a6239c3d8bdabc530a6a0816f7ff89a0aaf/library/core/src/ops/function.rs:250:5
[INFO] [stdout]   23:     0x5bae3286ae7b - test::__rust_begin_short_backtrace::hf4fff89d377446ba
[INFO] [stdout]                                at /rustc/90b35a6239c3d8bdabc530a6a0816f7ff89a0aaf/library/test/src/lib.rs:621:18
[INFO] [stdout]   24:     0x5bae3286a6b7 - test::run_test_in_process::{{closure}}::h0e39181dd7ee5a43
[INFO] [stdout]                                at /rustc/90b35a6239c3d8bdabc530a6a0816f7ff89a0aaf/library/test/src/lib.rs:644:60
[INFO] [stdout]   25:     0x5bae3286a6b7 - <core::panic::unwind_safe::AssertUnwindSafe<F> as core::ops::function::FnOnce<()>>::call_once::hc5a66a30f0bdfd1f
[INFO] [stdout]                                at /rustc/90b35a6239c3d8bdabc530a6a0816f7ff89a0aaf/library/core/src/panic/unwind_safe.rs:272:9
[INFO] [stdout]   26:     0x5bae3286a6b7 - std::panicking::try::do_call::h873b7cf639554a5e
[INFO] [stdout]                                at /rustc/90b35a6239c3d8bdabc530a6a0816f7ff89a0aaf/library/std/src/panicking.rs:557:40
[INFO] [stdout]   27:     0x5bae3286a6b7 - std::panicking::try::hdb19862fad9c8bd1
[INFO] [stdout]                                at /rustc/90b35a6239c3d8bdabc530a6a0816f7ff89a0aaf/library/std/src/panicking.rs:520:19
[INFO] [stdout]   28:     0x5bae3286a6b7 - std::panic::catch_unwind::h281fe732d236d260
[INFO] [stdout]                                at /rustc/90b35a6239c3d8bdabc530a6a0816f7ff89a0aaf/library/std/src/panic.rs:358:14
[INFO] [stdout]   29:     0x5bae3286a6b7 - test::run_test_in_process::h949b6df8457ed338
[INFO] [stdout]                                at /rustc/90b35a6239c3d8bdabc530a6a0816f7ff89a0aaf/library/test/src/lib.rs:644:27
[INFO] [stdout]   30:     0x5bae3286a6b7 - test::run_test::{{closure}}::h52c556a6d4740e10
[INFO] [stdout]                                at /rustc/90b35a6239c3d8bdabc530a6a0816f7ff89a0aaf/library/test/src/lib.rs:565:43
[INFO] [stdout]   31:     0x5bae3282f994 - test::run_test::{{closure}}::h4237f6381c45ccb9
[INFO] [stdout]                                at /rustc/90b35a6239c3d8bdabc530a6a0816f7ff89a0aaf/library/test/src/lib.rs:595:41
[INFO] [stdout]   32:     0x5bae3282f994 - std::sys::backtrace::__rust_begin_short_backtrace::h505c97a579eca628
[INFO] [stdout]                                at /rustc/90b35a6239c3d8bdabc530a6a0816f7ff89a0aaf/library/std/src/sys/backtrace.rs:154:18
[INFO] [stdout]   33:     0x5bae3283305e - std::thread::Builder::spawn_unchecked_::{{closure}}::{{closure}}::h9e86b2e2bc107ea3
[INFO] [stdout]                                at /rustc/90b35a6239c3d8bdabc530a6a0816f7ff89a0aaf/library/std/src/thread/mod.rs:538:17
[INFO] [stdout]   34:     0x5bae3283305e - <core::panic::unwind_safe::AssertUnwindSafe<F> as core::ops::function::FnOnce<()>>::call_once::h8b06ddb275ff4a25
[INFO] [stdout]                                at /rustc/90b35a6239c3d8bdabc530a6a0816f7ff89a0aaf/library/core/src/panic/unwind_safe.rs:272:9
[INFO] [stdout]   35:     0x5bae3283305e - std::panicking::try::do_call::hb26ecd7cd9a9355d
[INFO] [stdout]                                at /rustc/90b35a6239c3d8bdabc530a6a0816f7ff89a0aaf/library/std/src/panicking.rs:557:40
[INFO] [stdout]   36:     0x5bae3283305e - std::panicking::try::h8ddeca9d705f9069
[INFO] [stdout]                                at /rustc/90b35a6239c3d8bdabc530a6a0816f7ff89a0aaf/library/std/src/panicking.rs:520:19
[INFO] [stdout]   37:     0x5bae3283305e - std::panic::catch_unwind::h49e1c33078844c46
[INFO] [stdout]                                at /rustc/90b35a6239c3d8bdabc530a6a0816f7ff89a0aaf/library/std/src/panic.rs:358:14
[INFO] [stdout]   38:     0x5bae3283305e - std::thread::Builder::spawn_unchecked_::{{closure}}::h6073db6ff56ad35d
[INFO] [stdout]                                at /rustc/90b35a6239c3d8bdabc530a6a0816f7ff89a0aaf/library/std/src/thread/mod.rs:537:30
[INFO] [stdout]   39:     0x5bae3283305e - core::ops::function::FnOnce::call_once{{vtable.shim}}::h2c5a5f3779c774f1
[INFO] [stdout]                                at /rustc/90b35a6239c3d8bdabc530a6a0816f7ff89a0aaf/library/core/src/ops/function.rs:250:5
[INFO] [stdout]   40:     0x5bae32ad8d8b - <alloc::boxed::Box<F,A> as core::ops::function::FnOnce<Args>>::call_once::hf75717d9f28faebf
[INFO] [stdout]                                at /rustc/90b35a6239c3d8bdabc530a6a0816f7ff89a0aaf/library/alloc/src/boxed.rs:2454:9
[INFO] [stdout]   41:     0x5bae32ad8d8b - <alloc::boxed::Box<F,A> as core::ops::function::FnOnce<Args>>::call_once::h7bd883a5f3c5f3c1
[INFO] [stdout]                                at /rustc/90b35a6239c3d8bdabc530a6a0816f7ff89a0aaf/library/alloc/src/boxed.rs:2454:9
[INFO] [stdout]   42:     0x5bae32ad8d8b - std::sys::pal::unix::thread::Thread::new::thread_start::hcc78f3943333fa94
[INFO] [stdout]                                at /rustc/90b35a6239c3d8bdabc530a6a0816f7ff89a0aaf/library/std/src/sys/pal/unix/thread.rs:105:17
[INFO] [stdout]   43:     0x7428416e6ac3 - <unknown>
[INFO] [stdout]   44:     0x742841777a04 - clone
[INFO] [stdout]   45:                0x0 - <unknown>
[INFO] [stdout] 
[INFO] [stdout] 
[INFO] [stdout] failures:
[INFO] [stdout]     tests::test_all_tests_initialize_library
[INFO] [stdout] 
[INFO] [stdout] test result: FAILED. 74 passed; 1 failed; 0 ignored; 0 measured; 0 filtered out; finished in 0.55s
[INFO] [stdout] 
[INFO] [stderr] error: test failed, to rerun pass `--lib`
[INFO] running `Command { std: "docker" "inspect" "b1142c673f7da2d6bc5a87bfaee3c40c2d19d0d87d3a4f1f3c4a0fb7a08fef17", kill_on_drop: false }`
[INFO] running `Command { std: "docker" "rm" "-f" "b1142c673f7da2d6bc5a87bfaee3c40c2d19d0d87d3a4f1f3c4a0fb7a08fef17", kill_on_drop: false }`
[INFO] [stdout] b1142c673f7da2d6bc5a87bfaee3c40c2d19d0d87d3a4f1f3c4a0fb7a08fef17
