[INFO] fetching crate bddap-aoc-macros 0.1.1...
[INFO] testing bddap-aoc-macros-0.1.1 against 1.83.0 for beta-1.84.0-4-retry
[INFO] extracting crate bddap-aoc-macros 0.1.1 into /workspace/builds/worker-2-tc1/source
[INFO] validating manifest of crates.io crate bddap-aoc-macros 0.1.1 on toolchain 1.83.0
[INFO] running `Command { std: CARGO_HOME="/workspace/cargo-home" RUSTUP_HOME="/workspace/rustup-home" "/workspace/cargo-home/bin/cargo" "+1.83.0" "metadata" "--manifest-path" "Cargo.toml" "--no-deps", kill_on_drop: false }`
[INFO] started tweaking crates.io crate bddap-aoc-macros 0.1.1
[INFO] finished tweaking crates.io crate bddap-aoc-macros 0.1.1
[INFO] tweaked toml for crates.io crate bddap-aoc-macros 0.1.1 written to /workspace/builds/worker-2-tc1/source/Cargo.toml
[INFO] running `Command { std: CARGO_HOME="/workspace/cargo-home" RUSTUP_HOME="/workspace/rustup-home" "/workspace/cargo-home/bin/cargo" "+1.83.0" "generate-lockfile" "--manifest-path" "Cargo.toml", kill_on_drop: false }`
[INFO] [stderr]     Updating crates.io index
[INFO] [stderr]      Locking 4 packages to latest compatible versions
[INFO] running `Command { std: CARGO_HOME="/workspace/cargo-home" RUSTUP_HOME="/workspace/rustup-home" "/workspace/cargo-home/bin/cargo" "+1.83.0" "fetch" "--manifest-path" "Cargo.toml", kill_on_drop: false }`
[INFO] running `Command { std: "docker" "create" "-v" "/var/lib/crater-agent-workspace/builds/worker-2-tc1/target:/opt/rustwide/target:rw,Z" "-v" "/var/lib/crater-agent-workspace/builds/worker-2-tc1/source:/opt/rustwide/workdir:ro,Z" "-v" "/var/lib/crater-agent-workspace/cargo-home:/opt/rustwide/cargo-home:ro,Z" "-v" "/var/lib/crater-agent-workspace/rustup-home:/opt/rustwide/rustup-home:ro,Z" "-e" "SOURCE_DIR=/opt/rustwide/workdir" "-e" "CARGO_TARGET_DIR=/opt/rustwide/target" "-e" "CARGO_HOME=/opt/rustwide/cargo-home" "-e" "RUSTUP_HOME=/opt/rustwide/rustup-home" "-w" "/opt/rustwide/workdir" "-m" "1610612736" "--user" "0:0" "--network" "none" "ghcr.io/rust-lang/crates-build-env/linux@sha256:f3a9d4ad9d972b27faf3965f35b62e55ba32bbce8f20bc8fe909558a86702fde" "/opt/rustwide/cargo-home/bin/cargo" "+1.83.0" "metadata" "--no-deps" "--format-version=1", kill_on_drop: false }`
[INFO] [stdout] 995ab69339450178a49454c27c7ef4465070eb0216547afdef2f21b8d617c28b
[INFO] running `Command { std: "docker" "start" "-a" "995ab69339450178a49454c27c7ef4465070eb0216547afdef2f21b8d617c28b", kill_on_drop: false }`
[INFO] running `Command { std: "docker" "inspect" "995ab69339450178a49454c27c7ef4465070eb0216547afdef2f21b8d617c28b", kill_on_drop: false }`
[INFO] running `Command { std: "docker" "rm" "-f" "995ab69339450178a49454c27c7ef4465070eb0216547afdef2f21b8d617c28b", kill_on_drop: false }`
[INFO] [stdout] 995ab69339450178a49454c27c7ef4465070eb0216547afdef2f21b8d617c28b
[INFO] running `Command { std: "docker" "create" "-v" "/var/lib/crater-agent-workspace/builds/worker-2-tc1/target:/opt/rustwide/target:rw,Z" "-v" "/var/lib/crater-agent-workspace/builds/worker-2-tc1/source:/opt/rustwide/workdir:ro,Z" "-v" "/var/lib/crater-agent-workspace/cargo-home:/opt/rustwide/cargo-home:ro,Z" "-v" "/var/lib/crater-agent-workspace/rustup-home:/opt/rustwide/rustup-home:ro,Z" "-e" "SOURCE_DIR=/opt/rustwide/workdir" "-e" "CARGO_TARGET_DIR=/opt/rustwide/target" "-e" "CARGO_INCREMENTAL=0" "-e" "RUST_BACKTRACE=full" "-e" "RUSTFLAGS=--cap-lints=warn" "-e" "RUSTDOCFLAGS=--cap-lints=warn" "-e" "CARGO_HOME=/opt/rustwide/cargo-home" "-e" "RUSTUP_HOME=/opt/rustwide/rustup-home" "-w" "/opt/rustwide/workdir" "-m" "1610612736" "--user" "0:0" "--network" "none" "ghcr.io/rust-lang/crates-build-env/linux@sha256:f3a9d4ad9d972b27faf3965f35b62e55ba32bbce8f20bc8fe909558a86702fde" "/opt/rustwide/cargo-home/bin/cargo" "+1.83.0" "build" "--frozen" "--message-format=json", kill_on_drop: false }`
[INFO] [stdout] 4371b411dd676de8f3417e51ace115be45e6713f49e570da689ddf98c2f1d2f8
[INFO] running `Command { std: "docker" "start" "-a" "4371b411dd676de8f3417e51ace115be45e6713f49e570da689ddf98c2f1d2f8", kill_on_drop: false }`
[INFO] [stderr]    Compiling proc-macro2 v1.0.92
[INFO] [stderr]    Compiling unicode-ident v1.0.14
[INFO] [stderr]    Compiling quote v1.0.37
[INFO] [stderr]    Compiling syn v2.0.90
[INFO] [stderr]    Compiling bddap-aoc-macros v0.1.1 (/opt/rustwide/workdir)
[INFO] [stderr]     Finished `dev` profile [unoptimized + debuginfo] target(s) in 5.91s
[INFO] running `Command { std: "docker" "inspect" "4371b411dd676de8f3417e51ace115be45e6713f49e570da689ddf98c2f1d2f8", kill_on_drop: false }`
[INFO] running `Command { std: "docker" "rm" "-f" "4371b411dd676de8f3417e51ace115be45e6713f49e570da689ddf98c2f1d2f8", kill_on_drop: false }`
[INFO] [stdout] 4371b411dd676de8f3417e51ace115be45e6713f49e570da689ddf98c2f1d2f8
[INFO] running `Command { std: "docker" "create" "-v" "/var/lib/crater-agent-workspace/builds/worker-2-tc1/target:/opt/rustwide/target:rw,Z" "-v" "/var/lib/crater-agent-workspace/builds/worker-2-tc1/source:/opt/rustwide/workdir:ro,Z" "-v" "/var/lib/crater-agent-workspace/cargo-home:/opt/rustwide/cargo-home:ro,Z" "-v" "/var/lib/crater-agent-workspace/rustup-home:/opt/rustwide/rustup-home:ro,Z" "-e" "SOURCE_DIR=/opt/rustwide/workdir" "-e" "CARGO_TARGET_DIR=/opt/rustwide/target" "-e" "CARGO_INCREMENTAL=0" "-e" "RUST_BACKTRACE=full" "-e" "RUSTFLAGS=--cap-lints=warn" "-e" "RUSTDOCFLAGS=--cap-lints=warn" "-e" "CARGO_HOME=/opt/rustwide/cargo-home" "-e" "RUSTUP_HOME=/opt/rustwide/rustup-home" "-w" "/opt/rustwide/workdir" "-m" "1610612736" "--user" "0:0" "--network" "none" "ghcr.io/rust-lang/crates-build-env/linux@sha256:f3a9d4ad9d972b27faf3965f35b62e55ba32bbce8f20bc8fe909558a86702fde" "/opt/rustwide/cargo-home/bin/cargo" "+1.83.0" "test" "--frozen" "--no-run" "--message-format=json", kill_on_drop: false }`
[INFO] [stdout] 97ed29f73b560c7f2077b4dc44a5e20de2509ba90bec630ee6d74cf91b4a4096
[INFO] running `Command { std: "docker" "start" "-a" "97ed29f73b560c7f2077b4dc44a5e20de2509ba90bec630ee6d74cf91b4a4096", kill_on_drop: false }`
[INFO] [stderr]    Compiling bddap-aoc-macros v0.1.1 (/opt/rustwide/workdir)
[INFO] [stderr]     Finished `test` profile [unoptimized + debuginfo] target(s) in 0.71s
[INFO] running `Command { std: "docker" "inspect" "97ed29f73b560c7f2077b4dc44a5e20de2509ba90bec630ee6d74cf91b4a4096", kill_on_drop: false }`
[INFO] running `Command { std: "docker" "rm" "-f" "97ed29f73b560c7f2077b4dc44a5e20de2509ba90bec630ee6d74cf91b4a4096", kill_on_drop: false }`
[INFO] [stdout] 97ed29f73b560c7f2077b4dc44a5e20de2509ba90bec630ee6d74cf91b4a4096
[INFO] running `Command { std: "docker" "create" "-v" "/var/lib/crater-agent-workspace/builds/worker-2-tc1/target:/opt/rustwide/target:rw,Z" "-v" "/var/lib/crater-agent-workspace/builds/worker-2-tc1/source:/opt/rustwide/workdir:ro,Z" "-v" "/var/lib/crater-agent-workspace/cargo-home:/opt/rustwide/cargo-home:ro,Z" "-v" "/var/lib/crater-agent-workspace/rustup-home:/opt/rustwide/rustup-home:ro,Z" "-e" "SOURCE_DIR=/opt/rustwide/workdir" "-e" "CARGO_TARGET_DIR=/opt/rustwide/target" "-e" "CARGO_INCREMENTAL=0" "-e" "RUST_BACKTRACE=full" "-e" "RUSTFLAGS=--cap-lints=warn" "-e" "RUSTDOCFLAGS=--cap-lints=warn" "-e" "CARGO_HOME=/opt/rustwide/cargo-home" "-e" "RUSTUP_HOME=/opt/rustwide/rustup-home" "-w" "/opt/rustwide/workdir" "-m" "1610612736" "--user" "0:0" "--network" "none" "ghcr.io/rust-lang/crates-build-env/linux@sha256:f3a9d4ad9d972b27faf3965f35b62e55ba32bbce8f20bc8fe909558a86702fde" "/opt/rustwide/cargo-home/bin/cargo" "+1.83.0" "test" "--frozen", kill_on_drop: false }`
[INFO] [stdout] 971b8f511ee00d8141aaf370c709b3501353496ead1a884c1e3bcaa737084917
[INFO] running `Command { std: "docker" "start" "-a" "971b8f511ee00d8141aaf370c709b3501353496ead1a884c1e3bcaa737084917", kill_on_drop: false }`
[INFO] [stderr]     Finished `test` profile [unoptimized + debuginfo] target(s) in 0.02s
[INFO] [stderr]      Running unittests src/lib.rs (/opt/rustwide/target/debug/deps/bddap_aoc_macros-fac5c0078a4f0b2b)
[INFO] [stdout] 
[INFO] [stdout] running 0 tests
[INFO] [stdout] 
[INFO] [stdout] test result: ok. 0 passed; 0 failed; 0 ignored; 0 measured; 0 filtered out; finished in 0.01s
[INFO] [stdout] 
[INFO] [stderr]    Doc-tests bddap_aoc_macros
[INFO] [stdout] 
[INFO] [stdout] running 2 tests
[INFO] [stdout] test src/lib.rs - unregistered_challenge (line 82) ... FAILED
[INFO] [stdout] test src/lib.rs - register (line 62) ... FAILED
[INFO] [stdout] 
[INFO] [stdout] failures:
[INFO] [stdout] 
[INFO] [stdout] ---- src/lib.rs - unregistered_challenge (line 82) stdout ----
[INFO] [stdout] error[E0433]: failed to resolve: use of undeclared crate or module `bddap_aoc`
[INFO] [stdout]  --> src/lib.rs:83:3
[INFO] [stdout]   |
[INFO] [stdout] 3 | #[bddap_aoc::unregistered_challenge(2020, 1, 1)]
[INFO] [stdout]   |   ^^^^^^^^^ use of undeclared crate or module `bddap_aoc`
[INFO] [stdout] 
[INFO] [stdout] error: aborting due to 1 previous error
[INFO] [stdout] 
[INFO] [stdout] For more information about this error, try `rustc --explain E0433`.
[INFO] [stdout] Couldn't compile the test.
[INFO] [stdout] ---- src/lib.rs - register (line 62) stdout ----
[INFO] [stdout] error[E0433]: failed to resolve: use of undeclared crate or module `bddap_aoc`
[INFO] [stdout]  --> src/lib.rs:63:3
[INFO] [stdout]   |
[INFO] [stdout] 3 | #[bddap_aoc::register(2020, 1, 1)]
[INFO] [stdout]   |   ^^^^^^^^^ use of undeclared crate or module `bddap_aoc`
[INFO] [stdout] 
[INFO] [stdout] error: aborting due to 1 previous error
[INFO] [stdout] 
[INFO] [stdout] For more information about this error, try `rustc --explain E0433`.
[INFO] [stdout] Couldn't compile the test.
[INFO] [stdout] 
[INFO] [stdout] failures:
[INFO] [stdout]     src/lib.rs - register (line 62)
[INFO] [stdout]     src/lib.rs - unregistered_challenge (line 82)
[INFO] [stdout] 
[INFO] [stdout] test result: FAILED. 0 passed; 2 failed; 0 ignored; 0 measured; 0 filtered out; finished in 0.08s
[INFO] [stdout] 
[INFO] [stderr] error: doctest failed, to rerun pass `--doc`
[INFO] running `Command { std: "docker" "inspect" "971b8f511ee00d8141aaf370c709b3501353496ead1a884c1e3bcaa737084917", kill_on_drop: false }`
[INFO] running `Command { std: "docker" "rm" "-f" "971b8f511ee00d8141aaf370c709b3501353496ead1a884c1e3bcaa737084917", kill_on_drop: false }`
[INFO] [stdout] 971b8f511ee00d8141aaf370c709b3501353496ead1a884c1e3bcaa737084917
