[INFO] fetching crate bbachain-program 0.0.2...
[INFO] testing bbachain-program-0.0.2 against beta-2024-12-08 for beta-1.84.0-4-retry
[INFO] extracting crate bbachain-program 0.0.2 into /workspace/builds/worker-5-tc2/source
[INFO] validating manifest of crates.io crate bbachain-program 0.0.2 on toolchain beta-2024-12-08
[INFO] running `Command { std: CARGO_HOME="/workspace/cargo-home" RUSTUP_HOME="/workspace/rustup-home" "/workspace/cargo-home/bin/cargo" "+beta-2024-12-08" "metadata" "--manifest-path" "Cargo.toml" "--no-deps", kill_on_drop: false }`
[INFO] started tweaking crates.io crate bbachain-program 0.0.2
[INFO] finished tweaking crates.io crate bbachain-program 0.0.2
[INFO] tweaked toml for crates.io crate bbachain-program 0.0.2 written to /workspace/builds/worker-5-tc2/source/Cargo.toml
[INFO] running `Command { std: CARGO_HOME="/workspace/cargo-home" RUSTUP_HOME="/workspace/rustup-home" "/workspace/cargo-home/bin/cargo" "+beta-2024-12-08" "generate-lockfile" "--manifest-path" "Cargo.toml", kill_on_drop: false }`
[INFO] [stderr]     Updating crates.io index
[INFO] [stderr]      Locking 145 packages to latest compatible versions
[INFO] [stderr]       Adding base64 v0.13.1 (available: v0.22.1)
[INFO] [stderr]       Adding bitflags v1.3.2 (available: v2.6.0)
[INFO] [stderr]       Adding borsh v0.9.3 (available: v1.5.3)
[INFO] [stderr]       Adding borsh-derive v0.9.3 (available: v1.5.3)
[INFO] [stderr]       Adding bs58 v0.4.0 (available: v0.5.1)
[INFO] [stderr]       Adding console_log v0.2.2 (available: v1.0.0)
[INFO] [stderr]       Adding curve25519-dalek v3.2.1 (available: v4.1.3)
[INFO] [stderr]       Adding getrandom v0.1.16 (available: v0.2.15)
[INFO] [stderr]       Adding itertools v0.10.5 (available: v0.13.0)
[INFO] [stderr]       Adding libsecp256k1 v0.6.0 (available: v0.7.1)
[INFO] [stderr]       Adding num-derive v0.3.3 (available: v0.4.2)
[INFO] [stderr]       Adding rand v0.7.3 (available: v0.8.5)
[INFO] [stderr]       Adding thiserror v1.0.69 (available: v2.0.7)
[INFO] [stderr]       Adding zeroize v1.3.0 (available: v1.8.1)
[INFO] running `Command { std: CARGO_HOME="/workspace/cargo-home" RUSTUP_HOME="/workspace/rustup-home" "/workspace/cargo-home/bin/cargo" "+beta-2024-12-08" "fetch" "--manifest-path" "Cargo.toml", kill_on_drop: false }`
[INFO] running `Command { std: "docker" "create" "-v" "/var/lib/crater-agent-workspace/builds/worker-5-tc2/target:/opt/rustwide/target:rw,Z" "-v" "/var/lib/crater-agent-workspace/builds/worker-5-tc2/source:/opt/rustwide/workdir:ro,Z" "-v" "/var/lib/crater-agent-workspace/cargo-home:/opt/rustwide/cargo-home:ro,Z" "-v" "/var/lib/crater-agent-workspace/rustup-home:/opt/rustwide/rustup-home:ro,Z" "-e" "SOURCE_DIR=/opt/rustwide/workdir" "-e" "CARGO_TARGET_DIR=/opt/rustwide/target" "-e" "CARGO_HOME=/opt/rustwide/cargo-home" "-e" "RUSTUP_HOME=/opt/rustwide/rustup-home" "-w" "/opt/rustwide/workdir" "-m" "1610612736" "--user" "0:0" "--network" "none" "ghcr.io/rust-lang/crates-build-env/linux@sha256:f3a9d4ad9d972b27faf3965f35b62e55ba32bbce8f20bc8fe909558a86702fde" "/opt/rustwide/cargo-home/bin/cargo" "+beta-2024-12-08" "metadata" "--no-deps" "--format-version=1", kill_on_drop: false }`
[INFO] [stdout] 13315468baed898cb6c379afd06aaa6fd28d6a36db44ca1efd93ff5bb04aa1eb
[INFO] running `Command { std: "docker" "start" "-a" "13315468baed898cb6c379afd06aaa6fd28d6a36db44ca1efd93ff5bb04aa1eb", kill_on_drop: false }`
[INFO] running `Command { std: "docker" "inspect" "13315468baed898cb6c379afd06aaa6fd28d6a36db44ca1efd93ff5bb04aa1eb", kill_on_drop: false }`
[INFO] running `Command { std: "docker" "rm" "-f" "13315468baed898cb6c379afd06aaa6fd28d6a36db44ca1efd93ff5bb04aa1eb", kill_on_drop: false }`
[INFO] [stdout] 13315468baed898cb6c379afd06aaa6fd28d6a36db44ca1efd93ff5bb04aa1eb
[INFO] running `Command { std: "docker" "create" "-v" "/var/lib/crater-agent-workspace/builds/worker-5-tc2/target:/opt/rustwide/target:rw,Z" "-v" "/var/lib/crater-agent-workspace/builds/worker-5-tc2/source:/opt/rustwide/workdir:ro,Z" "-v" "/var/lib/crater-agent-workspace/cargo-home:/opt/rustwide/cargo-home:ro,Z" "-v" "/var/lib/crater-agent-workspace/rustup-home:/opt/rustwide/rustup-home:ro,Z" "-e" "SOURCE_DIR=/opt/rustwide/workdir" "-e" "CARGO_TARGET_DIR=/opt/rustwide/target" "-e" "CARGO_INCREMENTAL=0" "-e" "RUST_BACKTRACE=full" "-e" "RUSTFLAGS=--cap-lints=warn" "-e" "RUSTDOCFLAGS=--cap-lints=warn" "-e" "CARGO_HOME=/opt/rustwide/cargo-home" "-e" "RUSTUP_HOME=/opt/rustwide/rustup-home" "-w" "/opt/rustwide/workdir" "-m" "1610612736" "--user" "0:0" "--network" "none" "ghcr.io/rust-lang/crates-build-env/linux@sha256:f3a9d4ad9d972b27faf3965f35b62e55ba32bbce8f20bc8fe909558a86702fde" "/opt/rustwide/cargo-home/bin/cargo" "+beta-2024-12-08" "build" "--frozen" "--message-format=json", kill_on_drop: false }`
[INFO] [stdout] e41013f0f9c720aad5e29bfe553f01ef1d1b91985d93c0655cf773c051bf79bc
[INFO] running `Command { std: "docker" "start" "-a" "e41013f0f9c720aad5e29bfe553f01ef1d1b91985d93c0655cf773c051bf79bc", kill_on_drop: false }`
[INFO] [stderr]    Compiling proc-macro2 v1.0.92
[INFO] [stderr]    Compiling unicode-ident v1.0.14
[INFO] [stderr]    Compiling version_check v0.9.5
[INFO] [stderr]    Compiling typenum v1.17.0
[INFO] [stderr]    Compiling serde v1.0.216
[INFO] [stderr]    Compiling subtle v2.6.1
[INFO] [stderr]    Compiling cfg-if v1.0.0
[INFO] [stderr]    Compiling semver v1.0.24
[INFO] [stderr]    Compiling syn v1.0.109
[INFO] [stderr]    Compiling crunchy v0.2.2
[INFO] [stderr]    Compiling crossbeam-utils v0.8.20
[INFO] [stderr]    Compiling getrandom v0.1.16
[INFO] [stderr]    Compiling byteorder v1.5.0
[INFO] [stderr]    Compiling wasm-bindgen-shared v0.2.99
[INFO] [stderr]    Compiling rayon-core v1.12.1
[INFO] [stderr]    Compiling log v0.4.22
[INFO] [stderr]    Compiling either v1.13.0
[INFO] [stderr]    Compiling shlex v1.3.0
[INFO] [stderr]    Compiling cpufeatures v0.2.16
[INFO] [stderr]    Compiling feature-probe v0.1.1
[INFO] [stderr]    Compiling bumpalo v3.16.0
[INFO] [stderr]    Compiling generic-array v0.14.7
[INFO] [stderr]    Compiling ahash v0.7.8
[INFO] [stderr]    Compiling once_cell v1.20.2
[INFO] [stderr]    Compiling bv v0.11.1
[INFO] [stderr]    Compiling rand_core v0.5.1
[INFO] [stderr]    Compiling cc v1.2.4
[INFO] [stderr]    Compiling im v15.1.0
[INFO] [stderr]    Compiling getrandom v0.2.15
[INFO] [stderr]    Compiling rand_core v0.6.4
[INFO] [stderr]    Compiling rustversion v1.0.18
[INFO] [stderr]    Compiling rustc_version v0.4.1
[INFO] [stderr]    Compiling thiserror v1.0.69
[INFO] [stderr]    Compiling num-traits v0.2.19
[INFO] [stderr]    Compiling rand_xoshiro v0.6.0
[INFO] [stderr]    Compiling opaque-debug v0.3.1
[INFO] [stderr]    Compiling wasm-bindgen v0.2.99
[INFO] [stderr]    Compiling bs58 v0.4.0
[INFO] [stderr]    Compiling arrayref v0.3.9
[INFO] [stderr]    Compiling memmap2 v0.5.10
[INFO] [stderr]    Compiling keccak v0.1.5
[INFO] [stderr]    Compiling base64 v0.12.3
[INFO] [stderr]    Compiling constant_time_eq v0.3.1
[INFO] [stderr]    Compiling zeroize v1.3.0
[INFO] [stderr]    Compiling hashbrown v0.11.2
[INFO] [stderr]    Compiling bbachain-frozen-abi-macro v0.1.1
[INFO] [stderr]    Compiling bbachain-frozen-abi v0.1.1
[INFO] [stderr]    Compiling bbachain-program v0.0.2 (/opt/rustwide/workdir)
[INFO] [stderr]    Compiling lazy_static v1.5.0
[INFO] [stderr]    Compiling arrayvec v0.7.6
[INFO] [stderr]    Compiling itertools v0.10.5
[INFO] [stderr]    Compiling bitflags v1.3.2
[INFO] [stderr]    Compiling base64 v0.13.1
[INFO] [stderr]    Compiling crossbeam-epoch v0.9.18
[INFO] [stderr]    Compiling quote v1.0.37
[INFO] [stderr]    Compiling crossbeam-deque v0.8.5
[INFO] [stderr]    Compiling syn v2.0.90
[INFO] [stderr]    Compiling bitmaps v2.1.0
[INFO] [stderr]    Compiling blake3 v1.5.5
[INFO] [stderr]    Compiling rayon v1.10.0
[INFO] [stderr]    Compiling sized-chunks v0.6.5
[INFO] [stderr]    Compiling digest v0.9.0
[INFO] [stderr]    Compiling libsecp256k1-core v0.2.2
[INFO] [stderr]    Compiling libsecp256k1-gen-genmult v0.2.1
[INFO] [stderr]    Compiling libsecp256k1-gen-ecmult v0.2.1
[INFO] [stderr]    Compiling libsecp256k1 v0.6.0
[INFO] [stderr]    Compiling toml v0.5.11
[INFO] [stderr]    Compiling proc-macro-crate v0.1.5
[INFO] [stderr]    Compiling wasm-bindgen-backend v0.2.99
[INFO] [stderr]    Compiling serde_derive v1.0.216
[INFO] [stderr]    Compiling zerocopy-derive v0.7.35
[INFO] [stderr]    Compiling thiserror-impl v1.0.69
[INFO] [stderr]    Compiling bytemuck_derive v1.8.0
[INFO] [stderr]    Compiling borsh-schema-derive-internal v0.9.3
[INFO] [stderr]    Compiling borsh-derive-internal v0.9.3
[INFO] [stderr]    Compiling wasm-bindgen-macro-support v0.2.99
[INFO] [stderr]    Compiling borsh-derive v0.9.3
[INFO] [stderr]    Compiling bbachain-sdk-macro v0.1.1
[INFO] [stderr]    Compiling num-derive v0.3.3
[INFO] [stderr]    Compiling zerocopy v0.7.35
[INFO] [stderr]    Compiling bytemuck v1.20.0
[INFO] [stderr]    Compiling wasm-bindgen-macro v0.2.99
[INFO] [stderr]    Compiling borsh v0.9.3
[INFO] [stderr]    Compiling ppv-lite86 v0.2.20
[INFO] [stderr]    Compiling rand_chacha v0.2.2
[INFO] [stderr]    Compiling rand v0.7.3
[INFO] [stderr]    Compiling serde_bytes v0.11.15
[INFO] [stderr]    Compiling bincode v1.3.3
[INFO] [stderr]    Compiling crypto-common v0.1.6
[INFO] [stderr]    Compiling block-buffer v0.10.4
[INFO] [stderr]    Compiling crypto-mac v0.8.0
[INFO] [stderr]    Compiling block-buffer v0.9.0
[INFO] [stderr]    Compiling curve25519-dalek v3.2.1
[INFO] [stderr]    Compiling hmac v0.8.1
[INFO] [stderr]    Compiling sha2 v0.9.9
[INFO] [stderr]    Compiling hmac-drbg v0.3.0
[INFO] [stderr]    Compiling digest v0.10.7
[INFO] [stderr]    Compiling sha2 v0.10.8
[INFO] [stderr]    Compiling sha3 v0.10.8
[INFO] [stdout] warning: unexpected `cfg` condition name: `RUSTC_WITH_SPECIALIZATION`
[INFO] [stdout]    --> src/lib.rs:554:13
[INFO] [stdout]     |
[INFO] [stdout] 554 | #![cfg_attr(RUSTC_WITH_SPECIALIZATION, feature(specialization))]
[INFO] [stdout]     |             ^^^^^^^^^^^^^^^^^^^^^^^^^
[INFO] [stdout]     |
[INFO] [stdout]     = help: expected names are: `clippy`, `debug_assertions`, `doc`, `docsrs`, `doctest`, `feature`, `fmt_debug`, `miri`, `overflow_checks`, `panic`, `proc_macro`, `relocation_model`, `rustfmt`, `sanitize`, `sanitizer_cfi_generalize_pointers`, `sanitizer_cfi_normalize_integers`, `target_abi`, `target_arch`, `target_endian`, `target_env`, `target_family`, `target_feature`, `target_has_atomic`, `target_has_atomic_equal_alignment`, `target_has_atomic_load_store`, `target_os`, `target_pointer_width`, `target_thread_local`, `target_vendor`, `test`, `ub_checks`, `unix`, and `windows`
[INFO] [stdout]     = help: consider using a Cargo feature instead
[INFO] [stdout]     = help: or consider adding in `Cargo.toml` the `check-cfg` lint config for the lint:
[INFO] [stdout]              [lints.rust]
[INFO] [stdout]              unexpected_cfgs = { level = "warn", check-cfg = ['cfg(RUSTC_WITH_SPECIALIZATION)'] }
[INFO] [stdout]     = help: or consider adding `println!("cargo::rustc-check-cfg=cfg(RUSTC_WITH_SPECIALIZATION)");` to the top of the `build.rs`
[INFO] [stdout]     = note: see <https://doc.rust-lang.org/nightly/rustc/check-cfg/cargo-specifics.html> for more information about checking conditional configuration
[INFO] [stdout]     = note: `#[warn(unexpected_cfgs)]` on by default
[INFO] [stdout] 
[INFO] [stdout] 
[INFO] [stdout] warning: unexpected `cfg` condition name: `RUSTC_NEEDS_PROC_MACRO_HYGIENE`
[INFO] [stdout]    --> src/lib.rs:555:13
[INFO] [stdout]     |
[INFO] [stdout] 555 | #![cfg_attr(RUSTC_NEEDS_PROC_MACRO_HYGIENE, feature(proc_macro_hygiene))]
[INFO] [stdout]     |             ^^^^^^^^^^^^^^^^^^^^^^^^^^^^^^
[INFO] [stdout]     |
[INFO] [stdout]     = help: consider using a Cargo feature instead
[INFO] [stdout]     = help: or consider adding in `Cargo.toml` the `check-cfg` lint config for the lint:
[INFO] [stdout]              [lints.rust]
[INFO] [stdout]              unexpected_cfgs = { level = "warn", check-cfg = ['cfg(RUSTC_NEEDS_PROC_MACRO_HYGIENE)'] }
[INFO] [stdout]     = help: or consider adding `println!("cargo::rustc-check-cfg=cfg(RUSTC_NEEDS_PROC_MACRO_HYGIENE)");` to the top of the `build.rs`
[INFO] [stdout]     = note: see <https://doc.rust-lang.org/nightly/rustc/check-cfg/cargo-specifics.html> for more information about checking conditional configuration
[INFO] [stdout] 
[INFO] [stdout] 
[INFO] [stderr]     Finished `dev` profile [unoptimized + debuginfo] target(s) in 25.13s
[INFO] running `Command { std: "docker" "inspect" "e41013f0f9c720aad5e29bfe553f01ef1d1b91985d93c0655cf773c051bf79bc", kill_on_drop: false }`
[INFO] running `Command { std: "docker" "rm" "-f" "e41013f0f9c720aad5e29bfe553f01ef1d1b91985d93c0655cf773c051bf79bc", kill_on_drop: false }`
[INFO] [stdout] e41013f0f9c720aad5e29bfe553f01ef1d1b91985d93c0655cf773c051bf79bc
[INFO] running `Command { std: "docker" "create" "-v" "/var/lib/crater-agent-workspace/builds/worker-5-tc2/target:/opt/rustwide/target:rw,Z" "-v" "/var/lib/crater-agent-workspace/builds/worker-5-tc2/source:/opt/rustwide/workdir:ro,Z" "-v" "/var/lib/crater-agent-workspace/cargo-home:/opt/rustwide/cargo-home:ro,Z" "-v" "/var/lib/crater-agent-workspace/rustup-home:/opt/rustwide/rustup-home:ro,Z" "-e" "SOURCE_DIR=/opt/rustwide/workdir" "-e" "CARGO_TARGET_DIR=/opt/rustwide/target" "-e" "CARGO_INCREMENTAL=0" "-e" "RUST_BACKTRACE=full" "-e" "RUSTFLAGS=--cap-lints=warn" "-e" "RUSTDOCFLAGS=--cap-lints=warn" "-e" "CARGO_HOME=/opt/rustwide/cargo-home" "-e" "RUSTUP_HOME=/opt/rustwide/rustup-home" "-w" "/opt/rustwide/workdir" "-m" "1610612736" "--user" "0:0" "--network" "none" "ghcr.io/rust-lang/crates-build-env/linux@sha256:f3a9d4ad9d972b27faf3965f35b62e55ba32bbce8f20bc8fe909558a86702fde" "/opt/rustwide/cargo-home/bin/cargo" "+beta-2024-12-08" "test" "--frozen" "--no-run" "--message-format=json", kill_on_drop: false }`
[INFO] [stdout] 99356d2243bdbc0404277d28204f9242693b2ceee7b516c21e8155e9f6423602
[INFO] running `Command { std: "docker" "start" "-a" "99356d2243bdbc0404277d28204f9242693b2ceee7b516c21e8155e9f6423602", kill_on_drop: false }`
[INFO] [stderr]    Compiling log v0.4.22
[INFO] [stderr]    Compiling serde_json v1.0.133
[INFO] [stderr]    Compiling anyhow v1.0.94
[INFO] [stderr]    Compiling env_logger v0.9.3
[INFO] [stderr]    Compiling bbachain-frozen-abi v0.1.1
[INFO] [stderr]    Compiling itoa v1.0.14
[INFO] [stderr]    Compiling ryu v1.0.18
[INFO] [stderr]    Compiling static_assertions v1.1.0
[INFO] [stderr]    Compiling assert_matches v1.5.0
[INFO] [stderr]    Compiling wasm-bindgen-backend v0.2.99
[INFO] [stderr]    Compiling bbachain-logger v0.1.1
[INFO] [stderr]    Compiling wasm-bindgen-macro-support v0.2.99
[INFO] [stderr]    Compiling wasm-bindgen-macro v0.2.99
[INFO] [stderr]    Compiling wasm-bindgen v0.2.99
[INFO] [stderr]    Compiling bbachain-program v0.0.2 (/opt/rustwide/workdir)
[INFO] [stdout] warning: unexpected `cfg` condition name: `RUSTC_WITH_SPECIALIZATION`
[INFO] [stdout]    --> src/lib.rs:554:13
[INFO] [stdout]     |
[INFO] [stdout] 554 | #![cfg_attr(RUSTC_WITH_SPECIALIZATION, feature(specialization))]
[INFO] [stdout]     |             ^^^^^^^^^^^^^^^^^^^^^^^^^
[INFO] [stdout]     |
[INFO] [stdout]     = help: expected names are: `clippy`, `debug_assertions`, `doc`, `docsrs`, `doctest`, `feature`, `fmt_debug`, `miri`, `overflow_checks`, `panic`, `proc_macro`, `relocation_model`, `rustfmt`, `sanitize`, `sanitizer_cfi_generalize_pointers`, `sanitizer_cfi_normalize_integers`, `target_abi`, `target_arch`, `target_endian`, `target_env`, `target_family`, `target_feature`, `target_has_atomic`, `target_has_atomic_equal_alignment`, `target_has_atomic_load_store`, `target_os`, `target_pointer_width`, `target_thread_local`, `target_vendor`, `test`, `ub_checks`, `unix`, and `windows`
[INFO] [stdout]     = help: consider using a Cargo feature instead
[INFO] [stdout]     = help: or consider adding in `Cargo.toml` the `check-cfg` lint config for the lint:
[INFO] [stdout]              [lints.rust]
[INFO] [stdout]              unexpected_cfgs = { level = "warn", check-cfg = ['cfg(RUSTC_WITH_SPECIALIZATION)'] }
[INFO] [stdout]     = help: or consider adding `println!("cargo::rustc-check-cfg=cfg(RUSTC_WITH_SPECIALIZATION)");` to the top of the `build.rs`
[INFO] [stdout]     = note: see <https://doc.rust-lang.org/nightly/rustc/check-cfg/cargo-specifics.html> for more information about checking conditional configuration
[INFO] [stdout]     = note: `#[warn(unexpected_cfgs)]` on by default
[INFO] [stdout] 
[INFO] [stdout] 
[INFO] [stdout] warning: unexpected `cfg` condition name: `RUSTC_NEEDS_PROC_MACRO_HYGIENE`
[INFO] [stdout]    --> src/lib.rs:555:13
[INFO] [stdout]     |
[INFO] [stdout] 555 | #![cfg_attr(RUSTC_NEEDS_PROC_MACRO_HYGIENE, feature(proc_macro_hygiene))]
[INFO] [stdout]     |             ^^^^^^^^^^^^^^^^^^^^^^^^^^^^^^
[INFO] [stdout]     |
[INFO] [stdout]     = help: consider using a Cargo feature instead
[INFO] [stdout]     = help: or consider adding in `Cargo.toml` the `check-cfg` lint config for the lint:
[INFO] [stdout]              [lints.rust]
[INFO] [stdout]              unexpected_cfgs = { level = "warn", check-cfg = ['cfg(RUSTC_NEEDS_PROC_MACRO_HYGIENE)'] }
[INFO] [stdout]     = help: or consider adding `println!("cargo::rustc-check-cfg=cfg(RUSTC_NEEDS_PROC_MACRO_HYGIENE)");` to the top of the `build.rs`
[INFO] [stdout]     = note: see <https://doc.rust-lang.org/nightly/rustc/check-cfg/cargo-specifics.html> for more information about checking conditional configuration
[INFO] [stdout] 
[INFO] [stdout] 
[INFO] [stdout] warning: unexpected `cfg` condition name: `RUSTC_WITH_SPECIALIZATION`
[INFO] [stdout]    --> src/lib.rs:554:13
[INFO] [stdout]     |
[INFO] [stdout] 554 | #![cfg_attr(RUSTC_WITH_SPECIALIZATION, feature(specialization))]
[INFO] [stdout]     |             ^^^^^^^^^^^^^^^^^^^^^^^^^
[INFO] [stdout]     |
[INFO] [stdout]     = help: expected names are: `clippy`, `debug_assertions`, `doc`, `docsrs`, `doctest`, `feature`, `fmt_debug`, `miri`, `overflow_checks`, `panic`, `proc_macro`, `relocation_model`, `rustfmt`, `sanitize`, `sanitizer_cfi_generalize_pointers`, `sanitizer_cfi_normalize_integers`, `target_abi`, `target_arch`, `target_endian`, `target_env`, `target_family`, `target_feature`, `target_has_atomic`, `target_has_atomic_equal_alignment`, `target_has_atomic_load_store`, `target_os`, `target_pointer_width`, `target_thread_local`, `target_vendor`, `test`, `ub_checks`, `unix`, and `windows`
[INFO] [stdout]     = help: consider using a Cargo feature instead
[INFO] [stdout]     = help: or consider adding in `Cargo.toml` the `check-cfg` lint config for the lint:
[INFO] [stdout]              [lints.rust]
[INFO] [stdout]              unexpected_cfgs = { level = "warn", check-cfg = ['cfg(RUSTC_WITH_SPECIALIZATION)'] }
[INFO] [stdout]     = help: or consider adding `println!("cargo::rustc-check-cfg=cfg(RUSTC_WITH_SPECIALIZATION)");` to the top of the `build.rs`
[INFO] [stdout]     = note: see <https://doc.rust-lang.org/nightly/rustc/check-cfg/cargo-specifics.html> for more information about checking conditional configuration
[INFO] [stdout]     = note: `#[warn(unexpected_cfgs)]` on by default
[INFO] [stdout] 
[INFO] [stdout] 
[INFO] [stdout] warning: unexpected `cfg` condition name: `RUSTC_NEEDS_PROC_MACRO_HYGIENE`
[INFO] [stdout]    --> src/lib.rs:555:13
[INFO] [stdout]     |
[INFO] [stdout] 555 | #![cfg_attr(RUSTC_NEEDS_PROC_MACRO_HYGIENE, feature(proc_macro_hygiene))]
[INFO] [stdout]     |             ^^^^^^^^^^^^^^^^^^^^^^^^^^^^^^
[INFO] [stdout]     |
[INFO] [stdout]     = help: consider using a Cargo feature instead
[INFO] [stdout]     = help: or consider adding in `Cargo.toml` the `check-cfg` lint config for the lint:
[INFO] [stdout]              [lints.rust]
[INFO] [stdout]              unexpected_cfgs = { level = "warn", check-cfg = ['cfg(RUSTC_NEEDS_PROC_MACRO_HYGIENE)'] }
[INFO] [stdout]     = help: or consider adding `println!("cargo::rustc-check-cfg=cfg(RUSTC_NEEDS_PROC_MACRO_HYGIENE)");` to the top of the `build.rs`
[INFO] [stdout]     = note: see <https://doc.rust-lang.org/nightly/rustc/check-cfg/cargo-specifics.html> for more information about checking conditional configuration
[INFO] [stdout] 
[INFO] [stdout] 
[INFO] [stderr]     Finished `test` profile [unoptimized + debuginfo] target(s) in 3.97s
[INFO] running `Command { std: "docker" "inspect" "99356d2243bdbc0404277d28204f9242693b2ceee7b516c21e8155e9f6423602", kill_on_drop: false }`
[INFO] running `Command { std: "docker" "rm" "-f" "99356d2243bdbc0404277d28204f9242693b2ceee7b516c21e8155e9f6423602", kill_on_drop: false }`
[INFO] [stdout] 99356d2243bdbc0404277d28204f9242693b2ceee7b516c21e8155e9f6423602
[INFO] running `Command { std: "docker" "create" "-v" "/var/lib/crater-agent-workspace/builds/worker-5-tc2/target:/opt/rustwide/target:rw,Z" "-v" "/var/lib/crater-agent-workspace/builds/worker-5-tc2/source:/opt/rustwide/workdir:ro,Z" "-v" "/var/lib/crater-agent-workspace/cargo-home:/opt/rustwide/cargo-home:ro,Z" "-v" "/var/lib/crater-agent-workspace/rustup-home:/opt/rustwide/rustup-home:ro,Z" "-e" "SOURCE_DIR=/opt/rustwide/workdir" "-e" "CARGO_TARGET_DIR=/opt/rustwide/target" "-e" "CARGO_INCREMENTAL=0" "-e" "RUST_BACKTRACE=full" "-e" "RUSTFLAGS=--cap-lints=warn" "-e" "RUSTDOCFLAGS=--cap-lints=warn" "-e" "CARGO_HOME=/opt/rustwide/cargo-home" "-e" "RUSTUP_HOME=/opt/rustwide/rustup-home" "-w" "/opt/rustwide/workdir" "-m" "1610612736" "--user" "0:0" "--network" "none" "ghcr.io/rust-lang/crates-build-env/linux@sha256:f3a9d4ad9d972b27faf3965f35b62e55ba32bbce8f20bc8fe909558a86702fde" "/opt/rustwide/cargo-home/bin/cargo" "+beta-2024-12-08" "test" "--frozen", kill_on_drop: false }`
[INFO] [stdout] 9469e30daf4426ee229ce3412d7c0b9599665a632a11a74780f87af79f547ab3
[INFO] running `Command { std: "docker" "start" "-a" "9469e30daf4426ee229ce3412d7c0b9599665a632a11a74780f87af79f547ab3", kill_on_drop: false }`
[INFO] [stderr] warning: unexpected `cfg` condition name: `RUSTC_WITH_SPECIALIZATION`
[INFO] [stderr]    --> src/lib.rs:554:13
[INFO] [stderr]     |
[INFO] [stderr] 554 | #![cfg_attr(RUSTC_WITH_SPECIALIZATION, feature(specialization))]
[INFO] [stderr]     |             ^^^^^^^^^^^^^^^^^^^^^^^^^
[INFO] [stderr]     |
[INFO] [stderr]     = help: expected names are: `clippy`, `debug_assertions`, `doc`, `docsrs`, `doctest`, `feature`, `fmt_debug`, `miri`, `overflow_checks`, `panic`, `proc_macro`, `relocation_model`, `rustfmt`, `sanitize`, `sanitizer_cfi_generalize_pointers`, `sanitizer_cfi_normalize_integers`, `target_abi`, `target_arch`, `target_endian`, `target_env`, `target_family`, `target_feature`, `target_has_atomic`, `target_has_atomic_equal_alignment`, `target_has_atomic_load_store`, `target_os`, `target_pointer_width`, `target_thread_local`, `target_vendor`, `test`, `ub_checks`, `unix`, and `windows`
[INFO] [stderr]     = help: consider using a Cargo feature instead
[INFO] [stderr]     = help: or consider adding in `Cargo.toml` the `check-cfg` lint config for the lint:
[INFO] [stderr]              [lints.rust]
[INFO] [stderr]              unexpected_cfgs = { level = "warn", check-cfg = ['cfg(RUSTC_WITH_SPECIALIZATION)'] }
[INFO] [stderr]     = help: or consider adding `println!("cargo::rustc-check-cfg=cfg(RUSTC_WITH_SPECIALIZATION)");` to the top of the `build.rs`
[INFO] [stderr]     = note: see <https://doc.rust-lang.org/nightly/rustc/check-cfg/cargo-specifics.html> for more information about checking conditional configuration
[INFO] [stderr]     = note: `#[warn(unexpected_cfgs)]` on by default
[INFO] [stderr] 
[INFO] [stderr] warning: unexpected `cfg` condition name: `RUSTC_NEEDS_PROC_MACRO_HYGIENE`
[INFO] [stderr]    --> src/lib.rs:555:13
[INFO] [stderr]     |
[INFO] [stderr] 555 | #![cfg_attr(RUSTC_NEEDS_PROC_MACRO_HYGIENE, feature(proc_macro_hygiene))]
[INFO] [stderr]     |             ^^^^^^^^^^^^^^^^^^^^^^^^^^^^^^
[INFO] [stderr]     |
[INFO] [stderr]     = help: consider using a Cargo feature instead
[INFO] [stderr]     = help: or consider adding in `Cargo.toml` the `check-cfg` lint config for the lint:
[INFO] [stderr]              [lints.rust]
[INFO] [stderr]              unexpected_cfgs = { level = "warn", check-cfg = ['cfg(RUSTC_NEEDS_PROC_MACRO_HYGIENE)'] }
[INFO] [stderr]     = help: or consider adding `println!("cargo::rustc-check-cfg=cfg(RUSTC_NEEDS_PROC_MACRO_HYGIENE)");` to the top of the `build.rs`
[INFO] [stderr]     = note: see <https://doc.rust-lang.org/nightly/rustc/check-cfg/cargo-specifics.html> for more information about checking conditional configuration
[INFO] [stderr] 
[INFO] [stderr] warning: `bbachain-program` (lib) generated 2 warnings
[INFO] [stderr] warning: `bbachain-program` (lib test) generated 2 warnings (2 duplicates)
[INFO] [stderr]     Finished `test` profile [unoptimized + debuginfo] target(s) in 0.13s
[INFO] [stderr]      Running unittests src/lib.rs (/opt/rustwide/target/debug/deps/bbachain_program-0dae8ad7174427b0)
[INFO] [stdout] 
[INFO] [stdout] running 0 tests
[INFO] [stdout] 
[INFO] [stderr]    Doc-tests bbachain_program
[INFO] [stdout] test result: ok. 0 passed; 0 failed; 0 ignored; 0 measured; 0 filtered out; finished in 0.00s
[INFO] [stdout] 
[INFO] [stdout] 
[INFO] [stdout] running 6 tests
[INFO] [stdout] test src/lib.rs - (line 68) ... FAILED
[INFO] [stdout] test src/lib.rs - (line 481) ... FAILED
[INFO] [stdout] test src/lib.rs - (line 279) ... FAILED
[INFO] [stdout] test src/lib.rs - (line 510) ... FAILED
[INFO] [stdout] test src/lib.rs - (line 331) ... FAILED
[INFO] [stdout] test src/lib.rs - (line 123) ... ok
[INFO] [stdout] 
[INFO] [stdout] failures:
[INFO] [stdout] 
[INFO] [stdout] ---- src/lib.rs - (line 68) stdout ----
[INFO] [stdout] error[E0432]: unresolved imports `bbachain_program::account_info`, `bbachain_program::entrypoint`, `bbachain_program::entrypoint`, `bbachain_program::pubkey`
[INFO] [stdout]   --> src/lib.rs:73:9
[INFO] [stdout]    |
[INFO] [stdout] 8  |         account_info::AccountInfo,
[INFO] [stdout]    |         ^^^^^^^^^^^^ could not find `account_info` in `bbachain_program`
[INFO] [stdout] 9  |         entrypoint,
[INFO] [stdout]    |         ^^^^^^^^^^ no `entrypoint` in the root
[INFO] [stdout] 10 |         entrypoint::ProgramResult,
[INFO] [stdout]    |         ^^^^^^^^^^ could not find `entrypoint` in `bbachain_program`
[INFO] [stdout] 11 |         pubkey::Pubkey,
[INFO] [stdout]    |         ^^^^^^ could not find `pubkey` in `bbachain_program`
[INFO] [stdout] 
[INFO] [stdout] warning: unexpected `cfg` condition value: `no-entrypoint`
[INFO] [stdout]  --> src/lib.rs:70:11
[INFO] [stdout]   |
[INFO] [stdout] 5 | #[cfg(not(feature = "no-entrypoint"))]
[INFO] [stdout]   |           ^^^^^^^^^^^^^^^^^^^^^^^^^ help: remove the condition
[INFO] [stdout]   |
[INFO] [stdout]   = note: no expected values for `feature`
[INFO] [stdout]   = help: consider adding `no-entrypoint` as a feature in `Cargo.toml`
[INFO] [stdout]   = note: see <https://doc.rust-lang.org/nightly/rustc/check-cfg/cargo-specifics.html> for more information about checking conditional configuration
[INFO] [stdout]   = note: `#[warn(unexpected_cfgs)]` on by default
[INFO] [stdout] 
[INFO] [stdout] error: aborting due to 1 previous error; 1 warning emitted
[INFO] [stdout] 
[INFO] [stdout] For more information about this error, try `rustc --explain E0432`.
[INFO] [stdout] Couldn't compile the test.
[INFO] [stdout] ---- src/lib.rs - (line 481) stdout ----
[INFO] [stdout] error[E0432]: unresolved imports `bbachain_program::account_info`, `bbachain_program::clock`, `bbachain_program::entrypoint`, `bbachain_program::msg`, `bbachain_program::pubkey`, `bbachain_program::sysvar`
[INFO] [stdout]   --> src/lib.rs:484:5
[INFO] [stdout]    |
[INFO] [stdout] 6  |     account_info::AccountInfo,
[INFO] [stdout]    |     ^^^^^^^^^^^^ could not find `account_info` in `bbachain_program`
[INFO] [stdout] 7  |     clock,
[INFO] [stdout]    |     ^^^^^ no `clock` in the root
[INFO] [stdout] 8  |     entrypoint::ProgramResult,
[INFO] [stdout]    |     ^^^^^^^^^^ could not find `entrypoint` in `bbachain_program`
[INFO] [stdout] 9  |     msg,
[INFO] [stdout]    |     ^^^ no `msg` in the root
[INFO] [stdout] 10 |     pubkey::Pubkey,
[INFO] [stdout]    |     ^^^^^^ could not find `pubkey` in `bbachain_program`
[INFO] [stdout] 11 |     sysvar::Sysvar,
[INFO] [stdout]    |     ^^^^^^ could not find `sysvar` in `bbachain_program`
[INFO] [stdout] 
[INFO] [stdout] error: aborting due to 1 previous error
[INFO] [stdout] 
[INFO] [stdout] For more information about this error, try `rustc --explain E0432`.
[INFO] [stdout] Couldn't compile the test.
[INFO] [stdout] ---- src/lib.rs - (line 279) stdout ----
[INFO] [stdout] error[E0432]: unresolved imports `bbachain_program::account_info`, `bbachain_program::entrypoint`, `bbachain_program::entrypoint`, `bbachain_program::program`, `bbachain_program::pubkey`, `bbachain_program::system_instruction`, `bbachain_program::system_program`
[INFO] [stdout]   --> src/lib.rs:282:5
[INFO] [stdout]    |
[INFO] [stdout] 6  |     account_info::{next_account_info, AccountInfo},
[INFO] [stdout]    |     ^^^^^^^^^^^^ could not find `account_info` in `bbachain_program`
[INFO] [stdout] 7  |     entrypoint,
[INFO] [stdout]    |     ^^^^^^^^^^ no `entrypoint` in the root
[INFO] [stdout] 8  |     entrypoint::ProgramResult,
[INFO] [stdout]    |     ^^^^^^^^^^ could not find `entrypoint` in `bbachain_program`
[INFO] [stdout] 9  |     program::invoke,
[INFO] [stdout]    |     ^^^^^^^ could not find `program` in `bbachain_program`
[INFO] [stdout] 10 |     pubkey::Pubkey,
[INFO] [stdout]    |     ^^^^^^ could not find `pubkey` in `bbachain_program`
[INFO] [stdout] 11 |     system_instruction,
[INFO] [stdout]    |     ^^^^^^^^^^^^^^^^^^ no `system_instruction` in the root
[INFO] [stdout] 12 |     system_program,
[INFO] [stdout]    |     ^^^^^^^^^^^^^^ no `system_program` in the root
[INFO] [stdout] 
[INFO] [stdout] error: aborting due to 1 previous error
[INFO] [stdout] 
[INFO] [stdout] For more information about this error, try `rustc --explain E0432`.
[INFO] [stdout] Couldn't compile the test.
[INFO] [stdout] ---- src/lib.rs - (line 510) stdout ----
[INFO] [stdout] error[E0432]: unresolved imports `bbachain_program::account_info`, `bbachain_program::clock`, `bbachain_program::entrypoint`, `bbachain_program::msg`, `bbachain_program::pubkey`, `bbachain_program::sysvar`
[INFO] [stdout]   --> src/lib.rs:513:5
[INFO] [stdout]    |
[INFO] [stdout] 6  |     account_info::{next_account_info, AccountInfo},
[INFO] [stdout]    |     ^^^^^^^^^^^^ could not find `account_info` in `bbachain_program`
[INFO] [stdout] 7  |     clock,
[INFO] [stdout]    |     ^^^^^ no `clock` in the root
[INFO] [stdout] 8  |     entrypoint::ProgramResult,
[INFO] [stdout]    |     ^^^^^^^^^^ could not find `entrypoint` in `bbachain_program`
[INFO] [stdout] 9  |     msg,
[INFO] [stdout]    |     ^^^ no `msg` in the root
[INFO] [stdout] 10 |     pubkey::Pubkey,
[INFO] [stdout]    |     ^^^^^^ could not find `pubkey` in `bbachain_program`
[INFO] [stdout] 11 |     sysvar::Sysvar,
[INFO] [stdout]    |     ^^^^^^ could not find `sysvar` in `bbachain_program`
[INFO] [stdout] 
[INFO] [stdout] error: aborting due to 1 previous error
[INFO] [stdout] 
[INFO] [stdout] For more information about this error, try `rustc --explain E0432`.
[INFO] [stdout] Couldn't compile the test.
[INFO] [stdout] ---- src/lib.rs - (line 331) stdout ----
[INFO] [stdout] error[E0432]: unresolved imports `bbachain_program::account_info`, `bbachain_program::entrypoint`, `bbachain_program::entrypoint`, `bbachain_program::program`, `bbachain_program::pubkey`, `bbachain_program::system_instruction`, `bbachain_program::system_program`
[INFO] [stdout]   --> src/lib.rs:334:5
[INFO] [stdout]    |
[INFO] [stdout] 6  |     account_info::{next_account_info, AccountInfo},
[INFO] [stdout]    |     ^^^^^^^^^^^^ could not find `account_info` in `bbachain_program`
[INFO] [stdout] 7  |     entrypoint,
[INFO] [stdout]    |     ^^^^^^^^^^ no `entrypoint` in the root
[INFO] [stdout] 8  |     entrypoint::ProgramResult,
[INFO] [stdout]    |     ^^^^^^^^^^ could not find `entrypoint` in `bbachain_program`
[INFO] [stdout] 9  |     program::invoke_signed,
[INFO] [stdout]    |     ^^^^^^^ could not find `program` in `bbachain_program`
[INFO] [stdout] 10 |     pubkey::Pubkey,
[INFO] [stdout]    |     ^^^^^^ could not find `pubkey` in `bbachain_program`
[INFO] [stdout] 11 |     system_instruction,
[INFO] [stdout]    |     ^^^^^^^^^^^^^^^^^^ no `system_instruction` in the root
[INFO] [stdout] 12 |     system_program,
[INFO] [stdout]    |     ^^^^^^^^^^^^^^ no `system_program` in the root
[INFO] [stdout] 
[INFO] [stdout] error: aborting due to 1 previous error
[INFO] [stdout] 
[INFO] [stdout] For more information about this error, try `rustc --explain E0432`.
[INFO] [stdout] Couldn't compile the test.
[INFO] [stdout] 
[INFO] [stdout] failures:
[INFO] [stdout]     src/lib.rs - (line 279)
[INFO] [stdout]     src/lib.rs - (line 331)
[INFO] [stdout]     src/lib.rs - (line 481)
[INFO] [stdout]     src/lib.rs - (line 510)
[INFO] [stdout]     src/lib.rs - (line 68)
[INFO] [stdout] 
[INFO] [stdout] test result: FAILED. 1 passed; 5 failed; 0 ignored; 0 measured; 0 filtered out; finished in 0.22s
[INFO] [stdout] 
[INFO] [stderr] error: doctest failed, to rerun pass `--doc`
[INFO] running `Command { std: "docker" "inspect" "9469e30daf4426ee229ce3412d7c0b9599665a632a11a74780f87af79f547ab3", kill_on_drop: false }`
[INFO] running `Command { std: "docker" "rm" "-f" "9469e30daf4426ee229ce3412d7c0b9599665a632a11a74780f87af79f547ab3", kill_on_drop: false }`
[INFO] [stdout] 9469e30daf4426ee229ce3412d7c0b9599665a632a11a74780f87af79f547ab3
