[INFO] fetching crate balatro_tui_widgets 0.1.3...
[INFO] testing balatro_tui_widgets-0.1.3 against 1.83.0 for beta-1.84.0-4-retry
[INFO] extracting crate balatro_tui_widgets 0.1.3 into /workspace/builds/worker-0-tc1/source
[INFO] validating manifest of crates.io crate balatro_tui_widgets 0.1.3 on toolchain 1.83.0
[INFO] running `Command { std: CARGO_HOME="/workspace/cargo-home" RUSTUP_HOME="/workspace/rustup-home" "/workspace/cargo-home/bin/cargo" "+1.83.0" "metadata" "--manifest-path" "Cargo.toml" "--no-deps", kill_on_drop: false }`
[INFO] started tweaking crates.io crate balatro_tui_widgets 0.1.3
[INFO] finished tweaking crates.io crate balatro_tui_widgets 0.1.3
[INFO] tweaked toml for crates.io crate balatro_tui_widgets 0.1.3 written to /workspace/builds/worker-0-tc1/source/Cargo.toml
[INFO] running `Command { std: CARGO_HOME="/workspace/cargo-home" RUSTUP_HOME="/workspace/rustup-home" "/workspace/cargo-home/bin/cargo" "+1.83.0" "generate-lockfile" "--manifest-path" "Cargo.toml", kill_on_drop: false }`
[INFO] [stderr]     Updating crates.io index
[INFO] [stderr]      Locking 86 packages to latest compatible versions
[INFO] [stderr]       Adding ratatui v0.28.1 (available: v0.29.0)
[INFO] [stderr]       Adding thiserror v1.0.69 (available: v2.0.7)
[INFO] running `Command { std: CARGO_HOME="/workspace/cargo-home" RUSTUP_HOME="/workspace/rustup-home" "/workspace/cargo-home/bin/cargo" "+1.83.0" "fetch" "--manifest-path" "Cargo.toml", kill_on_drop: false }`
[INFO] [stderr]  Downloading crates ...
[INFO] [stderr]   Downloaded balatro_tui_core v0.1.3
[INFO] running `Command { std: "docker" "create" "-v" "/var/lib/crater-agent-workspace/builds/worker-0-tc1/target:/opt/rustwide/target:rw,Z" "-v" "/var/lib/crater-agent-workspace/builds/worker-0-tc1/source:/opt/rustwide/workdir:ro,Z" "-v" "/var/lib/crater-agent-workspace/cargo-home:/opt/rustwide/cargo-home:ro,Z" "-v" "/var/lib/crater-agent-workspace/rustup-home:/opt/rustwide/rustup-home:ro,Z" "-e" "SOURCE_DIR=/opt/rustwide/workdir" "-e" "CARGO_TARGET_DIR=/opt/rustwide/target" "-e" "CARGO_HOME=/opt/rustwide/cargo-home" "-e" "RUSTUP_HOME=/opt/rustwide/rustup-home" "-w" "/opt/rustwide/workdir" "-m" "1610612736" "--user" "0:0" "--network" "none" "ghcr.io/rust-lang/crates-build-env/linux@sha256:f3a9d4ad9d972b27faf3965f35b62e55ba32bbce8f20bc8fe909558a86702fde" "/opt/rustwide/cargo-home/bin/cargo" "+1.83.0" "metadata" "--no-deps" "--format-version=1", kill_on_drop: false }`
[INFO] [stdout] b703d149bf7593842c731a768f01d2d4f8c8d0015dcd973c6f285d5a75eb91b5
[INFO] running `Command { std: "docker" "start" "-a" "b703d149bf7593842c731a768f01d2d4f8c8d0015dcd973c6f285d5a75eb91b5", kill_on_drop: false }`
[INFO] running `Command { std: "docker" "inspect" "b703d149bf7593842c731a768f01d2d4f8c8d0015dcd973c6f285d5a75eb91b5", kill_on_drop: false }`
[INFO] running `Command { std: "docker" "rm" "-f" "b703d149bf7593842c731a768f01d2d4f8c8d0015dcd973c6f285d5a75eb91b5", kill_on_drop: false }`
[INFO] [stdout] b703d149bf7593842c731a768f01d2d4f8c8d0015dcd973c6f285d5a75eb91b5
[INFO] running `Command { std: "docker" "create" "-v" "/var/lib/crater-agent-workspace/builds/worker-0-tc1/target:/opt/rustwide/target:rw,Z" "-v" "/var/lib/crater-agent-workspace/builds/worker-0-tc1/source:/opt/rustwide/workdir:ro,Z" "-v" "/var/lib/crater-agent-workspace/cargo-home:/opt/rustwide/cargo-home:ro,Z" "-v" "/var/lib/crater-agent-workspace/rustup-home:/opt/rustwide/rustup-home:ro,Z" "-e" "SOURCE_DIR=/opt/rustwide/workdir" "-e" "CARGO_TARGET_DIR=/opt/rustwide/target" "-e" "CARGO_INCREMENTAL=0" "-e" "RUST_BACKTRACE=full" "-e" "RUSTFLAGS=--cap-lints=warn" "-e" "RUSTDOCFLAGS=--cap-lints=warn" "-e" "CARGO_HOME=/opt/rustwide/cargo-home" "-e" "RUSTUP_HOME=/opt/rustwide/rustup-home" "-w" "/opt/rustwide/workdir" "-m" "1610612736" "--user" "0:0" "--network" "none" "ghcr.io/rust-lang/crates-build-env/linux@sha256:f3a9d4ad9d972b27faf3965f35b62e55ba32bbce8f20bc8fe909558a86702fde" "/opt/rustwide/cargo-home/bin/cargo" "+1.83.0" "build" "--frozen" "--message-format=json", kill_on_drop: false }`
[INFO] [stdout] d3cccdd27964dbe9cfc0fc994f108d85b8403b5d79a4fafdd157ad8556ed17e0
[INFO] running `Command { std: "docker" "start" "-a" "d3cccdd27964dbe9cfc0fc994f108d85b8403b5d79a4fafdd157ad8556ed17e0", kill_on_drop: false }`
[INFO] [stderr]    Compiling proc-macro2 v1.0.92
[INFO] [stderr]    Compiling unicode-ident v1.0.14
[INFO] [stderr]    Compiling libc v0.2.168
[INFO] [stderr]    Compiling cfg-if v1.0.0
[INFO] [stderr]    Compiling rustversion v1.0.18
[INFO] [stderr]    Compiling autocfg v1.4.0
[INFO] [stderr]    Compiling parking_lot_core v0.9.10
[INFO] [stderr]    Compiling fnv v1.0.7
[INFO] [stderr]    Compiling strsim v0.11.1
[INFO] [stderr]    Compiling signal-hook v0.3.17
[INFO] [stderr]    Compiling ident_case v1.0.1
[INFO] [stderr]    Compiling byteorder v1.5.0
[INFO] [stderr]    Compiling scopeguard v1.2.0
[INFO] [stderr]    Compiling log v0.4.22
[INFO] [stderr]    Compiling heck v0.5.0
[INFO] [stderr]    Compiling rustix v0.38.42
[INFO] [stderr]    Compiling smallvec v1.13.2
[INFO] [stderr]    Compiling either v1.13.0
[INFO] [stderr]    Compiling lock_api v0.4.12
[INFO] [stderr]    Compiling diff v0.1.13
[INFO] [stderr]    Compiling quote v1.0.37
[INFO] [stderr]    Compiling itertools v0.13.0
[INFO] [stderr]    Compiling syn v2.0.90
[INFO] [stderr]    Compiling unicode-segmentation v1.12.0
[INFO] [stderr]    Compiling paste v1.0.15
[INFO] [stderr]    Compiling yansi v1.0.1
[INFO] [stderr]    Compiling equivalent v1.0.1
[INFO] [stderr]    Compiling bitflags v2.6.0
[INFO] [stderr]    Compiling linux-raw-sys v0.4.14
[INFO] [stderr]    Compiling thiserror v1.0.69
[INFO] [stderr]    Compiling foldhash v0.1.3
[INFO] [stderr]    Compiling allocator-api2 v0.2.21
[INFO] [stderr]    Compiling castaway v0.2.3
[INFO] [stderr]    Compiling pretty_assertions v1.4.1
[INFO] [stderr]    Compiling signal-hook-registry v1.4.2
[INFO] [stderr]    Compiling getrandom v0.2.15
[INFO] [stderr]    Compiling mio v1.0.3
[INFO] [stderr]    Compiling rand_core v0.6.4
[INFO] [stderr]    Compiling hashbrown v0.15.2
[INFO] [stderr]    Compiling parking_lot v0.12.3
[INFO] [stderr]    Compiling ryu v1.0.18
[INFO] [stderr]    Compiling unicode-width v0.1.14
[INFO] [stderr]    Compiling signal-hook-mio v0.2.4
[INFO] [stderr]    Compiling indoc v2.0.5
[INFO] [stderr]    Compiling itoa v1.0.14
[INFO] [stderr]    Compiling static_assertions v1.1.0
[INFO] [stderr]    Compiling crossterm v0.28.1
[INFO] [stderr]    Compiling compact_str v0.8.0
[INFO] [stderr]    Compiling lru v0.12.5
[INFO] [stderr]    Compiling bit-vec v0.8.0
[INFO] [stderr]    Compiling once_cell v1.20.2
[INFO] [stderr]    Compiling cassowary v0.3.0
[INFO] [stderr]    Compiling bit-set v0.8.0
[INFO] [stderr]    Compiling unicode-truncate v1.1.0
[INFO] [stderr]    Compiling darling_core v0.20.10
[INFO] [stderr]    Compiling zerocopy-derive v0.7.35
[INFO] [stderr]    Compiling strum_macros v0.26.4
[INFO] [stderr]    Compiling thiserror-impl v1.0.69
[INFO] [stderr]    Compiling zerocopy v0.7.35
[INFO] [stderr]    Compiling darling_macro v0.20.10
[INFO] [stderr]    Compiling ppv-lite86 v0.2.20
[INFO] [stderr]    Compiling darling v0.20.10
[INFO] [stderr]    Compiling instability v0.3.3
[INFO] [stderr]    Compiling rand_chacha v0.3.1
[INFO] [stderr]    Compiling strum v0.26.3
[INFO] [stderr]    Compiling rand v0.8.5
[INFO] [stderr]    Compiling ratatui v0.28.1
[INFO] [stderr]    Compiling balatro_tui_core v0.1.3
[INFO] [stderr]    Compiling balatro_tui_widgets v0.1.3 (/opt/rustwide/workdir)
[INFO] [stderr]     Finished `dev` profile [unoptimized + debuginfo] target(s) in 44.19s
[INFO] running `Command { std: "docker" "inspect" "d3cccdd27964dbe9cfc0fc994f108d85b8403b5d79a4fafdd157ad8556ed17e0", kill_on_drop: false }`
[INFO] running `Command { std: "docker" "rm" "-f" "d3cccdd27964dbe9cfc0fc994f108d85b8403b5d79a4fafdd157ad8556ed17e0", kill_on_drop: false }`
[INFO] [stdout] d3cccdd27964dbe9cfc0fc994f108d85b8403b5d79a4fafdd157ad8556ed17e0
[INFO] running `Command { std: "docker" "create" "-v" "/var/lib/crater-agent-workspace/builds/worker-0-tc1/target:/opt/rustwide/target:rw,Z" "-v" "/var/lib/crater-agent-workspace/builds/worker-0-tc1/source:/opt/rustwide/workdir:ro,Z" "-v" "/var/lib/crater-agent-workspace/cargo-home:/opt/rustwide/cargo-home:ro,Z" "-v" "/var/lib/crater-agent-workspace/rustup-home:/opt/rustwide/rustup-home:ro,Z" "-e" "SOURCE_DIR=/opt/rustwide/workdir" "-e" "CARGO_TARGET_DIR=/opt/rustwide/target" "-e" "CARGO_INCREMENTAL=0" "-e" "RUST_BACKTRACE=full" "-e" "RUSTFLAGS=--cap-lints=warn" "-e" "RUSTDOCFLAGS=--cap-lints=warn" "-e" "CARGO_HOME=/opt/rustwide/cargo-home" "-e" "RUSTUP_HOME=/opt/rustwide/rustup-home" "-w" "/opt/rustwide/workdir" "-m" "1610612736" "--user" "0:0" "--network" "none" "ghcr.io/rust-lang/crates-build-env/linux@sha256:f3a9d4ad9d972b27faf3965f35b62e55ba32bbce8f20bc8fe909558a86702fde" "/opt/rustwide/cargo-home/bin/cargo" "+1.83.0" "test" "--frozen" "--no-run" "--message-format=json", kill_on_drop: false }`
[INFO] [stdout] ce9a5de014fca9a6dab15f296a20189138602d0568a4fee5106f0c157f346595
[INFO] running `Command { std: "docker" "start" "-a" "ce9a5de014fca9a6dab15f296a20189138602d0568a4fee5106f0c157f346595", kill_on_drop: false }`
[INFO] [stderr]    Compiling balatro_tui_widgets v0.1.3 (/opt/rustwide/workdir)
[INFO] [stderr]     Finished `test` profile [unoptimized + debuginfo] target(s) in 0.57s
[INFO] running `Command { std: "docker" "inspect" "ce9a5de014fca9a6dab15f296a20189138602d0568a4fee5106f0c157f346595", kill_on_drop: false }`
[INFO] running `Command { std: "docker" "rm" "-f" "ce9a5de014fca9a6dab15f296a20189138602d0568a4fee5106f0c157f346595", kill_on_drop: false }`
[INFO] [stdout] ce9a5de014fca9a6dab15f296a20189138602d0568a4fee5106f0c157f346595
[INFO] running `Command { std: "docker" "create" "-v" "/var/lib/crater-agent-workspace/builds/worker-0-tc1/target:/opt/rustwide/target:rw,Z" "-v" "/var/lib/crater-agent-workspace/builds/worker-0-tc1/source:/opt/rustwide/workdir:ro,Z" "-v" "/var/lib/crater-agent-workspace/cargo-home:/opt/rustwide/cargo-home:ro,Z" "-v" "/var/lib/crater-agent-workspace/rustup-home:/opt/rustwide/rustup-home:ro,Z" "-e" "SOURCE_DIR=/opt/rustwide/workdir" "-e" "CARGO_TARGET_DIR=/opt/rustwide/target" "-e" "CARGO_INCREMENTAL=0" "-e" "RUST_BACKTRACE=full" "-e" "RUSTFLAGS=--cap-lints=warn" "-e" "RUSTDOCFLAGS=--cap-lints=warn" "-e" "CARGO_HOME=/opt/rustwide/cargo-home" "-e" "RUSTUP_HOME=/opt/rustwide/rustup-home" "-w" "/opt/rustwide/workdir" "-m" "1610612736" "--user" "0:0" "--network" "none" "ghcr.io/rust-lang/crates-build-env/linux@sha256:f3a9d4ad9d972b27faf3965f35b62e55ba32bbce8f20bc8fe909558a86702fde" "/opt/rustwide/cargo-home/bin/cargo" "+1.83.0" "test" "--frozen", kill_on_drop: false }`
[INFO] [stdout] c81674eae7bc94c5c9fdf74984e6f7f7046c07f240132963495966864f96cf63
[INFO] running `Command { std: "docker" "start" "-a" "c81674eae7bc94c5c9fdf74984e6f7f7046c07f240132963495966864f96cf63", kill_on_drop: false }`
[INFO] [stderr]     Finished `test` profile [unoptimized + debuginfo] target(s) in 0.12s
[INFO] [stderr]      Running unittests src/lib.rs (/opt/rustwide/target/debug/deps/balatro_tui_widgets-65881d098fbd045c)
[INFO] [stdout] 
[INFO] [stdout] running 0 tests
[INFO] [stdout] 
[INFO] [stdout] test result: ok. 0 passed; 0 failed; 0 ignored; 0 measured; 0 filtered out; finished in 0.00s
[INFO] [stdout] 
[INFO] [stderr]    Doc-tests balatro_tui_widgets
[INFO] [stdout] 
[INFO] [stdout] running 14 tests
[INFO] [stdout] test src/game_over.rs - game_over::GameOverWidget (line 20) ... FAILED
[INFO] [stdout] test src/run_stats.rs - run_stats::RunStatsWidget (line 35) ... FAILED
[INFO] [stdout] test src/scorer_preview.rs - scorer_preview::ScorerPreviewWidget (line 48) ... FAILED
[INFO] [stdout] test src/card_list.rs - card_list::CardListWidgetState (line 49) ... ok
[INFO] [stdout] test src/blind_badge.rs - blind_badge::BlindBadgeWidget (line 19) ... ok
[INFO] [stdout] test src/card.rs - card::CardWidget (line 31) ... ok
[INFO] [stdout] test src/scorer_preview.rs - scorer_preview::ScorerPreviewWidget (line 32) ... ok
[INFO] [stdout] test src/round_score.rs - round_score::RoundScoreWidget (line 19) ... ok
[INFO] [stdout] test src/win_screen.rs - win_screen::WinScreenWidget (line 18) ... FAILED
[INFO] [stdout] test src/card_list.rs - card_list::CardListWidget (line 196) ... ok
[INFO] [stdout] test src/round_info.rs - round_info::RoundInfoWidget (line 26) ... ok
[INFO] [stdout] test src/text_box.rs - text_box::TextBoxWidget (line 13) ... ok
[INFO] [stdout] test src/text_box.rs - text_box::TextBoxWidget (line 27) ... ok
[INFO] [stdout] test src/text_box.rs - text_box::TextBoxWidget (line 45) ... ok
[INFO] [stdout] 
[INFO] [stdout] failures:
[INFO] [stdout] 
[INFO] [stdout] ---- src/game_over.rs - game_over::GameOverWidget (line 20) stdout ----
[INFO] [stdout] error[E0599]: the method `render` exists for struct `GameOverWidget`, but its trait bounds were not satisfied
[INFO] [stdout]   --> src/game_over.rs:27:23
[INFO] [stdout]    |
[INFO] [stdout] 10 | GameOverWidget::new().render(area, &mut buffer, (2, 5));
[INFO] [stdout]    |                       ^^^^^^ method cannot be called on `GameOverWidget` due to unsatisfied trait bounds
[INFO] [stdout]    |
[INFO] [stdout]   ::: /opt/rustwide/workdir/src/game_over.rs:29:1
[INFO] [stdout]    |
[INFO] [stdout] 29 | pub struct GameOverWidget;
[INFO] [stdout]    | ------------------------- doesn't satisfy `GameOverWidget: widgets::WidgetRef`
[INFO] [stdout]    |
[INFO] [stdout]    = note: the following trait bounds were not satisfied:
[INFO] [stdout]            `GameOverWidget: widgets::WidgetRef`
[INFO] [stdout]            which is required by `&GameOverWidget: Widget`
[INFO] [stdout]    = help: items from traits can only be used if the trait is in scope
[INFO] [stdout] help: trait `StatefulWidget` which provides `render` is implemented but not in scope; perhaps you want to import it
[INFO] [stdout]    |
[INFO] [stdout] 2  + use ratatui::prelude::StatefulWidget;
[INFO] [stdout]    |
[INFO] [stdout] 
[INFO] [stdout] error: aborting due to 1 previous error
[INFO] [stdout] 
[INFO] [stdout] For more information about this error, try `rustc --explain E0599`.
[INFO] [stdout] Couldn't compile the test.
[INFO] [stdout] ---- src/run_stats.rs - run_stats::RunStatsWidget (line 35) stdout ----
[INFO] [stdout] error[E0308]: mismatched types
[INFO] [stdout]   --> src/run_stats.rs:45:11
[INFO] [stdout]    |
[INFO] [stdout] 13 |     ante: 2,
[INFO] [stdout]    |           ^ expected `NonZero<usize>`, found integer
[INFO] [stdout]    |
[INFO] [stdout]    = note: expected struct `NonZero<usize>`
[INFO] [stdout]                 found type `{integer}`
[INFO] [stdout] help: consider calling `NonZero::new`
[INFO] [stdout]    |
[INFO] [stdout] 13 |     ante: NonZero::new(2).unwrap(),
[INFO] [stdout]    |           +++++++++++++ ++++++++++
[INFO] [stdout] 
[INFO] [stdout] error[E0308]: mismatched types
[INFO] [stdout]   --> src/run_stats.rs:46:12
[INFO] [stdout]    |
[INFO] [stdout] 14 |     round: 5,
[INFO] [stdout]    |            ^ expected `NonZero<usize>`, found integer
[INFO] [stdout]    |
[INFO] [stdout]    = note: expected struct `NonZero<usize>`
[INFO] [stdout]                 found type `{integer}`
[INFO] [stdout] help: consider calling `NonZero::new`
[INFO] [stdout]    |
[INFO] [stdout] 14 |     round: NonZero::new(5).unwrap(),
[INFO] [stdout]    |            +++++++++++++ ++++++++++
[INFO] [stdout] 
[INFO] [stdout] error: aborting due to 2 previous errors
[INFO] [stdout] 
[INFO] [stdout] For more information about this error, try `rustc --explain E0308`.
[INFO] [stdout] Couldn't compile the test.
[INFO] [stdout] ---- src/scorer_preview.rs - scorer_preview::ScorerPreviewWidget (line 48) stdout ----
[INFO] [stdout] error[E0596]: cannot borrow `buffer` as mutable, as it is not declared as mutable
[INFO] [stdout]   --> src/scorer_preview.rs:61:41
[INFO] [stdout]    |
[INFO] [stdout] 16 | ScorerPreviewWidget::new().render(area, &mut buffer, &mut cards)
[INFO] [stdout]    |                                         ^^^^^^^^^^^ cannot borrow as mutable
[INFO] [stdout]    |
[INFO] [stdout] help: consider changing this to be mutable
[INFO] [stdout]    |
[INFO] [stdout] 8  | let mut buffer = Buffer::empty(area);
[INFO] [stdout]    |     +++
[INFO] [stdout] 
[INFO] [stdout] error[E0596]: cannot borrow `cards` as mutable, as it is not declared as mutable
[INFO] [stdout]   --> src/scorer_preview.rs:61:54
[INFO] [stdout]    |
[INFO] [stdout] 16 | ScorerPreviewWidget::new().render(area, &mut buffer, &mut cards)
[INFO] [stdout]    |                                                      ^^^^^^^^^^ cannot borrow as mutable
[INFO] [stdout]    |
[INFO] [stdout] help: consider changing this to be mutable
[INFO] [stdout]    |
[INFO] [stdout] 9  | let mut cards = ScorerPreviewWidgetState {
[INFO] [stdout]    |     +++
[INFO] [stdout] 
[INFO] [stdout] error: aborting due to 2 previous errors
[INFO] [stdout] 
[INFO] [stdout] For more information about this error, try `rustc --explain E0596`.
[INFO] [stdout] Couldn't compile the test.
[INFO] [stdout] ---- src/win_screen.rs - win_screen::WinScreenWidget (line 18) stdout ----
[INFO] [stdout] error[E0599]: the method `render` exists for struct `WinScreenWidget`, but its trait bounds were not satisfied
[INFO] [stdout]   --> src/win_screen.rs:25:24
[INFO] [stdout]    |
[INFO] [stdout] 10 | WinScreenWidget::new().render(area, &mut buffer, (2, 5));
[INFO] [stdout]    |                        ^^^^^^ method cannot be called on `WinScreenWidget` due to unsatisfied trait bounds
[INFO] [stdout]    |
[INFO] [stdout]   ::: /opt/rustwide/workdir/src/win_screen.rs:27:1
[INFO] [stdout]    |
[INFO] [stdout] 27 | pub struct WinScreenWidget;
[INFO] [stdout]    | -------------------------- doesn't satisfy `WinScreenWidget: widgets::WidgetRef`
[INFO] [stdout]    |
[INFO] [stdout]    = note: the following trait bounds were not satisfied:
[INFO] [stdout]            `WinScreenWidget: widgets::WidgetRef`
[INFO] [stdout]            which is required by `&WinScreenWidget: Widget`
[INFO] [stdout]    = help: items from traits can only be used if the trait is in scope
[INFO] [stdout] help: trait `StatefulWidget` which provides `render` is implemented but not in scope; perhaps you want to import it
[INFO] [stdout]    |
[INFO] [stdout] 2  + use ratatui::prelude::StatefulWidget;
[INFO] [stdout]    |
[INFO] [stdout] 
[INFO] [stdout] error: aborting due to 1 previous error
[INFO] [stdout] 
[INFO] [stdout] For more information about this error, try `rustc --explain E0599`.
[INFO] [stdout] Couldn't compile the test.
[INFO] [stdout] 
[INFO] [stdout] failures:
[INFO] [stdout]     src/game_over.rs - game_over::GameOverWidget (line 20)
[INFO] [stdout]     src/run_stats.rs - run_stats::RunStatsWidget (line 35)
[INFO] [stdout]     src/scorer_preview.rs - scorer_preview::ScorerPreviewWidget (line 48)
[INFO] [stdout]     src/win_screen.rs - win_screen::WinScreenWidget (line 18)
[INFO] [stdout] 
[INFO] [stdout] test result: FAILED. 10 passed; 4 failed; 0 ignored; 0 measured; 0 filtered out; finished in 7.91s
[INFO] [stdout] 
[INFO] [stderr] error: doctest failed, to rerun pass `--doc`
[INFO] running `Command { std: "docker" "inspect" "c81674eae7bc94c5c9fdf74984e6f7f7046c07f240132963495966864f96cf63", kill_on_drop: false }`
[INFO] running `Command { std: "docker" "rm" "-f" "c81674eae7bc94c5c9fdf74984e6f7f7046c07f240132963495966864f96cf63", kill_on_drop: false }`
[INFO] [stdout] c81674eae7bc94c5c9fdf74984e6f7f7046c07f240132963495966864f96cf63
