[INFO] fetching crate babalcore 0.5.1...
[INFO] testing babalcore-0.5.1 against 1.83.0 for beta-1.84.0-4-retry
[INFO] extracting crate babalcore 0.5.1 into /workspace/builds/worker-0-tc1/source
[INFO] validating manifest of crates.io crate babalcore 0.5.1 on toolchain 1.83.0
[INFO] running `Command { std: CARGO_HOME="/workspace/cargo-home" RUSTUP_HOME="/workspace/rustup-home" "/workspace/cargo-home/bin/cargo" "+1.83.0" "metadata" "--manifest-path" "Cargo.toml" "--no-deps", kill_on_drop: false }`
[INFO] started tweaking crates.io crate babalcore 0.5.1
[INFO] finished tweaking crates.io crate babalcore 0.5.1
[INFO] tweaked toml for crates.io crate babalcore 0.5.1 written to /workspace/builds/worker-0-tc1/source/Cargo.toml
[INFO] running `Command { std: CARGO_HOME="/workspace/cargo-home" RUSTUP_HOME="/workspace/rustup-home" "/workspace/cargo-home/bin/cargo" "+1.83.0" "generate-lockfile" "--manifest-path" "Cargo.toml", kill_on_drop: false }`
[INFO] [stderr]     Updating crates.io index
[INFO] [stderr]      Locking 22 packages to latest compatible versions
[INFO] [stderr]       Adding rand v0.7.3 (available: v0.8.5)
[INFO] running `Command { std: CARGO_HOME="/workspace/cargo-home" RUSTUP_HOME="/workspace/rustup-home" "/workspace/cargo-home/bin/cargo" "+1.83.0" "fetch" "--manifest-path" "Cargo.toml", kill_on_drop: false }`
[INFO] running `Command { std: "docker" "create" "-v" "/var/lib/crater-agent-workspace/builds/worker-0-tc1/target:/opt/rustwide/target:rw,Z" "-v" "/var/lib/crater-agent-workspace/builds/worker-0-tc1/source:/opt/rustwide/workdir:ro,Z" "-v" "/var/lib/crater-agent-workspace/cargo-home:/opt/rustwide/cargo-home:ro,Z" "-v" "/var/lib/crater-agent-workspace/rustup-home:/opt/rustwide/rustup-home:ro,Z" "-e" "SOURCE_DIR=/opt/rustwide/workdir" "-e" "CARGO_TARGET_DIR=/opt/rustwide/target" "-e" "CARGO_HOME=/opt/rustwide/cargo-home" "-e" "RUSTUP_HOME=/opt/rustwide/rustup-home" "-w" "/opt/rustwide/workdir" "-m" "1610612736" "--user" "0:0" "--network" "none" "ghcr.io/rust-lang/crates-build-env/linux@sha256:f3a9d4ad9d972b27faf3965f35b62e55ba32bbce8f20bc8fe909558a86702fde" "/opt/rustwide/cargo-home/bin/cargo" "+1.83.0" "metadata" "--no-deps" "--format-version=1", kill_on_drop: false }`
[INFO] [stdout] 575b144c2151718d3016af9a1e3e1fbed63a51d2c36ab38216b2ceb26d10a428
[INFO] running `Command { std: "docker" "start" "-a" "575b144c2151718d3016af9a1e3e1fbed63a51d2c36ab38216b2ceb26d10a428", kill_on_drop: false }`
[INFO] running `Command { std: "docker" "inspect" "575b144c2151718d3016af9a1e3e1fbed63a51d2c36ab38216b2ceb26d10a428", kill_on_drop: false }`
[INFO] running `Command { std: "docker" "rm" "-f" "575b144c2151718d3016af9a1e3e1fbed63a51d2c36ab38216b2ceb26d10a428", kill_on_drop: false }`
[INFO] [stdout] 575b144c2151718d3016af9a1e3e1fbed63a51d2c36ab38216b2ceb26d10a428
[INFO] running `Command { std: "docker" "create" "-v" "/var/lib/crater-agent-workspace/builds/worker-0-tc1/target:/opt/rustwide/target:rw,Z" "-v" "/var/lib/crater-agent-workspace/builds/worker-0-tc1/source:/opt/rustwide/workdir:ro,Z" "-v" "/var/lib/crater-agent-workspace/cargo-home:/opt/rustwide/cargo-home:ro,Z" "-v" "/var/lib/crater-agent-workspace/rustup-home:/opt/rustwide/rustup-home:ro,Z" "-e" "SOURCE_DIR=/opt/rustwide/workdir" "-e" "CARGO_TARGET_DIR=/opt/rustwide/target" "-e" "CARGO_INCREMENTAL=0" "-e" "RUST_BACKTRACE=full" "-e" "RUSTFLAGS=--cap-lints=warn" "-e" "RUSTDOCFLAGS=--cap-lints=warn" "-e" "CARGO_HOME=/opt/rustwide/cargo-home" "-e" "RUSTUP_HOME=/opt/rustwide/rustup-home" "-w" "/opt/rustwide/workdir" "-m" "1610612736" "--user" "0:0" "--network" "none" "ghcr.io/rust-lang/crates-build-env/linux@sha256:f3a9d4ad9d972b27faf3965f35b62e55ba32bbce8f20bc8fe909558a86702fde" "/opt/rustwide/cargo-home/bin/cargo" "+1.83.0" "build" "--frozen" "--message-format=json", kill_on_drop: false }`
[INFO] [stdout] 220cbc81fadb14057ecc02b2b4913cdf012599f1cca747c9c864975591cbc9b6
[INFO] running `Command { std: "docker" "start" "-a" "220cbc81fadb14057ecc02b2b4913cdf012599f1cca747c9c864975591cbc9b6", kill_on_drop: false }`
[INFO] [stderr]    Compiling proc-macro2 v1.0.92
[INFO] [stderr]    Compiling unicode-ident v1.0.14
[INFO] [stderr]    Compiling libc v0.2.168
[INFO] [stderr]    Compiling getrandom v0.1.16
[INFO] [stderr]    Compiling byteorder v1.5.0
[INFO] [stderr]    Compiling autocfg v1.4.0
[INFO] [stderr]    Compiling cfg-if v1.0.0
[INFO] [stderr]    Compiling serde v1.0.216
[INFO] [stderr]    Compiling num-traits v0.2.19
[INFO] [stderr]    Compiling rand_core v0.5.1
[INFO] [stderr]    Compiling quote v1.0.37
[INFO] [stderr]    Compiling euclid v0.22.11
[INFO] [stderr]    Compiling syn v2.0.90
[INFO] [stderr]    Compiling bincode v1.3.3
[INFO] [stderr]    Compiling zerocopy-derive v0.7.35
[INFO] [stderr]    Compiling zerocopy v0.7.35
[INFO] [stderr]    Compiling ppv-lite86 v0.2.20
[INFO] [stderr]    Compiling rand_chacha v0.2.2
[INFO] [stderr]    Compiling rand v0.7.3
[INFO] [stderr]    Compiling babalcore v0.5.1 (/opt/rustwide/workdir)
[INFO] [stderr]     Finished `dev` profile [unoptimized + debuginfo] target(s) in 17.35s
[INFO] running `Command { std: "docker" "inspect" "220cbc81fadb14057ecc02b2b4913cdf012599f1cca747c9c864975591cbc9b6", kill_on_drop: false }`
[INFO] running `Command { std: "docker" "rm" "-f" "220cbc81fadb14057ecc02b2b4913cdf012599f1cca747c9c864975591cbc9b6", kill_on_drop: false }`
[INFO] [stdout] 220cbc81fadb14057ecc02b2b4913cdf012599f1cca747c9c864975591cbc9b6
[INFO] running `Command { std: "docker" "create" "-v" "/var/lib/crater-agent-workspace/builds/worker-0-tc1/target:/opt/rustwide/target:rw,Z" "-v" "/var/lib/crater-agent-workspace/builds/worker-0-tc1/source:/opt/rustwide/workdir:ro,Z" "-v" "/var/lib/crater-agent-workspace/cargo-home:/opt/rustwide/cargo-home:ro,Z" "-v" "/var/lib/crater-agent-workspace/rustup-home:/opt/rustwide/rustup-home:ro,Z" "-e" "SOURCE_DIR=/opt/rustwide/workdir" "-e" "CARGO_TARGET_DIR=/opt/rustwide/target" "-e" "CARGO_INCREMENTAL=0" "-e" "RUST_BACKTRACE=full" "-e" "RUSTFLAGS=--cap-lints=warn" "-e" "RUSTDOCFLAGS=--cap-lints=warn" "-e" "CARGO_HOME=/opt/rustwide/cargo-home" "-e" "RUSTUP_HOME=/opt/rustwide/rustup-home" "-w" "/opt/rustwide/workdir" "-m" "1610612736" "--user" "0:0" "--network" "none" "ghcr.io/rust-lang/crates-build-env/linux@sha256:f3a9d4ad9d972b27faf3965f35b62e55ba32bbce8f20bc8fe909558a86702fde" "/opt/rustwide/cargo-home/bin/cargo" "+1.83.0" "test" "--frozen" "--no-run" "--message-format=json", kill_on_drop: false }`
[INFO] [stdout] 155c343658851bb3bfd1f0c9ec5eef85c968a9df844982824b67fce8eda1aac3
[INFO] running `Command { std: "docker" "start" "-a" "155c343658851bb3bfd1f0c9ec5eef85c968a9df844982824b67fce8eda1aac3", kill_on_drop: false }`
[INFO] [stderr]    Compiling babalcore v0.5.1 (/opt/rustwide/workdir)
[INFO] [stderr]     Finished `test` profile [unoptimized + debuginfo] target(s) in 1.72s
[INFO] running `Command { std: "docker" "inspect" "155c343658851bb3bfd1f0c9ec5eef85c968a9df844982824b67fce8eda1aac3", kill_on_drop: false }`
[INFO] running `Command { std: "docker" "rm" "-f" "155c343658851bb3bfd1f0c9ec5eef85c968a9df844982824b67fce8eda1aac3", kill_on_drop: false }`
[INFO] [stdout] 155c343658851bb3bfd1f0c9ec5eef85c968a9df844982824b67fce8eda1aac3
[INFO] running `Command { std: "docker" "create" "-v" "/var/lib/crater-agent-workspace/builds/worker-0-tc1/target:/opt/rustwide/target:rw,Z" "-v" "/var/lib/crater-agent-workspace/builds/worker-0-tc1/source:/opt/rustwide/workdir:ro,Z" "-v" "/var/lib/crater-agent-workspace/cargo-home:/opt/rustwide/cargo-home:ro,Z" "-v" "/var/lib/crater-agent-workspace/rustup-home:/opt/rustwide/rustup-home:ro,Z" "-e" "SOURCE_DIR=/opt/rustwide/workdir" "-e" "CARGO_TARGET_DIR=/opt/rustwide/target" "-e" "CARGO_INCREMENTAL=0" "-e" "RUST_BACKTRACE=full" "-e" "RUSTFLAGS=--cap-lints=warn" "-e" "RUSTDOCFLAGS=--cap-lints=warn" "-e" "CARGO_HOME=/opt/rustwide/cargo-home" "-e" "RUSTUP_HOME=/opt/rustwide/rustup-home" "-w" "/opt/rustwide/workdir" "-m" "1610612736" "--user" "0:0" "--network" "none" "ghcr.io/rust-lang/crates-build-env/linux@sha256:f3a9d4ad9d972b27faf3965f35b62e55ba32bbce8f20bc8fe909558a86702fde" "/opt/rustwide/cargo-home/bin/cargo" "+1.83.0" "test" "--frozen", kill_on_drop: false }`
[INFO] [stdout] 75f0ecb0d1739afccb5963652f452ff63538f225fc85da270f3cf860d5cb6180
[INFO] running `Command { std: "docker" "start" "-a" "75f0ecb0d1739afccb5963652f452ff63538f225fc85da270f3cf860d5cb6180", kill_on_drop: false }`
[INFO] [stderr]     Finished `test` profile [unoptimized + debuginfo] target(s) in 0.04s
[INFO] [stderr]      Running unittests src/lib.rs (/opt/rustwide/target/debug/deps/babalcore-7a02dcd6ef24b4a0)
[INFO] [stdout] 
[INFO] [stdout] running 19 tests
[INFO] [stdout] test input_jump::tests::test_default ... ok
[INFO] [stdout] test input_jump::tests::test_push_pop_rearm ... ok
[INFO] [stdout] test input_jump::tests::test_push_pop_with_stickiness ... ok
[INFO] [stdout] test maths::tests::test_heaviside_step ... ok
[INFO] [stdout] test input_jump::tests::test_push_pop_without_stickiness ... ok
[INFO] [stdout] test maths::tests::test_fade_in ... ok
[INFO] [stdout] test level::tests::test_fmt ... ok
[INFO] [stdout] test maths::tests::test_fade_out ... ok
[INFO] [stdout] test level::tests::test_generate ... ok
[INFO] [stdout] test input_jump::tests::test_set_stickiness_secs_f64 ... ok
[INFO] [stdout] test row::tests::test_fmt ... ok
[INFO] [stdout] test slab_kind::tests::test_fmt ... ok
[INFO] [stdout] test time_helper::tests::test_default ... ok
[INFO] [stdout] test player_event::tests::test_fmt ... ok
[INFO] [stdout] test player_event_kind::tests::test_fmt ... ok
[INFO] [stdout] test slab::tests::test_fmt ... ok
[INFO] [stdout] test time_tracker::tests::test_fmt ... ok
[INFO] [stdout] test slab_def::tests::test_fmt ... ok
[INFO] [stdout] test level::tests::test_sliding_length_max ... ok
[INFO] [stdout] 
[INFO] [stdout] test result: ok. 19 passed; 0 failed; 0 ignored; 0 measured; 0 filtered out; finished in 1.17s
[INFO] [stdout] 
[INFO] [stderr]    Doc-tests babalcore
[INFO] [stdout] 
[INFO] [stdout] running 43 tests
[INFO] [stdout] test src/fake_input.rs - fake_input::FakeInput::push_steer (line 43) ... ok
[INFO] [stdout] test src/fake_input.rs - fake_input::FakeInput::new (line 16) ... ok
[INFO] [stdout] test src/fake_input.rs - fake_input::FakeInput::pop_steer (line 81) ... ok
[INFO] [stdout] test src/input_jump.rs - input_jump::InputJump::pop_jump (line 116) ... ok
[INFO] [stdout] test src/fake_input.rs - fake_input::FakeInput::pop_jump (line 60) ... ok
[INFO] [stdout] test src/fake_input.rs - fake_input::FakeInput::push_jump (line 29) ... ok
[INFO] [stdout] test src/input_jump.rs - input_jump::InputJump::new (line 32) ... ok
[INFO] [stdout] test src/input_jump.rs - input_jump::InputJump::push_jump (line 78) ... ok
[INFO] [stdout] test src/input_steer.rs - input_steer::InputSteer::left_key (line 243) ... ok
[INFO] [stdout] test src/input_jump.rs - input_jump::InputJump::set_stickiness_secs_f64 (line 51) ... ok
[INFO] [stdout] test src/input_steer.rs - input_steer::InputSteer::new (line 106) ... ok
[INFO] [stdout] test src/input_steer.rs - input_steer::InputSteer::right_key (line 213) ... ok
[INFO] [stdout] test src/level.rs - level::Level::find_start_spot (line 217) ... ok
[INFO] [stdout] test src/input_steer.rs - input_steer::InputSteer::mouse_move (line 131) ... ok
[INFO] [stdout] test src/level.rs - level::Level::last (line 188) ... ok
[INFO] [stdout] test src/input_steer.rs - input_steer::InputSteer::pop_steer (line 266) ... ok
[INFO] [stdout] test src/level.rs - level::Level::new (line 25) ... ok
[INFO] [stdout] test src/level.rs - level::Level::len (line 159) ... ok
[INFO] [stdout] test src/level.rs - level::Level::push (line 51) ... ok
[INFO] [stdout] test src/level.rs - level::Level::first (line 173) ... ok
[INFO] [stdout] test src/level.rs - level::Level::width (line 142) ... ok
[INFO] [stdout] test src/level.rs - level::Level::generate (line 73) ... ok
[INFO] [stdout] test src/level.rs - level::Level::item (line 202) ... ok
[INFO] [stdout] test src/level.rs - level::Level::skill (line 267) ... ok
[INFO] [stdout] test src/level.rs - level::Level::slab_kind (line 101) ... ok
[INFO] [stdout] test src/maths.rs - maths::boxcar (line 186) ... ok
[INFO] [stdout] test src/maths.rs - maths::fade_in (line 5) ... ok
[INFO] [stdout] test src/maths.rs - maths::fade_out (line 30) ... ok
[INFO] [stdout] test src/maths.rs - maths::heaviside_step (line 205) ... ok
[INFO] [stdout] test src/maths.rs - maths::sawtooth_wave (line 108) ... ok
[INFO] [stdout] test src/maths.rs - maths::pulse (line 152) ... ok
[INFO] [stdout] test src/maths.rs - maths::sine_wave (line 136) ... ok
[INFO] [stdout] test src/maths.rs - maths::square_wave (line 56) ... ok
[INFO] [stdout] test src/row.rs - row::Row::new (line 18) ... ok
[INFO] [stdout] test src/maths.rs - maths::triangle_wave (line 82) ... ok
[INFO] [stdout] test src/row.rs - row::Row::slab_kind (line 33) ... ok
[INFO] [stdout] test src/row.rs - row::Row::set (line 50) ... ok
[INFO] [stdout] test src/time_helper.rs - time_helper::unwrap_now (line 9) ... ok
[INFO] [stdout] test src/time_tracker.rs - time_tracker::TimeTracker::add (line 32) ... ok
[INFO] [stdout] test src/time_tracker.rs - time_tracker::TimeTracker::now_msec (line 66) ... ok
[INFO] [stdout] test src/time_tracker.rs - time_tracker::TimeTracker::new (line 18) ... ok
[INFO] [stdout] test src/time_tracker.rs - time_tracker::TimeTracker::now_sec (line 50) ... ok
[INFO] [stdout] test src/type_helper.rs - type_helper::format_type_of (line 3) ... FAILED
[INFO] [stdout] 
[INFO] [stdout] failures:
[INFO] [stdout] 
[INFO] [stdout] ---- src/type_helper.rs - type_helper::format_type_of (line 3) stdout ----
[INFO] [stdout] Test executable failed (exit status: 101).
[INFO] [stdout] 
[INFO] [stdout] stderr:
[INFO] [stdout] thread 'main' panicked at src/type_helper.rs:13:1:
[INFO] [stdout] assertion `left == right` failed
[INFO] [stdout]   left: "rust_out::main::MyType"
[INFO] [stdout]  right: "rust_out::main::_doctest_main_src_type_helper_rs_3_0::MyType"
[INFO] [stdout] stack backtrace:
[INFO] [stdout]    0:     0x5a6b1c519c2a - std::backtrace_rs::backtrace::libunwind::trace::h5a5b8284f2d0c266
[INFO] [stdout]                                at /rustc/90b35a6239c3d8bdabc530a6a0816f7ff89a0aaf/library/std/src/../../backtrace/src/backtrace/libunwind.rs:116:5
[INFO] [stdout]    1:     0x5a6b1c519c2a - std::backtrace_rs::backtrace::trace_unsynchronized::h76d4f1c9b0b875e3
[INFO] [stdout]                                at /rustc/90b35a6239c3d8bdabc530a6a0816f7ff89a0aaf/library/std/src/../../backtrace/src/backtrace/mod.rs:66:5
[INFO] [stdout]    2:     0x5a6b1c519c2a - std::sys::backtrace::_print_fmt::hc4546b8364a537c6
[INFO] [stdout]                                at /rustc/90b35a6239c3d8bdabc530a6a0816f7ff89a0aaf/library/std/src/sys/backtrace.rs:66:9
[INFO] [stdout]    3:     0x5a6b1c519c2a - <std::sys::backtrace::BacktraceLock::print::DisplayBacktrace as core::fmt::Display>::fmt::h5b6bd5631a6d1f6b
[INFO] [stdout]                                at /rustc/90b35a6239c3d8bdabc530a6a0816f7ff89a0aaf/library/std/src/sys/backtrace.rs:39:26
[INFO] [stdout]    4:     0x5a6b1c535243 - core::fmt::rt::Argument::fmt::h270f6602a2b96f62
[INFO] [stdout]                                at /rustc/90b35a6239c3d8bdabc530a6a0816f7ff89a0aaf/library/core/src/fmt/rt.rs:177:76
[INFO] [stdout]    5:     0x5a6b1c535243 - core::fmt::write::h7550c97b06c86515
[INFO] [stdout]                                at /rustc/90b35a6239c3d8bdabc530a6a0816f7ff89a0aaf/library/core/src/fmt/mod.rs:1186:21
[INFO] [stdout]    6:     0x5a6b1c5179d3 - std::io::Write::write_fmt::h7b09c64fe0be9c84
[INFO] [stdout]                                at /rustc/90b35a6239c3d8bdabc530a6a0816f7ff89a0aaf/library/std/src/io/mod.rs:1839:15
[INFO] [stdout]    7:     0x5a6b1c519a72 - std::sys::backtrace::BacktraceLock::print::h2395ccd2c84ba3aa
[INFO] [stdout]                                at /rustc/90b35a6239c3d8bdabc530a6a0816f7ff89a0aaf/library/std/src/sys/backtrace.rs:42:9
[INFO] [stdout]    8:     0x5a6b1c51aa1c - std::panicking::default_hook::{{closure}}::he19d4c7230e07961
[INFO] [stdout]                                at /rustc/90b35a6239c3d8bdabc530a6a0816f7ff89a0aaf/library/std/src/panicking.rs:268:22
[INFO] [stdout]    9:     0x5a6b1c51a862 - std::panicking::default_hook::hf614597d3c67bbdb
[INFO] [stdout]                                at /rustc/90b35a6239c3d8bdabc530a6a0816f7ff89a0aaf/library/std/src/panicking.rs:295:9
[INFO] [stdout]   10:     0x5a6b1c51aff7 - std::panicking::rust_panic_with_hook::h8942133a8b252070
[INFO] [stdout]                                at /rustc/90b35a6239c3d8bdabc530a6a0816f7ff89a0aaf/library/std/src/panicking.rs:801:13
[INFO] [stdout]   11:     0x5a6b1c51ae8a - std::panicking::begin_panic_handler::{{closure}}::hb5f5963570096b29
[INFO] [stdout]                                at /rustc/90b35a6239c3d8bdabc530a6a0816f7ff89a0aaf/library/std/src/panicking.rs:674:13
[INFO] [stdout]   12:     0x5a6b1c51a109 - std::sys::backtrace::__rust_end_short_backtrace::h6208cedc1922feda
[INFO] [stdout]                                at /rustc/90b35a6239c3d8bdabc530a6a0816f7ff89a0aaf/library/std/src/sys/backtrace.rs:170:18
[INFO] [stdout]   13:     0x5a6b1c51ab1c - rust_begin_unwind
[INFO] [stdout]                                at /rustc/90b35a6239c3d8bdabc530a6a0816f7ff89a0aaf/library/std/src/panicking.rs:665:5
[INFO] [stdout]   14:     0x5a6b1c4fa030 - core::panicking::panic_fmt::h0c3082644d1bf418
[INFO] [stdout]                                at /rustc/90b35a6239c3d8bdabc530a6a0816f7ff89a0aaf/library/core/src/panicking.rs:74:14
[INFO] [stdout]   15:     0x5a6b1c4fa322 - core::panicking::assert_failed_inner::h2ddf1fcc067fa858
[INFO] [stdout]   16:     0x5a6b1c4faa8b - core::panicking::assert_failed::hc83b0085c7fb09fe
[INFO] [stdout]   17:     0x5a6b1c4fb024 - rust_out::main::_doctest_main_src_type_helper_rs_3_0::h97fd27b80d7560ff
[INFO] [stdout]   18:     0x5a6b1c4fadc6 - rust_out::main::h86d391cc11b8a827
[INFO] [stdout]   19:     0x5a6b1c4fa873 - core::ops::function::FnOnce::call_once::hd1e0b33d350e8c2e
[INFO] [stdout]   20:     0x5a6b1c4fa816 - std::sys::backtrace::__rust_begin_short_backtrace::hb7c4fd168269da08
[INFO] [stdout]   21:     0x5a6b1c4fa7f9 - std::rt::lang_start::{{closure}}::h7630186e3858a44d
[INFO] [stdout]   22:     0x5a6b1c51614e - core::ops::function::impls::<impl core::ops::function::FnOnce<A> for &F>::call_once::hfdb85f4ee94732d3
[INFO] [stdout]                                at /rustc/90b35a6239c3d8bdabc530a6a0816f7ff89a0aaf/library/core/src/ops/function.rs:284:13
[INFO] [stdout]   23:     0x5a6b1c51614e - std::panicking::try::do_call::h6e577310f330cbef
[INFO] [stdout]                                at /rustc/90b35a6239c3d8bdabc530a6a0816f7ff89a0aaf/library/std/src/panicking.rs:557:40
[INFO] [stdout]   24:     0x5a6b1c51614e - std::panicking::try::ha588d438267d2645
[INFO] [stdout]                                at /rustc/90b35a6239c3d8bdabc530a6a0816f7ff89a0aaf/library/std/src/panicking.rs:520:19
[INFO] [stdout]   25:     0x5a6b1c51614e - std::panic::catch_unwind::h429fda1e025f26d9
[INFO] [stdout]                                at /rustc/90b35a6239c3d8bdabc530a6a0816f7ff89a0aaf/library/std/src/panic.rs:358:14
[INFO] [stdout]   26:     0x5a6b1c51614e - std::rt::lang_start_internal::{{closure}}::h7b731265e841c4bf
[INFO] [stdout]                                at /rustc/90b35a6239c3d8bdabc530a6a0816f7ff89a0aaf/library/std/src/rt.rs:174:48
[INFO] [stdout]   27:     0x5a6b1c51614e - std::panicking::try::do_call::hc0f6a675b7ae5a36
[INFO] [stdout]                                at /rustc/90b35a6239c3d8bdabc530a6a0816f7ff89a0aaf/library/std/src/panicking.rs:557:40
[INFO] [stdout]   28:     0x5a6b1c51614e - std::panicking::try::h4c93b7ff0671f1ff
[INFO] [stdout]                                at /rustc/90b35a6239c3d8bdabc530a6a0816f7ff89a0aaf/library/std/src/panicking.rs:520:19
[INFO] [stdout]   29:     0x5a6b1c51614e - std::panic::catch_unwind::hcc1e154961d16ce6
[INFO] [stdout]                                at /rustc/90b35a6239c3d8bdabc530a6a0816f7ff89a0aaf/library/std/src/panic.rs:358:14
[INFO] [stdout]   30:     0x5a6b1c51614e - std::rt::lang_start_internal::h1c66660c99c8424c
[INFO] [stdout]                                at /rustc/90b35a6239c3d8bdabc530a6a0816f7ff89a0aaf/library/std/src/rt.rs:174:20
[INFO] [stdout]   31:     0x5a6b1c4fa7d7 - std::rt::lang_start::hcdb31f4834f76b8c
[INFO] [stdout]   32:     0x5a6b1c4fb085 - main
[INFO] [stdout]   33:     0x719033cbdd90 - <unknown>
[INFO] [stdout]   34:     0x719033cbde40 - __libc_start_main
[INFO] [stdout]   35:     0x5a6b1c4fa6e5 - _start
[INFO] [stdout]   36:                0x0 - <unknown>
[INFO] [stdout] 
[INFO] [stdout] 
[INFO] [stdout] 
[INFO] [stdout] failures:
[INFO] [stdout]     src/type_helper.rs - type_helper::format_type_of (line 3)
[INFO] [stdout] 
[INFO] [stdout] test result: FAILED. 42 passed; 1 failed; 0 ignored; 0 measured; 0 filtered out; finished in 11.42s
[INFO] [stdout] 
[INFO] [stderr] error: doctest failed, to rerun pass `--doc`
[INFO] running `Command { std: "docker" "inspect" "75f0ecb0d1739afccb5963652f452ff63538f225fc85da270f3cf860d5cb6180", kill_on_drop: false }`
[INFO] running `Command { std: "docker" "rm" "-f" "75f0ecb0d1739afccb5963652f452ff63538f225fc85da270f3cf860d5cb6180", kill_on_drop: false }`
[INFO] [stdout] 75f0ecb0d1739afccb5963652f452ff63538f225fc85da270f3cf860d5cb6180
