[INFO] fetching crate b3_utils 0.13.1...
[INFO] testing b3_utils-0.13.1 against beta-2024-12-08 for beta-1.84.0-4-retry
[INFO] extracting crate b3_utils 0.13.1 into /workspace/builds/worker-2-tc2/source
[INFO] validating manifest of crates.io crate b3_utils 0.13.1 on toolchain beta-2024-12-08
[INFO] running `Command { std: CARGO_HOME="/workspace/cargo-home" RUSTUP_HOME="/workspace/rustup-home" "/workspace/cargo-home/bin/cargo" "+beta-2024-12-08" "metadata" "--manifest-path" "Cargo.toml" "--no-deps", kill_on_drop: false }`
[INFO] started tweaking crates.io crate b3_utils 0.13.1
[INFO] finished tweaking crates.io crate b3_utils 0.13.1
[INFO] tweaked toml for crates.io crate b3_utils 0.13.1 written to /workspace/builds/worker-2-tc2/source/Cargo.toml
[INFO] running `Command { std: CARGO_HOME="/workspace/cargo-home" RUSTUP_HOME="/workspace/rustup-home" "/workspace/cargo-home/bin/cargo" "+beta-2024-12-08" "generate-lockfile" "--manifest-path" "Cargo.toml", kill_on_drop: false }`
[INFO] [stderr]     Updating crates.io index
[INFO] [stderr]      Locking 256 packages to latest compatible versions
[INFO] [stderr]       Adding evm-rpc-canister-types v1.0.0 (available: v3.0.0)
[INFO] [stderr]       Adding ic-cdk v0.16.0 (available: v0.17.0)
[INFO] [stderr]       Adding ic_bls12_381 v0.8.0 (available: v0.10.0)
[INFO] running `Command { std: CARGO_HOME="/workspace/cargo-home" RUSTUP_HOME="/workspace/rustup-home" "/workspace/cargo-home/bin/cargo" "+beta-2024-12-08" "fetch" "--manifest-path" "Cargo.toml", kill_on_drop: false }`
[INFO] running `Command { std: "docker" "create" "-v" "/var/lib/crater-agent-workspace/builds/worker-2-tc2/target:/opt/rustwide/target:rw,Z" "-v" "/var/lib/crater-agent-workspace/builds/worker-2-tc2/source:/opt/rustwide/workdir:ro,Z" "-v" "/var/lib/crater-agent-workspace/cargo-home:/opt/rustwide/cargo-home:ro,Z" "-v" "/var/lib/crater-agent-workspace/rustup-home:/opt/rustwide/rustup-home:ro,Z" "-e" "SOURCE_DIR=/opt/rustwide/workdir" "-e" "CARGO_TARGET_DIR=/opt/rustwide/target" "-e" "CARGO_HOME=/opt/rustwide/cargo-home" "-e" "RUSTUP_HOME=/opt/rustwide/rustup-home" "-w" "/opt/rustwide/workdir" "-m" "1610612736" "--user" "0:0" "--network" "none" "ghcr.io/rust-lang/crates-build-env/linux@sha256:f3a9d4ad9d972b27faf3965f35b62e55ba32bbce8f20bc8fe909558a86702fde" "/opt/rustwide/cargo-home/bin/cargo" "+beta-2024-12-08" "metadata" "--no-deps" "--format-version=1", kill_on_drop: false }`
[INFO] [stdout] 0d211e4c35df293207d7715832b31dc011f546741b0c0d575f4597a1fc6d0d00
[INFO] running `Command { std: "docker" "start" "-a" "0d211e4c35df293207d7715832b31dc011f546741b0c0d575f4597a1fc6d0d00", kill_on_drop: false }`
[INFO] running `Command { std: "docker" "inspect" "0d211e4c35df293207d7715832b31dc011f546741b0c0d575f4597a1fc6d0d00", kill_on_drop: false }`
[INFO] running `Command { std: "docker" "rm" "-f" "0d211e4c35df293207d7715832b31dc011f546741b0c0d575f4597a1fc6d0d00", kill_on_drop: false }`
[INFO] [stdout] 0d211e4c35df293207d7715832b31dc011f546741b0c0d575f4597a1fc6d0d00
[INFO] running `Command { std: "docker" "create" "-v" "/var/lib/crater-agent-workspace/builds/worker-2-tc2/target:/opt/rustwide/target:rw,Z" "-v" "/var/lib/crater-agent-workspace/builds/worker-2-tc2/source:/opt/rustwide/workdir:ro,Z" "-v" "/var/lib/crater-agent-workspace/cargo-home:/opt/rustwide/cargo-home:ro,Z" "-v" "/var/lib/crater-agent-workspace/rustup-home:/opt/rustwide/rustup-home:ro,Z" "-e" "SOURCE_DIR=/opt/rustwide/workdir" "-e" "CARGO_TARGET_DIR=/opt/rustwide/target" "-e" "CARGO_INCREMENTAL=0" "-e" "RUST_BACKTRACE=full" "-e" "RUSTFLAGS=--cap-lints=warn" "-e" "RUSTDOCFLAGS=--cap-lints=warn" "-e" "CARGO_HOME=/opt/rustwide/cargo-home" "-e" "RUSTUP_HOME=/opt/rustwide/rustup-home" "-w" "/opt/rustwide/workdir" "-m" "1610612736" "--user" "0:0" "--network" "none" "ghcr.io/rust-lang/crates-build-env/linux@sha256:f3a9d4ad9d972b27faf3965f35b62e55ba32bbce8f20bc8fe909558a86702fde" "/opt/rustwide/cargo-home/bin/cargo" "+beta-2024-12-08" "build" "--frozen" "--message-format=json", kill_on_drop: false }`
[INFO] [stdout] d46072ee9a8c68219accc2917bafc55b917a590b15d9ff9183b9a2076a5d2cc1
[INFO] running `Command { std: "docker" "start" "-a" "d46072ee9a8c68219accc2917bafc55b917a590b15d9ff9183b9a2076a5d2cc1", kill_on_drop: false }`
[INFO] [stderr]    Compiling proc-macro2 v1.0.92
[INFO] [stderr]    Compiling unicode-ident v1.0.14
[INFO] [stderr]    Compiling version_check v0.9.5
[INFO] [stderr]    Compiling typenum v1.17.0
[INFO] [stderr]    Compiling serde v1.0.216
[INFO] [stderr]    Compiling shlex v1.3.0
[INFO] [stderr]    Compiling cfg-if v1.0.0
[INFO] [stderr]    Compiling autocfg v1.4.0
[INFO] [stderr]    Compiling syn v1.0.109
[INFO] [stderr]    Compiling thiserror v1.0.69
[INFO] [stderr]    Compiling libc v0.2.168
[INFO] [stderr]    Compiling rustversion v1.0.18
[INFO] [stderr]    Compiling cpufeatures v0.2.16
[INFO] [stderr]    Compiling data-encoding v2.6.0
[INFO] [stderr]    Compiling anyhow v1.0.94
[INFO] [stderr]    Compiling lazy_static v1.5.0
[INFO] [stderr]    Compiling crc32fast v1.4.2
[INFO] [stderr]    Compiling paste v1.0.15
[INFO] [stderr]    Compiling either v1.13.0
[INFO] [stderr]    Compiling arrayvec v0.5.2
[INFO] [stderr]    Compiling cc v1.2.4
[INFO] [stderr]    Compiling generic-array v0.14.7
[INFO] [stderr]    Compiling unicode-width v0.1.14
[INFO] [stderr]    Compiling typed-arena v2.0.2
[INFO] [stderr]    Compiling leb128 v0.2.5
[INFO] [stderr]    Compiling byteorder v1.5.0
[INFO] [stderr]    Compiling slotmap v1.0.7
[INFO] [stderr]    Compiling hex v0.4.3
[INFO] [stderr]    Compiling pretty v0.12.3
[INFO] [stderr]    Compiling ic0 v0.23.0
[INFO] [stderr]    Compiling once_cell v1.20.2
[INFO] [stderr]    Compiling num-traits v0.2.19
[INFO] [stderr]    Compiling ic-metrics-encoder v1.1.1
[INFO] [stderr]    Compiling quote v1.0.37
[INFO] [stderr]    Compiling syn v2.0.90
[INFO] [stderr]    Compiling psm v0.1.24
[INFO] [stderr]    Compiling stacker v0.1.17
[INFO] [stderr]    Compiling num-integer v0.1.46
[INFO] [stderr]    Compiling block-buffer v0.10.4
[INFO] [stderr]    Compiling crypto-common v0.1.6
[INFO] [stderr]    Compiling digest v0.10.7
[INFO] [stderr]    Compiling sha2 v0.10.8
[INFO] [stderr]    Compiling binread_derive v2.1.0
[INFO] [stderr]    Compiling serde_derive v1.0.216
[INFO] [stderr]    Compiling thiserror-impl v1.0.69
[INFO] [stderr]    Compiling candid_derive v0.6.6
[INFO] [stderr]    Compiling enum_dispatch v0.3.13
[INFO] [stderr]    Compiling binread v2.2.0
[INFO] [stderr]    Compiling ic_principal v0.1.1
[INFO] [stderr]    Compiling serde_bytes v0.11.15
[INFO] [stderr]    Compiling num-bigint v0.4.6
[INFO] [stderr]    Compiling serde_tokenstream v0.2.2
[INFO] [stderr]    Compiling ic-stable-structures v0.6.7
[INFO] [stderr]    Compiling candid v0.10.11
[INFO] [stderr]    Compiling ic-cdk-macros v0.16.0
[INFO] [stderr]    Compiling ic-cdk v0.16.0
[INFO] [stderr]    Compiling b3_utils v0.13.1 (/opt/rustwide/workdir)
[INFO] [stderr]     Finished `dev` profile [unoptimized + debuginfo] target(s) in 32.46s
[INFO] running `Command { std: "docker" "inspect" "d46072ee9a8c68219accc2917bafc55b917a590b15d9ff9183b9a2076a5d2cc1", kill_on_drop: false }`
[INFO] running `Command { std: "docker" "rm" "-f" "d46072ee9a8c68219accc2917bafc55b917a590b15d9ff9183b9a2076a5d2cc1", kill_on_drop: false }`
[INFO] [stdout] d46072ee9a8c68219accc2917bafc55b917a590b15d9ff9183b9a2076a5d2cc1
[INFO] running `Command { std: "docker" "create" "-v" "/var/lib/crater-agent-workspace/builds/worker-2-tc2/target:/opt/rustwide/target:rw,Z" "-v" "/var/lib/crater-agent-workspace/builds/worker-2-tc2/source:/opt/rustwide/workdir:ro,Z" "-v" "/var/lib/crater-agent-workspace/cargo-home:/opt/rustwide/cargo-home:ro,Z" "-v" "/var/lib/crater-agent-workspace/rustup-home:/opt/rustwide/rustup-home:ro,Z" "-e" "SOURCE_DIR=/opt/rustwide/workdir" "-e" "CARGO_TARGET_DIR=/opt/rustwide/target" "-e" "CARGO_INCREMENTAL=0" "-e" "RUST_BACKTRACE=full" "-e" "RUSTFLAGS=--cap-lints=warn" "-e" "RUSTDOCFLAGS=--cap-lints=warn" "-e" "CARGO_HOME=/opt/rustwide/cargo-home" "-e" "RUSTUP_HOME=/opt/rustwide/rustup-home" "-w" "/opt/rustwide/workdir" "-m" "1610612736" "--user" "0:0" "--network" "none" "ghcr.io/rust-lang/crates-build-env/linux@sha256:f3a9d4ad9d972b27faf3965f35b62e55ba32bbce8f20bc8fe909558a86702fde" "/opt/rustwide/cargo-home/bin/cargo" "+beta-2024-12-08" "test" "--frozen" "--no-run" "--message-format=json", kill_on_drop: false }`
[INFO] [stdout] 4ebb05e2193be26ac60a1599e595247b40a3eb70be2508b1b43185e2d309a51a
[INFO] running `Command { std: "docker" "start" "-a" "4ebb05e2193be26ac60a1599e595247b40a3eb70be2508b1b43185e2d309a51a", kill_on_drop: false }`
[INFO] [stderr]    Compiling b3_utils v0.13.1 (/opt/rustwide/workdir)
[INFO] [stderr]     Finished `test` profile [unoptimized + debuginfo] target(s) in 3.53s
[INFO] running `Command { std: "docker" "inspect" "4ebb05e2193be26ac60a1599e595247b40a3eb70be2508b1b43185e2d309a51a", kill_on_drop: false }`
[INFO] running `Command { std: "docker" "rm" "-f" "4ebb05e2193be26ac60a1599e595247b40a3eb70be2508b1b43185e2d309a51a", kill_on_drop: false }`
[INFO] [stdout] 4ebb05e2193be26ac60a1599e595247b40a3eb70be2508b1b43185e2d309a51a
[INFO] running `Command { std: "docker" "create" "-v" "/var/lib/crater-agent-workspace/builds/worker-2-tc2/target:/opt/rustwide/target:rw,Z" "-v" "/var/lib/crater-agent-workspace/builds/worker-2-tc2/source:/opt/rustwide/workdir:ro,Z" "-v" "/var/lib/crater-agent-workspace/cargo-home:/opt/rustwide/cargo-home:ro,Z" "-v" "/var/lib/crater-agent-workspace/rustup-home:/opt/rustwide/rustup-home:ro,Z" "-e" "SOURCE_DIR=/opt/rustwide/workdir" "-e" "CARGO_TARGET_DIR=/opt/rustwide/target" "-e" "CARGO_INCREMENTAL=0" "-e" "RUST_BACKTRACE=full" "-e" "RUSTFLAGS=--cap-lints=warn" "-e" "RUSTDOCFLAGS=--cap-lints=warn" "-e" "CARGO_HOME=/opt/rustwide/cargo-home" "-e" "RUSTUP_HOME=/opt/rustwide/rustup-home" "-w" "/opt/rustwide/workdir" "-m" "1610612736" "--user" "0:0" "--network" "none" "ghcr.io/rust-lang/crates-build-env/linux@sha256:f3a9d4ad9d972b27faf3965f35b62e55ba32bbce8f20bc8fe909558a86702fde" "/opt/rustwide/cargo-home/bin/cargo" "+beta-2024-12-08" "test" "--frozen", kill_on_drop: false }`
[INFO] [stdout] baba52b66f5a8ad3ca176228d84c17456ac24b7d4e4f10229cb556f758f8d8d0
[INFO] running `Command { std: "docker" "start" "-a" "baba52b66f5a8ad3ca176228d84c17456ac24b7d4e4f10229cb556f758f8d8d0", kill_on_drop: false }`
[INFO] [stderr]     Finished `test` profile [unoptimized + debuginfo] target(s) in 0.14s
[INFO] [stderr]      Running unittests src/lib.rs (/opt/rustwide/target/debug/deps/b3_utils-c9f6f9f12006cb26)
[INFO] [stdout] 
[INFO] [stdout] running 56 tests
[INFO] [stdout] test constants::test::tests::test_management ... ok
[INFO] [stdout] test constants::test::tests::test_testnet_minter ... ok
[INFO] [stdout] test constants::test::tests::test_ledger_ckbtc ... ok
[INFO] [stdout] test constants::test::tests::test_minter ... ok
[INFO] [stdout] test constants::test::tests::test_testnet_vetkd ... ok
[INFO] [stdout] test http::test::test_raw_query_param ... ok
[INFO] [stdout] test environment::test::tests::test_environment_from_identifier ... ok
[INFO] [stdout] test environment::test::tests::test_environment_display ... ok
[INFO] [stdout] test environment::test::tests::test_environment_identifier ... ok
[INFO] [stdout] test constants::test::tests::test_cmc ... ok
[INFO] [stdout] test api::types::tests::test_request_join_args_decoding ... ok
[INFO] [stdout] test constants::test::tests::test_testnet_ledger ... ok
[INFO] [stdout] test memory::timer::test::tests::test_timer_entry_to_and_from_bytes ... ok
[INFO] [stdout] test constants::test::tests::test_ledger ... ok
[INFO] [stdout] test outcall::test::test_add_query_params ... ok
[INFO] [stdout] test nonce::test::tests::test_nonce ... ok
[INFO] [stdout] test outcall::test::test_calculate_cycle_cost ... ok
[INFO] [stdout] test outcall::test::test_default_content_type_for_post ... ok
[INFO] [stdout] test outcall::test::test_http_request_post ... ok
[INFO] [stdout] test outcall::test::test_https_outcall_cost_total ... ok
[INFO] [stdout] test outcall::test::test_new_http_request ... ok
[INFO] [stdout] test outcall::test::test_http_request_get ... ok
[INFO] [stdout] test outcall::test::test_overwrite_content_type ... ok
[INFO] [stdout] test status::tests::test_status ... ok
[INFO] [stdout] test subaccount::test::test::test_development_subaccount ... ok
[INFO] [stdout] test subaccount::test::test::test_staging_subaccount ... ok
[INFO] [stdout] test timestamp::test::tests::test_add_functions ... ok
[INFO] [stdout] test timestamp::test::tests::test_time_conversions ... ok
[INFO] [stdout] test timestamp::test::tests::test_time_until_and_since ... ok
[INFO] [stdout] test utils::encoder::test::test_eth_address_to_vec ... ok
[INFO] [stdout] test utils::encoder::test::test_hex_string_to_vec ... ok
[INFO] [stdout] test utils::encoder::test::test_hex_string_with_0x_to_nat ... ok
[INFO] [stdout] test utils::encoder::test::test_hex_string_with_0x_to_nat2 ... ok
[INFO] [stdout] test utils::encoder::test::test_hex_string_with_0x_to_u128 ... ok
[INFO] [stdout] test utils::encoder::test::test_hex_string_with_0x_to_u64 ... ok
[INFO] [stdout] test utils::encoder::test::test_hex_string_with_0x_to_vec ... ok
[INFO] [stdout] test utils::encoder::test::test_name_to_slug ... ok
[INFO] [stdout] test utils::encoder::test::test_u128_to_hex_string_with_0x ... ok
[INFO] [stdout] test subaccount::test::test::test_production_subaccount ... ok
[INFO] [stdout] test utils::encoder::test::test_u64_to_hex_string_with_0x ... ok
[INFO] [stdout] test utils::encoder::test::test_vec_to_hex_string ... ok
[INFO] [stdout] test utils::encoder::test::test_vec_to_hex_string_with_0x ... ok
[INFO] [stdout] test memory::backup::test::test::test_init_main_partition ... ok
[INFO] [stdout] test memory::test::tests::test_create_partition ... ok
[INFO] [stdout] test memory::test::tests::test_memory ... ok
[INFO] [stdout] test memory::test::tests::test_init ... ok
[INFO] [stdout] test memory::test::tests::test_partition ... ok
[INFO] [stdout] test memory::test::tests::test_get_or_create ... ok
[INFO] [stdout] test memory::test::tests::test_stable_heap ... ok
[INFO] [stdout] test memory::test::tests::test_stable_map ... ok
[INFO] [stdout] test memory::test::tests::test_init_memory ... ok
[INFO] [stdout] test memory::test::tests::test_stable_vec ... ok
[INFO] [stdout] test memory::backup::test::test::test_core_backup_partition ... ok
[INFO] [stdout] test memory::test::tests::test_stable_heap_with_stable_vec ... ok
[INFO] [stdout] test memory::test::tests::test_stable_log ... ok
[INFO] [stdout] test memory::test::tests::test_partition_loop ... ok
[INFO] [stdout] 
[INFO] [stdout] test result: ok. 56 passed; 0 failed; 0 ignored; 0 measured; 0 filtered out; finished in 1.30s
[INFO] [stdout] 
[INFO] [stderr]    Doc-tests b3_utils
[INFO] [stdout] 
[INFO] [stdout] running 16 tests
[INFO] [stdout] test src/lib.rs - (line 26) ... FAILED
[INFO] [stdout] test src/utils.rs - utils::report (line 35) ... ok
[INFO] [stdout] test src/subaccount.rs - subaccount::Subaccount::from_hex (line 402) ... ok
[INFO] [stdout] test src/subaccount.rs - subaccount::Subaccount::from_principal (line 54) ... ok
[INFO] [stdout] test src/subaccount.rs - subaccount::Subaccount::new (line 23) ... ok
[INFO] [stdout] test src/subaccount.rs - subaccount::Subaccount::to_hex (line 381) ... ok
[INFO] [stdout] test src/subaccount.rs - subaccount::Subaccount::environment (line 83) ... ok
[INFO] [stdout] test src/utils.rs - utils::require (line 12) ... ok
[INFO] [stdout] test src/subaccount.rs - subaccount::Subaccount::to_principal (line 344) ... ok
[INFO] [stdout] test src/subaccount.rs - subaccount::Subaccount::from_slice (line 271) ... ok
[INFO] [stdout] test src/subaccount.rs - subaccount::Subaccount::is_principal (line 244) ... ok
[INFO] [stdout] test src/subaccount.rs - subaccount::Subaccount::to_bytes32 (line 315) ... ok
[INFO] [stdout] test src/subaccount.rs - subaccount::Subaccount::is_default (line 216) ... ok
[INFO] [stdout] test src/subaccount.rs - subaccount::Subaccount::id (line 112) ... ok
[INFO] [stdout] test src/subaccount.rs - subaccount::Subaccount::name (line 154) ... ok
[INFO] [stdout] test src/subaccount.rs - subaccount::Subaccount::nonce (line 190) ... ok
[INFO] [stdout] 
[INFO] [stdout] failures:
[INFO] [stdout] 
[INFO] [stdout] ---- src/lib.rs - (line 26) stdout ----
[INFO] [stdout] error[E0432]: unresolved import `b3_utils::ledger`
[INFO] [stdout]   --> src/lib.rs:28:15
[INFO] [stdout]    |
[INFO] [stdout] 5  | use b3_utils::ledger::ICRCAccount;
[INFO] [stdout]    |               ^^^^^^ could not find `ledger` in `b3_utils`
[INFO] [stdout]    |
[INFO] [stdout] note: found an item that was configured out
[INFO] [stdout]   --> /opt/rustwide/workdir/src/lib.rs:85:9
[INFO] [stdout]    |
[INFO] [stdout] 85 | pub mod ledger;
[INFO] [stdout]    |         ^^^^^^
[INFO] [stdout] note: the item is gated behind the `ledger` feature
[INFO] [stdout]   --> /opt/rustwide/workdir/src/lib.rs:84:7
[INFO] [stdout]    |
[INFO] [stdout] 84 | #[cfg(feature = "ledger")]
[INFO] [stdout]    |       ^^^^^^^^^^^^^^^^^^
[INFO] [stdout] 
[INFO] [stdout] error: aborting due to 1 previous error
[INFO] [stdout] 
[INFO] [stdout] For more information about this error, try `rustc --explain E0432`.
[INFO] [stdout] Couldn't compile the test.
[INFO] [stdout] 
[INFO] [stdout] failures:
[INFO] [stdout]     src/lib.rs - (line 26)
[INFO] [stdout] 
[INFO] [stdout] test result: FAILED. 15 passed; 1 failed; 0 ignored; 0 measured; 0 filtered out; finished in 4.28s
[INFO] [stdout] 
[INFO] [stderr] error: doctest failed, to rerun pass `--doc`
[INFO] running `Command { std: "docker" "inspect" "baba52b66f5a8ad3ca176228d84c17456ac24b7d4e4f10229cb556f758f8d8d0", kill_on_drop: false }`
[INFO] running `Command { std: "docker" "rm" "-f" "baba52b66f5a8ad3ca176228d84c17456ac24b7d4e4f10229cb556f758f8d8d0", kill_on_drop: false }`
[INFO] [stdout] baba52b66f5a8ad3ca176228d84c17456ac24b7d4e4f10229cb556f758f8d8d0
