[INFO] fetching crate azure_core_mirror 0.3.0...
[INFO] testing azure_core_mirror-0.3.0 against 1.83.0 for beta-1.84.0-4-retry
[INFO] extracting crate azure_core_mirror 0.3.0 into /workspace/builds/worker-1-tc1/source
[INFO] validating manifest of crates.io crate azure_core_mirror 0.3.0 on toolchain 1.83.0
[INFO] running `Command { std: CARGO_HOME="/workspace/cargo-home" RUSTUP_HOME="/workspace/rustup-home" "/workspace/cargo-home/bin/cargo" "+1.83.0" "metadata" "--manifest-path" "Cargo.toml" "--no-deps", kill_on_drop: false }`
[INFO] started tweaking crates.io crate azure_core_mirror 0.3.0
[INFO] finished tweaking crates.io crate azure_core_mirror 0.3.0
[INFO] tweaked toml for crates.io crate azure_core_mirror 0.3.0 written to /workspace/builds/worker-1-tc1/source/Cargo.toml
[INFO] running `Command { std: CARGO_HOME="/workspace/cargo-home" RUSTUP_HOME="/workspace/rustup-home" "/workspace/cargo-home/bin/cargo" "+1.83.0" "generate-lockfile" "--manifest-path" "Cargo.toml", kill_on_drop: false }`
[INFO] [stderr]     Updating crates.io index
[INFO] [stderr]      Locking 222 packages to latest compatible versions
[INFO] [stderr]       Adding base64 v0.13.1 (available: v0.22.1)
[INFO] [stderr]       Adding env_logger v0.9.3 (available: v0.11.5)
[INFO] [stderr]       Adding reqwest v0.11.27 (available: v0.12.9)
[INFO] [stderr]       Adding thiserror v1.0.69 (available: v2.0.7)
[INFO] running `Command { std: CARGO_HOME="/workspace/cargo-home" RUSTUP_HOME="/workspace/rustup-home" "/workspace/cargo-home/bin/cargo" "+1.83.0" "fetch" "--manifest-path" "Cargo.toml", kill_on_drop: false }`
[INFO] running `Command { std: "docker" "create" "-v" "/var/lib/crater-agent-workspace/builds/worker-1-tc1/target:/opt/rustwide/target:rw,Z" "-v" "/var/lib/crater-agent-workspace/builds/worker-1-tc1/source:/opt/rustwide/workdir:ro,Z" "-v" "/var/lib/crater-agent-workspace/cargo-home:/opt/rustwide/cargo-home:ro,Z" "-v" "/var/lib/crater-agent-workspace/rustup-home:/opt/rustwide/rustup-home:ro,Z" "-e" "SOURCE_DIR=/opt/rustwide/workdir" "-e" "CARGO_TARGET_DIR=/opt/rustwide/target" "-e" "CARGO_HOME=/opt/rustwide/cargo-home" "-e" "RUSTUP_HOME=/opt/rustwide/rustup-home" "-w" "/opt/rustwide/workdir" "-m" "1610612736" "--user" "0:0" "--network" "none" "ghcr.io/rust-lang/crates-build-env/linux@sha256:f3a9d4ad9d972b27faf3965f35b62e55ba32bbce8f20bc8fe909558a86702fde" "/opt/rustwide/cargo-home/bin/cargo" "+1.83.0" "metadata" "--no-deps" "--format-version=1", kill_on_drop: false }`
[INFO] [stdout] 3a680059ea15f27cffe96ce7a990adb4df26935a18f17510da40d3b1993913c5
[INFO] running `Command { std: "docker" "start" "-a" "3a680059ea15f27cffe96ce7a990adb4df26935a18f17510da40d3b1993913c5", kill_on_drop: false }`
[INFO] running `Command { std: "docker" "inspect" "3a680059ea15f27cffe96ce7a990adb4df26935a18f17510da40d3b1993913c5", kill_on_drop: false }`
[INFO] running `Command { std: "docker" "rm" "-f" "3a680059ea15f27cffe96ce7a990adb4df26935a18f17510da40d3b1993913c5", kill_on_drop: false }`
[INFO] [stdout] 3a680059ea15f27cffe96ce7a990adb4df26935a18f17510da40d3b1993913c5
[INFO] running `Command { std: "docker" "create" "-v" "/var/lib/crater-agent-workspace/builds/worker-1-tc1/target:/opt/rustwide/target:rw,Z" "-v" "/var/lib/crater-agent-workspace/builds/worker-1-tc1/source:/opt/rustwide/workdir:ro,Z" "-v" "/var/lib/crater-agent-workspace/cargo-home:/opt/rustwide/cargo-home:ro,Z" "-v" "/var/lib/crater-agent-workspace/rustup-home:/opt/rustwide/rustup-home:ro,Z" "-e" "SOURCE_DIR=/opt/rustwide/workdir" "-e" "CARGO_TARGET_DIR=/opt/rustwide/target" "-e" "CARGO_INCREMENTAL=0" "-e" "RUST_BACKTRACE=full" "-e" "RUSTFLAGS=--cap-lints=warn" "-e" "RUSTDOCFLAGS=--cap-lints=warn" "-e" "CARGO_HOME=/opt/rustwide/cargo-home" "-e" "RUSTUP_HOME=/opt/rustwide/rustup-home" "-w" "/opt/rustwide/workdir" "-m" "1610612736" "--user" "0:0" "--network" "none" "ghcr.io/rust-lang/crates-build-env/linux@sha256:f3a9d4ad9d972b27faf3965f35b62e55ba32bbce8f20bc8fe909558a86702fde" "/opt/rustwide/cargo-home/bin/cargo" "+1.83.0" "build" "--frozen" "--message-format=json", kill_on_drop: false }`
[INFO] [stdout] a34ad06967d26bfd5a40b88769048bb8cc53ca4f82d6d728c16edbdd471ae389
[INFO] running `Command { std: "docker" "start" "-a" "a34ad06967d26bfd5a40b88769048bb8cc53ca4f82d6d728c16edbdd471ae389", kill_on_drop: false }`
[INFO] [stderr]    Compiling proc-macro2 v1.0.92
[INFO] [stderr]    Compiling unicode-ident v1.0.14
[INFO] [stderr]    Compiling stable_deref_trait v1.2.0
[INFO] [stderr]    Compiling libc v0.2.168
[INFO] [stderr]    Compiling writeable v0.5.5
[INFO] [stderr]    Compiling cfg-if v1.0.0
[INFO] [stderr]    Compiling serde v1.0.216
[INFO] [stderr]    Compiling litemap v0.7.4
[INFO] [stderr]    Compiling byteorder v1.5.0
[INFO] [stderr]    Compiling icu_locid_transform_data v1.5.0
[INFO] [stderr]    Compiling futures-core v0.3.31
[INFO] [stderr]    Compiling getrandom v0.1.16
[INFO] [stderr]    Compiling icu_properties_data v1.5.0
[INFO] [stderr]    Compiling memchr v2.7.4
[INFO] [stderr]    Compiling autocfg v1.4.0
[INFO] [stderr]    Compiling semver v1.0.24
[INFO] [stderr]    Compiling crossbeam-utils v0.8.20
[INFO] [stderr]    Compiling icu_normalizer_data v1.5.0
[INFO] [stderr]    Compiling utf16_iter v1.0.5
[INFO] [stderr]    Compiling pin-project-lite v0.2.15
[INFO] [stderr]    Compiling utf8_iter v1.0.4
[INFO] [stderr]    Compiling futures-io v0.3.31
[INFO] [stderr]    Compiling write16 v1.0.0
[INFO] [stderr]    Compiling percent-encoding v2.3.1
[INFO] [stderr]    Compiling slab v0.4.9
[INFO] [stderr]    Compiling smallvec v1.13.2
[INFO] [stderr]    Compiling itoa v1.0.14
[INFO] [stderr]    Compiling futures-sink v0.3.31
[INFO] [stderr]    Compiling thiserror v1.0.69
[INFO] [stderr]    Compiling futures-channel v0.3.31
[INFO] [stderr]    Compiling form_urlencoded v1.2.1
[INFO] [stderr]    Compiling futures-task v0.3.31
[INFO] [stderr]    Compiling ryu v1.0.18
[INFO] [stderr]    Compiling serde_json v1.0.133
[INFO] [stderr]    Compiling anyhow v1.0.94
[INFO] [stderr]    Compiling pin-utils v0.1.0
[INFO] [stderr]    Compiling getrandom v0.2.15
[INFO] [stderr]    Compiling concurrent-queue v2.5.0
[INFO] [stderr]    Compiling rand_core v0.6.4
[INFO] [stderr]    Compiling rustc_version v0.4.1
[INFO] [stderr]    Compiling fastrand v1.9.0
[INFO] [stderr]    Compiling rand_core v0.5.1
[INFO] [stderr]    Compiling powerfmt v0.2.0
[INFO] [stderr]    Compiling quote v1.0.37
[INFO] [stderr]    Compiling parking v2.2.1
[INFO] [stderr]    Compiling time-core v0.1.2
[INFO] [stderr]    Compiling http-types v2.12.0
[INFO] [stderr]    Compiling num-conv v0.1.0
[INFO] [stderr]    Compiling waker-fn v1.2.0
[INFO] [stderr]    Compiling event-listener v2.5.3
[INFO] [stderr]    Compiling paste v1.0.15
[INFO] [stderr]    Compiling azure_core_mirror v0.3.0 (/opt/rustwide/workdir)
[INFO] [stderr]    Compiling syn v2.0.90
[INFO] [stderr]    Compiling time-macros v0.2.19
[INFO] [stderr]    Compiling async-channel v1.9.0
[INFO] [stderr]    Compiling futures-lite v1.13.0
[INFO] [stderr]    Compiling base64 v0.13.1
[INFO] [stderr]    Compiling num_threads v0.1.7
[INFO] [stderr]    Compiling infer v0.2.3
[INFO] [stderr]    Compiling log v0.4.22
[INFO] [stderr]    Compiling dyn-clone v1.0.17
[INFO] [stderr]    Compiling bytes v1.9.0
[INFO] [stderr]    Compiling uuid v1.11.0
[INFO] [stderr]    Compiling synstructure v0.13.1
[INFO] [stderr]    Compiling zerofrom-derive v0.1.5
[INFO] [stderr]    Compiling yoke-derive v0.7.5
[INFO] [stderr]    Compiling zerovec-derive v0.10.3
[INFO] [stderr]    Compiling displaydoc v0.2.5
[INFO] [stderr]    Compiling icu_provider_macros v1.5.0
[INFO] [stderr]    Compiling serde_derive v1.0.216
[INFO] [stderr]    Compiling zerocopy-derive v0.7.35
[INFO] [stderr]    Compiling futures-macro v0.3.31
[INFO] [stderr]    Compiling thiserror-impl v1.0.69
[INFO] [stderr]    Compiling zerocopy v0.7.35
[INFO] [stderr]    Compiling pin-project-internal v1.1.7
[INFO] [stderr]    Compiling futures-util v0.3.31
[INFO] [stderr]    Compiling async-trait v0.1.83
[INFO] [stderr]    Compiling ppv-lite86 v0.2.20
[INFO] [stderr]    Compiling rand_chacha v0.2.2
[INFO] [stderr]    Compiling rand_chacha v0.3.1
[INFO] [stderr]    Compiling zerofrom v0.1.5
[INFO] [stderr]    Compiling yoke v0.7.5
[INFO] [stderr]    Compiling zerovec v0.10.4
[INFO] [stderr]    Compiling rand v0.7.3
[INFO] [stderr]    Compiling pin-project v1.1.7
[INFO] [stderr]    Compiling rand v0.8.5
[INFO] [stderr]    Compiling tinystr v0.7.6
[INFO] [stderr]    Compiling icu_collections v1.5.0
[INFO] [stderr]    Compiling icu_locid v1.5.0
[INFO] [stderr]    Compiling icu_provider v1.5.0
[INFO] [stderr]    Compiling icu_locid_transform v1.5.0
[INFO] [stderr]    Compiling futures-executor v0.3.31
[INFO] [stderr]    Compiling futures v0.3.31
[INFO] [stderr]    Compiling icu_properties v1.5.1
[INFO] [stderr]    Compiling serde_urlencoded v0.7.1
[INFO] [stderr]    Compiling deranged v0.3.11
[INFO] [stderr]    Compiling serde_qs v0.8.5
[INFO] [stderr]    Compiling icu_normalizer v1.5.0
[INFO] [stderr]    Compiling idna_adapter v1.2.0
[INFO] [stderr]    Compiling idna v1.0.3
[INFO] [stderr]    Compiling time v0.3.37
[INFO] [stderr]    Compiling url v2.5.4
[INFO] [stdout] warning: variable does not need to be mutable
[INFO] [stdout]   --> src/bytes_stream.rs:46:13
[INFO] [stdout]    |
[INFO] [stdout] 46 |         let mut self_mut = self.get_mut();
[INFO] [stdout]    |             ----^^^^^^^^
[INFO] [stdout]    |             |
[INFO] [stdout]    |             help: remove this `mut`
[INFO] [stdout]    |
[INFO] [stdout]    = note: `#[warn(unused_mut)]` on by default
[INFO] [stdout] 
[INFO] [stdout] 
[INFO] [stdout] warning: variable does not need to be mutable
[INFO] [stdout]   --> src/bytes_stream.rs:78:13
[INFO] [stdout]    |
[INFO] [stdout] 78 |         let mut self_mut = self.get_mut();
[INFO] [stdout]    |             ----^^^^^^^^
[INFO] [stdout]    |             |
[INFO] [stdout]    |             help: remove this `mut`
[INFO] [stdout] 
[INFO] [stdout] 
[INFO] [stderr]     Finished `dev` profile [unoptimized + debuginfo] target(s) in 1m 16s
[INFO] running `Command { std: "docker" "inspect" "a34ad06967d26bfd5a40b88769048bb8cc53ca4f82d6d728c16edbdd471ae389", kill_on_drop: false }`
[INFO] running `Command { std: "docker" "rm" "-f" "a34ad06967d26bfd5a40b88769048bb8cc53ca4f82d6d728c16edbdd471ae389", kill_on_drop: false }`
[INFO] [stdout] a34ad06967d26bfd5a40b88769048bb8cc53ca4f82d6d728c16edbdd471ae389
[INFO] running `Command { std: "docker" "create" "-v" "/var/lib/crater-agent-workspace/builds/worker-1-tc1/target:/opt/rustwide/target:rw,Z" "-v" "/var/lib/crater-agent-workspace/builds/worker-1-tc1/source:/opt/rustwide/workdir:ro,Z" "-v" "/var/lib/crater-agent-workspace/cargo-home:/opt/rustwide/cargo-home:ro,Z" "-v" "/var/lib/crater-agent-workspace/rustup-home:/opt/rustwide/rustup-home:ro,Z" "-e" "SOURCE_DIR=/opt/rustwide/workdir" "-e" "CARGO_TARGET_DIR=/opt/rustwide/target" "-e" "CARGO_INCREMENTAL=0" "-e" "RUST_BACKTRACE=full" "-e" "RUSTFLAGS=--cap-lints=warn" "-e" "RUSTDOCFLAGS=--cap-lints=warn" "-e" "CARGO_HOME=/opt/rustwide/cargo-home" "-e" "RUSTUP_HOME=/opt/rustwide/rustup-home" "-w" "/opt/rustwide/workdir" "-m" "1610612736" "--user" "0:0" "--network" "none" "ghcr.io/rust-lang/crates-build-env/linux@sha256:f3a9d4ad9d972b27faf3965f35b62e55ba32bbce8f20bc8fe909558a86702fde" "/opt/rustwide/cargo-home/bin/cargo" "+1.83.0" "test" "--frozen" "--no-run" "--message-format=json", kill_on_drop: false }`
[INFO] [stdout] ab646aaa532f46a66255cb138927d4e9256065698c2a6312a8e4025139348511
[INFO] running `Command { std: "docker" "start" "-a" "ab646aaa532f46a66255cb138927d4e9256065698c2a6312a8e4025139348511", kill_on_drop: false }`
[INFO] [stderr]    Compiling aho-corasick v1.1.3
[INFO] [stderr]    Compiling regex-syntax v0.8.5
[INFO] [stderr]    Compiling log v0.4.22
[INFO] [stderr]    Compiling atty v0.2.14
[INFO] [stderr]    Compiling termcolor v1.4.1
[INFO] [stderr]    Compiling humantime v2.1.0
[INFO] [stderr]    Compiling tokio v1.42.0
[INFO] [stderr]    Compiling azure_core_mirror v0.3.0 (/opt/rustwide/workdir)
[INFO] [stdout] warning: variable does not need to be mutable
[INFO] [stdout]   --> src/bytes_stream.rs:46:13
[INFO] [stdout]    |
[INFO] [stdout] 46 |         let mut self_mut = self.get_mut();
[INFO] [stdout]    |             ----^^^^^^^^
[INFO] [stdout]    |             |
[INFO] [stdout]    |             help: remove this `mut`
[INFO] [stdout]    |
[INFO] [stdout]    = note: `#[warn(unused_mut)]` on by default
[INFO] [stdout] 
[INFO] [stdout] 
[INFO] [stdout] warning: variable does not need to be mutable
[INFO] [stdout]   --> src/bytes_stream.rs:78:13
[INFO] [stdout]    |
[INFO] [stdout] 78 |         let mut self_mut = self.get_mut();
[INFO] [stdout]    |             ----^^^^^^^^
[INFO] [stdout]    |             |
[INFO] [stdout]    |             help: remove this `mut`
[INFO] [stdout] 
[INFO] [stdout] 
[INFO] [stderr]    Compiling regex-automata v0.4.9
[INFO] [stderr]    Compiling regex v1.11.1
[INFO] [stderr]    Compiling env_logger v0.9.3
[INFO] [stdout] warning: variable does not need to be mutable
[INFO] [stdout]   --> src/bytes_stream.rs:46:13
[INFO] [stdout]    |
[INFO] [stdout] 46 |         let mut self_mut = self.get_mut();
[INFO] [stdout]    |             ----^^^^^^^^
[INFO] [stdout]    |             |
[INFO] [stdout]    |             help: remove this `mut`
[INFO] [stdout]    |
[INFO] [stdout]    = note: `#[warn(unused_mut)]` on by default
[INFO] [stdout] 
[INFO] [stdout] 
[INFO] [stdout] warning: variable does not need to be mutable
[INFO] [stdout]   --> src/bytes_stream.rs:78:13
[INFO] [stdout]    |
[INFO] [stdout] 78 |         let mut self_mut = self.get_mut();
[INFO] [stdout]    |             ----^^^^^^^^
[INFO] [stdout]    |             |
[INFO] [stdout]    |             help: remove this `mut`
[INFO] [stdout] 
[INFO] [stdout] 
[INFO] [stdout] warning: struct `OperationError` is never constructed
[INFO] [stdout]   --> src/error/macros.rs:70:12
[INFO] [stdout]    |
[INFO] [stdout] 70 |     struct OperationError;
[INFO] [stdout]    |            ^^^^^^^^^^^^^^
[INFO] [stdout]    |
[INFO] [stdout]    = note: `#[warn(dead_code)]` on by default
[INFO] [stdout] 
[INFO] [stdout] 
[INFO] [stderr]     Finished `test` profile [unoptimized + debuginfo] target(s) in 18.51s
[INFO] running `Command { std: "docker" "inspect" "ab646aaa532f46a66255cb138927d4e9256065698c2a6312a8e4025139348511", kill_on_drop: false }`
[INFO] running `Command { std: "docker" "rm" "-f" "ab646aaa532f46a66255cb138927d4e9256065698c2a6312a8e4025139348511", kill_on_drop: false }`
[INFO] [stdout] ab646aaa532f46a66255cb138927d4e9256065698c2a6312a8e4025139348511
[INFO] running `Command { std: "docker" "create" "-v" "/var/lib/crater-agent-workspace/builds/worker-1-tc1/target:/opt/rustwide/target:rw,Z" "-v" "/var/lib/crater-agent-workspace/builds/worker-1-tc1/source:/opt/rustwide/workdir:ro,Z" "-v" "/var/lib/crater-agent-workspace/cargo-home:/opt/rustwide/cargo-home:ro,Z" "-v" "/var/lib/crater-agent-workspace/rustup-home:/opt/rustwide/rustup-home:ro,Z" "-e" "SOURCE_DIR=/opt/rustwide/workdir" "-e" "CARGO_TARGET_DIR=/opt/rustwide/target" "-e" "CARGO_INCREMENTAL=0" "-e" "RUST_BACKTRACE=full" "-e" "RUSTFLAGS=--cap-lints=warn" "-e" "RUSTDOCFLAGS=--cap-lints=warn" "-e" "CARGO_HOME=/opt/rustwide/cargo-home" "-e" "RUSTUP_HOME=/opt/rustwide/rustup-home" "-w" "/opt/rustwide/workdir" "-m" "1610612736" "--user" "0:0" "--network" "none" "ghcr.io/rust-lang/crates-build-env/linux@sha256:f3a9d4ad9d972b27faf3965f35b62e55ba32bbce8f20bc8fe909558a86702fde" "/opt/rustwide/cargo-home/bin/cargo" "+1.83.0" "test" "--frozen", kill_on_drop: false }`
[INFO] [stdout] efdcffdf1c75689e5bbda8db9b26882e635d268723bd0cde586a7aeeec459894
[INFO] running `Command { std: "docker" "start" "-a" "efdcffdf1c75689e5bbda8db9b26882e635d268723bd0cde586a7aeeec459894", kill_on_drop: false }`
[INFO] [stderr] warning: variable does not need to be mutable
[INFO] [stderr]   --> src/bytes_stream.rs:46:13
[INFO] [stderr]    |
[INFO] [stderr] 46 |         let mut self_mut = self.get_mut();
[INFO] [stderr]    |             ----^^^^^^^^
[INFO] [stderr]    |             |
[INFO] [stderr]    |             help: remove this `mut`
[INFO] [stderr]    |
[INFO] [stderr]    = note: `#[warn(unused_mut)]` on by default
[INFO] [stderr] 
[INFO] [stderr] warning: variable does not need to be mutable
[INFO] [stderr]   --> src/bytes_stream.rs:78:13
[INFO] [stderr]    |
[INFO] [stderr] 78 |         let mut self_mut = self.get_mut();
[INFO] [stderr]    |             ----^^^^^^^^
[INFO] [stderr]    |             |
[INFO] [stderr]    |             help: remove this `mut`
[INFO] [stderr] 
[INFO] [stderr] warning: struct `OperationError` is never constructed
[INFO] [stderr]   --> src/error/macros.rs:70:12
[INFO] [stderr]    |
[INFO] [stderr] 70 |     struct OperationError;
[INFO] [stderr]    |            ^^^^^^^^^^^^^^
[INFO] [stderr]    |
[INFO] [stderr]    = note: `#[warn(dead_code)]` on by default
[INFO] [stderr] 
[INFO] [stderr] warning: `azure_core_mirror` (lib) generated 2 warnings (run `cargo fix --lib -p azure_core_mirror` to apply 2 suggestions)
[INFO] [stderr] warning: `azure_core_mirror` (lib test) generated 3 warnings (2 duplicates)
[INFO] [stderr]     Finished `test` profile [unoptimized + debuginfo] target(s) in 0.33s
[INFO] [stderr]      Running unittests src/lib.rs (/opt/rustwide/target/debug/deps/azure_core_mirror-6c48dba491ac725b)
[INFO] [stdout] 
[INFO] [stdout] running 37 tests
[INFO] [stdout] test context::tests::insert_get_string ... ok
[INFO] [stdout] test context::tests::insert_fluent_syntax ... ok
[INFO] [stdout] test context::tests::test_require_send_sync ... ok
[INFO] [stdout] test date::tests::test_device_update_dates ... ok
[INFO] [stdout] test date::tests::test_list_blob_creation_time ... ok
[INFO] [stdout] test date::tests::test_parse_last_state_change ... ok
[INFO] [stdout] test date::tests::test_roundtrip_rfc3339 ... ok
[INFO] [stdout] test date::tests::test_serde_rfc3339_some_optional ... ok
[INFO] [stdout] test date::tests::test_to_rfc1123 ... ok
[INFO] [stdout] test error::tests::downcasting_works ... ok
[INFO] [stdout] test error::tests::matching_against_http_error ... ok
[INFO] [stdout] test error::tests::set_result_kind ... ok
[INFO] [stdout] test error::tests::turn_into_inner_error ... ok
[INFO] [stdout] test context::tests::mutability ... ok
[INFO] [stdout] test macros::test::test_color_parse_2 ... ok
[INFO] [stdout] test macros::test::test_color_parse_1 ... ok
[INFO] [stdout] test macros::test::test_color_parse_err_1 ... ok
[INFO] [stdout] test macros::test::test_setters ... ok
[INFO] [stdout] test policies::retry_policies::exponential_retry::tests::exponentialy_increases_correctly ... ok
[INFO] [stdout] test parsing::test::test_from_azure_time ... ok
[INFO] [stdout] test date::tests::test_serde_rfc3339_none_optional ... ok
[INFO] [stdout] test date::tests::test_parse_rfc1123 ... ok
[INFO] [stdout] test context::tests::insert_get_custom_structs ... ok
[INFO] [stdout] test error::macros::tests::ensure_works ... ok
[INFO] [stdout] test error::tests::errors_display_properly ... ok
[INFO] [stdout] test policies::telemetry_policy::test::test_missing_env ... ok
[INFO] [stdout] test policies::telemetry_policy::test::test_with_application_id ... ok
[INFO] [stdout] test policies::telemetry_policy::test::test_without_application_id ... ok
[INFO] [stdout] test request_options::content_range::test::test_display ... ok
[INFO] [stdout] test request_options::content_range::test::test_parse_no_dash ... ok
[INFO] [stdout] test request_options::content_range::test::test_parse ... ok
[INFO] [stdout] test request_options::content_range::test::test_parse_no_starting_token ... ok
[INFO] [stdout] test request_options::content_range::test::test_parse_no_slash ... ok
[INFO] [stdout] test request_options::range::test::test_range_display ... ok
[INFO] [stdout] test request_options::range::test::test_range_parse ... ok
[INFO] [stdout] test request_options::range::test::test_range_parse_panic_1 ... ok
[INFO] [stdout] test request_options::range::test::test_range_parse_panic_2 ... ok
[INFO] [stdout] 
[INFO] [stdout] test result: ok. 37 passed; 0 failed; 0 ignored; 0 measured; 0 filtered out; finished in 0.01s
[INFO] [stdout] 
[INFO] [stderr]    Doc-tests azure_core_mirror
[INFO] [stdout] 
[INFO] [stdout] running 9 tests
[INFO] [stdout] test src/macros.rs - macros::request_header (line 303) ... FAILED
[INFO] [stdout] test src/macros.rs - macros::operation (line 59) ... FAILED
[INFO] [stdout] test src/options/mod.rs - options::ClientOptions (line 13) ... FAILED
[INFO] [stdout] test src/macros.rs - macros::request_query (line 336) ... FAILED
[INFO] [stdout] test src/macros.rs - macros::create_enum (line 391) ... FAILED
[INFO] [stdout] test src/macros.rs - macros::request_option (line 354) ... FAILED
[INFO] [stdout] test src/macros.rs - macros::setters (line 7) ... FAILED
[INFO] [stdout] test src/macros.rs - macros::operation (line 73) ... FAILED
[INFO] [stdout] test src/macros.rs - macros::setters (line 15) ... ok
[INFO] [stdout] 
[INFO] [stdout] failures:
[INFO] [stdout] 
[INFO] [stdout] ---- src/macros.rs - macros::request_header (line 303) stdout ----
[INFO] [stdout] error[E0463]: can't find crate for `azure_core`
[INFO] [stdout]  --> src/macros.rs:303:14
[INFO] [stdout]   |
[INFO] [stdout] 2 | #[macro_use] extern crate azure_core;
[INFO] [stdout]   |              ^^^^^^^^^^^^^^^^^^^^^^^^ can't find crate
[INFO] [stdout] 
[INFO] [stdout] error: cannot find macro `request_header` in this scope
[INFO] [stdout]  --> src/macros.rs:305:1
[INFO] [stdout]   |
[INFO] [stdout] 4 | request_header!(
[INFO] [stdout]   | ^^^^^^^^^^^^^^
[INFO] [stdout]   |
[INFO] [stdout] help: consider importing this macro
[INFO] [stdout]   |
[INFO] [stdout] 2 + use azure_core_mirror::request_header;
[INFO] [stdout]   |
[INFO] [stdout] 
[INFO] [stdout] error: aborting due to 2 previous errors
[INFO] [stdout] 
[INFO] [stdout] For more information about this error, try `rustc --explain E0463`.
[INFO] [stdout] Couldn't compile the test.
[INFO] [stdout] ---- src/macros.rs - macros::operation (line 59) stdout ----
[INFO] [stdout] error[E0433]: failed to resolve: use of undeclared crate or module `azure_core`
[INFO] [stdout]  --> src/macros.rs:63:1
[INFO] [stdout]   |
[INFO] [stdout] 6 | azure_core::operation! {
[INFO] [stdout]   | ^^^^^^^^^^ use of undeclared crate or module `azure_core`
[INFO] [stdout] 
[INFO] [stdout] error: aborting due to 1 previous error
[INFO] [stdout] 
[INFO] [stdout] For more information about this error, try `rustc --explain E0433`.
[INFO] [stdout] Couldn't compile the test.
[INFO] [stdout] ---- src/options/mod.rs - options::ClientOptions (line 13) stdout ----
[INFO] [stdout] error[E0432]: unresolved import `azure_core`
[INFO] [stdout]  --> src/options/mod.rs:14:5
[INFO] [stdout]   |
[INFO] [stdout] 3 | use azure_core::{ClientOptions, RetryOptions, TelemetryOptions};
[INFO] [stdout]   |     ^^^^^^^^^^ use of undeclared crate or module `azure_core`
[INFO] [stdout] 
[INFO] [stdout] error: aborting due to 1 previous error
[INFO] [stdout] 
[INFO] [stdout] For more information about this error, try `rustc --explain E0432`.
[INFO] [stdout] Couldn't compile the test.
[INFO] [stdout] ---- src/macros.rs - macros::request_query (line 336) stdout ----
[INFO] [stdout] error[E0463]: can't find crate for `azure_core`
[INFO] [stdout]  --> src/macros.rs:336:14
[INFO] [stdout]   |
[INFO] [stdout] 2 | #[macro_use] extern crate azure_core;
[INFO] [stdout]   |              ^^^^^^^^^^^^^^^^^^^^^^^^ can't find crate
[INFO] [stdout] 
[INFO] [stdout] error: cannot find macro `request_query` in this scope
[INFO] [stdout]  --> src/macros.rs:338:1
[INFO] [stdout]   |
[INFO] [stdout] 4 | request_query!(Prefix, "prefix");
[INFO] [stdout]   | ^^^^^^^^^^^^^
[INFO] [stdout]   |
[INFO] [stdout] help: consider importing this macro
[INFO] [stdout]   |
[INFO] [stdout] 2 + use azure_core_mirror::request_query;
[INFO] [stdout]   |
[INFO] [stdout] 
[INFO] [stdout] error: aborting due to 2 previous errors
[INFO] [stdout] 
[INFO] [stdout] For more information about this error, try `rustc --explain E0463`.
[INFO] [stdout] Couldn't compile the test.
[INFO] [stdout] ---- src/macros.rs - macros::create_enum (line 391) stdout ----
[INFO] [stdout] error[E0463]: can't find crate for `azure_core`
[INFO] [stdout]  --> src/macros.rs:391:14
[INFO] [stdout]   |
[INFO] [stdout] 2 | #[macro_use] extern crate azure_core;
[INFO] [stdout]   |              ^^^^^^^^^^^^^^^^^^^^^^^^ can't find crate
[INFO] [stdout] 
[INFO] [stdout] error: cannot find macro `create_enum` in this scope
[INFO] [stdout]  --> src/macros.rs:393:1
[INFO] [stdout]   |
[INFO] [stdout] 4 | create_enum!(Words, (Pollo, "Pollo"), (Bianco, "Bianco"), (Giallo, "Giallo"));
[INFO] [stdout]   | ^^^^^^^^^^^
[INFO] [stdout]   |
[INFO] [stdout] help: consider importing this macro
[INFO] [stdout]   |
[INFO] [stdout] 2 + use azure_core_mirror::create_enum;
[INFO] [stdout]   |
[INFO] [stdout] 
[INFO] [stdout] error: aborting due to 2 previous errors
[INFO] [stdout] 
[INFO] [stdout] For more information about this error, try `rustc --explain E0463`.
[INFO] [stdout] Couldn't compile the test.
[INFO] [stdout] ---- src/macros.rs - macros::request_option (line 354) stdout ----
[INFO] [stdout] error[E0463]: can't find crate for `azure_core`
[INFO] [stdout]  --> src/macros.rs:354:14
[INFO] [stdout]   |
[INFO] [stdout] 2 | #[macro_use] extern crate azure_core;
[INFO] [stdout]   |              ^^^^^^^^^^^^^^^^^^^^^^^^ can't find crate
[INFO] [stdout] 
[INFO] [stdout] error: cannot find macro `request_option` in this scope
[INFO] [stdout]  --> src/macros.rs:356:1
[INFO] [stdout]   |
[INFO] [stdout] 4 | request_option!(Prefix);
[INFO] [stdout]   | ^^^^^^^^^^^^^^
[INFO] [stdout]   |
[INFO] [stdout] help: consider importing this macro
[INFO] [stdout]   |
[INFO] [stdout] 2 + use azure_core_mirror::request_option;
[INFO] [stdout]   |
[INFO] [stdout] 
[INFO] [stdout] error: aborting due to 2 previous errors
[INFO] [stdout] 
[INFO] [stdout] For more information about this error, try `rustc --explain E0463`.
[INFO] [stdout] Couldn't compile the test.
[INFO] [stdout] ---- src/macros.rs - macros::setters (line 7) stdout ----
[INFO] [stdout] error[E0463]: can't find crate for `azure_core`
[INFO] [stdout]  --> src/macros.rs:7:14
[INFO] [stdout]   |
[INFO] [stdout] 2 | #[macro_use] extern crate azure_core;
[INFO] [stdout]   |              ^^^^^^^^^^^^^^^^^^^^^^^^ can't find crate
[INFO] [stdout] 
[INFO] [stdout] error: cannot find macro `setters` in this scope
[INFO] [stdout]  --> src/macros.rs:11:5
[INFO] [stdout]   |
[INFO] [stdout] 6 |     setters! { foo: &'a str => Some(foo), }
[INFO] [stdout]   |     ^^^^^^^
[INFO] [stdout]   |
[INFO] [stdout] help: consider importing this macro
[INFO] [stdout]   |
[INFO] [stdout] 2 + use azure_core_mirror::setters;
[INFO] [stdout]   |
[INFO] [stdout] 
[INFO] [stdout] error: aborting due to 2 previous errors
[INFO] [stdout] 
[INFO] [stdout] For more information about this error, try `rustc --explain E0463`.
[INFO] [stdout] Couldn't compile the test.
[INFO] [stdout] ---- src/macros.rs - macros::operation (line 73) stdout ----
[INFO] [stdout] error[E0432]: unresolved import `azure_core`
[INFO] [stdout]  --> src/macros.rs:74:5
[INFO] [stdout]   |
[INFO] [stdout] 3 | use azure_core::setters;
[INFO] [stdout]   |     ^^^^^^^^^^ use of undeclared crate or module `azure_core`
[INFO] [stdout] 
[INFO] [stdout] error[E0432]: unresolved import `azure_core`
[INFO] [stdout]  --> src/macros.rs:75:5
[INFO] [stdout]   |
[INFO] [stdout] 4 | use azure_core::Context;
[INFO] [stdout]   |     ^^^^^^^^^^ use of undeclared crate or module `azure_core`
[INFO] [stdout] 
[INFO] [stdout] warning: unexpected `cfg` condition value: `into_future`
[INFO] [stdout]   --> src/macros.rs:106:7
[INFO] [stdout]    |
[INFO] [stdout] 35 | #[cfg(feature = "into_future")]
[INFO] [stdout]    |       ^^^^^^^^^^^^^^^^^^^^^^^
[INFO] [stdout]    |
[INFO] [stdout]    = note: expected values for `feature` are: `azurite_workaround`, `default`, `enable_reqwest`, `enable_reqwest_gzip`, `enable_reqwest_rustls`, `reqwest`, and `test_e2e`
[INFO] [stdout]    = help: consider adding `into_future` as a feature in `Cargo.toml`
[INFO] [stdout]    = note: see <https://doc.rust-lang.org/nightly/rustc/check-cfg/cargo-specifics.html> for more information about checking conditional configuration
[INFO] [stdout]    = note: `#[warn(unexpected_cfgs)]` on by default
[INFO] [stdout] 
[INFO] [stdout] error[E0433]: failed to resolve: use of undeclared crate or module `azure_core`
[INFO] [stdout]   --> src/macros.rs:117:41
[INFO] [stdout]    |
[INFO] [stdout] 46 |     futures::future::BoxFuture<'static, azure_core::Result<CreateCollectionResponse>>;
[INFO] [stdout]    |                                         ^^^^^^^^^^ use of undeclared crate or module `azure_core`
[INFO] [stdout] 
[INFO] [stdout] error: aborting due to 3 previous errors; 1 warning emitted
[INFO] [stdout] 
[INFO] [stdout] Some errors have detailed explanations: E0432, E0433.
[INFO] [stdout] For more information about an error, try `rustc --explain E0432`.
[INFO] [stdout] Couldn't compile the test.
[INFO] [stdout] 
[INFO] [stdout] failures:
[INFO] [stdout]     src/macros.rs - macros::create_enum (line 391)
[INFO] [stdout]     src/macros.rs - macros::operation (line 59)
[INFO] [stdout]     src/macros.rs - macros::operation (line 73)
[INFO] [stdout]     src/macros.rs - macros::request_header (line 303)
[INFO] [stdout]     src/macros.rs - macros::request_option (line 354)
[INFO] [stdout]     src/macros.rs - macros::request_query (line 336)
[INFO] [stdout]     src/macros.rs - macros::setters (line 7)
[INFO] [stdout]     src/options/mod.rs - options::ClientOptions (line 13)
[INFO] [stdout] 
[INFO] [stdout] test result: FAILED. 1 passed; 8 failed; 0 ignored; 0 measured; 0 filtered out; finished in 0.84s
[INFO] [stdout] 
[INFO] [stderr] error: doctest failed, to rerun pass `--doc`
[INFO] running `Command { std: "docker" "inspect" "efdcffdf1c75689e5bbda8db9b26882e635d268723bd0cde586a7aeeec459894", kill_on_drop: false }`
[INFO] running `Command { std: "docker" "rm" "-f" "efdcffdf1c75689e5bbda8db9b26882e635d268723bd0cde586a7aeeec459894", kill_on_drop: false }`
[INFO] [stdout] efdcffdf1c75689e5bbda8db9b26882e635d268723bd0cde586a7aeeec459894
