[INFO] fetching crate azul-css-parser 0.0.1...
[INFO] testing azul-css-parser-0.0.1 against 1.83.0 for beta-1.84.0-4-retry
[INFO] extracting crate azul-css-parser 0.0.1 into /workspace/builds/worker-4-tc1/source
[INFO] validating manifest of crates.io crate azul-css-parser 0.0.1 on toolchain 1.83.0
[INFO] running `Command { std: CARGO_HOME="/workspace/cargo-home" RUSTUP_HOME="/workspace/rustup-home" "/workspace/cargo-home/bin/cargo" "+1.83.0" "metadata" "--manifest-path" "Cargo.toml" "--no-deps", kill_on_drop: false }`
[INFO] started tweaking crates.io crate azul-css-parser 0.0.1
[INFO] finished tweaking crates.io crate azul-css-parser 0.0.1
[INFO] tweaked toml for crates.io crate azul-css-parser 0.0.1 written to /workspace/builds/worker-4-tc1/source/Cargo.toml
[INFO] running `Command { std: CARGO_HOME="/workspace/cargo-home" RUSTUP_HOME="/workspace/rustup-home" "/workspace/cargo-home/bin/cargo" "+1.83.0" "generate-lockfile" "--manifest-path" "Cargo.toml", kill_on_drop: false }`
[INFO] [stderr]     Updating crates.io index
[INFO] [stderr]      Locking 2 packages to latest compatible versions
[INFO] running `Command { std: CARGO_HOME="/workspace/cargo-home" RUSTUP_HOME="/workspace/rustup-home" "/workspace/cargo-home/bin/cargo" "+1.83.0" "fetch" "--manifest-path" "Cargo.toml", kill_on_drop: false }`
[INFO] [stderr]  Downloading crates ...
[INFO] [stderr]   Downloaded azul-css v0.0.1
[INFO] [stderr]   Downloaded azul-simplecss v0.1.1
[INFO] running `Command { std: "docker" "create" "-v" "/var/lib/crater-agent-workspace/builds/worker-4-tc1/target:/opt/rustwide/target:rw,Z" "-v" "/var/lib/crater-agent-workspace/builds/worker-4-tc1/source:/opt/rustwide/workdir:ro,Z" "-v" "/var/lib/crater-agent-workspace/cargo-home:/opt/rustwide/cargo-home:ro,Z" "-v" "/var/lib/crater-agent-workspace/rustup-home:/opt/rustwide/rustup-home:ro,Z" "-e" "SOURCE_DIR=/opt/rustwide/workdir" "-e" "CARGO_TARGET_DIR=/opt/rustwide/target" "-e" "CARGO_HOME=/opt/rustwide/cargo-home" "-e" "RUSTUP_HOME=/opt/rustwide/rustup-home" "-w" "/opt/rustwide/workdir" "-m" "1610612736" "--user" "0:0" "--network" "none" "ghcr.io/rust-lang/crates-build-env/linux@sha256:f3a9d4ad9d972b27faf3965f35b62e55ba32bbce8f20bc8fe909558a86702fde" "/opt/rustwide/cargo-home/bin/cargo" "+1.83.0" "metadata" "--no-deps" "--format-version=1", kill_on_drop: false }`
[INFO] [stdout] c35092ff5bfdb04f105c608178961e48eeccd0d33289dca025035af844fcadab
[INFO] running `Command { std: "docker" "start" "-a" "c35092ff5bfdb04f105c608178961e48eeccd0d33289dca025035af844fcadab", kill_on_drop: false }`
[INFO] running `Command { std: "docker" "inspect" "c35092ff5bfdb04f105c608178961e48eeccd0d33289dca025035af844fcadab", kill_on_drop: false }`
[INFO] running `Command { std: "docker" "rm" "-f" "c35092ff5bfdb04f105c608178961e48eeccd0d33289dca025035af844fcadab", kill_on_drop: false }`
[INFO] [stdout] c35092ff5bfdb04f105c608178961e48eeccd0d33289dca025035af844fcadab
[INFO] running `Command { std: "docker" "create" "-v" "/var/lib/crater-agent-workspace/builds/worker-4-tc1/target:/opt/rustwide/target:rw,Z" "-v" "/var/lib/crater-agent-workspace/builds/worker-4-tc1/source:/opt/rustwide/workdir:ro,Z" "-v" "/var/lib/crater-agent-workspace/cargo-home:/opt/rustwide/cargo-home:ro,Z" "-v" "/var/lib/crater-agent-workspace/rustup-home:/opt/rustwide/rustup-home:ro,Z" "-e" "SOURCE_DIR=/opt/rustwide/workdir" "-e" "CARGO_TARGET_DIR=/opt/rustwide/target" "-e" "CARGO_INCREMENTAL=0" "-e" "RUST_BACKTRACE=full" "-e" "RUSTFLAGS=--cap-lints=warn" "-e" "RUSTDOCFLAGS=--cap-lints=warn" "-e" "CARGO_HOME=/opt/rustwide/cargo-home" "-e" "RUSTUP_HOME=/opt/rustwide/rustup-home" "-w" "/opt/rustwide/workdir" "-m" "1610612736" "--user" "0:0" "--network" "none" "ghcr.io/rust-lang/crates-build-env/linux@sha256:f3a9d4ad9d972b27faf3965f35b62e55ba32bbce8f20bc8fe909558a86702fde" "/opt/rustwide/cargo-home/bin/cargo" "+1.83.0" "build" "--frozen" "--message-format=json", kill_on_drop: false }`
[INFO] [stdout] 717c35a184ffdeaaaaec3cc7d85b167f657da22e916e66859554c0561775c714
[INFO] running `Command { std: "docker" "start" "-a" "717c35a184ffdeaaaaec3cc7d85b167f657da22e916e66859554c0561775c714", kill_on_drop: false }`
[INFO] [stderr]    Compiling azul-simplecss v0.1.1
[INFO] [stderr]    Compiling azul-css v0.0.1
[INFO] [stderr]    Compiling azul-css-parser v0.0.1 (/opt/rustwide/workdir)
[INFO] [stdout] warning: elided lifetime has a name
[INFO] [stdout]     --> src/css_parser.rs:1306:26
[INFO] [stdout]      |
[INFO] [stdout] 1305 | pub fn parse_layout_padding<'a>(input: &'a str)
[INFO] [stdout]      |                             -- lifetime `'a` declared here
[INFO] [stdout] 1306 | -> Result<LayoutPadding, LayoutPaddingParseError>
[INFO] [stdout]      |                          ^^^^^^^^^^^^^^^^^^^^^^^ this elided lifetime gets resolved as `'a`
[INFO] [stdout]      |
[INFO] [stdout]      = note: `#[warn(elided_named_lifetimes)]` on by default
[INFO] [stdout] 
[INFO] [stdout] 
[INFO] [stdout] warning: elided lifetime has a name
[INFO] [stdout]     --> src/css_parser.rs:1396:25
[INFO] [stdout]      |
[INFO] [stdout] 1395 | pub fn parse_layout_margin<'a>(input: &'a str)
[INFO] [stdout]      |                            -- lifetime `'a` declared here
[INFO] [stdout] 1396 | -> Result<LayoutMargin, LayoutMarginParseError>
[INFO] [stdout]      |                         ^^^^^^^^^^^^^^^^^^^^^^ this elided lifetime gets resolved as `'a`
[INFO] [stdout] 
[INFO] [stdout] 
[INFO] [stderr]     Finished `dev` profile [unoptimized + debuginfo] target(s) in 4.50s
[INFO] running `Command { std: "docker" "inspect" "717c35a184ffdeaaaaec3cc7d85b167f657da22e916e66859554c0561775c714", kill_on_drop: false }`
[INFO] running `Command { std: "docker" "rm" "-f" "717c35a184ffdeaaaaec3cc7d85b167f657da22e916e66859554c0561775c714", kill_on_drop: false }`
[INFO] [stdout] 717c35a184ffdeaaaaec3cc7d85b167f657da22e916e66859554c0561775c714
[INFO] running `Command { std: "docker" "create" "-v" "/var/lib/crater-agent-workspace/builds/worker-4-tc1/target:/opt/rustwide/target:rw,Z" "-v" "/var/lib/crater-agent-workspace/builds/worker-4-tc1/source:/opt/rustwide/workdir:ro,Z" "-v" "/var/lib/crater-agent-workspace/cargo-home:/opt/rustwide/cargo-home:ro,Z" "-v" "/var/lib/crater-agent-workspace/rustup-home:/opt/rustwide/rustup-home:ro,Z" "-e" "SOURCE_DIR=/opt/rustwide/workdir" "-e" "CARGO_TARGET_DIR=/opt/rustwide/target" "-e" "CARGO_INCREMENTAL=0" "-e" "RUST_BACKTRACE=full" "-e" "RUSTFLAGS=--cap-lints=warn" "-e" "RUSTDOCFLAGS=--cap-lints=warn" "-e" "CARGO_HOME=/opt/rustwide/cargo-home" "-e" "RUSTUP_HOME=/opt/rustwide/rustup-home" "-w" "/opt/rustwide/workdir" "-m" "1610612736" "--user" "0:0" "--network" "none" "ghcr.io/rust-lang/crates-build-env/linux@sha256:f3a9d4ad9d972b27faf3965f35b62e55ba32bbce8f20bc8fe909558a86702fde" "/opt/rustwide/cargo-home/bin/cargo" "+1.83.0" "test" "--frozen" "--no-run" "--message-format=json", kill_on_drop: false }`
[INFO] [stdout] 8ed065f730c1a5efc8a4417c9bf8434364f3bbd8d87c4445168d86213736f88a
[INFO] running `Command { std: "docker" "start" "-a" "8ed065f730c1a5efc8a4417c9bf8434364f3bbd8d87c4445168d86213736f88a", kill_on_drop: false }`
[INFO] [stdout] warning: elided lifetime has a name
[INFO] [stdout]     --> src/css_parser.rs:1306:26
[INFO] [stdout]      |
[INFO] [stdout] 1305 | pub fn parse_layout_padding<'a>(input: &'a str)
[INFO] [stdout]      |                             -- lifetime `'a` declared here
[INFO] [stdout] 1306 | -> Result<LayoutPadding, LayoutPaddingParseError>
[INFO] [stdout]      |                          ^^^^^^^^^^^^^^^^^^^^^^^ this elided lifetime gets resolved as `'a`
[INFO] [stdout]      |
[INFO] [stdout]      = note: `#[warn(elided_named_lifetimes)]` on by default
[INFO] [stdout] 
[INFO] [stdout] 
[INFO] [stdout] warning: elided lifetime has a name
[INFO] [stdout]     --> src/css_parser.rs:1396:25
[INFO] [stdout]      |
[INFO] [stdout] 1395 | pub fn parse_layout_margin<'a>(input: &'a str)
[INFO] [stdout]      |                            -- lifetime `'a` declared here
[INFO] [stdout] 1396 | -> Result<LayoutMargin, LayoutMarginParseError>
[INFO] [stdout]      |                         ^^^^^^^^^^^^^^^^^^^^^^ this elided lifetime gets resolved as `'a`
[INFO] [stdout] 
[INFO] [stdout] 
[INFO] [stderr]    Compiling azul-css-parser v0.0.1 (/opt/rustwide/workdir)
[INFO] [stdout] warning: elided lifetime has a name
[INFO] [stdout]     --> src/css_parser.rs:1306:26
[INFO] [stdout]      |
[INFO] [stdout] 1305 | pub fn parse_layout_padding<'a>(input: &'a str)
[INFO] [stdout]      |                             -- lifetime `'a` declared here
[INFO] [stdout] 1306 | -> Result<LayoutPadding, LayoutPaddingParseError>
[INFO] [stdout]      |                          ^^^^^^^^^^^^^^^^^^^^^^^ this elided lifetime gets resolved as `'a`
[INFO] [stdout]      |
[INFO] [stdout]      = note: `#[warn(elided_named_lifetimes)]` on by default
[INFO] [stdout] 
[INFO] [stdout] 
[INFO] [stdout] warning: elided lifetime has a name
[INFO] [stdout]     --> src/css_parser.rs:1396:25
[INFO] [stdout]      |
[INFO] [stdout] 1395 | pub fn parse_layout_margin<'a>(input: &'a str)
[INFO] [stdout]      |                            -- lifetime `'a` declared here
[INFO] [stdout] 1396 | -> Result<LayoutMargin, LayoutMarginParseError>
[INFO] [stdout]      |                         ^^^^^^^^^^^^^^^^^^^^^^ this elided lifetime gets resolved as `'a`
[INFO] [stdout] 
[INFO] [stdout] 
[INFO] [stderr]     Finished `test` profile [unoptimized + debuginfo] target(s) in 3.45s
[INFO] running `Command { std: "docker" "inspect" "8ed065f730c1a5efc8a4417c9bf8434364f3bbd8d87c4445168d86213736f88a", kill_on_drop: false }`
[INFO] running `Command { std: "docker" "rm" "-f" "8ed065f730c1a5efc8a4417c9bf8434364f3bbd8d87c4445168d86213736f88a", kill_on_drop: false }`
[INFO] [stdout] 8ed065f730c1a5efc8a4417c9bf8434364f3bbd8d87c4445168d86213736f88a
[INFO] running `Command { std: "docker" "create" "-v" "/var/lib/crater-agent-workspace/builds/worker-4-tc1/target:/opt/rustwide/target:rw,Z" "-v" "/var/lib/crater-agent-workspace/builds/worker-4-tc1/source:/opt/rustwide/workdir:ro,Z" "-v" "/var/lib/crater-agent-workspace/cargo-home:/opt/rustwide/cargo-home:ro,Z" "-v" "/var/lib/crater-agent-workspace/rustup-home:/opt/rustwide/rustup-home:ro,Z" "-e" "SOURCE_DIR=/opt/rustwide/workdir" "-e" "CARGO_TARGET_DIR=/opt/rustwide/target" "-e" "CARGO_INCREMENTAL=0" "-e" "RUST_BACKTRACE=full" "-e" "RUSTFLAGS=--cap-lints=warn" "-e" "RUSTDOCFLAGS=--cap-lints=warn" "-e" "CARGO_HOME=/opt/rustwide/cargo-home" "-e" "RUSTUP_HOME=/opt/rustwide/rustup-home" "-w" "/opt/rustwide/workdir" "-m" "1610612736" "--user" "0:0" "--network" "none" "ghcr.io/rust-lang/crates-build-env/linux@sha256:f3a9d4ad9d972b27faf3965f35b62e55ba32bbce8f20bc8fe909558a86702fde" "/opt/rustwide/cargo-home/bin/cargo" "+1.83.0" "test" "--frozen", kill_on_drop: false }`
[INFO] [stdout] 6ee3a9575092db3bdef2aaef6cc79a5beb5ddee4500cea8444d3458c23380eca
[INFO] running `Command { std: "docker" "start" "-a" "6ee3a9575092db3bdef2aaef6cc79a5beb5ddee4500cea8444d3458c23380eca", kill_on_drop: false }`
[INFO] [stderr] warning: elided lifetime has a name
[INFO] [stderr]     --> src/css_parser.rs:1306:26
[INFO] [stderr]      |
[INFO] [stderr] 1305 | pub fn parse_layout_padding<'a>(input: &'a str)
[INFO] [stderr]      |                             -- lifetime `'a` declared here
[INFO] [stderr] 1306 | -> Result<LayoutPadding, LayoutPaddingParseError>
[INFO] [stderr]      |                          ^^^^^^^^^^^^^^^^^^^^^^^ this elided lifetime gets resolved as `'a`
[INFO] [stderr]      |
[INFO] [stderr]      = note: `#[warn(elided_named_lifetimes)]` on by default
[INFO] [stderr] 
[INFO] [stderr] warning: elided lifetime has a name
[INFO] [stderr]     --> src/css_parser.rs:1396:25
[INFO] [stderr]      |
[INFO] [stderr] 1395 | pub fn parse_layout_margin<'a>(input: &'a str)
[INFO] [stderr]      |                            -- lifetime `'a` declared here
[INFO] [stderr] 1396 | -> Result<LayoutMargin, LayoutMarginParseError>
[INFO] [stderr]      |                         ^^^^^^^^^^^^^^^^^^^^^^ this elided lifetime gets resolved as `'a`
[INFO] [stderr] 
[INFO] [stderr] warning: `azul-css-parser` (lib) generated 2 warnings
[INFO] [stderr] warning: `azul-css-parser` (lib test) generated 2 warnings (2 duplicates)
[INFO] [stderr]     Finished `test` profile [unoptimized + debuginfo] target(s) in 0.02s
[INFO] [stderr]      Running unittests src/lib.rs (/opt/rustwide/target/debug/deps/azul_css_parser-5e44feaf3049b8e1)
[INFO] [stdout] 
[INFO] [stdout] running 84 tests
[INFO] [stdout] test css::test_case_issue_93 ... ok
[INFO] [stdout] test css::test_css_parse_1 ... ok
[INFO] [stdout] test css::test_css_pseudo_selector_parse ... ok
[INFO] [stdout] test css::test_css_simple_selector_parse ... ok
[INFO] [stdout] test css_parser::css_tests::test_parse_background_image ... ok
[INFO] [stdout] test css_parser::css_tests::test_parse_box_shadow_1 ... ok
[INFO] [stdout] test css_parser::css_tests::test_parse_box_shadow_10 ... ok
[INFO] [stdout] test css_parser::css_tests::test_parse_box_shadow_2 ... ok
[INFO] [stdout] test css_parser::css_tests::test_parse_box_shadow_3 ... ok
[INFO] [stdout] test css_parser::css_tests::test_parse_box_shadow_4 ... ok
[INFO] [stdout] test css_parser::css_tests::test_parse_box_shadow_5 ... ok
[INFO] [stdout] test css_parser::css_tests::test_parse_box_shadow_6 ... ok
[INFO] [stdout] test css_parser::css_tests::test_parse_box_shadow_7 ... ok
[INFO] [stdout] test css_parser::css_tests::test_parse_box_shadow_8 ... ok
[INFO] [stdout] test css_parser::css_tests::test_parse_box_shadow_9 ... ok
[INFO] [stdout] test css_parser::css_tests::test_parse_css_border_1 ... ok
[INFO] [stdout] test css_parser::css_tests::test_parse_css_border_2 ... ok
[INFO] [stdout] test css_parser::css_tests::test_parse_css_border_3 ... ok
[INFO] [stdout] test css_parser::css_tests::test_parse_css_color_1 ... ok
[INFO] [stdout] test css_parser::css_tests::test_parse_css_color_10 ... ok
[INFO] [stdout] test css_parser::css_tests::test_parse_css_color_11 ... ok
[INFO] [stdout] test css_parser::css_tests::test_parse_css_color_12 ... ok
[INFO] [stdout] test css_parser::css_tests::test_parse_css_color_13 ... ok
[INFO] [stdout] test css_parser::css_tests::test_parse_css_color_14 ... ok
[INFO] [stdout] test css_parser::css_tests::test_parse_css_color_15 ... ok
[INFO] [stdout] test css_parser::css_tests::test_parse_css_color_16 ... ok
[INFO] [stdout] test css_parser::css_tests::test_parse_css_color_17 ... ok
[INFO] [stdout] test css_parser::css_tests::test_parse_css_color_18 ... ok
[INFO] [stdout] test css_parser::css_tests::test_parse_css_color_19 ... ok
[INFO] [stdout] test css_parser::css_tests::test_parse_css_color_2 ... ok
[INFO] [stdout] test css_parser::css_tests::test_parse_css_color_20 ... ok
[INFO] [stdout] test css_parser::css_tests::test_parse_css_color_21 ... ok
[INFO] [stdout] test css_parser::css_tests::test_parse_css_color_22 ... ok
[INFO] [stdout] test css_parser::css_tests::test_parse_css_color_23 ... ok
[INFO] [stdout] test css_parser::css_tests::test_parse_css_color_24 ... ok
[INFO] [stdout] test css_parser::css_tests::test_parse_css_color_25 ... ok
[INFO] [stdout] test css_parser::css_tests::test_parse_css_color_26 ... ok
[INFO] [stdout] test css_parser::css_tests::test_parse_css_color_27 ... ok
[INFO] [stdout] test css_parser::css_tests::test_parse_css_color_28 ... ok
[INFO] [stdout] test css_parser::css_tests::test_parse_css_color_29 ... ok
[INFO] [stdout] test css_parser::css_tests::test_parse_css_color_3 ... ok
[INFO] [stdout] test css_parser::css_tests::test_parse_css_color_30 ... ok
[INFO] [stdout] test css_parser::css_tests::test_parse_css_color_31 ... ok
[INFO] [stdout] test css_parser::css_tests::test_parse_css_color_32 ... ok
[INFO] [stdout] test css_parser::css_tests::test_parse_css_color_33 ... ok
[INFO] [stdout] test css_parser::css_tests::test_parse_css_color_34 ... ok
[INFO] [stdout] test css_parser::css_tests::test_parse_css_color_35 ... ok
[INFO] [stdout] test css_parser::css_tests::test_parse_css_color_36 ... ok
[INFO] [stdout] test css_parser::css_tests::test_parse_css_color_4 ... ok
[INFO] [stdout] test css_parser::css_tests::test_parse_css_color_5 ... ok
[INFO] [stdout] test css::stylesheet_parse::test_apply_css_pure_class ... ok
[INFO] [stdout] test css_parser::css_tests::test_parse_css_color_6 ... ok
[INFO] [stdout] test css_parser::css_tests::test_parse_css_color_7 ... ok
[INFO] [stdout] test css_parser::css_tests::test_parse_css_color_8 ... ok
[INFO] [stdout] test css_parser::css_tests::test_parse_css_color_9 ... ok
[INFO] [stdout] test css_parser::css_tests::test_parse_direction ... ok
[INFO] [stdout] test css_parser::css_tests::test_parse_float_value ... ok
[INFO] [stdout] test css_parser::css_tests::test_parse_linear_gradient_1 ... ok
[INFO] [stdout] test css_parser::css_tests::test_parse_linear_gradient_10 ... ok
[INFO] [stdout] test css_parser::css_tests::test_parse_linear_gradient_2 ... ok
[INFO] [stdout] test css_parser::css_tests::test_parse_linear_gradient_3 ... ok
[INFO] [stdout] test css_parser::css_tests::test_parse_linear_gradient_4 ... ok
[INFO] [stdout] test css_parser::css_tests::test_parse_linear_gradient_11 ... ok
[INFO] [stdout] test css::test_multiple_rules ... ok
[INFO] [stdout] test css_parser::css_tests::test_parse_linear_gradient_5 ... ok
[INFO] [stdout] test css_parser::css_tests::test_parse_linear_gradient_6 ... ok
[INFO] [stdout] test css_parser::css_tests::test_parse_linear_gradient_8 ... ok
[INFO] [stdout] test css_parser::css_tests::test_parse_linear_gradient_7 ... ok
[INFO] [stdout] test css_parser::css_tests::test_parse_linear_gradient_9 ... ok
[INFO] [stdout] test css_parser::css_tests::test_parse_padding_2 ... ok
[INFO] [stdout] test css_parser::css_tests::test_parse_pixel_value_2 ... ok
[INFO] [stdout] test css_parser::css_tests::test_parse_pixel_value_4 ... ok
[INFO] [stdout] test css_parser::css_tests::test_parse_padding_4 ... ok
[INFO] [stdout] test css_parser::css_tests::test_parse_style_border_radius_1 ... ok
[INFO] [stdout] test css_parser::css_tests::test_parse_radial_gradient_1 ... ok
[INFO] [stdout] test css_parser::css_tests::test_parse_style_border_radius_2 ... ok
[INFO] [stdout] test css_parser::css_tests::test_parse_style_border_radius_4 ... ok
[INFO] [stdout] test css_parser::css_tests::test_parse_pixel_value_1 ... ok
[INFO] [stdout] test css_parser::css_tests::test_parse_style_font_family_1 ... ok
[INFO] [stdout] test css_parser::css_tests::test_parse_style_border_radius_3 ... ok
[INFO] [stdout] test css_parser::css_tests::test_parse_padding_1 ... ok
[INFO] [stdout] test css_parser::css_tests::test_parse_padding_3 ... ok
[INFO] [stdout] test css_parser::css_tests::test_parse_style_font_family_2 ... ok
[INFO] [stdout] test css_parser::css_tests::test_parse_pixel_value_3 ... ok
[INFO] [stdout] 
[INFO] [stdout] test result: ok. 84 passed; 0 failed; 0 ignored; 0 measured; 0 filtered out; finished in 0.04s
[INFO] [stdout] 
[INFO] [stderr]    Doc-tests azul_css_parser
[INFO] [stdout] 
[INFO] [stdout] running 55 tests
[INFO] [stdout] test src/css.rs - css::parse_css_variable_brace_contents (line 681) ... ignored
[INFO] [stdout] test src/css_parser.rs - css_parser::parse_layout_align_items (line 40) ... ok
[INFO] [stdout] test src/css_parser.rs - css_parser::parse_direction (line 2076) ... ok
[INFO] [stdout] test src/css_parser.rs - css_parser::parse_layout_align_content (line 40) ... ok
[INFO] [stdout] test src/css_parser.rs - css_parser::parse_layout_bottom (line 82) ... ok
[INFO] [stdout] test src/css_parser.rs - css_parser::parse_layout_direction (line 40) ... ok
[INFO] [stdout] test src/css.rs - css::parse_css_path (line 327) ... ok
[INFO] [stdout] test src/css_parser.rs - css_parser::parse_layout_box_sizing (line 40) ... ok
[INFO] [stdout] test src/css_parser.rs - css_parser::parse_css_property (line 106) ... ok
[INFO] [stdout] test src/css_parser.rs - css_parser::parse_combined_css_property (line 210) ... ok
[INFO] [stdout] test src/css_parser.rs - css_parser::parse_layout_display (line 40) ... ok
[INFO] [stdout] test src/css_parser.rs - css_parser::parse_layout_margin_bottom (line 82) ... ok
[INFO] [stdout] test src/css_parser.rs - css_parser::parse_layout_height (line 82) ... ok
[INFO] [stdout] test src/css_parser.rs - css_parser::parse_layout_float (line 40) ... ok
[INFO] [stdout] test src/css_parser.rs - css_parser::parse_layout_justify_content (line 40) ... ok
[INFO] [stdout] test src/css_parser.rs - css_parser::parse_layout_margin_right (line 82) ... ok
[INFO] [stdout] test src/css_parser.rs - css_parser::parse_layout_left (line 82) ... ok
[INFO] [stdout] test src/css_parser.rs - css_parser::parse_layout_margin_left (line 82) ... ok
[INFO] [stdout] test src/css_parser.rs - css_parser::parse_layout_margin_top (line 82) ... ok
[INFO] [stdout] test src/css_parser.rs - css_parser::parse_layout_min_height (line 82) ... ok
[INFO] [stdout] test src/css_parser.rs - css_parser::parse_layout_max_width (line 82) ... ok
[INFO] [stdout] test src/css_parser.rs - css_parser::parse_layout_max_height (line 82) ... ok
[INFO] [stdout] test src/css_parser.rs - css_parser::parse_layout_min_width (line 82) ... ok
[INFO] [stdout] test src/css_parser.rs - css_parser::parse_layout_overflow (line 40) ... ok
[INFO] [stdout] test src/css_parser.rs - css_parser::parse_layout_padding_bottom (line 82) ... ok
[INFO] [stdout] test src/css_parser.rs - css_parser::parse_layout_padding_left (line 82) ... ok
[INFO] [stdout] test src/css_parser.rs - css_parser::parse_layout_position (line 40) ... ok
[INFO] [stdout] test src/css_parser.rs - css_parser::parse_layout_padding_right (line 82) ... ok
[INFO] [stdout] test src/css_parser.rs - css_parser::parse_layout_right (line 82) ... ok
[INFO] [stdout] test src/css_parser.rs - css_parser::parse_layout_padding_top (line 82) ... ok
[INFO] [stdout] test src/css_parser.rs - css_parser::parse_layout_width (line 82) ... ok
[INFO] [stdout] test src/css_parser.rs - css_parser::parse_parentheses (line 2338) ... ok
[INFO] [stdout] test src/css_parser.rs - css_parser::parse_layout_wrap (line 40) ... ok
[INFO] [stdout] test src/css_parser.rs - css_parser::parse_layout_top (line 82) ... ok
[INFO] [stdout] test src/css_parser.rs - css_parser::parse_layout_text_align (line 40) ... ok
[INFO] [stdout] test src/css_parser.rs - css_parser::parse_shape (line 40) ... ok
[INFO] [stdout] test src/css_parser.rs - css_parser::parse_style_background_size (line 40) ... ok
[INFO] [stdout] test src/css_parser.rs - css_parser::parse_style_background_repeat (line 40) ... ok
[INFO] [stdout] test src/css_parser.rs - css_parser::parse_style_border_bottom_left_radius (line 82) ... ok
[INFO] [stdout] test src/css_parser.rs - css_parser::parse_style_border_right_width (line 82) ... ok
[INFO] [stdout] test src/css_parser.rs - css_parser::parse_style_border_left_width (line 82) ... ok
[INFO] [stdout] test src/css_parser.rs - css_parser::parse_style_border_top_left_radius (line 82) ... ok
[INFO] [stdout] test src/css_parser.rs - css_parser::parse_style_border_bottom_right_radius (line 82) ... ok
[INFO] [stdout] test src/css_parser.rs - css_parser::parse_style_border_bottom_width (line 82) ... ok
[INFO] [stdout] test src/css_parser.rs - css_parser::parse_style_border_style (line 40) ... ok
[INFO] [stdout] test src/css_parser.rs - css_parser::parse_style_border_top_right_radius (line 82) ... ok
[INFO] [stdout] test src/macros.rs - macros::impl_display (line 4) ... FAILED
[INFO] [stdout] test src/css_parser.rs - css_parser::parse_style_font_size (line 82) ... ok
[INFO] [stdout] test src/macros.rs - macros::impl_from (line 76) ... FAILED
[INFO] [stdout] test src/css_parser.rs - css_parser::parse_style_border_top_width (line 82) ... ok
[INFO] [stdout] test src/css_parser.rs - css_parser::parse_style_cursor (line 40) ... ok
[INFO] [stdout] test src/css_parser.rs - css_parser::parse_style_letter_spacing (line 82) ... ok
[INFO] [stdout] test src/css_parser.rs - css_parser::strip_quotes (line 1947) ... ok
[INFO] [stdout] test src/css_parser.rs - css_parser::parse_style_word_spacing (line 82) ... ok
[INFO] [stdout] test src/css_parser.rs - css_parser::parse_style_font_family (line 2284) ... ok
[INFO] [stdout] 
[INFO] [stdout] failures:
[INFO] [stdout] 
[INFO] [stdout] ---- src/macros.rs - macros::impl_display (line 4) stdout ----
[INFO] [stdout] error: expected one of `,`, `=`, or `}`, found `Baz`
[INFO] [stdout]  --> src/macros.rs:7:5
[INFO] [stdout]   |
[INFO] [stdout] 4 |     Bar(&'a str)
[INFO] [stdout]   |                 -
[INFO] [stdout]   |                 |
[INFO] [stdout]   |                 expected one of `,`, `=`, or `}`
[INFO] [stdout]   |                 help: missing `,`
[INFO] [stdout] 5 |     Baz(i32)
[INFO] [stdout]   |     ^^^ unexpected token
[INFO] [stdout] 
[INFO] [stdout] error: cannot find macro `impl_display` in this scope
[INFO] [stdout]  --> src/macros.rs:10:1
[INFO] [stdout]   |
[INFO] [stdout] 8 | impl_display!{ Foo<'a>, {
[INFO] [stdout]   | ^^^^^^^^^^^^
[INFO] [stdout] 
[INFO] [stdout] error: aborting due to 2 previous errors
[INFO] [stdout] 
[INFO] [stdout] Couldn't compile the test.
[INFO] [stdout] ---- src/macros.rs - macros::impl_from (line 76) stdout ----
[INFO] [stdout] error: expected one of `,`, `=`, or `}`, found `Foo`
[INFO] [stdout]  --> src/macros.rs:79:5
[INFO] [stdout]   |
[INFO] [stdout] 4 |     Bar(BarError<'a>)
[INFO] [stdout]   |                      -
[INFO] [stdout]   |                      |
[INFO] [stdout]   |                      expected one of `,`, `=`, or `}`
[INFO] [stdout]   |                      help: missing `,`
[INFO] [stdout] 5 |     Foo(FooError<'a>)
[INFO] [stdout]   |     ^^^ unexpected token
[INFO] [stdout] 
[INFO] [stdout] error: cannot find macro `impl_from` in this scope
[INFO] [stdout]  --> src/macros.rs:83:1
[INFO] [stdout]   |
[INFO] [stdout] 9 | impl_from!(BarError<'a>, Error::Bar);
[INFO] [stdout]   | ^^^^^^^^^
[INFO] [stdout] 
[INFO] [stdout] error: cannot find macro `impl_from` in this scope
[INFO] [stdout]  --> src/macros.rs:82:1
[INFO] [stdout]   |
[INFO] [stdout] 8 | impl_from!(BarError<'a>, Error::Bar);
[INFO] [stdout]   | ^^^^^^^^^
[INFO] [stdout] 
[INFO] [stdout] error[E0412]: cannot find type `BarError` in this scope
[INFO] [stdout]  --> src/macros.rs:78:9
[INFO] [stdout]   |
[INFO] [stdout] 4 |     Bar(BarError<'a>)
[INFO] [stdout]   |         ^^^^^^^^ not found in this scope
[INFO] [stdout] 
[INFO] [stdout] error[E0412]: cannot find type `FooError` in this scope
[INFO] [stdout]  --> src/macros.rs:79:9
[INFO] [stdout]   |
[INFO] [stdout] 5 |     Foo(FooError<'a>)
[INFO] [stdout]   |         ^^^^^^^^ not found in this scope
[INFO] [stdout] 
[INFO] [stdout] error: aborting due to 5 previous errors
[INFO] [stdout] 
[INFO] [stdout] For more information about this error, try `rustc --explain E0412`.
[INFO] [stdout] Couldn't compile the test.
[INFO] [stdout] 
[INFO] [stdout] failures:
[INFO] [stdout]     src/macros.rs - macros::impl_display (line 4)
[INFO] [stdout]     src/macros.rs - macros::impl_from (line 76)
[INFO] [stdout] 
[INFO] [stdout] test result: FAILED. 52 passed; 2 failed; 1 ignored; 0 measured; 0 filtered out; finished in 17.40s
[INFO] [stdout] 
[INFO] [stderr] error: doctest failed, to rerun pass `--doc`
[INFO] running `Command { std: "docker" "inspect" "6ee3a9575092db3bdef2aaef6cc79a5beb5ddee4500cea8444d3458c23380eca", kill_on_drop: false }`
[INFO] running `Command { std: "docker" "rm" "-f" "6ee3a9575092db3bdef2aaef6cc79a5beb5ddee4500cea8444d3458c23380eca", kill_on_drop: false }`
[INFO] [stdout] 6ee3a9575092db3bdef2aaef6cc79a5beb5ddee4500cea8444d3458c23380eca
