[INFO] fetching crate aych-delay 0.1.1...
[INFO] testing aych-delay-0.1.1 against 1.83.0 for beta-1.84.0-4-retry
[INFO] extracting crate aych-delay 0.1.1 into /workspace/builds/worker-0-tc1/source
[INFO] validating manifest of crates.io crate aych-delay 0.1.1 on toolchain 1.83.0
[INFO] running `Command { std: CARGO_HOME="/workspace/cargo-home" RUSTUP_HOME="/workspace/rustup-home" "/workspace/cargo-home/bin/cargo" "+1.83.0" "metadata" "--manifest-path" "Cargo.toml" "--no-deps", kill_on_drop: false }`
[INFO] started tweaking crates.io crate aych-delay 0.1.1
[INFO] finished tweaking crates.io crate aych-delay 0.1.1
[INFO] tweaked toml for crates.io crate aych-delay 0.1.1 written to /workspace/builds/worker-0-tc1/source/Cargo.toml
[INFO] crate crates.io crate aych-delay 0.1.1 already has a lockfile, it will not be regenerated
[INFO] running `Command { std: CARGO_HOME="/workspace/cargo-home" RUSTUP_HOME="/workspace/rustup-home" "/workspace/cargo-home/bin/cargo" "+1.83.0" "fetch" "--manifest-path" "Cargo.toml", kill_on_drop: false }`
[INFO] running `Command { std: "docker" "create" "-v" "/var/lib/crater-agent-workspace/builds/worker-0-tc1/target:/opt/rustwide/target:rw,Z" "-v" "/var/lib/crater-agent-workspace/builds/worker-0-tc1/source:/opt/rustwide/workdir:ro,Z" "-v" "/var/lib/crater-agent-workspace/cargo-home:/opt/rustwide/cargo-home:ro,Z" "-v" "/var/lib/crater-agent-workspace/rustup-home:/opt/rustwide/rustup-home:ro,Z" "-e" "SOURCE_DIR=/opt/rustwide/workdir" "-e" "CARGO_TARGET_DIR=/opt/rustwide/target" "-e" "CARGO_HOME=/opt/rustwide/cargo-home" "-e" "RUSTUP_HOME=/opt/rustwide/rustup-home" "-w" "/opt/rustwide/workdir" "-m" "1610612736" "--user" "0:0" "--network" "none" "ghcr.io/rust-lang/crates-build-env/linux@sha256:f3a9d4ad9d972b27faf3965f35b62e55ba32bbce8f20bc8fe909558a86702fde" "/opt/rustwide/cargo-home/bin/cargo" "+1.83.0" "metadata" "--no-deps" "--format-version=1", kill_on_drop: false }`
[INFO] [stdout] 97e58254498643bb3143811f59896efcda5d799dabcf088f24463608d2a4eb17
[INFO] running `Command { std: "docker" "start" "-a" "97e58254498643bb3143811f59896efcda5d799dabcf088f24463608d2a4eb17", kill_on_drop: false }`
[INFO] running `Command { std: "docker" "inspect" "97e58254498643bb3143811f59896efcda5d799dabcf088f24463608d2a4eb17", kill_on_drop: false }`
[INFO] running `Command { std: "docker" "rm" "-f" "97e58254498643bb3143811f59896efcda5d799dabcf088f24463608d2a4eb17", kill_on_drop: false }`
[INFO] [stdout] 97e58254498643bb3143811f59896efcda5d799dabcf088f24463608d2a4eb17
[INFO] running `Command { std: "docker" "create" "-v" "/var/lib/crater-agent-workspace/builds/worker-0-tc1/target:/opt/rustwide/target:rw,Z" "-v" "/var/lib/crater-agent-workspace/builds/worker-0-tc1/source:/opt/rustwide/workdir:ro,Z" "-v" "/var/lib/crater-agent-workspace/cargo-home:/opt/rustwide/cargo-home:ro,Z" "-v" "/var/lib/crater-agent-workspace/rustup-home:/opt/rustwide/rustup-home:ro,Z" "-e" "SOURCE_DIR=/opt/rustwide/workdir" "-e" "CARGO_TARGET_DIR=/opt/rustwide/target" "-e" "CARGO_INCREMENTAL=0" "-e" "RUST_BACKTRACE=full" "-e" "RUSTFLAGS=--cap-lints=warn" "-e" "RUSTDOCFLAGS=--cap-lints=warn" "-e" "CARGO_HOME=/opt/rustwide/cargo-home" "-e" "RUSTUP_HOME=/opt/rustwide/rustup-home" "-w" "/opt/rustwide/workdir" "-m" "1610612736" "--user" "0:0" "--network" "none" "ghcr.io/rust-lang/crates-build-env/linux@sha256:f3a9d4ad9d972b27faf3965f35b62e55ba32bbce8f20bc8fe909558a86702fde" "/opt/rustwide/cargo-home/bin/cargo" "+1.83.0" "build" "--frozen" "--message-format=json", kill_on_drop: false }`
[INFO] [stdout] 99336dd3b74c0c5d3499e55c1339bbca1ff00bf67811d682201bb21f927b1734
[INFO] running `Command { std: "docker" "start" "-a" "99336dd3b74c0c5d3499e55c1339bbca1ff00bf67811d682201bb21f927b1734", kill_on_drop: false }`
[INFO] [stderr]    Compiling aych-delay v0.1.1 (/opt/rustwide/workdir)
[INFO] [stdout] warning: unused import: `TPTOnePole`
[INFO] [stdout]  --> src/filters/mod.rs:3:22
[INFO] [stdout]   |
[INFO] [stdout] 3 | pub use tptonepole::{TPTOnePole, TPTOnePoleStereo};
[INFO] [stdout]   |                      ^^^^^^^^^^
[INFO] [stdout]   |
[INFO] [stdout]   = note: `#[warn(unused_imports)]` on by default
[INFO] [stdout] 
[INFO] [stdout] 
[INFO] [stderr]     Finished `dev` profile [unoptimized + debuginfo] target(s) in 0.44s
[INFO] running `Command { std: "docker" "inspect" "99336dd3b74c0c5d3499e55c1339bbca1ff00bf67811d682201bb21f927b1734", kill_on_drop: false }`
[INFO] running `Command { std: "docker" "rm" "-f" "99336dd3b74c0c5d3499e55c1339bbca1ff00bf67811d682201bb21f927b1734", kill_on_drop: false }`
[INFO] [stdout] 99336dd3b74c0c5d3499e55c1339bbca1ff00bf67811d682201bb21f927b1734
[INFO] running `Command { std: "docker" "create" "-v" "/var/lib/crater-agent-workspace/builds/worker-0-tc1/target:/opt/rustwide/target:rw,Z" "-v" "/var/lib/crater-agent-workspace/builds/worker-0-tc1/source:/opt/rustwide/workdir:ro,Z" "-v" "/var/lib/crater-agent-workspace/cargo-home:/opt/rustwide/cargo-home:ro,Z" "-v" "/var/lib/crater-agent-workspace/rustup-home:/opt/rustwide/rustup-home:ro,Z" "-e" "SOURCE_DIR=/opt/rustwide/workdir" "-e" "CARGO_TARGET_DIR=/opt/rustwide/target" "-e" "CARGO_INCREMENTAL=0" "-e" "RUST_BACKTRACE=full" "-e" "RUSTFLAGS=--cap-lints=warn" "-e" "RUSTDOCFLAGS=--cap-lints=warn" "-e" "CARGO_HOME=/opt/rustwide/cargo-home" "-e" "RUSTUP_HOME=/opt/rustwide/rustup-home" "-w" "/opt/rustwide/workdir" "-m" "1610612736" "--user" "0:0" "--network" "none" "ghcr.io/rust-lang/crates-build-env/linux@sha256:f3a9d4ad9d972b27faf3965f35b62e55ba32bbce8f20bc8fe909558a86702fde" "/opt/rustwide/cargo-home/bin/cargo" "+1.83.0" "test" "--frozen" "--no-run" "--message-format=json", kill_on_drop: false }`
[INFO] [stdout] 4e045be164b4cd0750764a289af97030a256d7f67bd5c60aff4f38f144c4c1b3
[INFO] running `Command { std: "docker" "start" "-a" "4e045be164b4cd0750764a289af97030a256d7f67bd5c60aff4f38f144c4c1b3", kill_on_drop: false }`
[INFO] [stderr]    Compiling libc v0.2.138
[INFO] [stderr]    Compiling autocfg v1.1.0
[INFO] [stderr]    Compiling proc-macro2 v1.0.49
[INFO] [stderr]    Compiling quote v1.0.23
[INFO] [stderr]    Compiling unicode-ident v1.0.6
[INFO] [stderr]    Compiling syn v1.0.107
[INFO] [stderr]    Compiling pkg-config v0.3.26
[INFO] [stderr]    Compiling cfg-if v1.0.0
[INFO] [stderr]    Compiling thiserror v1.0.38
[INFO] [stderr]    Compiling cc v1.0.78
[INFO] [stderr]    Compiling parking_lot_core v0.9.5
[INFO] [stderr]    Compiling bitflags v1.3.2
[INFO] [stderr]    Compiling memoffset v0.6.5
[INFO] [stderr]    Compiling lock_api v0.4.9
[INFO] [stderr]    Compiling alsa-sys v0.3.1
[INFO] [stderr]    Compiling smallvec v1.10.0
[INFO] [stderr]    Compiling scopeguard v1.1.0
[INFO] [stderr]    Compiling cpal v0.14.2
[INFO] [stderr]    Compiling tinyvec_macros v0.1.0
[INFO] [stderr]    Compiling byteorder v1.4.3
[INFO] [stderr]    Compiling tinyvec v1.6.0
[INFO] [stderr]    Compiling claxon v0.4.3
[INFO] [stderr]    Compiling hound v3.5.0
[INFO] [stderr]    Compiling minimp3-sys v0.3.2
[INFO] [stderr]    Compiling ogg v0.8.0
[INFO] [stdout] warning: unused import: `TPTOnePole`
[INFO] [stdout]  --> src/filters/mod.rs:3:22
[INFO] [stdout]   |
[INFO] [stdout] 3 | pub use tptonepole::{TPTOnePole, TPTOnePoleStereo};
[INFO] [stdout]   |                      ^^^^^^^^^^
[INFO] [stdout]   |
[INFO] [stdout]   = note: `#[warn(unused_imports)]` on by default
[INFO] [stdout] 
[INFO] [stdout] 
[INFO] [stderr]    Compiling lewton v0.10.2
[INFO] [stderr]    Compiling nix v0.23.2
[INFO] [stderr]    Compiling slice-deque v0.3.0
[INFO] [stderr]    Compiling parking_lot v0.12.1
[INFO] [stderr]    Compiling thiserror-impl v1.0.38
[INFO] [stderr]    Compiling minimp3 v0.5.1
[INFO] [stderr]    Compiling alsa v0.6.0
[INFO] [stderr]    Compiling rodio v0.16.0
[INFO] [stderr]    Compiling aych-delay v0.1.1 (/opt/rustwide/workdir)
[INFO] [stdout] warning: unused import: `TPTOnePole`
[INFO] [stdout]  --> src/filters/mod.rs:3:22
[INFO] [stdout]   |
[INFO] [stdout] 3 | pub use tptonepole::{TPTOnePole, TPTOnePoleStereo};
[INFO] [stdout]   |                      ^^^^^^^^^^
[INFO] [stdout]   |
[INFO] [stdout]   = note: `#[warn(unused_imports)]` on by default
[INFO] [stdout] 
[INFO] [stdout] 
[INFO] [stderr]     Finished `test` profile [unoptimized + debuginfo] target(s) in 24.12s
[INFO] running `Command { std: "docker" "inspect" "4e045be164b4cd0750764a289af97030a256d7f67bd5c60aff4f38f144c4c1b3", kill_on_drop: false }`
[INFO] running `Command { std: "docker" "rm" "-f" "4e045be164b4cd0750764a289af97030a256d7f67bd5c60aff4f38f144c4c1b3", kill_on_drop: false }`
[INFO] [stdout] 4e045be164b4cd0750764a289af97030a256d7f67bd5c60aff4f38f144c4c1b3
[INFO] running `Command { std: "docker" "create" "-v" "/var/lib/crater-agent-workspace/builds/worker-0-tc1/target:/opt/rustwide/target:rw,Z" "-v" "/var/lib/crater-agent-workspace/builds/worker-0-tc1/source:/opt/rustwide/workdir:ro,Z" "-v" "/var/lib/crater-agent-workspace/cargo-home:/opt/rustwide/cargo-home:ro,Z" "-v" "/var/lib/crater-agent-workspace/rustup-home:/opt/rustwide/rustup-home:ro,Z" "-e" "SOURCE_DIR=/opt/rustwide/workdir" "-e" "CARGO_TARGET_DIR=/opt/rustwide/target" "-e" "CARGO_INCREMENTAL=0" "-e" "RUST_BACKTRACE=full" "-e" "RUSTFLAGS=--cap-lints=warn" "-e" "RUSTDOCFLAGS=--cap-lints=warn" "-e" "CARGO_HOME=/opt/rustwide/cargo-home" "-e" "RUSTUP_HOME=/opt/rustwide/rustup-home" "-w" "/opt/rustwide/workdir" "-m" "1610612736" "--user" "0:0" "--network" "none" "ghcr.io/rust-lang/crates-build-env/linux@sha256:f3a9d4ad9d972b27faf3965f35b62e55ba32bbce8f20bc8fe909558a86702fde" "/opt/rustwide/cargo-home/bin/cargo" "+1.83.0" "test" "--frozen", kill_on_drop: false }`
[INFO] [stdout] c60bca47b1414b263535d53c18c1e236405bfea3a0a89670c5401c2109d5aa72
[INFO] running `Command { std: "docker" "start" "-a" "c60bca47b1414b263535d53c18c1e236405bfea3a0a89670c5401c2109d5aa72", kill_on_drop: false }`
[INFO] [stderr] warning: unused import: `TPTOnePole`
[INFO] [stderr]  --> src/filters/mod.rs:3:22
[INFO] [stderr]   |
[INFO] [stderr] 3 | pub use tptonepole::{TPTOnePole, TPTOnePoleStereo};
[INFO] [stderr]   |                      ^^^^^^^^^^
[INFO] [stderr]   |
[INFO] [stderr]   = note: `#[warn(unused_imports)]` on by default
[INFO] [stderr] 
[INFO] [stderr] warning: `aych-delay` (lib) generated 1 warning (run `cargo fix --lib -p aych-delay` to apply 1 suggestion)
[INFO] [stderr] warning: `aych-delay` (lib test) generated 1 warning (1 duplicate)
[INFO] [stderr]     Finished `test` profile [unoptimized + debuginfo] target(s) in 0.14s
[INFO] [stderr]      Running unittests src/lib.rs (/opt/rustwide/target/debug/deps/aych_delay-2b81f8fe221a9ffe)
[INFO] [stdout] 
[INFO] [stdout] running 0 tests
[INFO] [stdout] 
[INFO] [stdout] test result: ok. 0 passed; 0 failed; 0 ignored; 0 measured; 0 filtered out; finished in 0.00s
[INFO] [stdout] 
[INFO] [stderr]    Doc-tests aych_delay
[INFO] [stdout] 
[INFO] [stdout] running 1 test
[INFO] [stdout] test src/lib.rs - (line 7) ... FAILED
[INFO] [stdout] 
[INFO] [stdout] failures:
[INFO] [stdout] 
[INFO] [stdout] ---- src/lib.rs - (line 7) stdout ----
[INFO] [stdout] error: unexpected token: `...`
[INFO] [stdout]   --> src/lib.rs:17:18
[INFO] [stdout]    |
[INFO] [stdout] 13 | let input = vec![...];
[INFO] [stdout]    |                  ^^^
[INFO] [stdout]    |
[INFO] [stdout] help: use `..` for an exclusive range
[INFO] [stdout]    |
[INFO] [stdout] 13 | let input = vec![..];
[INFO] [stdout]    |                  ~~
[INFO] [stdout] help: or `..=` for an inclusive range
[INFO] [stdout]    |
[INFO] [stdout] 13 | let input = vec![..=];
[INFO] [stdout]    |                  ~~~
[INFO] [stdout] 
[INFO] [stdout] error[E0586]: inclusive range with no end
[INFO] [stdout]   --> src/lib.rs:17:18
[INFO] [stdout]    |
[INFO] [stdout] 13 | let input = vec![...];
[INFO] [stdout]    |                  ^^^
[INFO] [stdout]    |
[INFO] [stdout]    = note: inclusive ranges must be bounded at the end (`..=b` or `a..=b`)
[INFO] [stdout] help: use `..` instead
[INFO] [stdout]    |
[INFO] [stdout] 13 - let input = vec![...];
[INFO] [stdout] 13 + let input = vec![..];
[INFO] [stdout]    |
[INFO] [stdout] 
[INFO] [stdout] error: aborting due to 2 previous errors
[INFO] [stdout] 
[INFO] [stdout] For more information about this error, try `rustc --explain E0586`.
[INFO] [stdout] Couldn't compile the test.
[INFO] [stdout] 
[INFO] [stdout] failures:
[INFO] [stdout]     src/lib.rs - (line 7)
[INFO] [stdout] 
[INFO] [stdout] test result: FAILED. 0 passed; 1 failed; 0 ignored; 0 measured; 0 filtered out; finished in 0.17s
[INFO] [stdout] 
[INFO] [stderr] error: doctest failed, to rerun pass `--doc`
[INFO] running `Command { std: "docker" "inspect" "c60bca47b1414b263535d53c18c1e236405bfea3a0a89670c5401c2109d5aa72", kill_on_drop: false }`
[INFO] running `Command { std: "docker" "rm" "-f" "c60bca47b1414b263535d53c18c1e236405bfea3a0a89670c5401c2109d5aa72", kill_on_drop: false }`
[INFO] [stdout] c60bca47b1414b263535d53c18c1e236405bfea3a0a89670c5401c2109d5aa72
