[INFO] fetching crate axum-ycrdt-websocket 0.1.0...
[INFO] testing axum-ycrdt-websocket-0.1.0 against 1.83.0 for beta-1.84.0-4-retry
[INFO] extracting crate axum-ycrdt-websocket 0.1.0 into /workspace/builds/worker-0-tc1/source
[INFO] validating manifest of crates.io crate axum-ycrdt-websocket 0.1.0 on toolchain 1.83.0
[INFO] running `Command { std: CARGO_HOME="/workspace/cargo-home" RUSTUP_HOME="/workspace/rustup-home" "/workspace/cargo-home/bin/cargo" "+1.83.0" "metadata" "--manifest-path" "Cargo.toml" "--no-deps", kill_on_drop: false }`
[INFO] started tweaking crates.io crate axum-ycrdt-websocket 0.1.0
[INFO] finished tweaking crates.io crate axum-ycrdt-websocket 0.1.0
[INFO] tweaked toml for crates.io crate axum-ycrdt-websocket 0.1.0 written to /workspace/builds/worker-0-tc1/source/Cargo.toml
[INFO] crate crates.io crate axum-ycrdt-websocket 0.1.0 already has a lockfile, it will not be regenerated
[INFO] running `Command { std: CARGO_HOME="/workspace/cargo-home" RUSTUP_HOME="/workspace/rustup-home" "/workspace/cargo-home/bin/cargo" "+1.83.0" "fetch" "--manifest-path" "Cargo.toml", kill_on_drop: false }`
[INFO] [stderr]     Updating crates.io index
[INFO] [stderr]  Downloading crates ...
[INFO] [stderr]   Downloaded smallstr v0.3.0
[INFO] [stderr]   Downloaded yrs v0.18.8
[INFO] running `Command { std: "docker" "create" "-v" "/var/lib/crater-agent-workspace/builds/worker-0-tc1/target:/opt/rustwide/target:rw,Z" "-v" "/var/lib/crater-agent-workspace/builds/worker-0-tc1/source:/opt/rustwide/workdir:ro,Z" "-v" "/var/lib/crater-agent-workspace/cargo-home:/opt/rustwide/cargo-home:ro,Z" "-v" "/var/lib/crater-agent-workspace/rustup-home:/opt/rustwide/rustup-home:ro,Z" "-e" "SOURCE_DIR=/opt/rustwide/workdir" "-e" "CARGO_TARGET_DIR=/opt/rustwide/target" "-e" "CARGO_HOME=/opt/rustwide/cargo-home" "-e" "RUSTUP_HOME=/opt/rustwide/rustup-home" "-w" "/opt/rustwide/workdir" "-m" "1610612736" "--user" "0:0" "--network" "none" "ghcr.io/rust-lang/crates-build-env/linux@sha256:f3a9d4ad9d972b27faf3965f35b62e55ba32bbce8f20bc8fe909558a86702fde" "/opt/rustwide/cargo-home/bin/cargo" "+1.83.0" "metadata" "--no-deps" "--format-version=1", kill_on_drop: false }`
[INFO] [stdout] 282fde94112ca7a8f651ea8715520e663ea48c27cbb1b559743aeaec4e61798b
[INFO] running `Command { std: "docker" "start" "-a" "282fde94112ca7a8f651ea8715520e663ea48c27cbb1b559743aeaec4e61798b", kill_on_drop: false }`
[INFO] running `Command { std: "docker" "inspect" "282fde94112ca7a8f651ea8715520e663ea48c27cbb1b559743aeaec4e61798b", kill_on_drop: false }`
[INFO] running `Command { std: "docker" "rm" "-f" "282fde94112ca7a8f651ea8715520e663ea48c27cbb1b559743aeaec4e61798b", kill_on_drop: false }`
[INFO] [stdout] 282fde94112ca7a8f651ea8715520e663ea48c27cbb1b559743aeaec4e61798b
[INFO] running `Command { std: "docker" "create" "-v" "/var/lib/crater-agent-workspace/builds/worker-0-tc1/target:/opt/rustwide/target:rw,Z" "-v" "/var/lib/crater-agent-workspace/builds/worker-0-tc1/source:/opt/rustwide/workdir:ro,Z" "-v" "/var/lib/crater-agent-workspace/cargo-home:/opt/rustwide/cargo-home:ro,Z" "-v" "/var/lib/crater-agent-workspace/rustup-home:/opt/rustwide/rustup-home:ro,Z" "-e" "SOURCE_DIR=/opt/rustwide/workdir" "-e" "CARGO_TARGET_DIR=/opt/rustwide/target" "-e" "CARGO_INCREMENTAL=0" "-e" "RUST_BACKTRACE=full" "-e" "RUSTFLAGS=--cap-lints=warn" "-e" "RUSTDOCFLAGS=--cap-lints=warn" "-e" "CARGO_HOME=/opt/rustwide/cargo-home" "-e" "RUSTUP_HOME=/opt/rustwide/rustup-home" "-w" "/opt/rustwide/workdir" "-m" "1610612736" "--user" "0:0" "--network" "none" "ghcr.io/rust-lang/crates-build-env/linux@sha256:f3a9d4ad9d972b27faf3965f35b62e55ba32bbce8f20bc8fe909558a86702fde" "/opt/rustwide/cargo-home/bin/cargo" "+1.83.0" "build" "--frozen" "--message-format=json", kill_on_drop: false }`
[INFO] [stdout] 3ef8463a5736428ab6a5719eaa4881a30fc9ece540b05a1acf1c2bab0697e261
[INFO] running `Command { std: "docker" "start" "-a" "3ef8463a5736428ab6a5719eaa4881a30fc9ece540b05a1acf1c2bab0697e261", kill_on_drop: false }`
[INFO] [stderr]    Compiling proc-macro2 v1.0.86
[INFO] [stderr]    Compiling unicode-ident v1.0.12
[INFO] [stderr]    Compiling libc v0.2.155
[INFO] [stderr]    Compiling version_check v0.9.4
[INFO] [stderr]    Compiling itoa v1.0.11
[INFO] [stderr]    Compiling bytes v1.6.0
[INFO] [stderr]    Compiling autocfg v1.3.0
[INFO] [stderr]    Compiling pin-project-lite v0.2.14
[INFO] [stderr]    Compiling futures-core v0.3.30
[INFO] [stderr]    Compiling futures-sink v0.3.30
[INFO] [stderr]    Compiling typenum v1.17.0
[INFO] [stderr]    Compiling fnv v1.0.7
[INFO] [stderr]    Compiling pin-utils v0.1.0
[INFO] [stderr]    Compiling futures-task v0.3.30
[INFO] [stderr]    Compiling cfg-if v1.0.0
[INFO] [stderr]    Compiling rustversion v1.0.17
[INFO] [stderr]    Compiling generic-array v0.14.7
[INFO] [stderr]    Compiling slab v0.4.9
[INFO] [stderr]    Compiling serde v1.0.203
[INFO] [stderr]    Compiling tinyvec_macros v0.1.1
[INFO] [stderr]    Compiling http v1.1.0
[INFO] [stderr]    Compiling percent-encoding v2.3.1
[INFO] [stderr]    Compiling log v0.4.22
[INFO] [stderr]    Compiling httparse v1.9.4
[INFO] [stderr]    Compiling tinyvec v1.6.1
[INFO] [stderr]    Compiling unicase v2.7.0
[INFO] [stderr]    Compiling quote v1.0.36
[INFO] [stderr]    Compiling mio v0.8.11
[INFO] [stderr]    Compiling num_cpus v1.16.0
[INFO] [stderr]    Compiling socket2 v0.5.7
[INFO] [stderr]    Compiling syn v2.0.68
[INFO] [stderr]    Compiling getrandom v0.2.15
[INFO] [stderr]    Compiling http-body v1.0.0
[INFO] [stderr]    Compiling once_cell v1.19.0
[INFO] [stderr]    Compiling thiserror v1.0.61
[INFO] [stderr]    Compiling rand_core v0.6.4
[INFO] [stderr]    Compiling unicode-normalization v0.1.23
[INFO] [stderr]    Compiling tracing-core v0.1.32
[INFO] [stderr]    Compiling form_urlencoded v1.2.1
[INFO] [stderr]    Compiling smallvec v1.13.2
[INFO] [stderr]    Compiling unicode-bidi v0.3.15
[INFO] [stderr]    Compiling block-buffer v0.10.4
[INFO] [stderr]    Compiling crypto-common v0.1.6
[INFO] [stderr]    Compiling ppv-lite86 v0.2.17
[INFO] [stderr]    Compiling digest v0.10.7
[INFO] [stderr]    Compiling mime v0.3.17
[INFO] [stderr]    Compiling serde_json v1.0.120
[INFO] [stderr]    Compiling idna v0.5.0
[INFO] [stderr]    Compiling cpufeatures v0.2.12
[INFO] [stderr]    Compiling httpdate v1.0.3
[INFO] [stderr]    Compiling ryu v1.0.18
[INFO] [stderr]    Compiling rand_chacha v0.3.1
[INFO] [stderr]    Compiling tower-service v0.3.2
[INFO] [stderr]    Compiling tower-layer v0.3.2
[INFO] [stderr]    Compiling sha1 v0.10.6
[INFO] [stderr]    Compiling mime_guess v2.0.5
[INFO] [stderr]    Compiling axum-core v0.4.3
[INFO] [stderr]    Compiling futures-channel v0.3.30
[INFO] [stderr]    Compiling rand v0.8.5
[INFO] [stderr]    Compiling data-encoding v2.6.0
[INFO] [stderr]    Compiling byteorder v1.5.0
[INFO] [stderr]    Compiling url v2.5.2
[INFO] [stderr]    Compiling utf-8 v0.7.6
[INFO] [stderr]    Compiling axum v0.7.5
[INFO] [stderr]    Compiling sync_wrapper v0.1.2
[INFO] [stderr]    Compiling smallstr v0.3.0
[INFO] [stderr]    Compiling sync_wrapper v1.0.1
[INFO] [stderr]    Compiling matchit v0.7.3
[INFO] [stderr]    Compiling bitflags v2.6.0
[INFO] [stderr]    Compiling fastrand v2.1.0
[INFO] [stderr]    Compiling base64 v0.21.7
[INFO] [stderr]    Compiling memchr v2.7.4
[INFO] [stderr]    Compiling atomic_refcell v0.1.13
[INFO] [stderr]    Compiling arc-swap v1.7.1
[INFO] [stderr]    Compiling http-range-header v0.4.1
[INFO] [stderr]    Compiling futures-macro v0.3.30
[INFO] [stderr]    Compiling tokio-macros v2.3.0
[INFO] [stderr]    Compiling serde_derive v1.0.203
[INFO] [stderr]    Compiling thiserror-impl v1.0.61
[INFO] [stderr]    Compiling tracing-attributes v0.1.27
[INFO] [stderr]    Compiling pin-project-internal v1.1.5
[INFO] [stderr]    Compiling async-trait v0.1.80
[INFO] [stderr]    Compiling tokio v1.38.0
[INFO] [stderr]    Compiling futures-util v0.3.30
[INFO] [stderr]    Compiling tungstenite v0.21.0
[INFO] [stderr]    Compiling pin-project v1.1.5
[INFO] [stderr]    Compiling tracing v0.1.40
[INFO] [stderr]    Compiling http-body-util v0.1.2
[INFO] [stderr]    Compiling hyper v1.4.0
[INFO] [stderr]    Compiling tokio-util v0.7.11
[INFO] [stderr]    Compiling tower v0.4.13
[INFO] [stderr]    Compiling tokio-tungstenite v0.21.0
[INFO] [stderr]    Compiling tower-http v0.5.2
[INFO] [stderr]    Compiling hyper-util v0.1.6
[INFO] [stderr]    Compiling serde_urlencoded v0.7.1
[INFO] [stderr]    Compiling serde_path_to_error v0.1.16
[INFO] [stderr]    Compiling yrs v0.18.8
[INFO] [stderr]    Compiling axum-ycrdt-websocket v0.1.0 (/opt/rustwide/workdir)
[INFO] [stderr]     Finished `dev` profile [unoptimized + debuginfo] target(s) in 1m 24s
[INFO] running `Command { std: "docker" "inspect" "3ef8463a5736428ab6a5719eaa4881a30fc9ece540b05a1acf1c2bab0697e261", kill_on_drop: false }`
[INFO] running `Command { std: "docker" "rm" "-f" "3ef8463a5736428ab6a5719eaa4881a30fc9ece540b05a1acf1c2bab0697e261", kill_on_drop: false }`
[INFO] [stdout] 3ef8463a5736428ab6a5719eaa4881a30fc9ece540b05a1acf1c2bab0697e261
[INFO] running `Command { std: "docker" "create" "-v" "/var/lib/crater-agent-workspace/builds/worker-0-tc1/target:/opt/rustwide/target:rw,Z" "-v" "/var/lib/crater-agent-workspace/builds/worker-0-tc1/source:/opt/rustwide/workdir:ro,Z" "-v" "/var/lib/crater-agent-workspace/cargo-home:/opt/rustwide/cargo-home:ro,Z" "-v" "/var/lib/crater-agent-workspace/rustup-home:/opt/rustwide/rustup-home:ro,Z" "-e" "SOURCE_DIR=/opt/rustwide/workdir" "-e" "CARGO_TARGET_DIR=/opt/rustwide/target" "-e" "CARGO_INCREMENTAL=0" "-e" "RUST_BACKTRACE=full" "-e" "RUSTFLAGS=--cap-lints=warn" "-e" "RUSTDOCFLAGS=--cap-lints=warn" "-e" "CARGO_HOME=/opt/rustwide/cargo-home" "-e" "RUSTUP_HOME=/opt/rustwide/rustup-home" "-w" "/opt/rustwide/workdir" "-m" "1610612736" "--user" "0:0" "--network" "none" "ghcr.io/rust-lang/crates-build-env/linux@sha256:f3a9d4ad9d972b27faf3965f35b62e55ba32bbce8f20bc8fe909558a86702fde" "/opt/rustwide/cargo-home/bin/cargo" "+1.83.0" "test" "--frozen" "--no-run" "--message-format=json", kill_on_drop: false }`
[INFO] [stdout] 50993b521bc8c60162d956a5b26a5c5ba02801a1384adb70138469b522d434b7
[INFO] running `Command { std: "docker" "start" "-a" "50993b521bc8c60162d956a5b26a5c5ba02801a1384adb70138469b522d434b7", kill_on_drop: false }`
[INFO] [stderr]    Compiling lock_api v0.4.12
[INFO] [stderr]    Compiling parking_lot_core v0.9.10
[INFO] [stderr]    Compiling scopeguard v1.2.0
[INFO] [stderr]    Compiling signal-hook-registry v1.4.2
[INFO] [stderr]    Compiling tungstenite v0.23.0
[INFO] [stderr]    Compiling parking_lot v0.12.3
[INFO] [stderr]    Compiling tokio v1.38.0
[INFO] [stderr]    Compiling hyper v1.4.0
[INFO] [stderr]    Compiling tokio-tungstenite v0.21.0
[INFO] [stderr]    Compiling tower v0.4.13
[INFO] [stderr]    Compiling tokio-util v0.7.11
[INFO] [stderr]    Compiling tokio-tungstenite v0.23.1
[INFO] [stderr]    Compiling tower-http v0.5.2
[INFO] [stderr]    Compiling hyper-util v0.1.6
[INFO] [stderr]    Compiling axum v0.7.5
[INFO] [stderr]    Compiling axum-ycrdt-websocket v0.1.0 (/opt/rustwide/workdir)
[INFO] [stderr]     Finished `test` profile [unoptimized + debuginfo] target(s) in 40.14s
[INFO] running `Command { std: "docker" "inspect" "50993b521bc8c60162d956a5b26a5c5ba02801a1384adb70138469b522d434b7", kill_on_drop: false }`
[INFO] running `Command { std: "docker" "rm" "-f" "50993b521bc8c60162d956a5b26a5c5ba02801a1384adb70138469b522d434b7", kill_on_drop: false }`
[INFO] [stdout] 50993b521bc8c60162d956a5b26a5c5ba02801a1384adb70138469b522d434b7
[INFO] running `Command { std: "docker" "create" "-v" "/var/lib/crater-agent-workspace/builds/worker-0-tc1/target:/opt/rustwide/target:rw,Z" "-v" "/var/lib/crater-agent-workspace/builds/worker-0-tc1/source:/opt/rustwide/workdir:ro,Z" "-v" "/var/lib/crater-agent-workspace/cargo-home:/opt/rustwide/cargo-home:ro,Z" "-v" "/var/lib/crater-agent-workspace/rustup-home:/opt/rustwide/rustup-home:ro,Z" "-e" "SOURCE_DIR=/opt/rustwide/workdir" "-e" "CARGO_TARGET_DIR=/opt/rustwide/target" "-e" "CARGO_INCREMENTAL=0" "-e" "RUST_BACKTRACE=full" "-e" "RUSTFLAGS=--cap-lints=warn" "-e" "RUSTDOCFLAGS=--cap-lints=warn" "-e" "CARGO_HOME=/opt/rustwide/cargo-home" "-e" "RUSTUP_HOME=/opt/rustwide/rustup-home" "-w" "/opt/rustwide/workdir" "-m" "1610612736" "--user" "0:0" "--network" "none" "ghcr.io/rust-lang/crates-build-env/linux@sha256:f3a9d4ad9d972b27faf3965f35b62e55ba32bbce8f20bc8fe909558a86702fde" "/opt/rustwide/cargo-home/bin/cargo" "+1.83.0" "test" "--frozen", kill_on_drop: false }`
[INFO] [stdout] ceea179a237163707bb621df5cc76dc53e660559c8c4b2b5e7f0125cdbf03a5a
[INFO] running `Command { std: "docker" "start" "-a" "ceea179a237163707bb621df5cc76dc53e660559c8c4b2b5e7f0125cdbf03a5a", kill_on_drop: false }`
[INFO] [stderr]     Finished `test` profile [unoptimized + debuginfo] target(s) in 0.18s
[INFO] [stderr]      Running unittests src/lib.rs (/opt/rustwide/target/debug/deps/axum_ycrdt_websocket-dcff5bd1ad06b473)
[INFO] [stdout] 
[INFO] [stdout] running 9 tests
[INFO] [stdout] test broadcast::test::broadcast_changes ... ok
[INFO] [stdout] test conn::test::subscribed_client_fetches_initial_state ... ok
[INFO] [stdout] test conn::test::changes_from_one_client_reach_others ... ok
[INFO] [stdout] test conn::test::change_introduced_by_server_reaches_subscribed_clients ... ok
[INFO] [stdout] test ws::test::subscribed_client_fetches_initial_state ... ok
[INFO] [stdout] test ws::test::change_introduced_by_server_reaches_subscribed_clients ... ok
[INFO] [stdout] test ws::test::changes_from_one_client_reach_others ... ok
[INFO] [stdout] test conn::test::client_failure_doesnt_affect_others ... ok
[INFO] [stdout] test ws::test::client_failure_doesnt_affect_others ... ok
[INFO] [stdout] 
[INFO] [stdout] test result: ok. 9 passed; 0 failed; 0 ignored; 0 measured; 0 filtered out; finished in 5.02s
[INFO] [stdout] 
[INFO] [stderr]    Doc-tests axum_ycrdt_websocket
[INFO] [stdout] 
[INFO] [stdout] running 2 tests
[INFO] [stdout] test src/ws.rs - ws::AxumSink (line 44) ... FAILED
[INFO] [stdout] test src/ws.rs - ws::AxumStream (line 146) ... FAILED
[INFO] [stdout] 
[INFO] [stdout] failures:
[INFO] [stdout] 
[INFO] [stdout] ---- src/ws.rs - ws::AxumSink (line 44) stdout ----
[INFO] [stdout] error[E0433]: failed to resolve: use of undeclared type `Axum`
[INFO] [stdout]   --> src/ws.rs:52:5
[INFO] [stdout]    |
[INFO] [stdout] 10 | use Axum::ws::{WebSocket, Ws};
[INFO] [stdout]    |     ^^^^ use of undeclared type `Axum`
[INFO] [stdout] 
[INFO] [stdout] error[E0433]: failed to resolve: use of undeclared crate or module `yrs_Axum`
[INFO] [stdout]   --> src/ws.rs:53:5
[INFO] [stdout]    |
[INFO] [stdout] 11 | use yrs_Axum::broadcast::BroadcastGroup;
[INFO] [stdout]    |     ^^^^^^^^ use of undeclared crate or module `yrs_Axum`
[INFO] [stdout] 
[INFO] [stdout] error[E0433]: failed to resolve: use of undeclared crate or module `yrs_Axum`
[INFO] [stdout]   --> src/ws.rs:54:5
[INFO] [stdout]    |
[INFO] [stdout] 12 | use yrs_Axum::ws::{AxumSink, AxumStream};
[INFO] [stdout]    |     ^^^^^^^^ use of undeclared crate or module `yrs_Axum`
[INFO] [stdout] 
[INFO] [stdout] error[E0432]: unresolved import `Axum`
[INFO] [stdout]  --> src/ws.rs:51:5
[INFO] [stdout]   |
[INFO] [stdout] 9 | use Axum::{Filter, Rejection, Reply};
[INFO] [stdout]   |     ^^^^ use of undeclared type `Axum`
[INFO] [stdout] 
[INFO] [stdout] error[E0433]: failed to resolve: use of undeclared type `Axum`
[INFO] [stdout]   --> src/ws.rs:61:14
[INFO] [stdout]    |
[INFO] [stdout] 19 |     let ws = Axum::path("my-room")
[INFO] [stdout]    |              ^^^^ use of undeclared type `Axum`
[INFO] [stdout] 
[INFO] [stdout] error[E0433]: failed to resolve: use of undeclared type `Axum`
[INFO] [stdout]   --> src/ws.rs:62:14
[INFO] [stdout]    |
[INFO] [stdout] 20 |         .and(Axum::ws())
[INFO] [stdout]    |              ^^^^ use of undeclared type `Axum`
[INFO] [stdout] 
[INFO] [stdout] error[E0433]: failed to resolve: use of undeclared type `Axum`
[INFO] [stdout]   --> src/ws.rs:63:14
[INFO] [stdout]    |
[INFO] [stdout] 21 |         .and(Axum::any().map(move || bcast.clone()))
[INFO] [stdout]    |              ^^^^ use of undeclared type `Axum`
[INFO] [stdout] 
[INFO] [stdout] error[E0433]: failed to resolve: use of undeclared type `Axum`
[INFO] [stdout]   --> src/ws.rs:67:9
[INFO] [stdout]    |
[INFO] [stdout] 25 |         Axum::serve(ws).run(addr).await;
[INFO] [stdout]    |         ^^^^ use of undeclared type `Axum`
[INFO] [stdout] 
[INFO] [stdout] error: aborting due to 8 previous errors
[INFO] [stdout] 
[INFO] [stdout] Some errors have detailed explanations: E0432, E0433.
[INFO] [stdout] For more information about an error, try `rustc --explain E0432`.
[INFO] [stdout] Couldn't compile the test.
[INFO] [stdout] ---- src/ws.rs - ws::AxumStream (line 146) stdout ----
[INFO] [stdout] error[E0433]: failed to resolve: use of undeclared type `Axum`
[INFO] [stdout]   --> src/ws.rs:154:5
[INFO] [stdout]    |
[INFO] [stdout] 10 | use Axum::ws::{WebSocket, Ws};
[INFO] [stdout]    |     ^^^^ use of undeclared type `Axum`
[INFO] [stdout] 
[INFO] [stdout] error[E0433]: failed to resolve: use of undeclared crate or module `yrs_Axum`
[INFO] [stdout]   --> src/ws.rs:155:5
[INFO] [stdout]    |
[INFO] [stdout] 11 | use yrs_Axum::broadcast::BroadcastGroup;
[INFO] [stdout]    |     ^^^^^^^^ use of undeclared crate or module `yrs_Axum`
[INFO] [stdout] 
[INFO] [stdout] error[E0433]: failed to resolve: use of undeclared crate or module `yrs_Axum`
[INFO] [stdout]   --> src/ws.rs:156:5
[INFO] [stdout]    |
[INFO] [stdout] 12 | use yrs_Axum::ws::{AxumSink, AxumStream};
[INFO] [stdout]    |     ^^^^^^^^ use of undeclared crate or module `yrs_Axum`
[INFO] [stdout] 
[INFO] [stdout] error[E0432]: unresolved import `Axum`
[INFO] [stdout]  --> src/ws.rs:153:5
[INFO] [stdout]   |
[INFO] [stdout] 9 | use Axum::{Filter, Rejection, Reply};
[INFO] [stdout]   |     ^^^^ use of undeclared type `Axum`
[INFO] [stdout] 
[INFO] [stdout] error[E0433]: failed to resolve: use of undeclared type `Axum`
[INFO] [stdout]   --> src/ws.rs:163:14
[INFO] [stdout]    |
[INFO] [stdout] 19 |     let ws = Axum::path("my-room")
[INFO] [stdout]    |              ^^^^ use of undeclared type `Axum`
[INFO] [stdout] 
[INFO] [stdout] error[E0433]: failed to resolve: use of undeclared type `Axum`
[INFO] [stdout]   --> src/ws.rs:164:14
[INFO] [stdout]    |
[INFO] [stdout] 20 |         .and(Axum::ws())
[INFO] [stdout]    |              ^^^^ use of undeclared type `Axum`
[INFO] [stdout] 
[INFO] [stdout] error[E0433]: failed to resolve: use of undeclared type `Axum`
[INFO] [stdout]   --> src/ws.rs:165:14
[INFO] [stdout]    |
[INFO] [stdout] 21 |         .and(Axum::any().map(move || bcast.clone()))
[INFO] [stdout]    |              ^^^^ use of undeclared type `Axum`
[INFO] [stdout] 
[INFO] [stdout] error[E0433]: failed to resolve: use of undeclared type `Axum`
[INFO] [stdout]   --> src/ws.rs:169:9
[INFO] [stdout]    |
[INFO] [stdout] 25 |         Axum::serve(ws).run(addr).await;
[INFO] [stdout]    |         ^^^^ use of undeclared type `Axum`
[INFO] [stdout] 
[INFO] [stdout] error: aborting due to 8 previous errors
[INFO] [stdout] 
[INFO] [stdout] Some errors have detailed explanations: E0432, E0433.
[INFO] [stdout] For more information about an error, try `rustc --explain E0432`.
[INFO] [stdout] Couldn't compile the test.
[INFO] [stdout] 
[INFO] [stdout] failures:
[INFO] [stdout]     src/ws.rs - ws::AxumSink (line 44)
[INFO] [stdout]     src/ws.rs - ws::AxumStream (line 146)
[INFO] [stdout] 
[INFO] [stdout] test result: FAILED. 0 passed; 2 failed; 0 ignored; 0 measured; 0 filtered out; finished in 0.27s
[INFO] [stdout] 
[INFO] [stderr] error: doctest failed, to rerun pass `--doc`
[INFO] running `Command { std: "docker" "inspect" "ceea179a237163707bb621df5cc76dc53e660559c8c4b2b5e7f0125cdbf03a5a", kill_on_drop: false }`
[INFO] running `Command { std: "docker" "rm" "-f" "ceea179a237163707bb621df5cc76dc53e660559c8c4b2b5e7f0125cdbf03a5a", kill_on_drop: false }`
[INFO] [stdout] ceea179a237163707bb621df5cc76dc53e660559c8c4b2b5e7f0125cdbf03a5a
