[INFO] fetching crate axum-template 2.4.0...
[INFO] testing axum-template-2.4.0 against 1.83.0 for beta-1.84.0-4-retry
[INFO] extracting crate axum-template 2.4.0 into /workspace/builds/worker-3-tc1/source
[INFO] validating manifest of crates.io crate axum-template 2.4.0 on toolchain 1.83.0
[INFO] running `Command { std: CARGO_HOME="/workspace/cargo-home" RUSTUP_HOME="/workspace/rustup-home" "/workspace/cargo-home/bin/cargo" "+1.83.0" "metadata" "--manifest-path" "Cargo.toml" "--no-deps", kill_on_drop: false }`
[INFO] started tweaking crates.io crate axum-template 2.4.0
[INFO] removed 0 missing examples
[INFO] removed 0 missing tests
[INFO] finished tweaking crates.io crate axum-template 2.4.0
[INFO] tweaked toml for crates.io crate axum-template 2.4.0 written to /workspace/builds/worker-3-tc1/source/Cargo.toml
[INFO] crate crates.io crate axum-template 2.4.0 already has a lockfile, it will not be regenerated
[INFO] running `Command { std: CARGO_HOME="/workspace/cargo-home" RUSTUP_HOME="/workspace/rustup-home" "/workspace/cargo-home/bin/cargo" "+1.83.0" "fetch" "--manifest-path" "Cargo.toml", kill_on_drop: false }`
[INFO] [stderr]     Updating crates.io index
[INFO] [stderr]  Downloading crates ...
[INFO] [stderr]   Downloaded iri-string v0.7.2
[INFO] [stderr]   Downloaded minijinja-autoreload v2.1.2
[INFO] [stderr]   Downloaded handlebars v6.0.0
[INFO] [stderr]   Downloaded minijinja v2.1.2
[INFO] running `Command { std: "docker" "create" "-v" "/var/lib/crater-agent-workspace/builds/worker-3-tc1/target:/opt/rustwide/target:rw,Z" "-v" "/var/lib/crater-agent-workspace/builds/worker-3-tc1/source:/opt/rustwide/workdir:ro,Z" "-v" "/var/lib/crater-agent-workspace/cargo-home:/opt/rustwide/cargo-home:ro,Z" "-v" "/var/lib/crater-agent-workspace/rustup-home:/opt/rustwide/rustup-home:ro,Z" "-e" "SOURCE_DIR=/opt/rustwide/workdir" "-e" "CARGO_TARGET_DIR=/opt/rustwide/target" "-e" "CARGO_HOME=/opt/rustwide/cargo-home" "-e" "RUSTUP_HOME=/opt/rustwide/rustup-home" "-w" "/opt/rustwide/workdir" "-m" "1610612736" "--user" "0:0" "--network" "none" "ghcr.io/rust-lang/crates-build-env/linux@sha256:f3a9d4ad9d972b27faf3965f35b62e55ba32bbce8f20bc8fe909558a86702fde" "/opt/rustwide/cargo-home/bin/cargo" "+1.83.0" "metadata" "--no-deps" "--format-version=1", kill_on_drop: false }`
[INFO] [stdout] d8932d063c3cc94a2119498b8eefda80b32a2865bfa47a60cbbb16508c732489
[INFO] running `Command { std: "docker" "start" "-a" "d8932d063c3cc94a2119498b8eefda80b32a2865bfa47a60cbbb16508c732489", kill_on_drop: false }`
[INFO] running `Command { std: "docker" "inspect" "d8932d063c3cc94a2119498b8eefda80b32a2865bfa47a60cbbb16508c732489", kill_on_drop: false }`
[INFO] running `Command { std: "docker" "rm" "-f" "d8932d063c3cc94a2119498b8eefda80b32a2865bfa47a60cbbb16508c732489", kill_on_drop: false }`
[INFO] [stdout] d8932d063c3cc94a2119498b8eefda80b32a2865bfa47a60cbbb16508c732489
[INFO] running `Command { std: "docker" "create" "-v" "/var/lib/crater-agent-workspace/builds/worker-3-tc1/target:/opt/rustwide/target:rw,Z" "-v" "/var/lib/crater-agent-workspace/builds/worker-3-tc1/source:/opt/rustwide/workdir:ro,Z" "-v" "/var/lib/crater-agent-workspace/cargo-home:/opt/rustwide/cargo-home:ro,Z" "-v" "/var/lib/crater-agent-workspace/rustup-home:/opt/rustwide/rustup-home:ro,Z" "-e" "SOURCE_DIR=/opt/rustwide/workdir" "-e" "CARGO_TARGET_DIR=/opt/rustwide/target" "-e" "CARGO_INCREMENTAL=0" "-e" "RUST_BACKTRACE=full" "-e" "RUSTFLAGS=--cap-lints=warn" "-e" "RUSTDOCFLAGS=--cap-lints=warn" "-e" "CARGO_HOME=/opt/rustwide/cargo-home" "-e" "RUSTUP_HOME=/opt/rustwide/rustup-home" "-w" "/opt/rustwide/workdir" "-m" "1610612736" "--user" "0:0" "--network" "none" "ghcr.io/rust-lang/crates-build-env/linux@sha256:f3a9d4ad9d972b27faf3965f35b62e55ba32bbce8f20bc8fe909558a86702fde" "/opt/rustwide/cargo-home/bin/cargo" "+1.83.0" "build" "--frozen" "--message-format=json", kill_on_drop: false }`
[INFO] [stdout] c1637f6e107a12d20baac6a99f036c446eb12845f3c468fa38b249456d94cf8a
[INFO] running `Command { std: "docker" "start" "-a" "c1637f6e107a12d20baac6a99f036c446eb12845f3c468fa38b249456d94cf8a", kill_on_drop: false }`
[INFO] [stderr]    Compiling proc-macro2 v1.0.86
[INFO] [stderr]    Compiling unicode-ident v1.0.12
[INFO] [stderr]    Compiling rustversion v1.0.17
[INFO] [stderr]    Compiling bytes v1.7.1
[INFO] [stderr]    Compiling futures-core v0.3.30
[INFO] [stderr]    Compiling pin-project-lite v0.2.14
[INFO] [stderr]    Compiling itoa v1.0.11
[INFO] [stderr]    Compiling futures-task v0.3.30
[INFO] [stderr]    Compiling tower-layer v0.3.2
[INFO] [stderr]    Compiling serde v1.0.206
[INFO] [stderr]    Compiling tower-service v0.3.2
[INFO] [stderr]    Compiling sync_wrapper v0.1.2
[INFO] [stderr]    Compiling mime v0.3.17
[INFO] [stderr]    Compiling thiserror v1.0.63
[INFO] [stderr]    Compiling sync_wrapper v1.0.1
[INFO] [stderr]    Compiling matchit v0.7.3
[INFO] [stderr]    Compiling futures-util v0.3.30
[INFO] [stderr]    Compiling http v1.1.0
[INFO] [stderr]    Compiling quote v1.0.36
[INFO] [stderr]    Compiling axum-core v0.4.3
[INFO] [stderr]    Compiling axum v0.7.5
[INFO] [stderr]    Compiling syn v2.0.73
[INFO] [stderr]    Compiling http-body v1.0.1
[INFO] [stderr]    Compiling http-body-util v0.1.2
[INFO] [stderr]    Compiling pin-project-internal v1.1.5
[INFO] [stderr]    Compiling async-trait v0.1.81
[INFO] [stderr]    Compiling thiserror-impl v1.0.63
[INFO] [stderr]    Compiling pin-project v1.1.5
[INFO] [stderr]    Compiling tower v0.4.13
[INFO] [stderr]    Compiling axum-template v2.4.0 (/opt/rustwide/workdir)
[INFO] [stderr]     Finished `dev` profile [unoptimized + debuginfo] target(s) in 20.73s
[INFO] running `Command { std: "docker" "inspect" "c1637f6e107a12d20baac6a99f036c446eb12845f3c468fa38b249456d94cf8a", kill_on_drop: false }`
[INFO] running `Command { std: "docker" "rm" "-f" "c1637f6e107a12d20baac6a99f036c446eb12845f3c468fa38b249456d94cf8a", kill_on_drop: false }`
[INFO] [stdout] c1637f6e107a12d20baac6a99f036c446eb12845f3c468fa38b249456d94cf8a
[INFO] running `Command { std: "docker" "create" "-v" "/var/lib/crater-agent-workspace/builds/worker-3-tc1/target:/opt/rustwide/target:rw,Z" "-v" "/var/lib/crater-agent-workspace/builds/worker-3-tc1/source:/opt/rustwide/workdir:ro,Z" "-v" "/var/lib/crater-agent-workspace/cargo-home:/opt/rustwide/cargo-home:ro,Z" "-v" "/var/lib/crater-agent-workspace/rustup-home:/opt/rustwide/rustup-home:ro,Z" "-e" "SOURCE_DIR=/opt/rustwide/workdir" "-e" "CARGO_TARGET_DIR=/opt/rustwide/target" "-e" "CARGO_INCREMENTAL=0" "-e" "RUST_BACKTRACE=full" "-e" "RUSTFLAGS=--cap-lints=warn" "-e" "RUSTDOCFLAGS=--cap-lints=warn" "-e" "CARGO_HOME=/opt/rustwide/cargo-home" "-e" "RUSTUP_HOME=/opt/rustwide/rustup-home" "-w" "/opt/rustwide/workdir" "-m" "1610612736" "--user" "0:0" "--network" "none" "ghcr.io/rust-lang/crates-build-env/linux@sha256:f3a9d4ad9d972b27faf3965f35b62e55ba32bbce8f20bc8fe909558a86702fde" "/opt/rustwide/cargo-home/bin/cargo" "+1.83.0" "test" "--frozen" "--no-run" "--message-format=json", kill_on_drop: false }`
[INFO] [stdout] 787644c4925653d2752b0d84dd13732f697cbb2a7391f076dc9cf3df52138110
[INFO] running `Command { std: "docker" "start" "-a" "787644c4925653d2752b0d84dd13732f697cbb2a7391f076dc9cf3df52138110", kill_on_drop: false }`
[INFO] [stderr]    Compiling autocfg v1.3.0
[INFO] [stderr]    Compiling libc v0.2.155
[INFO] [stderr]    Compiling futures-sink v0.3.30
[INFO] [stderr]    Compiling futures-io v0.3.30
[INFO] [stderr]    Compiling futures-task v0.3.30
[INFO] [stderr]    Compiling smallvec v1.13.2
[INFO] [stderr]    Compiling byteorder v1.5.0
[INFO] [stderr]    Compiling pkg-config v0.3.30
[INFO] [stderr]    Compiling once_cell v1.19.0
[INFO] [stderr]    Compiling semver v1.0.23
[INFO] [stderr]    Compiling serde v1.0.206
[INFO] [stderr]    Compiling unicase v2.7.0
[INFO] [stderr]    Compiling httparse v1.9.4
[INFO] [stderr]    Compiling syn v2.0.73
[INFO] [stderr]    Compiling hashbrown v0.12.3
[INFO] [stderr]    Compiling zstd-safe v7.2.1
[INFO] [stderr]    Compiling futures-channel v0.3.30
[INFO] [stderr]    Compiling equivalent v1.0.1
[INFO] [stderr]    Compiling memchr v2.7.4
[INFO] [stderr]    Compiling hashbrown v0.14.5
[INFO] [stderr]    Compiling tracing-core v0.1.32
[INFO] [stderr]    Compiling alloc-no-stdlib v2.0.4
[INFO] [stderr]    Compiling axum-core v0.4.3
[INFO] [stderr]    Compiling winnow v0.5.40
[INFO] [stderr]    Compiling alloc-stdlib v0.2.2
[INFO] [stderr]    Compiling regex-syntax v0.8.4
[INFO] [stderr]    Compiling toml_datetime v0.6.8
[INFO] [stderr]    Compiling num-traits v0.2.19
[INFO] [stderr]    Compiling slab v0.4.9
[INFO] [stderr]    Compiling lock_api v0.4.12
[INFO] [stderr]    Compiling indexmap v1.9.3
[INFO] [stderr]    Compiling serde_json v1.0.122
[INFO] [stderr]    Compiling rustc_version v0.4.0
[INFO] [stderr]    Compiling tracing v0.1.40
[INFO] [stderr]    Compiling adler v1.0.2
[INFO] [stderr]    Compiling miniz_oxide v0.7.4
[INFO] [stderr]    Compiling mime_guess v2.0.5
[INFO] [stderr]    Compiling brotli-decompressor v4.0.1
[INFO] [stderr]    Compiling axum v0.7.5
[INFO] [stderr]    Compiling aho-corasick v1.1.3
[INFO] [stderr]    Compiling parking_lot_core v0.9.10
[INFO] [stderr]    Compiling mio v1.0.1
[INFO] [stderr]    Compiling signal-hook-registry v1.4.2
[INFO] [stderr]    Compiling socket2 v0.5.7
[INFO] [stderr]    Compiling jobserver v0.1.32
[INFO] [stderr]    Compiling getrandom v0.2.15
[INFO] [stderr]    Compiling indexmap v2.3.0
[INFO] [stderr]    Compiling parking_lot v0.12.3
[INFO] [stderr]    Compiling rand_core v0.6.4
[INFO] [stderr]    Compiling rstest_macros v0.22.0
[INFO] [stderr]    Compiling cc v1.1.10
[INFO] [stderr]    Compiling crc32fast v1.4.2
[INFO] [stderr]    Compiling heck v0.4.1
[INFO] [stderr]    Compiling glob v0.3.1
[INFO] [stderr]    Compiling anyhow v1.0.86
[INFO] [stderr]    Compiling relative-path v1.9.3
[INFO] [stderr]    Compiling flate2 v1.0.31
[INFO] [stderr]    Compiling brotli v6.0.0
[INFO] [stderr]    Compiling uuid v1.10.0
[INFO] [stderr]    Compiling bitflags v2.6.0
[INFO] [stderr]    Compiling http-range-header v0.4.1
[INFO] [stderr]    Compiling num-integer v0.1.46
[INFO] [stderr]    Compiling hdrhistogram v7.5.4
[INFO] [stderr]    Compiling num-complex v0.4.6
[INFO] [stderr]    Compiling iri-string v0.7.2
[INFO] [stderr]    Compiling futures-timer v3.0.3
[INFO] [stderr]    Compiling num-bigint v0.4.6
[INFO] [stderr]    Compiling num-iter v0.1.45
[INFO] [stderr]    Compiling zstd-sys v2.0.13+zstd.1.5.6
[INFO] [stderr]    Compiling regex-automata v0.4.7
[INFO] [stderr]    Compiling toml_edit v0.21.1
[INFO] [stderr]    Compiling num-rational v0.4.2
[INFO] [stderr]    Compiling num v0.4.3
[INFO] [stderr]    Compiling speculoos v0.11.0
[INFO] [stderr]    Compiling proc-macro-crate v3.1.0
[INFO] [stderr]    Compiling regex v1.10.6
[INFO] [stderr]    Compiling futures-macro v0.3.30
[INFO] [stderr]    Compiling tokio-macros v2.4.0
[INFO] [stderr]    Compiling zerocopy-derive v0.7.35
[INFO] [stderr]    Compiling serde_derive v1.0.206
[INFO] [stderr]    Compiling pin-project-internal v1.1.5
[INFO] [stderr]    Compiling async-trait v0.1.81
[INFO] [stderr]    Compiling axum-macros v0.4.1
[INFO] [stderr]    Compiling thiserror-impl v1.0.63
[INFO] [stderr]    Compiling tokio v1.39.2
[INFO] [stderr]    Compiling pin-project v1.1.5
[INFO] [stderr]    Compiling futures-util v0.3.30
[INFO] [stderr]    Compiling thiserror v1.0.63
[INFO] [stderr]    Compiling zerocopy v0.7.35
[INFO] [stderr]    Compiling zstd v0.13.2
[INFO] [stderr]    Compiling ppv-lite86 v0.2.20
[INFO] [stderr]    Compiling rand_chacha v0.3.1
[INFO] [stderr]    Compiling rand v0.8.5
[INFO] [stderr]    Compiling http-body-util v0.1.2
[INFO] [stderr]    Compiling futures-executor v0.3.30
[INFO] [stderr]    Compiling futures v0.3.30
[INFO] [stderr]    Compiling rstest v0.22.0
[INFO] [stderr]    Compiling tokio-util v0.7.11
[INFO] [stderr]    Compiling hyper v1.4.1
[INFO] [stderr]    Compiling async-compression v0.4.12
[INFO] [stderr]    Compiling tower v0.4.13
[INFO] [stderr]    Compiling serde_urlencoded v0.7.1
[INFO] [stderr]    Compiling serde_path_to_error v0.1.16
[INFO] [stderr]    Compiling hyper-util v0.1.7
[INFO] [stderr]    Compiling tower-http v0.5.2
[INFO] [stderr]    Compiling axum-template v2.4.0 (/opt/rustwide/workdir)
[INFO] [stderr]     Finished `test` profile [unoptimized + debuginfo] target(s) in 1m 03s
[INFO] running `Command { std: "docker" "inspect" "787644c4925653d2752b0d84dd13732f697cbb2a7391f076dc9cf3df52138110", kill_on_drop: false }`
[INFO] running `Command { std: "docker" "rm" "-f" "787644c4925653d2752b0d84dd13732f697cbb2a7391f076dc9cf3df52138110", kill_on_drop: false }`
[INFO] [stdout] 787644c4925653d2752b0d84dd13732f697cbb2a7391f076dc9cf3df52138110
[INFO] running `Command { std: "docker" "create" "-v" "/var/lib/crater-agent-workspace/builds/worker-3-tc1/target:/opt/rustwide/target:rw,Z" "-v" "/var/lib/crater-agent-workspace/builds/worker-3-tc1/source:/opt/rustwide/workdir:ro,Z" "-v" "/var/lib/crater-agent-workspace/cargo-home:/opt/rustwide/cargo-home:ro,Z" "-v" "/var/lib/crater-agent-workspace/rustup-home:/opt/rustwide/rustup-home:ro,Z" "-e" "SOURCE_DIR=/opt/rustwide/workdir" "-e" "CARGO_TARGET_DIR=/opt/rustwide/target" "-e" "CARGO_INCREMENTAL=0" "-e" "RUST_BACKTRACE=full" "-e" "RUSTFLAGS=--cap-lints=warn" "-e" "RUSTDOCFLAGS=--cap-lints=warn" "-e" "CARGO_HOME=/opt/rustwide/cargo-home" "-e" "RUSTUP_HOME=/opt/rustwide/rustup-home" "-w" "/opt/rustwide/workdir" "-m" "1610612736" "--user" "0:0" "--network" "none" "ghcr.io/rust-lang/crates-build-env/linux@sha256:f3a9d4ad9d972b27faf3965f35b62e55ba32bbce8f20bc8fe909558a86702fde" "/opt/rustwide/cargo-home/bin/cargo" "+1.83.0" "test" "--frozen", kill_on_drop: false }`
[INFO] [stdout] cad1209ccde407f53bb44e5226febe350e5890d61a829d99a51e5c9690b1da30
[INFO] running `Command { std: "docker" "start" "-a" "cad1209ccde407f53bb44e5226febe350e5890d61a829d99a51e5c9690b1da30", kill_on_drop: false }`
[INFO] [stderr]     Finished `test` profile [unoptimized + debuginfo] target(s) in 0.19s
[INFO] [stderr]      Running unittests src/lib.rs (/opt/rustwide/target/debug/deps/axum_template-1b28fcbfed4e45a0)
[INFO] [stdout] 
[INFO] [stdout] running 0 tests
[INFO] [stdout] 
[INFO] [stdout] test result: ok. 0 passed; 0 failed; 0 ignored; 0 measured; 0 filtered out; finished in 0.00s
[INFO] [stdout] 
[INFO] [stderr]      Running tests/engine.rs (/opt/rustwide/target/debug/deps/engine-1b9a25f13810f8cc)
[INFO] [stdout] 
[INFO] [stdout] running 0 tests
[INFO] [stdout] 
[INFO] [stdout] test result: ok. 0 passed; 0 failed; 0 ignored; 0 measured; 0 filtered out; finished in 0.00s
[INFO] [stdout] 
[INFO] [stderr]      Running tests/error.rs (/opt/rustwide/target/debug/deps/error-9c26dca436cf6b07)
[INFO] [stdout] 
[INFO] [stderr]      Running tests/key.rs (/opt/rustwide/target/debug/deps/key-d627beb045acd907)
[INFO] [stdout] running 0 tests
[INFO] [stdout] 
[INFO] [stdout] test result: ok. 0 passed; 0 failed; 0 ignored; 0 measured; 0 filtered out; finished in 0.00s
[INFO] [stdout] 
[INFO] [stdout] 
[INFO] [stdout] running 4 tests
[INFO] [stdout] test key_extracts_from_request_route_path::case_3 ... ok
[INFO] [stdout] test key_extracts_from_request_route_path::case_1 ... ok
[INFO] [stdout] test key_extracts_from_request_route_path::case_2 ... ok
[INFO] [stdout] test key_impl_asref_str ... ok
[INFO] [stdout] 
[INFO] [stdout] test result: ok. 4 passed; 0 failed; 0 ignored; 0 measured; 0 filtered out; finished in 0.01s
[INFO] [stdout] 
[INFO] [stdout] 
[INFO] [stdout] running 2 tests
[INFO] [stderr]      Running tests/render.rs (/opt/rustwide/target/debug/deps/render-0fcecd2b205abe81)
[INFO] [stdout] test render_html_responds_with_text_html::key_1_____::data_1___ ... ok
[INFO] [stdout] test render_responds_with_text_plain::key_1_____::data_1___ ... ok
[INFO] [stdout] 
[INFO] [stdout] test result: ok. 2 passed; 0 failed; 0 ignored; 0 measured; 0 filtered out; finished in 0.00s
[INFO] [stdout] 
[INFO] [stderr]    Doc-tests axum_template
[INFO] [stderr] warning: unknown lint: `rustdoc::missing_doc_code_examples`
[INFO] [stderr]   --> src/lib.rs:2:1
[INFO] [stderr]    |
[INFO] [stderr] 2  | / #![warn(
[INFO] [stderr] 3  | |     clippy::all,
[INFO] [stderr] 4  | |     clippy::dbg_macro,
[INFO] [stderr] 5  | |     clippy::todo,
[INFO] [stderr] ...  |
[INFO] [stderr] 36 | |     rustdoc::missing_doc_code_examples
[INFO] [stderr] 37 | | )]
[INFO] [stderr]    | |__^
[INFO] [stderr]    |
[INFO] [stderr]    = note: the `rustdoc::missing_doc_code_examples` lint is unstable
[INFO] [stderr]    = note: see issue #101730 <https://github.com/rust-lang/rust/issues/101730> for more information
[INFO] [stderr]    = note: `#[warn(unknown_lints)]` on by default
[INFO] [stderr] 
[INFO] [stderr] warning: 1 warning emitted
[INFO] [stderr] 
[INFO] [stdout] 
[INFO] [stdout] running 7 tests
[INFO] [stdout] test src/engine/mod.rs - engine (line 84) - compile ... FAILED
[INFO] [stdout] test src/engine/mod.rs - engine (line 13) - compile ... FAILED
[INFO] [stdout] test src/engine/mod.rs - engine (line 157) - compile ... FAILED
[INFO] [stdout] test src/traits.rs - traits::TemplateEngine (line 8) ... ok
[INFO] [stdout] test src/render.rs - render::RenderHtml (line 58) ... ok
[INFO] [stdout] test src/render.rs - render::Render (line 13) ... ok
[INFO] [stdout] test src/key.rs - key::Key (line 12) ... ok
[INFO] [stderr] error: doctest failed, to rerun pass `--doc`
[INFO] [stdout] 
[INFO] [stdout] failures:
[INFO] [stdout] 
[INFO] [stdout] ---- src/engine/mod.rs - engine (line 84) stdout ----
[INFO] [stdout] error[E0432]: unresolved import `minijinja`
[INFO] [stdout]   --> src/engine/mod.rs:102:5
[INFO] [stdout]    |
[INFO] [stdout] 20 | use minijinja::Environment;
[INFO] [stdout]    |     ^^^^^^^^^ use of undeclared crate or module `minijinja`
[INFO] [stdout] 
[INFO] [stdout] error[E0277]: the trait bound `fn(Engine<{type error}>, Key, axum::extract::Path<std::string::String>) -> impl Future<Output = impl IntoResponse> {get_name}: Handler<_, _>` is not satisfied
[INFO] [stdout]    --> src/engine/mod.rs:141:30
[INFO] [stdout]     |
[INFO] [stdout] 59  |         .route("/:name", get(get_name))
[INFO] [stdout]     |                          --- ^^^^^^^^ the trait `Handler<_, _>` is not implemented for fn item `fn(Engine<{type error}>, Key, axum::extract::Path<std::string::String>) -> impl Future<Output = impl IntoResponse> {get_name}`
[INFO] [stdout]     |                          |
[INFO] [stdout]     |                          required by a bound introduced by this call
[INFO] [stdout]     |
[INFO] [stdout]     = help: the following other types implement trait `Handler<T, S>`:
[INFO] [stdout]               `Layered<L, H, T, S>` implements `Handler<T, S>`
[INFO] [stdout]               `MethodRouter<S>` implements `Handler<(), S>`
[INFO] [stdout] note: required by a bound in `axum::routing::get`
[INFO] [stdout]    --> /opt/rustwide/cargo-home/registry/src/index.crates.io-6f17d22bba15001f/axum-0.7.5/src/routing/method_routing.rs:385:1
[INFO] [stdout]     |
[INFO] [stdout] 385 | top_level_handler_fn!(get, GET);
[INFO] [stdout]     | ^^^^^^^^^^^^^^^^^^^^^^---^^^^^^
[INFO] [stdout]     | |                     |
[INFO] [stdout]     | |                     required by a bound in this function
[INFO] [stdout]     | required by this bound in `get`
[INFO] [stdout]     = note: this error originates in the macro `top_level_handler_fn` (in Nightly builds, run with -Z macro-backtrace for more info)
[INFO] [stdout] 
[INFO] [stdout] error: aborting due to 2 previous errors
[INFO] [stdout] 
[INFO] [stdout] Some errors have detailed explanations: E0277, E0432.
[INFO] [stdout] For more information about an error, try `rustc --explain E0277`.
[INFO] [stdout] Couldn't compile the test.
[INFO] [stdout] ---- src/engine/mod.rs - engine (line 13) stdout ----
[INFO] [stdout] error[E0432]: unresolved import `handlebars`
[INFO] [stdout]   --> src/engine/mod.rs:31:5
[INFO] [stdout]    |
[INFO] [stdout] 20 | use handlebars::Handlebars;
[INFO] [stdout]    |     ^^^^^^^^^^ use of undeclared crate or module `handlebars`
[INFO] [stdout] 
[INFO] [stdout] error[E0277]: the trait bound `fn(Engine<{type error}>, Key, axum::extract::Path<std::string::String>) -> impl Future<Output = impl IntoResponse> {get_name}: Handler<_, _>` is not satisfied
[INFO] [stdout]    --> src/engine/mod.rs:69:30
[INFO] [stdout]     |
[INFO] [stdout] 58  |         .route("/:name", get(get_name))
[INFO] [stdout]     |                          --- ^^^^^^^^ the trait `Handler<_, _>` is not implemented for fn item `fn(Engine<{type error}>, Key, axum::extract::Path<std::string::String>) -> impl Future<Output = impl IntoResponse> {get_name}`
[INFO] [stdout]     |                          |
[INFO] [stdout]     |                          required by a bound introduced by this call
[INFO] [stdout]     |
[INFO] [stdout]     = help: the following other types implement trait `Handler<T, S>`:
[INFO] [stdout]               `Layered<L, H, T, S>` implements `Handler<T, S>`
[INFO] [stdout]               `MethodRouter<S>` implements `Handler<(), S>`
[INFO] [stdout] note: required by a bound in `axum::routing::get`
[INFO] [stdout]    --> /opt/rustwide/cargo-home/registry/src/index.crates.io-6f17d22bba15001f/axum-0.7.5/src/routing/method_routing.rs:385:1
[INFO] [stdout]     |
[INFO] [stdout] 385 | top_level_handler_fn!(get, GET);
[INFO] [stdout]     | ^^^^^^^^^^^^^^^^^^^^^^---^^^^^^
[INFO] [stdout]     | |                     |
[INFO] [stdout]     | |                     required by a bound in this function
[INFO] [stdout]     | required by this bound in `get`
[INFO] [stdout]     = note: this error originates in the macro `top_level_handler_fn` (in Nightly builds, run with -Z macro-backtrace for more info)
[INFO] [stdout] 
[INFO] [stdout] error: aborting due to 2 previous errors
[INFO] [stdout] 
[INFO] [stdout] Some errors have detailed explanations: E0277, E0432.
[INFO] [stdout] For more information about an error, try `rustc --explain E0277`.
[INFO] [stdout] Couldn't compile the test.
[INFO] [stdout] ---- src/engine/mod.rs - engine (line 157) stdout ----
[INFO] [stdout] error[E0432]: unresolved import `tera`
[INFO] [stdout]   --> src/engine/mod.rs:176:5
[INFO] [stdout]    |
[INFO] [stdout] 21 | use tera::Tera;
[INFO] [stdout]    |     ^^^^ use of undeclared crate or module `tera`
[INFO] [stdout] 
[INFO] [stdout] error[E0277]: the trait bound `fn(Engine<{type error}>, Key, axum::extract::Path<std::string::String>) -> impl Future<Output = impl IntoResponse> {get_name}: Handler<_, _>` is not satisfied
[INFO] [stdout]    --> src/engine/mod.rs:213:30
[INFO] [stdout]     |
[INFO] [stdout] 58  |         .route("/:name", get(get_name))
[INFO] [stdout]     |                          --- ^^^^^^^^ the trait `Handler<_, _>` is not implemented for fn item `fn(Engine<{type error}>, Key, axum::extract::Path<std::string::String>) -> impl Future<Output = impl IntoResponse> {get_name}`
[INFO] [stdout]     |                          |
[INFO] [stdout]     |                          required by a bound introduced by this call
[INFO] [stdout]     |
[INFO] [stdout]     = help: the following other types implement trait `Handler<T, S>`:
[INFO] [stdout]               `Layered<L, H, T, S>` implements `Handler<T, S>`
[INFO] [stdout]               `MethodRouter<S>` implements `Handler<(), S>`
[INFO] [stdout] note: required by a bound in `axum::routing::get`
[INFO] [stdout]    --> /opt/rustwide/cargo-home/registry/src/index.crates.io-6f17d22bba15001f/axum-0.7.5/src/routing/method_routing.rs:385:1
[INFO] [stdout]     |
[INFO] [stdout] 385 | top_level_handler_fn!(get, GET);
[INFO] [stdout]     | ^^^^^^^^^^^^^^^^^^^^^^---^^^^^^
[INFO] [stdout]     | |                     |
[INFO] [stdout]     | |                     required by a bound in this function
[INFO] [stdout]     | required by this bound in `get`
[INFO] [stdout]     = note: this error originates in the macro `top_level_handler_fn` (in Nightly builds, run with -Z macro-backtrace for more info)
[INFO] [stdout] 
[INFO] [stdout] error: aborting due to 2 previous errors
[INFO] [stdout] 
[INFO] [stdout] Some errors have detailed explanations: E0277, E0432.
[INFO] [stdout] For more information about an error, try `rustc --explain E0277`.
[INFO] [stdout] Couldn't compile the test.
[INFO] [stdout] 
[INFO] [stdout] failures:
[INFO] [stdout]     src/engine/mod.rs - engine (line 13)
[INFO] [stdout]     src/engine/mod.rs - engine (line 157)
[INFO] [stdout]     src/engine/mod.rs - engine (line 84)
[INFO] [stdout] 
[INFO] [stdout] test result: FAILED. 4 passed; 3 failed; 0 ignored; 0 measured; 0 filtered out; finished in 1.92s
[INFO] [stdout] 
[INFO] running `Command { std: "docker" "inspect" "cad1209ccde407f53bb44e5226febe350e5890d61a829d99a51e5c9690b1da30", kill_on_drop: false }`
[INFO] running `Command { std: "docker" "rm" "-f" "cad1209ccde407f53bb44e5226febe350e5890d61a829d99a51e5c9690b1da30", kill_on_drop: false }`
[INFO] [stdout] cad1209ccde407f53bb44e5226febe350e5890d61a829d99a51e5c9690b1da30
