[INFO] fetching crate axum-starter 0.11.0...
[INFO] testing axum-starter-0.11.0 against 1.83.0 for beta-1.84.0-4-retry
[INFO] extracting crate axum-starter 0.11.0 into /workspace/builds/worker-1-tc1/source
[INFO] validating manifest of crates.io crate axum-starter 0.11.0 on toolchain 1.83.0
[INFO] running `Command { std: CARGO_HOME="/workspace/cargo-home" RUSTUP_HOME="/workspace/rustup-home" "/workspace/cargo-home/bin/cargo" "+1.83.0" "metadata" "--manifest-path" "Cargo.toml" "--no-deps", kill_on_drop: false }`
[INFO] started tweaking crates.io crate axum-starter 0.11.0
[INFO] removed 0 missing examples
[INFO] finished tweaking crates.io crate axum-starter 0.11.0
[INFO] tweaked toml for crates.io crate axum-starter 0.11.0 written to /workspace/builds/worker-1-tc1/source/Cargo.toml
[INFO] crate crates.io crate axum-starter 0.11.0 already has a lockfile, it will not be regenerated
[INFO] running `Command { std: CARGO_HOME="/workspace/cargo-home" RUSTUP_HOME="/workspace/rustup-home" "/workspace/cargo-home/bin/cargo" "+1.83.0" "fetch" "--manifest-path" "Cargo.toml", kill_on_drop: false }`
[INFO] [stderr]     Updating crates.io index
[INFO] [stderr]  Downloading crates ...
[INFO] [stderr]   Downloaded axum-starter-macro v0.10.0
[INFO] running `Command { std: "docker" "create" "-v" "/var/lib/crater-agent-workspace/builds/worker-1-tc1/target:/opt/rustwide/target:rw,Z" "-v" "/var/lib/crater-agent-workspace/builds/worker-1-tc1/source:/opt/rustwide/workdir:ro,Z" "-v" "/var/lib/crater-agent-workspace/cargo-home:/opt/rustwide/cargo-home:ro,Z" "-v" "/var/lib/crater-agent-workspace/rustup-home:/opt/rustwide/rustup-home:ro,Z" "-e" "SOURCE_DIR=/opt/rustwide/workdir" "-e" "CARGO_TARGET_DIR=/opt/rustwide/target" "-e" "CARGO_HOME=/opt/rustwide/cargo-home" "-e" "RUSTUP_HOME=/opt/rustwide/rustup-home" "-w" "/opt/rustwide/workdir" "-m" "1610612736" "--user" "0:0" "--network" "none" "ghcr.io/rust-lang/crates-build-env/linux@sha256:f3a9d4ad9d972b27faf3965f35b62e55ba32bbce8f20bc8fe909558a86702fde" "/opt/rustwide/cargo-home/bin/cargo" "+1.83.0" "metadata" "--no-deps" "--format-version=1", kill_on_drop: false }`
[INFO] [stdout] 79a1f0073350a29ff3cedc8878fc61c61e313ae74b6264bd25bcf12a5a9dd908
[INFO] running `Command { std: "docker" "start" "-a" "79a1f0073350a29ff3cedc8878fc61c61e313ae74b6264bd25bcf12a5a9dd908", kill_on_drop: false }`
[INFO] running `Command { std: "docker" "inspect" "79a1f0073350a29ff3cedc8878fc61c61e313ae74b6264bd25bcf12a5a9dd908", kill_on_drop: false }`
[INFO] running `Command { std: "docker" "rm" "-f" "79a1f0073350a29ff3cedc8878fc61c61e313ae74b6264bd25bcf12a5a9dd908", kill_on_drop: false }`
[INFO] [stdout] 79a1f0073350a29ff3cedc8878fc61c61e313ae74b6264bd25bcf12a5a9dd908
[INFO] running `Command { std: "docker" "create" "-v" "/var/lib/crater-agent-workspace/builds/worker-1-tc1/target:/opt/rustwide/target:rw,Z" "-v" "/var/lib/crater-agent-workspace/builds/worker-1-tc1/source:/opt/rustwide/workdir:ro,Z" "-v" "/var/lib/crater-agent-workspace/cargo-home:/opt/rustwide/cargo-home:ro,Z" "-v" "/var/lib/crater-agent-workspace/rustup-home:/opt/rustwide/rustup-home:ro,Z" "-e" "SOURCE_DIR=/opt/rustwide/workdir" "-e" "CARGO_TARGET_DIR=/opt/rustwide/target" "-e" "CARGO_INCREMENTAL=0" "-e" "RUST_BACKTRACE=full" "-e" "RUSTFLAGS=--cap-lints=warn" "-e" "RUSTDOCFLAGS=--cap-lints=warn" "-e" "CARGO_HOME=/opt/rustwide/cargo-home" "-e" "RUSTUP_HOME=/opt/rustwide/rustup-home" "-w" "/opt/rustwide/workdir" "-m" "1610612736" "--user" "0:0" "--network" "none" "ghcr.io/rust-lang/crates-build-env/linux@sha256:f3a9d4ad9d972b27faf3965f35b62e55ba32bbce8f20bc8fe909558a86702fde" "/opt/rustwide/cargo-home/bin/cargo" "+1.83.0" "build" "--frozen" "--message-format=json", kill_on_drop: false }`
[INFO] [stdout] 7e5247b97bcb6930bc37970d9a51c5430cf42e42510a987926089fdddc339745
[INFO] running `Command { std: "docker" "start" "-a" "7e5247b97bcb6930bc37970d9a51c5430cf42e42510a987926089fdddc339745", kill_on_drop: false }`
[INFO] [stderr]    Compiling proc-macro2 v1.0.85
[INFO] [stderr]    Compiling unicode-ident v1.0.12
[INFO] [stderr]    Compiling pin-project-lite v0.2.14
[INFO] [stderr]    Compiling fnv v1.0.7
[INFO] [stderr]    Compiling autocfg v1.3.0
[INFO] [stderr]    Compiling futures-core v0.3.30
[INFO] [stderr]    Compiling itoa v1.0.11
[INFO] [stderr]    Compiling bytes v1.6.0
[INFO] [stderr]    Compiling libc v0.2.155
[INFO] [stderr]    Compiling futures-sink v0.3.30
[INFO] [stderr]    Compiling futures-io v0.3.30
[INFO] [stderr]    Compiling pin-utils v0.1.0
[INFO] [stderr]    Compiling futures-task v0.3.30
[INFO] [stderr]    Compiling rustversion v1.0.17
[INFO] [stderr]    Compiling futures-channel v0.3.30
[INFO] [stderr]    Compiling memchr v2.7.2
[INFO] [stderr]    Compiling serde v1.0.203
[INFO] [stderr]    Compiling slab v0.4.9
[INFO] [stderr]    Compiling httparse v1.8.0
[INFO] [stderr]    Compiling once_cell v1.19.0
[INFO] [stderr]    Compiling http v1.1.0
[INFO] [stderr]    Compiling tracing-core v0.1.32
[INFO] [stderr]    Compiling mio v0.8.11
[INFO] [stderr]    Compiling socket2 v0.5.7
[INFO] [stderr]    Compiling quote v1.0.36
[INFO] [stderr]    Compiling http-body v1.0.0
[INFO] [stderr]    Compiling strsim v0.11.1
[INFO] [stderr]    Compiling ident_case v1.0.1
[INFO] [stderr]    Compiling log v0.4.21
[INFO] [stderr]    Compiling axum-core v0.4.3
[INFO] [stderr]    Compiling syn v2.0.66
[INFO] [stderr]    Compiling tracing v0.1.40
[INFO] [stderr]    Compiling tower-service v0.3.2
[INFO] [stderr]    Compiling serde_json v1.0.117
[INFO] [stderr]    Compiling tower-layer v0.3.2
[INFO] [stderr]    Compiling httpdate v1.0.3
[INFO] [stderr]    Compiling smallvec v1.13.2
[INFO] [stderr]    Compiling percent-encoding v2.3.1
[INFO] [stderr]    Compiling ryu v1.0.18
[INFO] [stderr]    Compiling http-body-util v0.1.1
[INFO] [stderr]    Compiling axum v0.7.5
[INFO] [stderr]    Compiling sync_wrapper v0.1.2
[INFO] [stderr]    Compiling form_urlencoded v1.2.1
[INFO] [stderr]    Compiling thiserror v1.0.61
[INFO] [stderr]    Compiling mime v0.3.17
[INFO] [stderr]    Compiling matchit v0.7.3
[INFO] [stderr]    Compiling sync_wrapper v1.0.1
[INFO] [stderr]    Compiling heck v0.4.1
[INFO] [stderr]    Compiling tap v1.0.1
[INFO] [stderr]    Compiling serde_path_to_error v0.1.16
[INFO] [stderr]    Compiling serde_urlencoded v0.7.1
[INFO] [stderr]    Compiling darling_core v0.20.9
[INFO] [stderr]    Compiling futures-macro v0.3.30
[INFO] [stderr]    Compiling tokio-macros v2.3.0
[INFO] [stderr]    Compiling pin-project-internal v1.1.5
[INFO] [stderr]    Compiling async-trait v0.1.80
[INFO] [stderr]    Compiling thiserror-impl v1.0.61
[INFO] [stderr]    Compiling futures-util v0.3.30
[INFO] [stderr]    Compiling tokio v1.38.0
[INFO] [stderr]    Compiling darling_macro v0.20.9
[INFO] [stderr]    Compiling pin-project v1.1.5
[INFO] [stderr]    Compiling darling v0.20.9
[INFO] [stderr]    Compiling axum-starter-macro v0.10.0
[INFO] [stderr]    Compiling futures-executor v0.3.30
[INFO] [stderr]    Compiling futures v0.3.30
[INFO] [stderr]    Compiling hyper v1.3.1
[INFO] [stderr]    Compiling tower v0.4.13
[INFO] [stderr]    Compiling hyper-util v0.1.5
[INFO] [stderr]    Compiling axum-starter v0.11.0 (/opt/rustwide/workdir)
[INFO] [stderr]     Finished `dev` profile [unoptimized + debuginfo] target(s) in 56.45s
[INFO] running `Command { std: "docker" "inspect" "7e5247b97bcb6930bc37970d9a51c5430cf42e42510a987926089fdddc339745", kill_on_drop: false }`
[INFO] running `Command { std: "docker" "rm" "-f" "7e5247b97bcb6930bc37970d9a51c5430cf42e42510a987926089fdddc339745", kill_on_drop: false }`
[INFO] [stdout] 7e5247b97bcb6930bc37970d9a51c5430cf42e42510a987926089fdddc339745
[INFO] running `Command { std: "docker" "create" "-v" "/var/lib/crater-agent-workspace/builds/worker-1-tc1/target:/opt/rustwide/target:rw,Z" "-v" "/var/lib/crater-agent-workspace/builds/worker-1-tc1/source:/opt/rustwide/workdir:ro,Z" "-v" "/var/lib/crater-agent-workspace/cargo-home:/opt/rustwide/cargo-home:ro,Z" "-v" "/var/lib/crater-agent-workspace/rustup-home:/opt/rustwide/rustup-home:ro,Z" "-e" "SOURCE_DIR=/opt/rustwide/workdir" "-e" "CARGO_TARGET_DIR=/opt/rustwide/target" "-e" "CARGO_INCREMENTAL=0" "-e" "RUST_BACKTRACE=full" "-e" "RUSTFLAGS=--cap-lints=warn" "-e" "RUSTDOCFLAGS=--cap-lints=warn" "-e" "CARGO_HOME=/opt/rustwide/cargo-home" "-e" "RUSTUP_HOME=/opt/rustwide/rustup-home" "-w" "/opt/rustwide/workdir" "-m" "1610612736" "--user" "0:0" "--network" "none" "ghcr.io/rust-lang/crates-build-env/linux@sha256:f3a9d4ad9d972b27faf3965f35b62e55ba32bbce8f20bc8fe909558a86702fde" "/opt/rustwide/cargo-home/bin/cargo" "+1.83.0" "test" "--frozen" "--no-run" "--message-format=json", kill_on_drop: false }`
[INFO] [stdout] 2f04354377de9c9b406c0e5a5518ade3477b4e959dcaba8e4882860adb26bec4
[INFO] running `Command { std: "docker" "start" "-a" "2f04354377de9c9b406c0e5a5518ade3477b4e959dcaba8e4882860adb26bec4", kill_on_drop: false }`
[INFO] [stderr]    Compiling lock_api v0.4.12
[INFO] [stderr]    Compiling parking_lot_core v0.9.10
[INFO] [stderr]    Compiling cfg-if v1.0.0
[INFO] [stderr]    Compiling scopeguard v1.2.0
[INFO] [stderr]    Compiling num_cpus v1.16.0
[INFO] [stderr]    Compiling signal-hook-registry v1.4.2
[INFO] [stderr]    Compiling log v0.4.21
[INFO] [stderr]    Compiling axum v0.7.5
[INFO] [stderr]    Compiling time-core v0.1.2
[INFO] [stderr]    Compiling num-conv v0.1.0
[INFO] [stderr]    Compiling tracing v0.1.40
[INFO] [stderr]    Compiling powerfmt v0.2.0
[INFO] [stderr]    Compiling time-macros v0.2.18
[INFO] [stderr]    Compiling axum-macros v0.4.1
[INFO] [stderr]    Compiling axum-core v0.4.3
[INFO] [stderr]    Compiling parking_lot v0.12.3
[INFO] [stderr]    Compiling deranged v0.3.11
[INFO] [stderr]    Compiling num_threads v0.1.7
[INFO] [stderr]    Compiling lazy_static v1.4.0
[INFO] [stderr]    Compiling bitflags v2.5.0
[INFO] [stderr]    Compiling colored v2.1.0
[INFO] [stderr]    Compiling tokio v1.38.0
[INFO] [stderr]    Compiling time v0.3.36
[INFO] [stderr]    Compiling simple_logger v4.3.3
[INFO] [stderr]    Compiling hyper v1.3.1
[INFO] [stderr]    Compiling tower v0.4.13
[INFO] [stderr]    Compiling tower-http v0.5.2
[INFO] [stderr]    Compiling hyper-util v0.1.5
[INFO] [stderr]    Compiling axum-starter v0.11.0 (/opt/rustwide/workdir)
[INFO] [stdout] warning: this function depends on never type fallback being `()`
[INFO] [stdout]   --> examples/prepare_expand.rs:71:1
[INFO] [stdout]    |
[INFO] [stdout] 71 | #[prepare(sync Echo)]
[INFO] [stdout]    | ^^^^^^^^^^^^^^^^^^^^^
[INFO] [stdout]    |
[INFO] [stdout]    = warning: this was previously accepted by the compiler but is being phased out; it will become a hard error in a future release!
[INFO] [stdout]    = note: for more information, see issue #123748 <https://github.com/rust-lang/rust/issues/123748>
[INFO] [stdout]    = help: specify the types explicitly
[INFO] [stdout] note: in edition 2024, the requirement `!: IntoResponse` will fail
[INFO] [stdout]   --> examples/prepare_expand.rs:88:36
[INFO] [stdout]    |
[INFO] [stdout] 88 |         Route::new("/f/panic", get(|| async { panic!("Not a api") })),
[INFO] [stdout]    |                                    ^^^^^^^^^^^^^^^^^^^^^^^^^^^^^^^^
[INFO] [stdout]    = note: `#[warn(dependency_on_unit_never_type_fallback)]` on by default
[INFO] [stdout]    = note: this warning originates in the attribute macro `prepare` (in Nightly builds, run with -Z macro-backtrace for more info)
[INFO] [stdout] 
[INFO] [stdout] 
[INFO] [stdout] warning: function `arr` is never used
[INFO] [stdout]   --> examples/prepare_expand.rs:62:10
[INFO] [stdout]    |
[INFO] [stdout] 62 | async fn arr(id: i32, name: &String) {
[INFO] [stdout]    |          ^^^
[INFO] [stdout]    |
[INFO] [stdout]    = note: `#[warn(dead_code)]` on by default
[INFO] [stdout] 
[INFO] [stdout] 
[INFO] [stdout] warning: field `0` is never read
[INFO] [stdout]    --> examples/simple.rs:241:28
[INFO] [stdout]     |
[INFO] [stdout] 241 | pub struct LoggerDecorator(SocketAddr);
[INFO] [stdout]     |            --------------- ^^^^^^^^^^
[INFO] [stdout]     |            |
[INFO] [stdout]     |            field in this struct
[INFO] [stdout]     |
[INFO] [stdout]     = help: consider removing this field
[INFO] [stdout]     = note: `#[warn(dead_code)]` on by default
[INFO] [stdout] 
[INFO] [stdout] 
[INFO] [stderr]     Finished `test` profile [unoptimized + debuginfo] target(s) in 46.62s
[INFO] running `Command { std: "docker" "inspect" "2f04354377de9c9b406c0e5a5518ade3477b4e959dcaba8e4882860adb26bec4", kill_on_drop: false }`
[INFO] running `Command { std: "docker" "rm" "-f" "2f04354377de9c9b406c0e5a5518ade3477b4e959dcaba8e4882860adb26bec4", kill_on_drop: false }`
[INFO] [stdout] 2f04354377de9c9b406c0e5a5518ade3477b4e959dcaba8e4882860adb26bec4
[INFO] running `Command { std: "docker" "create" "-v" "/var/lib/crater-agent-workspace/builds/worker-1-tc1/target:/opt/rustwide/target:rw,Z" "-v" "/var/lib/crater-agent-workspace/builds/worker-1-tc1/source:/opt/rustwide/workdir:ro,Z" "-v" "/var/lib/crater-agent-workspace/cargo-home:/opt/rustwide/cargo-home:ro,Z" "-v" "/var/lib/crater-agent-workspace/rustup-home:/opt/rustwide/rustup-home:ro,Z" "-e" "SOURCE_DIR=/opt/rustwide/workdir" "-e" "CARGO_TARGET_DIR=/opt/rustwide/target" "-e" "CARGO_INCREMENTAL=0" "-e" "RUST_BACKTRACE=full" "-e" "RUSTFLAGS=--cap-lints=warn" "-e" "RUSTDOCFLAGS=--cap-lints=warn" "-e" "CARGO_HOME=/opt/rustwide/cargo-home" "-e" "RUSTUP_HOME=/opt/rustwide/rustup-home" "-w" "/opt/rustwide/workdir" "-m" "1610612736" "--user" "0:0" "--network" "none" "ghcr.io/rust-lang/crates-build-env/linux@sha256:f3a9d4ad9d972b27faf3965f35b62e55ba32bbce8f20bc8fe909558a86702fde" "/opt/rustwide/cargo-home/bin/cargo" "+1.83.0" "test" "--frozen", kill_on_drop: false }`
[INFO] [stdout] 7197e4be6c302d7275fa7425f66485a6f8123956b505f8a033f67091d7cbd3d5
[INFO] running `Command { std: "docker" "start" "-a" "7197e4be6c302d7275fa7425f66485a6f8123956b505f8a033f67091d7cbd3d5", kill_on_drop: false }`
[INFO] [stderr] warning: this function depends on never type fallback being `()`
[INFO] [stderr]   --> examples/prepare_expand.rs:71:1
[INFO] [stderr]    |
[INFO] [stderr] 71 | #[prepare(sync Echo)]
[INFO] [stderr]    | ^^^^^^^^^^^^^^^^^^^^^
[INFO] [stderr]    |
[INFO] [stderr]    = warning: this was previously accepted by the compiler but is being phased out; it will become a hard error in a future release!
[INFO] [stderr]    = note: for more information, see issue #123748 <https://github.com/rust-lang/rust/issues/123748>
[INFO] [stderr]    = help: specify the types explicitly
[INFO] [stderr] note: in edition 2024, the requirement `!: IntoResponse` will fail
[INFO] [stderr]   --> examples/prepare_expand.rs:88:36
[INFO] [stderr]    |
[INFO] [stderr] 88 |         Route::new("/f/panic", get(|| async { panic!("Not a api") })),
[INFO] [stderr]    |                                    ^^^^^^^^^^^^^^^^^^^^^^^^^^^^^^^^
[INFO] [stderr]    = note: `#[warn(dependency_on_unit_never_type_fallback)]` on by default
[INFO] [stderr]    = note: this warning originates in the attribute macro `prepare` (in Nightly builds, run with -Z macro-backtrace for more info)
[INFO] [stderr] 
[INFO] [stderr] warning: function `arr` is never used
[INFO] [stderr]   --> examples/prepare_expand.rs:62:10
[INFO] [stderr]    |
[INFO] [stderr] 62 | async fn arr(id: i32, name: &String) {
[INFO] [stderr]    |          ^^^
[INFO] [stderr]    |
[INFO] [stderr]    = note: `#[warn(dead_code)]` on by default
[INFO] [stderr] 
[INFO] [stderr] warning: field `0` is never read
[INFO] [stderr]    --> examples/simple.rs:241:28
[INFO] [stderr]     |
[INFO] [stderr] 241 | pub struct LoggerDecorator(SocketAddr);
[INFO] [stderr]     |            --------------- ^^^^^^^^^^
[INFO] [stderr]     |            |
[INFO] [stderr]     |            field in this struct
[INFO] [stderr]     |
[INFO] [stderr]     = help: consider removing this field
[INFO] [stderr]     = note: `#[warn(dead_code)]` on by default
[INFO] [stderr] 
[INFO] [stderr] warning: `axum-starter` (example "prepare_expand") generated 2 warnings
[INFO] [stderr] warning: `axum-starter` (example "simple") generated 1 warning
[INFO] [stderr]     Finished `test` profile [unoptimized + debuginfo] target(s) in 0.17s
[INFO] [stderr]      Running unittests src/lib.rs (/opt/rustwide/target/debug/deps/axum_starter-db8a49a70b66b94a)
[INFO] [stdout] 
[INFO] [stdout] running 1 test
[INFO] [stdout] test config_provide::test::test_nest_config ... ok
[INFO] [stdout] 
[INFO] [stdout] test result: ok. 1 passed; 0 failed; 0 ignored; 0 measured; 0 filtered out; finished in 0.01s
[INFO] [stdout] 
[INFO] [stderr]    Doc-tests axum_starter
[INFO] [stdout] 
[INFO] [stdout] running 2 tests
[INFO] [stdout] test src/../Readme.md - (line 28) ... FAILED
[INFO] [stdout] test src/server_prepare/start_process/decorator.rs - server_prepare::start_process::decorator::ServerPrepare<C,Effect,Log,State,Graceful,Decorator>::prepare_decorator (line 41) ... ok
[INFO] [stdout] 
[INFO] [stdout] failures:
[INFO] [stdout] 
[INFO] [stdout] ---- src/../Readme.md - (line 28) stdout ----
[INFO] [stdout] error[E0107]: struct takes 1 generic argument but 2 generic arguments were supplied
[INFO] [stdout]   --> src/../Readme.md:86:27
[INFO] [stdout]    |
[INFO] [stdout] 60 | fn greet_route<S, B>() -> Route<S, B>
[INFO] [stdout]    |                           ^^^^^  --- help: remove the unnecessary generic argument
[INFO] [stdout]    |                           |
[INFO] [stdout]    |                           expected 1 generic argument
[INFO] [stdout]    |
[INFO] [stdout] note: struct defined here, with 1 generic parameter: `S`
[INFO] [stdout]   --> /opt/rustwide/workdir/src/effect_utils/router.rs:11:12
[INFO] [stdout]    |
[INFO] [stdout] 11 | pub struct Route<S>(&'static str, MethodRouter<S>);
[INFO] [stdout]    |            ^^^^^ -
[INFO] [stdout] 
[INFO] [stdout] error[E0599]: no method named `prepare_start` found for struct `ServerPrepare` in the current scope
[INFO] [stdout]    --> src/../Readme.md:47:10
[INFO] [stdout]     |
[INFO] [stdout] 15  | /     ServerPrepare::with_config(Conf::default())
[INFO] [stdout] 16  | |         .init_logger()
[INFO] [stdout] 17  | |         .expect("Init Logger Error")
[INFO] [stdout] 18  | |         .prepare_route(GreetRoute)
[INFO] [stdout] 19  | |         .layer(TraceLayer::new_for_http())
[INFO] [stdout] 20  | |         .no_state()
[INFO] [stdout] 21  | |         .prepare_start()
[INFO] [stdout]     | |_________-^^^^^^^^^^^^^
[INFO] [stdout]     |
[INFO] [stdout]     = note: the full type name has been written to '/tmp/rustdoctestLhLjjE/rust_out.long-type-2417670429419911357.txt'
[INFO] [stdout]     = note: consider using `--verbose` to print the full type name to the console
[INFO] [stdout] help: there is a method `prepare` with a similar name, but with different arguments
[INFO] [stdout]    --> /opt/rustwide/workdir/src/server_prepare/start_process/adding_prepare.rs:153:5
[INFO] [stdout]     |
[INFO] [stdout] 153 | /     pub fn prepare<P>(
[INFO] [stdout] 154 | |         self,
[INFO] [stdout] 155 | |         prepare: P,
[INFO] [stdout] 156 | |     ) -> ServerPrepare<C, ContainerResult<Ri, Li>, Log, State, Graceful, Decorator>
[INFO] [stdout] 157 | |     where
[INFO] [stdout] 158 | |         P: Prepare<C, Effect = ()> + 'static,
[INFO] [stdout]     | |_____________________________________________^
[INFO] [stdout] 
[INFO] [stdout] error: aborting due to 2 previous errors
[INFO] [stdout] 
[INFO] [stdout] Some errors have detailed explanations: E0107, E0599.
[INFO] [stdout] For more information about an error, try `rustc --explain E0107`.
[INFO] [stdout] Couldn't compile the test.
[INFO] [stdout] 
[INFO] [stdout] failures:
[INFO] [stdout]     src/../Readme.md - (line 28)
[INFO] [stdout] 
[INFO] [stdout] test result: FAILED. 1 passed; 1 failed; 0 ignored; 0 measured; 0 filtered out; finished in 0.59s
[INFO] [stdout] 
[INFO] [stderr] error: doctest failed, to rerun pass `--doc`
[INFO] running `Command { std: "docker" "inspect" "7197e4be6c302d7275fa7425f66485a6f8123956b505f8a033f67091d7cbd3d5", kill_on_drop: false }`
[INFO] running `Command { std: "docker" "rm" "-f" "7197e4be6c302d7275fa7425f66485a6f8123956b505f8a033f67091d7cbd3d5", kill_on_drop: false }`
[INFO] [stdout] 7197e4be6c302d7275fa7425f66485a6f8123956b505f8a033f67091d7cbd3d5
