[INFO] fetching crate axum-mongodb 0.2.2...
[INFO] testing axum-mongodb-0.2.2 against beta-2024-12-08 for beta-1.84.0-4-retry
[INFO] extracting crate axum-mongodb 0.2.2 into /workspace/builds/worker-2-tc2/source
[INFO] validating manifest of crates.io crate axum-mongodb 0.2.2 on toolchain beta-2024-12-08
[INFO] running `Command { std: CARGO_HOME="/workspace/cargo-home" RUSTUP_HOME="/workspace/rustup-home" "/workspace/cargo-home/bin/cargo" "+beta-2024-12-08" "metadata" "--manifest-path" "Cargo.toml" "--no-deps", kill_on_drop: false }`
[INFO] started tweaking crates.io crate axum-mongodb 0.2.2
[INFO] finished tweaking crates.io crate axum-mongodb 0.2.2
[INFO] tweaked toml for crates.io crate axum-mongodb 0.2.2 written to /workspace/builds/worker-2-tc2/source/Cargo.toml
[INFO] running `Command { std: CARGO_HOME="/workspace/cargo-home" RUSTUP_HOME="/workspace/rustup-home" "/workspace/cargo-home/bin/cargo" "+beta-2024-12-08" "generate-lockfile" "--manifest-path" "Cargo.toml", kill_on_drop: false }`
[INFO] [stderr]     Updating crates.io index
[INFO] [stderr]      Locking 240 packages to latest compatible versions
[INFO] [stderr]       Adding mongodb v2.8.2 (available: v3.1.1)
[INFO] running `Command { std: CARGO_HOME="/workspace/cargo-home" RUSTUP_HOME="/workspace/rustup-home" "/workspace/cargo-home/bin/cargo" "+beta-2024-12-08" "fetch" "--manifest-path" "Cargo.toml", kill_on_drop: false }`
[INFO] running `Command { std: "docker" "create" "-v" "/var/lib/crater-agent-workspace/builds/worker-2-tc2/target:/opt/rustwide/target:rw,Z" "-v" "/var/lib/crater-agent-workspace/builds/worker-2-tc2/source:/opt/rustwide/workdir:ro,Z" "-v" "/var/lib/crater-agent-workspace/cargo-home:/opt/rustwide/cargo-home:ro,Z" "-v" "/var/lib/crater-agent-workspace/rustup-home:/opt/rustwide/rustup-home:ro,Z" "-e" "SOURCE_DIR=/opt/rustwide/workdir" "-e" "CARGO_TARGET_DIR=/opt/rustwide/target" "-e" "CARGO_HOME=/opt/rustwide/cargo-home" "-e" "RUSTUP_HOME=/opt/rustwide/rustup-home" "-w" "/opt/rustwide/workdir" "-m" "1610612736" "--user" "0:0" "--network" "none" "ghcr.io/rust-lang/crates-build-env/linux@sha256:f3a9d4ad9d972b27faf3965f35b62e55ba32bbce8f20bc8fe909558a86702fde" "/opt/rustwide/cargo-home/bin/cargo" "+beta-2024-12-08" "metadata" "--no-deps" "--format-version=1", kill_on_drop: false }`
[INFO] [stdout] 01468aa0ff614553ac95528a7cb7db20d16f0c910cc1beedd9c573a76b127723
[INFO] running `Command { std: "docker" "start" "-a" "01468aa0ff614553ac95528a7cb7db20d16f0c910cc1beedd9c573a76b127723", kill_on_drop: false }`
[INFO] running `Command { std: "docker" "inspect" "01468aa0ff614553ac95528a7cb7db20d16f0c910cc1beedd9c573a76b127723", kill_on_drop: false }`
[INFO] running `Command { std: "docker" "rm" "-f" "01468aa0ff614553ac95528a7cb7db20d16f0c910cc1beedd9c573a76b127723", kill_on_drop: false }`
[INFO] [stdout] 01468aa0ff614553ac95528a7cb7db20d16f0c910cc1beedd9c573a76b127723
[INFO] running `Command { std: "docker" "create" "-v" "/var/lib/crater-agent-workspace/builds/worker-2-tc2/target:/opt/rustwide/target:rw,Z" "-v" "/var/lib/crater-agent-workspace/builds/worker-2-tc2/source:/opt/rustwide/workdir:ro,Z" "-v" "/var/lib/crater-agent-workspace/cargo-home:/opt/rustwide/cargo-home:ro,Z" "-v" "/var/lib/crater-agent-workspace/rustup-home:/opt/rustwide/rustup-home:ro,Z" "-e" "SOURCE_DIR=/opt/rustwide/workdir" "-e" "CARGO_TARGET_DIR=/opt/rustwide/target" "-e" "CARGO_INCREMENTAL=0" "-e" "RUST_BACKTRACE=full" "-e" "RUSTFLAGS=--cap-lints=warn" "-e" "RUSTDOCFLAGS=--cap-lints=warn" "-e" "CARGO_HOME=/opt/rustwide/cargo-home" "-e" "RUSTUP_HOME=/opt/rustwide/rustup-home" "-w" "/opt/rustwide/workdir" "-m" "1610612736" "--user" "0:0" "--network" "none" "ghcr.io/rust-lang/crates-build-env/linux@sha256:f3a9d4ad9d972b27faf3965f35b62e55ba32bbce8f20bc8fe909558a86702fde" "/opt/rustwide/cargo-home/bin/cargo" "+beta-2024-12-08" "build" "--frozen" "--message-format=json", kill_on_drop: false }`
[INFO] [stdout] 6cd998f273d4dd5941c8552d9cca706e590cae98b516d372dcdb25bcac166c2a
[INFO] running `Command { std: "docker" "start" "-a" "6cd998f273d4dd5941c8552d9cca706e590cae98b516d372dcdb25bcac166c2a", kill_on_drop: false }`
[INFO] [stderr]    Compiling proc-macro2 v1.0.92
[INFO] [stderr]    Compiling unicode-ident v1.0.14
[INFO] [stderr]    Compiling libc v0.2.168
[INFO] [stderr]    Compiling autocfg v1.4.0
[INFO] [stderr]    Compiling cfg-if v1.0.0
[INFO] [stderr]    Compiling version_check v0.9.5
[INFO] [stderr]    Compiling pin-project-lite v0.2.15
[INFO] [stderr]    Compiling stable_deref_trait v1.2.0
[INFO] [stderr]    Compiling bytes v1.9.0
[INFO] [stderr]    Compiling futures-sink v0.3.31
[INFO] [stderr]    Compiling futures-core v0.3.31
[INFO] [stderr]    Compiling memchr v2.7.4
[INFO] [stderr]    Compiling syn v1.0.109
[INFO] [stderr]    Compiling itoa v1.0.14
[INFO] [stderr]    Compiling futures-io v0.3.31
[INFO] [stderr]    Compiling fnv v1.0.7
[INFO] [stderr]    Compiling futures-channel v0.3.31
[INFO] [stderr]    Compiling typenum v1.17.0
[INFO] [stderr]    Compiling slab v0.4.9
[INFO] [stderr]    Compiling smallvec v1.13.2
[INFO] [stderr]    Compiling pin-utils v0.1.0
[INFO] [stderr]    Compiling futures-task v0.3.31
[INFO] [stderr]    Compiling generic-array v0.14.7
[INFO] [stderr]    Compiling litemap v0.7.4
[INFO] [stderr]    Compiling serde v1.0.216
[INFO] [stderr]    Compiling writeable v0.5.5
[INFO] [stderr]    Compiling getrandom v0.2.15
[INFO] [stderr]    Compiling quote v1.0.37
[INFO] [stderr]    Compiling socket2 v0.5.8
[INFO] [stderr]    Compiling mio v1.0.3
[INFO] [stderr]    Compiling signal-hook-registry v1.4.2
[INFO] [stderr]    Compiling shlex v1.3.0
[INFO] [stderr]    Compiling syn v2.0.90
[INFO] [stderr]    Compiling cc v1.2.4
[INFO] [stderr]    Compiling once_cell v1.20.2
[INFO] [stderr]    Compiling icu_locid_transform_data v1.5.0
[INFO] [stderr]    Compiling byteorder v1.5.0
[INFO] [stderr]    Compiling icu_properties_data v1.5.0
[INFO] [stderr]    Compiling utf16_iter v1.0.5
[INFO] [stderr]    Compiling icu_normalizer_data v1.5.0
[INFO] [stderr]    Compiling subtle v2.6.1
[INFO] [stderr]    Compiling utf8_iter v1.0.4
[INFO] [stderr]    Compiling write16 v1.0.0
[INFO] [stderr]    Compiling percent-encoding v2.3.1
[INFO] [stderr]    Compiling tinyvec_macros v0.1.1
[INFO] [stderr]    Compiling rand_core v0.6.4
[INFO] [stderr]    Compiling http v1.2.0
[INFO] [stderr]    Compiling tinyvec v1.8.0
[INFO] [stderr]    Compiling form_urlencoded v1.2.1
[INFO] [stderr]    Compiling spin v0.9.8
[INFO] [stderr]    Compiling strsim v0.10.0
[INFO] [stderr]    Compiling semver-parser v0.7.0
[INFO] [stderr]    Compiling untrusted v0.9.0
[INFO] [stderr]    Compiling ident_case v1.0.1
[INFO] [stderr]    Compiling semver v0.9.0
[INFO] [stderr]    Compiling lock_api v0.4.12
[INFO] [stderr]    Compiling crypto-common v0.1.6
[INFO] [stderr]    Compiling block-buffer v0.10.4
[INFO] [stderr]    Compiling unicode-normalization v0.1.24
[INFO] [stderr]    Compiling digest v0.10.7
[INFO] [stderr]    Compiling httparse v1.9.5
[INFO] [stderr]    Compiling http-body v1.0.1
[INFO] [stderr]    Compiling serde_json v1.0.133
[INFO] [stderr]    Compiling ring v0.17.8
[INFO] [stderr]    Compiling thiserror v1.0.69
[INFO] [stderr]    Compiling hashbrown v0.15.2
[INFO] [stderr]    Compiling parking_lot_core v0.9.10
[INFO] [stderr]    Compiling ryu v1.0.18
[INFO] [stderr]    Compiling unicode-bidi v0.3.17
[INFO] [stderr]    Compiling equivalent v1.0.1
[INFO] [stderr]    Compiling radium v0.7.0
[INFO] [stderr]    Compiling rustc_version v0.2.3
[INFO] [stderr]    Compiling tracing-core v0.1.33
[INFO] [stderr]    Compiling num-traits v0.2.19
[INFO] [stderr]    Compiling ahash v0.8.11
[INFO] [stderr]    Compiling indexmap v2.7.0
[INFO] [stderr]    Compiling matches v0.1.10
[INFO] [stderr]    Compiling num-conv v0.1.0
[INFO] [stderr]    Compiling scopeguard v1.2.0
[INFO] [stderr]    Compiling powerfmt v0.2.0
[INFO] [stderr]    Compiling tower-service v0.3.3
[INFO] [stderr]    Compiling rustls v0.21.12
[INFO] [stderr]    Compiling heck v0.4.1
[INFO] [stderr]    Compiling time-core v0.1.2
[INFO] [stderr]    Compiling tap v1.0.1
[INFO] [stderr]    Compiling match_cfg v0.1.0
[INFO] [stderr]    Compiling rustversion v1.0.18
[INFO] [stderr]    Compiling time-macros v0.2.19
[INFO] [stderr]    Compiling hostname v0.3.1
[INFO] [stderr]    Compiling wyz v0.5.1
[INFO] [stderr]    Compiling deranged v0.3.11
[INFO] [stderr]    Compiling idna v0.2.3
[INFO] [stderr]    Compiling tracing v0.1.41
[INFO] [stderr]    Compiling darling_core v0.13.4
[INFO] [stderr]    Compiling rustc_version_runtime v0.2.1
[INFO] [stderr]    Compiling synstructure v0.13.1
[INFO] [stderr]    Compiling ipnet v2.10.1
[INFO] [stderr]    Compiling cpufeatures v0.2.16
[INFO] [stderr]    Compiling data-encoding v2.6.0
[INFO] [stderr]    Compiling httpdate v1.0.3
[INFO] [stderr]    Compiling linked-hash-map v0.5.6
[INFO] [stderr]    Compiling lazy_static v1.5.0
[INFO] [stderr]    Compiling tower-layer v0.3.3
[INFO] [stderr]    Compiling sync_wrapper v1.0.2
[INFO] [stderr]    Compiling quick-error v1.2.3
[INFO] [stderr]    Compiling funty v2.0.0
[INFO] [stderr]    Compiling resolv-conf v0.7.0
[INFO] [stderr]    Compiling lru-cache v0.1.2
[INFO] [stderr]    Compiling time v0.3.37
[INFO] [stderr]    Compiling bitvec v1.0.1
[INFO] [stderr]    Compiling parking_lot v0.12.3
[INFO] [stderr]    Compiling zerofrom-derive v0.1.5
[INFO] [stderr]    Compiling yoke-derive v0.7.5
[INFO] [stderr]    Compiling zerovec-derive v0.10.3
[INFO] [stderr]    Compiling displaydoc v0.2.5
[INFO] [stderr]    Compiling futures-macro v0.3.31
[INFO] [stderr]    Compiling serde_derive v1.0.216
[INFO] [stderr]    Compiling icu_provider_macros v1.5.0
[INFO] [stderr]    Compiling zerofrom v0.1.5
[INFO] [stderr]    Compiling tokio-macros v2.4.0
[INFO] [stderr]    Compiling zerocopy-derive v0.7.35
[INFO] [stderr]    Compiling yoke v0.7.5
[INFO] [stderr]    Compiling futures-util v0.3.31
[INFO] [stderr]    Compiling async-trait v0.1.83
[INFO] [stderr]    Compiling zerovec v0.10.4
[INFO] [stderr]    Compiling darling_macro v0.13.4
[INFO] [stderr]    Compiling thiserror-impl v1.0.69
[INFO] [stderr]    Compiling tokio v1.42.0
[INFO] [stderr]    Compiling darling v0.13.4
[INFO] [stderr]    Compiling rustls-webpki v0.101.7
[INFO] [stderr]    Compiling tinystr v0.7.6
[INFO] [stderr]    Compiling zerocopy v0.7.35
[INFO] [stderr]    Compiling icu_collections v1.5.0
[INFO] [stderr]    Compiling icu_locid v1.5.0
[INFO] [stderr]    Compiling sct v0.7.1
[INFO] [stderr]    Compiling enum-as-inner v0.4.0
[INFO] [stderr]    Compiling icu_provider v1.5.0
[INFO] [stderr]    Compiling ppv-lite86 v0.2.20
[INFO] [stderr]    Compiling rand_chacha v0.3.1
[INFO] [stderr]    Compiling icu_locid_transform v1.5.0
[INFO] [stderr]    Compiling rand v0.8.5
[INFO] [stderr]    Compiling icu_properties v1.5.1
[INFO] [stderr]    Compiling futures-executor v0.3.31
[INFO] [stderr]    Compiling http-body-util v0.1.2
[INFO] [stderr]    Compiling serde_with_macros v1.5.2
[INFO] [stderr]    Compiling base64 v0.21.7
[INFO] [stderr]    Compiling convert_case v0.4.0
[INFO] [stderr]    Compiling base64 v0.13.1
[INFO] [stderr]    Compiling iana-time-zone v0.1.61
[INFO] [stderr]    Compiling unicode-properties v0.1.3
[INFO] [stderr]    Compiling mime v0.3.17
[INFO] [stderr]    Compiling hex v0.4.3
[INFO] [stderr]    Compiling stringprep v0.1.5
[INFO] [stderr]    Compiling axum-core v0.4.5
[INFO] [stderr]    Compiling derive_more v0.99.18
[INFO] [stderr]    Compiling chrono v0.4.39
[INFO] [stderr]    Compiling rustls-pemfile v1.0.4
[INFO] [stderr]    Compiling derivative v2.2.0
[INFO] [stderr]    Compiling icu_normalizer v1.5.0
[INFO] [stderr]    Compiling hyper v1.5.1
[INFO] [stderr]    Compiling idna_adapter v1.2.0
[INFO] [stderr]    Compiling idna v1.0.3
[INFO] [stderr]    Compiling tokio-util v0.7.13
[INFO] [stderr]    Compiling url v2.5.4
[INFO] [stderr]    Compiling serde_bytes v0.11.15
[INFO] [stderr]    Compiling uuid v1.11.0
[INFO] [stderr]    Compiling hyper-util v0.1.10
[INFO] [stderr]    Compiling serde_urlencoded v0.7.1
[INFO] [stderr]    Compiling serde_with v1.14.0
[INFO] [stderr]    Compiling serde_path_to_error v0.1.16
[INFO] [stderr]    Compiling tower v0.5.2
[INFO] [stderr]    Compiling tokio-rustls v0.24.1
[INFO] [stderr]    Compiling typed-builder v0.10.0
[INFO] [stderr]    Compiling trust-dns-proto v0.21.2
[INFO] [stderr]    Compiling sha2 v0.10.8
[INFO] [stderr]    Compiling sha-1 v0.10.1
[INFO] [stderr]    Compiling pbkdf2 v0.11.0
[INFO] [stderr]    Compiling hmac v0.12.1
[INFO] [stderr]    Compiling md-5 v0.10.6
[INFO] [stderr]    Compiling bson v2.13.0
[INFO] [stderr]    Compiling socket2 v0.4.10
[INFO] [stderr]    Compiling bitflags v1.3.2
[INFO] [stderr]    Compiling matchit v0.7.3
[INFO] [stderr]    Compiling webpki-roots v0.25.4
[INFO] [stderr]    Compiling take_mut v0.2.2
[INFO] [stderr]    Compiling axum v0.7.9
[INFO] [stderr]    Compiling futures v0.3.31
[INFO] [stderr]    Compiling axum-mongodb-core v0.2.2
[INFO] [stderr]    Compiling trust-dns-resolver v0.21.2
[INFO] [stderr]    Compiling mongodb v2.8.2
[INFO] [stderr]    Compiling axum-mongodb v0.2.2 (/opt/rustwide/workdir)
[INFO] [stderr]     Finished `dev` profile [unoptimized + debuginfo] target(s) in 2m 59s
[INFO] running `Command { std: "docker" "inspect" "6cd998f273d4dd5941c8552d9cca706e590cae98b516d372dcdb25bcac166c2a", kill_on_drop: false }`
[INFO] running `Command { std: "docker" "rm" "-f" "6cd998f273d4dd5941c8552d9cca706e590cae98b516d372dcdb25bcac166c2a", kill_on_drop: false }`
[INFO] [stdout] 6cd998f273d4dd5941c8552d9cca706e590cae98b516d372dcdb25bcac166c2a
[INFO] running `Command { std: "docker" "create" "-v" "/var/lib/crater-agent-workspace/builds/worker-2-tc2/target:/opt/rustwide/target:rw,Z" "-v" "/var/lib/crater-agent-workspace/builds/worker-2-tc2/source:/opt/rustwide/workdir:ro,Z" "-v" "/var/lib/crater-agent-workspace/cargo-home:/opt/rustwide/cargo-home:ro,Z" "-v" "/var/lib/crater-agent-workspace/rustup-home:/opt/rustwide/rustup-home:ro,Z" "-e" "SOURCE_DIR=/opt/rustwide/workdir" "-e" "CARGO_TARGET_DIR=/opt/rustwide/target" "-e" "CARGO_INCREMENTAL=0" "-e" "RUST_BACKTRACE=full" "-e" "RUSTFLAGS=--cap-lints=warn" "-e" "RUSTDOCFLAGS=--cap-lints=warn" "-e" "CARGO_HOME=/opt/rustwide/cargo-home" "-e" "RUSTUP_HOME=/opt/rustwide/rustup-home" "-w" "/opt/rustwide/workdir" "-m" "1610612736" "--user" "0:0" "--network" "none" "ghcr.io/rust-lang/crates-build-env/linux@sha256:f3a9d4ad9d972b27faf3965f35b62e55ba32bbce8f20bc8fe909558a86702fde" "/opt/rustwide/cargo-home/bin/cargo" "+beta-2024-12-08" "test" "--frozen" "--no-run" "--message-format=json", kill_on_drop: false }`
[INFO] [stdout] 8fc3871837b39fca3549c1697cd6c59b8cd685c0fca8cd529d6fa303a1e4570f
[INFO] running `Command { std: "docker" "start" "-a" "8fc3871837b39fca3549c1697cd6c59b8cd685c0fca8cd529d6fa303a1e4570f", kill_on_drop: false }`
[INFO] [stderr]    Compiling axum-mongodb v0.2.2 (/opt/rustwide/workdir)
[INFO] [stderr]     Finished `test` profile [unoptimized + debuginfo] target(s) in 1.77s
[INFO] running `Command { std: "docker" "inspect" "8fc3871837b39fca3549c1697cd6c59b8cd685c0fca8cd529d6fa303a1e4570f", kill_on_drop: false }`
[INFO] running `Command { std: "docker" "rm" "-f" "8fc3871837b39fca3549c1697cd6c59b8cd685c0fca8cd529d6fa303a1e4570f", kill_on_drop: false }`
[INFO] [stdout] 8fc3871837b39fca3549c1697cd6c59b8cd685c0fca8cd529d6fa303a1e4570f
[INFO] running `Command { std: "docker" "create" "-v" "/var/lib/crater-agent-workspace/builds/worker-2-tc2/target:/opt/rustwide/target:rw,Z" "-v" "/var/lib/crater-agent-workspace/builds/worker-2-tc2/source:/opt/rustwide/workdir:ro,Z" "-v" "/var/lib/crater-agent-workspace/cargo-home:/opt/rustwide/cargo-home:ro,Z" "-v" "/var/lib/crater-agent-workspace/rustup-home:/opt/rustwide/rustup-home:ro,Z" "-e" "SOURCE_DIR=/opt/rustwide/workdir" "-e" "CARGO_TARGET_DIR=/opt/rustwide/target" "-e" "CARGO_INCREMENTAL=0" "-e" "RUST_BACKTRACE=full" "-e" "RUSTFLAGS=--cap-lints=warn" "-e" "RUSTDOCFLAGS=--cap-lints=warn" "-e" "CARGO_HOME=/opt/rustwide/cargo-home" "-e" "RUSTUP_HOME=/opt/rustwide/rustup-home" "-w" "/opt/rustwide/workdir" "-m" "1610612736" "--user" "0:0" "--network" "none" "ghcr.io/rust-lang/crates-build-env/linux@sha256:f3a9d4ad9d972b27faf3965f35b62e55ba32bbce8f20bc8fe909558a86702fde" "/opt/rustwide/cargo-home/bin/cargo" "+beta-2024-12-08" "test" "--frozen", kill_on_drop: false }`
[INFO] [stdout] d76aaa7dd47f8507e15dc66db650234b79796ca96f695e4fa1b53ef5e5660876
[INFO] running `Command { std: "docker" "start" "-a" "d76aaa7dd47f8507e15dc66db650234b79796ca96f695e4fa1b53ef5e5660876", kill_on_drop: false }`
[INFO] [stderr]     Finished `test` profile [unoptimized + debuginfo] target(s) in 0.26s
[INFO] [stderr]      Running unittests src/lib.rs (/opt/rustwide/target/debug/deps/axum_mongodb-2c8f2e957714a477)
[INFO] [stdout] 
[INFO] [stdout] running 0 tests
[INFO] [stdout] 
[INFO] [stdout] test result: ok. 0 passed; 0 failed; 0 ignored; 0 measured; 0 filtered out; finished in 0.00s
[INFO] [stdout] 
[INFO] [stderr]    Doc-tests axum_mongodb
[INFO] [stdout] 
[INFO] [stdout] running 4 tests
[INFO] [stdout] test src/lib.rs - (line 121) ... FAILED
[INFO] [stdout] test src/lib.rs - (line 143) ... FAILED
[INFO] [stdout] test src/lib.rs - (line 77) ... FAILED
[INFO] [stdout] test src/lib.rs - (line 34) ... FAILED
[INFO] [stdout] 
[INFO] [stdout] failures:
[INFO] [stdout] 
[INFO] [stdout] ---- src/lib.rs - (line 121) stdout ----
[INFO] [stdout] error[E0433]: failed to resolve: there are too many leading `super` keywords
[INFO] [stdout]  --> src/lib.rs:124:5
[INFO] [stdout]   |
[INFO] [stdout] 5 | use super::Todo;
[INFO] [stdout]   |     ^^^^^ there are too many leading `super` keywords
[INFO] [stdout] 
[INFO] [stdout] error[E0432]: unresolved import `crate::Server`
[INFO] [stdout]  --> src/lib.rs:125:5
[INFO] [stdout]   |
[INFO] [stdout] 6 | use crate::Server;
[INFO] [stdout]   |     ^^^^^^^^^^^^^ no `Server` in the root
[INFO] [stdout] 
[INFO] [stdout] error[E0432]: unresolved import `serde`
[INFO] [stdout]  --> src/lib.rs:123:5
[INFO] [stdout]   |
[INFO] [stdout] 4 | use serde::Deserialize;
[INFO] [stdout]   |     ^^^^^ use of undeclared crate or module `serde`
[INFO] [stdout] 
[INFO] [stdout] error: aborting due to 3 previous errors
[INFO] [stdout] 
[INFO] [stdout] Some errors have detailed explanations: E0432, E0433.
[INFO] [stdout] For more information about an error, try `rustc --explain E0432`.
[INFO] [stdout] Couldn't compile the test.
[INFO] [stdout] ---- src/lib.rs - (line 143) stdout ----
[INFO] [stdout] error: cannot declare a non-inline module inside a block unless it has a path attribute
[INFO] [stdout]  --> src/lib.rs:144:1
[INFO] [stdout]   |
[INFO] [stdout] 3 | mod controller;
[INFO] [stdout]   | ^^^^^^^^^^^^^^^
[INFO] [stdout] 
[INFO] [stdout] error[E0432]: unresolved imports `controller::create_todo`, `controller::delete_todo`, `controller::get_todo`, `controller::get_todos`, `controller::update_todo`
[INFO] [stdout]  --> src/lib.rs:145:18
[INFO] [stdout]   |
[INFO] [stdout] 4 | use controller::{create_todo, delete_todo, get_todo, get_todos, update_todo};
[INFO] [stdout]   |                  ^^^^^^^^^^^  ^^^^^^^^^^^  ^^^^^^^^  ^^^^^^^^^  ^^^^^^^^^^^ no `update_todo` in `<opaque>::<opaque>::controller`
[INFO] [stdout]   |                  |            |            |         |
[INFO] [stdout]   |                  |            |            |         no `get_todos` in `<opaque>::<opaque>::controller`
[INFO] [stdout]   |                  |            |            no `get_todo` in `<opaque>::<opaque>::controller`
[INFO] [stdout]   |                  |            no `delete_todo` in `<opaque>::<opaque>::controller`
[INFO] [stdout]   |                  no `create_todo` in `<opaque>::<opaque>::controller`
[INFO] [stdout] 
[INFO] [stdout] error[E0432]: unresolved import `server`
[INFO] [stdout]   --> src/lib.rs:151:9
[INFO] [stdout]    |
[INFO] [stdout] 10 | pub use server::Todo;
[INFO] [stdout]    |         ^^^^^^ use of undeclared crate or module `server`
[INFO] [stdout] 
[INFO] [stdout] error: aborting due to 3 previous errors
[INFO] [stdout] 
[INFO] [stdout] For more information about this error, try `rustc --explain E0432`.
[INFO] [stdout] Couldn't compile the test.
[INFO] [stdout] ---- src/lib.rs - (line 77) stdout ----
[INFO] [stdout] error[E0432]: unresolved import `anyhow`
[INFO] [stdout]  --> src/lib.rs:79:5
[INFO] [stdout]   |
[INFO] [stdout] 5 | use anyhow::Result;
[INFO] [stdout]   |     ^^^^^^ use of undeclared crate or module `anyhow`
[INFO] [stdout] 
[INFO] [stdout] error[E0432]: unresolved import `bson`
[INFO] [stdout]  --> src/lib.rs:81:12
[INFO] [stdout]   |
[INFO] [stdout] 7 | use bson::{self, doc, oid::ObjectId};
[INFO] [stdout]   |            ^^^^ no external crate `bson`
[INFO] [stdout]   |
[INFO] [stdout]   = help: consider importing this crate instead:
[INFO] [stdout]           mongodb::bson
[INFO] [stdout] 
[INFO] [stdout] error[E0432]: unresolved import `serde`
[INFO] [stdout]  --> src/lib.rs:83:5
[INFO] [stdout]   |
[INFO] [stdout] 9 | use serde::{Deserialize, Serialize};
[INFO] [stdout]   |     ^^^^^ use of undeclared crate or module `serde`
[INFO] [stdout] 
[INFO] [stdout] error: cannot find derive macro `Column` in this scope
[INFO] [stdout]   --> src/lib.rs:85:17
[INFO] [stdout]    |
[INFO] [stdout] 11 | #[derive(Debug, Column, Deserialize, Serialize, Clone)]
[INFO] [stdout]    |                 ^^^^^^
[INFO] [stdout]    |
[INFO] [stdout] help: consider importing one of these derive macros
[INFO] [stdout]    |
[INFO] [stdout] 2  + use axum_mongodb::Column;
[INFO] [stdout]    |
[INFO] [stdout] 2  + use axum_mongodb_core::Column;
[INFO] [stdout]    |
[INFO] [stdout] 
[INFO] [stdout] error: cannot find attribute `serde` in this scope
[INFO] [stdout]   --> src/lib.rs:87:7
[INFO] [stdout]    |
[INFO] [stdout] 13 |     #[serde(
[INFO] [stdout]    |       ^^^^^
[INFO] [stdout] 
[INFO] [stdout] error[E0433]: failed to resolve: use of undeclared crate or module `chrono`
[INFO] [stdout]   --> src/lib.rs:106:34
[INFO] [stdout]    |
[INFO] [stdout] 32 |                     create_time: chrono::Local::now(),
[INFO] [stdout]    |                                  ^^^^^^ use of undeclared crate or module `chrono`
[INFO] [stdout]    |
[INFO] [stdout] help: there is an enum variant `mongodb::options::ReadConcernLevel::Local`; try using the variant's enum
[INFO] [stdout]    |
[INFO] [stdout] 32 |                     create_time: mongodb::options::ReadConcernLevel::now(),
[INFO] [stdout]    |                                  ~~~~~~~~~~~~~~~~~~~~~~~~~~~~~~~~~~
[INFO] [stdout] 
[INFO] [stdout] error[E0433]: failed to resolve: use of undeclared crate or module `chrono`
[INFO] [stdout]   --> src/lib.rs:107:34
[INFO] [stdout]    |
[INFO] [stdout] 33 |                     update_time: chrono::Local::now(),
[INFO] [stdout]    |                                  ^^^^^^ use of undeclared crate or module `chrono`
[INFO] [stdout]    |
[INFO] [stdout] help: there is an enum variant `mongodb::options::ReadConcernLevel::Local`; try using the variant's enum
[INFO] [stdout]    |
[INFO] [stdout] 33 |                     update_time: mongodb::options::ReadConcernLevel::now(),
[INFO] [stdout]    |                                  ~~~~~~~~~~~~~~~~~~~~~~~~~~~~~~~~~~
[INFO] [stdout] 
[INFO] [stdout] error[E0412]: cannot find type `Server` in this scope
[INFO] [stdout]   --> src/lib.rs:98:6
[INFO] [stdout]    |
[INFO] [stdout] 24 | impl Server<Todo> {
[INFO] [stdout]    |      ^^^^^^ not found in this scope
[INFO] [stdout] 
[INFO] [stdout] error[E0433]: failed to resolve: use of undeclared crate or module `chrono`
[INFO] [stdout]   --> src/lib.rs:94:18
[INFO] [stdout]    |
[INFO] [stdout] 20 |     create_time: chrono::DateTime<chrono::Local>,
[INFO] [stdout]    |                  ^^^^^^ use of undeclared crate or module `chrono`
[INFO] [stdout] 
[INFO] [stdout] error[E0433]: failed to resolve: use of undeclared crate or module `chrono`
[INFO] [stdout]   --> src/lib.rs:94:35
[INFO] [stdout]    |
[INFO] [stdout] 20 |     create_time: chrono::DateTime<chrono::Local>,
[INFO] [stdout]    |                                   ^^^^^^ use of undeclared crate or module `chrono`
[INFO] [stdout] 
[INFO] [stdout] error[E0433]: failed to resolve: use of undeclared crate or module `chrono`
[INFO] [stdout]   --> src/lib.rs:95:18
[INFO] [stdout]    |
[INFO] [stdout] 21 |     update_time: chrono::Local,
[INFO] [stdout]    |                  ^^^^^^ use of undeclared crate or module `chrono`
[INFO] [stdout] 
[INFO] [stdout] error: aborting due to 11 previous errors
[INFO] [stdout] 
[INFO] [stdout] Some errors have detailed explanations: E0412, E0432, E0433.
[INFO] [stdout] For more information about an error, try `rustc --explain E0412`.
[INFO] [stdout] Couldn't compile the test.
[INFO] [stdout] ---- src/lib.rs - (line 34) stdout ----
[INFO] [stdout] error[E0433]: failed to resolve: use of undeclared crate or module `tokio`
[INFO] [stdout]  --> src/lib.rs:40:5
[INFO] [stdout]   |
[INFO] [stdout] 9 | use tokio::net::TcpListener;
[INFO] [stdout]   |     ^^^^^ use of undeclared crate or module `tokio`
[INFO] [stdout] 
[INFO] [stdout] error[E0432]: unresolved import `anyhow`
[INFO] [stdout]  --> src/lib.rs:36:5
[INFO] [stdout]   |
[INFO] [stdout] 5 | use anyhow::Result;
[INFO] [stdout]   |     ^^^^^^ use of undeclared crate or module `anyhow`
[INFO] [stdout] 
[INFO] [stdout] error[E0433]: failed to resolve: use of undeclared crate or module `tracing`
[INFO] [stdout]   --> src/lib.rs:63:5
[INFO] [stdout]    |
[INFO] [stdout] 32 |     tracing::info!("Listening on http://{}", listener.local_addr().unwrap());
[INFO] [stdout]    |     ^^^^^^^ use of undeclared crate or module `tracing`
[INFO] [stdout] 
[INFO] [stdout] error[E0412]: cannot find type `Servers` in the crate root
[INFO] [stdout]   --> src/lib.rs:44:1
[INFO] [stdout]    |
[INFO] [stdout] 13 | #[axum_mongodb::main]
[INFO] [stdout]    | ^^^^^^^^^^^^^^^^^^^^^ not found in the crate root
[INFO] [stdout]    |
[INFO] [stdout]    = note: this error originates in the attribute macro `axum_mongodb::main` (in Nightly builds, run with -Z macro-backtrace for more info)
[INFO] [stdout] 
[INFO] [stdout] error[E0425]: cannot find function `todos_router` in this scope
[INFO] [stdout]   --> src/lib.rs:57:16
[INFO] [stdout]    |
[INFO] [stdout] 26 |         .merge(todos_router())
[INFO] [stdout]    |                ^^^^^^^^^^^^ not found in this scope
[INFO] [stdout] 
[INFO] [stdout] error: aborting due to 5 previous errors
[INFO] [stdout] 
[INFO] [stdout] Some errors have detailed explanations: E0412, E0425, E0432, E0433.
[INFO] [stdout] For more information about an error, try `rustc --explain E0412`.
[INFO] [stdout] Couldn't compile the test.
[INFO] [stdout] 
[INFO] [stdout] failures:
[INFO] [stdout]     src/lib.rs - (line 121)
[INFO] [stdout]     src/lib.rs - (line 143)
[INFO] [stdout]     src/lib.rs - (line 34)
[INFO] [stdout]     src/lib.rs - (line 77)
[INFO] [stdout] 
[INFO] [stdout] test result: FAILED. 0 passed; 4 failed; 0 ignored; 0 measured; 0 filtered out; finished in 1.12s
[INFO] [stdout] 
[INFO] [stderr] error: doctest failed, to rerun pass `--doc`
[INFO] running `Command { std: "docker" "inspect" "d76aaa7dd47f8507e15dc66db650234b79796ca96f695e4fa1b53ef5e5660876", kill_on_drop: false }`
[INFO] running `Command { std: "docker" "rm" "-f" "d76aaa7dd47f8507e15dc66db650234b79796ca96f695e4fa1b53ef5e5660876", kill_on_drop: false }`
[INFO] [stdout] d76aaa7dd47f8507e15dc66db650234b79796ca96f695e4fa1b53ef5e5660876
