[INFO] fetching crate axum-mongodb-core 0.2.2...
[INFO] testing axum-mongodb-core-0.2.2 against 1.83.0 for beta-1.84.0-4-retry
[INFO] extracting crate axum-mongodb-core 0.2.2 into /workspace/builds/worker-1-tc1/source
[INFO] validating manifest of crates.io crate axum-mongodb-core 0.2.2 on toolchain 1.83.0
[INFO] running `Command { std: CARGO_HOME="/workspace/cargo-home" RUSTUP_HOME="/workspace/rustup-home" "/workspace/cargo-home/bin/cargo" "+1.83.0" "metadata" "--manifest-path" "Cargo.toml" "--no-deps", kill_on_drop: false }`
[INFO] started tweaking crates.io crate axum-mongodb-core 0.2.2
[INFO] finished tweaking crates.io crate axum-mongodb-core 0.2.2
[INFO] tweaked toml for crates.io crate axum-mongodb-core 0.2.2 written to /workspace/builds/worker-1-tc1/source/Cargo.toml
[INFO] running `Command { std: CARGO_HOME="/workspace/cargo-home" RUSTUP_HOME="/workspace/rustup-home" "/workspace/cargo-home/bin/cargo" "+1.83.0" "generate-lockfile" "--manifest-path" "Cargo.toml", kill_on_drop: false }`
[INFO] [stderr]     Updating crates.io index
[INFO] [stderr]      Locking 5 packages to latest compatible versions
[INFO] running `Command { std: CARGO_HOME="/workspace/cargo-home" RUSTUP_HOME="/workspace/rustup-home" "/workspace/cargo-home/bin/cargo" "+1.83.0" "fetch" "--manifest-path" "Cargo.toml", kill_on_drop: false }`
[INFO] running `Command { std: "docker" "create" "-v" "/var/lib/crater-agent-workspace/builds/worker-1-tc1/target:/opt/rustwide/target:rw,Z" "-v" "/var/lib/crater-agent-workspace/builds/worker-1-tc1/source:/opt/rustwide/workdir:ro,Z" "-v" "/var/lib/crater-agent-workspace/cargo-home:/opt/rustwide/cargo-home:ro,Z" "-v" "/var/lib/crater-agent-workspace/rustup-home:/opt/rustwide/rustup-home:ro,Z" "-e" "SOURCE_DIR=/opt/rustwide/workdir" "-e" "CARGO_TARGET_DIR=/opt/rustwide/target" "-e" "CARGO_HOME=/opt/rustwide/cargo-home" "-e" "RUSTUP_HOME=/opt/rustwide/rustup-home" "-w" "/opt/rustwide/workdir" "-m" "1610612736" "--user" "0:0" "--network" "none" "ghcr.io/rust-lang/crates-build-env/linux@sha256:f3a9d4ad9d972b27faf3965f35b62e55ba32bbce8f20bc8fe909558a86702fde" "/opt/rustwide/cargo-home/bin/cargo" "+1.83.0" "metadata" "--no-deps" "--format-version=1", kill_on_drop: false }`
[INFO] [stdout] f11e85965ddd8ead5389c305b2d389143b12aab2eb8751a284288cfc6e8a8993
[INFO] running `Command { std: "docker" "start" "-a" "f11e85965ddd8ead5389c305b2d389143b12aab2eb8751a284288cfc6e8a8993", kill_on_drop: false }`
[INFO] running `Command { std: "docker" "inspect" "f11e85965ddd8ead5389c305b2d389143b12aab2eb8751a284288cfc6e8a8993", kill_on_drop: false }`
[INFO] running `Command { std: "docker" "rm" "-f" "f11e85965ddd8ead5389c305b2d389143b12aab2eb8751a284288cfc6e8a8993", kill_on_drop: false }`
[INFO] [stdout] f11e85965ddd8ead5389c305b2d389143b12aab2eb8751a284288cfc6e8a8993
[INFO] running `Command { std: "docker" "create" "-v" "/var/lib/crater-agent-workspace/builds/worker-1-tc1/target:/opt/rustwide/target:rw,Z" "-v" "/var/lib/crater-agent-workspace/builds/worker-1-tc1/source:/opt/rustwide/workdir:ro,Z" "-v" "/var/lib/crater-agent-workspace/cargo-home:/opt/rustwide/cargo-home:ro,Z" "-v" "/var/lib/crater-agent-workspace/rustup-home:/opt/rustwide/rustup-home:ro,Z" "-e" "SOURCE_DIR=/opt/rustwide/workdir" "-e" "CARGO_TARGET_DIR=/opt/rustwide/target" "-e" "CARGO_INCREMENTAL=0" "-e" "RUST_BACKTRACE=full" "-e" "RUSTFLAGS=--cap-lints=warn" "-e" "RUSTDOCFLAGS=--cap-lints=warn" "-e" "CARGO_HOME=/opt/rustwide/cargo-home" "-e" "RUSTUP_HOME=/opt/rustwide/rustup-home" "-w" "/opt/rustwide/workdir" "-m" "1610612736" "--user" "0:0" "--network" "none" "ghcr.io/rust-lang/crates-build-env/linux@sha256:f3a9d4ad9d972b27faf3965f35b62e55ba32bbce8f20bc8fe909558a86702fde" "/opt/rustwide/cargo-home/bin/cargo" "+1.83.0" "build" "--frozen" "--message-format=json", kill_on_drop: false }`
[INFO] [stdout] b82a374732c4cde0918d98b28dbf8c7a8b2d663fd8d9d8a0dd03b5dc8f864955
[INFO] running `Command { std: "docker" "start" "-a" "b82a374732c4cde0918d98b28dbf8c7a8b2d663fd8d9d8a0dd03b5dc8f864955", kill_on_drop: false }`
[INFO] [stderr]    Compiling proc-macro2 v1.0.92
[INFO] [stderr]    Compiling unicode-ident v1.0.14
[INFO] [stderr]    Compiling once_cell v1.20.2
[INFO] [stderr]    Compiling quote v1.0.37
[INFO] [stderr]    Compiling syn v2.0.90
[INFO] [stderr]    Compiling axum-mongodb-core v0.2.2 (/opt/rustwide/workdir)
[INFO] [stdout] warning: creating a shared reference to mutable static is discouraged
[INFO] [stdout]   --> src/column/mod.rs:22:19
[INFO] [stdout]    |
[INFO] [stdout] 22 |             match COLUMN_META.get(&name) {
[INFO] [stdout]    |                   ^^^^^^^^^^^^^^^^^^^^^^ shared reference to mutable static
[INFO] [stdout]    |
[INFO] [stdout]    = note: for more information, see <https://doc.rust-lang.org/nightly/edition-guide/rust-2024/static-mut-references.html>
[INFO] [stdout]    = note: shared references to mutable statics are dangerous; it's undefined behavior if the static is mutated or if a mutable reference is created for it while the shared reference lives
[INFO] [stdout]    = note: `#[warn(static_mut_refs)]` on by default
[INFO] [stdout] 
[INFO] [stdout] 
[INFO] [stdout] warning: creating a mutable reference to mutable static is discouraged
[INFO] [stdout]   --> src/column/mod.rs:30:21
[INFO] [stdout]    |
[INFO] [stdout] 30 | /                     COLUMN_META
[INFO] [stdout] 31 | |                         .borrow_mut()
[INFO] [stdout]    | |_____________________________________^ mutable reference to mutable static
[INFO] [stdout]    |
[INFO] [stdout]    = note: for more information, see <https://doc.rust-lang.org/nightly/edition-guide/rust-2024/static-mut-references.html>
[INFO] [stdout]    = note: mutable references to mutable statics are dangerous; it's undefined behavior if any other pointer to the static is used or if any other reference is created for the static while the mutable reference lives
[INFO] [stdout] 
[INFO] [stdout] 
[INFO] [stdout] warning: creating a shared reference to mutable static is discouraged
[INFO] [stdout]   --> src/column/inject_meta.rs:17:59
[INFO] [stdout]    |
[INFO] [stdout] 17 |     for (_, ColumnMeta { name, struct_name }) in unsafe { COLUMN_META.iter() } {
[INFO] [stdout]    |                                                           ^^^^^^^^^^^^^^^^^^ shared reference to mutable static
[INFO] [stdout]    |
[INFO] [stdout]    = note: for more information, see <https://doc.rust-lang.org/nightly/edition-guide/rust-2024/static-mut-references.html>
[INFO] [stdout]    = note: shared references to mutable statics are dangerous; it's undefined behavior if the static is mutated or if a mutable reference is created for it while the shared reference lives
[INFO] [stdout] 
[INFO] [stdout] 
[INFO] [stderr]     Finished `dev` profile [unoptimized + debuginfo] target(s) in 7.54s
[INFO] running `Command { std: "docker" "inspect" "b82a374732c4cde0918d98b28dbf8c7a8b2d663fd8d9d8a0dd03b5dc8f864955", kill_on_drop: false }`
[INFO] running `Command { std: "docker" "rm" "-f" "b82a374732c4cde0918d98b28dbf8c7a8b2d663fd8d9d8a0dd03b5dc8f864955", kill_on_drop: false }`
[INFO] [stdout] b82a374732c4cde0918d98b28dbf8c7a8b2d663fd8d9d8a0dd03b5dc8f864955
[INFO] running `Command { std: "docker" "create" "-v" "/var/lib/crater-agent-workspace/builds/worker-1-tc1/target:/opt/rustwide/target:rw,Z" "-v" "/var/lib/crater-agent-workspace/builds/worker-1-tc1/source:/opt/rustwide/workdir:ro,Z" "-v" "/var/lib/crater-agent-workspace/cargo-home:/opt/rustwide/cargo-home:ro,Z" "-v" "/var/lib/crater-agent-workspace/rustup-home:/opt/rustwide/rustup-home:ro,Z" "-e" "SOURCE_DIR=/opt/rustwide/workdir" "-e" "CARGO_TARGET_DIR=/opt/rustwide/target" "-e" "CARGO_INCREMENTAL=0" "-e" "RUST_BACKTRACE=full" "-e" "RUSTFLAGS=--cap-lints=warn" "-e" "RUSTDOCFLAGS=--cap-lints=warn" "-e" "CARGO_HOME=/opt/rustwide/cargo-home" "-e" "RUSTUP_HOME=/opt/rustwide/rustup-home" "-w" "/opt/rustwide/workdir" "-m" "1610612736" "--user" "0:0" "--network" "none" "ghcr.io/rust-lang/crates-build-env/linux@sha256:f3a9d4ad9d972b27faf3965f35b62e55ba32bbce8f20bc8fe909558a86702fde" "/opt/rustwide/cargo-home/bin/cargo" "+1.83.0" "test" "--frozen" "--no-run" "--message-format=json", kill_on_drop: false }`
[INFO] [stdout] 5069a682163bcd06d326d530c946683a7cc17c4b50287f118c4f7b51e7ea889f
[INFO] running `Command { std: "docker" "start" "-a" "5069a682163bcd06d326d530c946683a7cc17c4b50287f118c4f7b51e7ea889f", kill_on_drop: false }`
[INFO] [stderr]    Compiling axum-mongodb-core v0.2.2 (/opt/rustwide/workdir)
[INFO] [stdout] warning: creating a shared reference to mutable static is discouraged
[INFO] [stdout]   --> src/column/mod.rs:22:19
[INFO] [stdout]    |
[INFO] [stdout] 22 |             match COLUMN_META.get(&name) {
[INFO] [stdout]    |                   ^^^^^^^^^^^^^^^^^^^^^^ shared reference to mutable static
[INFO] [stdout]    |
[INFO] [stdout]    = note: for more information, see <https://doc.rust-lang.org/nightly/edition-guide/rust-2024/static-mut-references.html>
[INFO] [stdout]    = note: shared references to mutable statics are dangerous; it's undefined behavior if the static is mutated or if a mutable reference is created for it while the shared reference lives
[INFO] [stdout]    = note: `#[warn(static_mut_refs)]` on by default
[INFO] [stdout] 
[INFO] [stdout] 
[INFO] [stdout] warning: creating a mutable reference to mutable static is discouraged
[INFO] [stdout]   --> src/column/mod.rs:30:21
[INFO] [stdout]    |
[INFO] [stdout] 30 | /                     COLUMN_META
[INFO] [stdout] 31 | |                         .borrow_mut()
[INFO] [stdout]    | |_____________________________________^ mutable reference to mutable static
[INFO] [stdout]    |
[INFO] [stdout]    = note: for more information, see <https://doc.rust-lang.org/nightly/edition-guide/rust-2024/static-mut-references.html>
[INFO] [stdout]    = note: mutable references to mutable statics are dangerous; it's undefined behavior if any other pointer to the static is used or if any other reference is created for the static while the mutable reference lives
[INFO] [stdout] 
[INFO] [stdout] 
[INFO] [stdout] warning: creating a shared reference to mutable static is discouraged
[INFO] [stdout]   --> src/column/inject_meta.rs:17:59
[INFO] [stdout]    |
[INFO] [stdout] 17 |     for (_, ColumnMeta { name, struct_name }) in unsafe { COLUMN_META.iter() } {
[INFO] [stdout]    |                                                           ^^^^^^^^^^^^^^^^^^ shared reference to mutable static
[INFO] [stdout]    |
[INFO] [stdout]    = note: for more information, see <https://doc.rust-lang.org/nightly/edition-guide/rust-2024/static-mut-references.html>
[INFO] [stdout]    = note: shared references to mutable statics are dangerous; it's undefined behavior if the static is mutated or if a mutable reference is created for it while the shared reference lives
[INFO] [stdout] 
[INFO] [stdout] 
[INFO] [stdout] warning: creating a shared reference to mutable static is discouraged
[INFO] [stdout]   --> src/column/mod.rs:22:19
[INFO] [stdout]    |
[INFO] [stdout] 22 |             match COLUMN_META.get(&name) {
[INFO] [stdout]    |                   ^^^^^^^^^^^^^^^^^^^^^^ shared reference to mutable static
[INFO] [stdout]    |
[INFO] [stdout]    = note: for more information, see <https://doc.rust-lang.org/nightly/edition-guide/rust-2024/static-mut-references.html>
[INFO] [stdout]    = note: shared references to mutable statics are dangerous; it's undefined behavior if the static is mutated or if a mutable reference is created for it while the shared reference lives
[INFO] [stdout]    = note: `#[warn(static_mut_refs)]` on by default
[INFO] [stdout] 
[INFO] [stdout] 
[INFO] [stdout] warning: creating a mutable reference to mutable static is discouraged
[INFO] [stdout]   --> src/column/mod.rs:30:21
[INFO] [stdout]    |
[INFO] [stdout] 30 | /                     COLUMN_META
[INFO] [stdout] 31 | |                         .borrow_mut()
[INFO] [stdout]    | |_____________________________________^ mutable reference to mutable static
[INFO] [stdout]    |
[INFO] [stdout]    = note: for more information, see <https://doc.rust-lang.org/nightly/edition-guide/rust-2024/static-mut-references.html>
[INFO] [stdout]    = note: mutable references to mutable statics are dangerous; it's undefined behavior if any other pointer to the static is used or if any other reference is created for the static while the mutable reference lives
[INFO] [stdout] 
[INFO] [stdout] 
[INFO] [stdout] warning: creating a shared reference to mutable static is discouraged
[INFO] [stdout]   --> src/column/inject_meta.rs:17:59
[INFO] [stdout]    |
[INFO] [stdout] 17 |     for (_, ColumnMeta { name, struct_name }) in unsafe { COLUMN_META.iter() } {
[INFO] [stdout]    |                                                           ^^^^^^^^^^^^^^^^^^ shared reference to mutable static
[INFO] [stdout]    |
[INFO] [stdout]    = note: for more information, see <https://doc.rust-lang.org/nightly/edition-guide/rust-2024/static-mut-references.html>
[INFO] [stdout]    = note: shared references to mutable statics are dangerous; it's undefined behavior if the static is mutated or if a mutable reference is created for it while the shared reference lives
[INFO] [stdout] 
[INFO] [stdout] 
[INFO] [stderr]     Finished `test` profile [unoptimized + debuginfo] target(s) in 1.25s
[INFO] running `Command { std: "docker" "inspect" "5069a682163bcd06d326d530c946683a7cc17c4b50287f118c4f7b51e7ea889f", kill_on_drop: false }`
[INFO] running `Command { std: "docker" "rm" "-f" "5069a682163bcd06d326d530c946683a7cc17c4b50287f118c4f7b51e7ea889f", kill_on_drop: false }`
[INFO] [stdout] 5069a682163bcd06d326d530c946683a7cc17c4b50287f118c4f7b51e7ea889f
[INFO] running `Command { std: "docker" "create" "-v" "/var/lib/crater-agent-workspace/builds/worker-1-tc1/target:/opt/rustwide/target:rw,Z" "-v" "/var/lib/crater-agent-workspace/builds/worker-1-tc1/source:/opt/rustwide/workdir:ro,Z" "-v" "/var/lib/crater-agent-workspace/cargo-home:/opt/rustwide/cargo-home:ro,Z" "-v" "/var/lib/crater-agent-workspace/rustup-home:/opt/rustwide/rustup-home:ro,Z" "-e" "SOURCE_DIR=/opt/rustwide/workdir" "-e" "CARGO_TARGET_DIR=/opt/rustwide/target" "-e" "CARGO_INCREMENTAL=0" "-e" "RUST_BACKTRACE=full" "-e" "RUSTFLAGS=--cap-lints=warn" "-e" "RUSTDOCFLAGS=--cap-lints=warn" "-e" "CARGO_HOME=/opt/rustwide/cargo-home" "-e" "RUSTUP_HOME=/opt/rustwide/rustup-home" "-w" "/opt/rustwide/workdir" "-m" "1610612736" "--user" "0:0" "--network" "none" "ghcr.io/rust-lang/crates-build-env/linux@sha256:f3a9d4ad9d972b27faf3965f35b62e55ba32bbce8f20bc8fe909558a86702fde" "/opt/rustwide/cargo-home/bin/cargo" "+1.83.0" "test" "--frozen", kill_on_drop: false }`
[INFO] [stdout] 5f609f8b8dc419f1d7ffe3f29ed6b77c5d22b8899828a36593455c73f292212d
[INFO] running `Command { std: "docker" "start" "-a" "5f609f8b8dc419f1d7ffe3f29ed6b77c5d22b8899828a36593455c73f292212d", kill_on_drop: false }`
[INFO] [stderr] warning: creating a shared reference to mutable static is discouraged
[INFO] [stderr]   --> src/column/mod.rs:22:19
[INFO] [stderr]    |
[INFO] [stderr] 22 |             match COLUMN_META.get(&name) {
[INFO] [stderr]    |                   ^^^^^^^^^^^^^^^^^^^^^^ shared reference to mutable static
[INFO] [stderr]    |
[INFO] [stderr]    = note: for more information, see <https://doc.rust-lang.org/nightly/edition-guide/rust-2024/static-mut-references.html>
[INFO] [stderr]    = note: shared references to mutable statics are dangerous; it's undefined behavior if the static is mutated or if a mutable reference is created for it while the shared reference lives
[INFO] [stderr]    = note: `#[warn(static_mut_refs)]` on by default
[INFO] [stderr] 
[INFO] [stderr] warning: creating a mutable reference to mutable static is discouraged
[INFO] [stderr]   --> src/column/mod.rs:30:21
[INFO] [stderr]    |
[INFO] [stderr] 30 | /                     COLUMN_META
[INFO] [stderr] 31 | |                         .borrow_mut()
[INFO] [stderr]    | |_____________________________________^ mutable reference to mutable static
[INFO] [stderr]    |
[INFO] [stderr]    = note: for more information, see <https://doc.rust-lang.org/nightly/edition-guide/rust-2024/static-mut-references.html>
[INFO] [stderr]    = note: mutable references to mutable statics are dangerous; it's undefined behavior if any other pointer to the static is used or if any other reference is created for the static while the mutable reference lives
[INFO] [stderr] 
[INFO] [stderr] warning: creating a shared reference to mutable static is discouraged
[INFO] [stderr]   --> src/column/inject_meta.rs:17:59
[INFO] [stderr]    |
[INFO] [stderr] 17 |     for (_, ColumnMeta { name, struct_name }) in unsafe { COLUMN_META.iter() } {
[INFO] [stderr]    |                                                           ^^^^^^^^^^^^^^^^^^ shared reference to mutable static
[INFO] [stderr]    |
[INFO] [stderr]    = note: for more information, see <https://doc.rust-lang.org/nightly/edition-guide/rust-2024/static-mut-references.html>
[INFO] [stderr]    = note: shared references to mutable statics are dangerous; it's undefined behavior if the static is mutated or if a mutable reference is created for it while the shared reference lives
[INFO] [stderr] 
[INFO] [stderr] warning: `axum-mongodb-core` (lib) generated 3 warnings
[INFO] [stderr] warning: `axum-mongodb-core` (lib test) generated 3 warnings (3 duplicates)
[INFO] [stderr]     Finished `test` profile [unoptimized + debuginfo] target(s) in 0.03s
[INFO] [stderr]      Running unittests src/lib.rs (/opt/rustwide/target/debug/deps/axum_mongodb_core-c5e1d931fd646c28)
[INFO] [stdout] 
[INFO] [stdout] running 0 tests
[INFO] [stdout] 
[INFO] [stdout] test result: ok. 0 passed; 0 failed; 0 ignored; 0 measured; 0 filtered out; finished in 0.00s
[INFO] [stdout] 
[INFO] [stderr]    Doc-tests axum_mongodb_core
[INFO] [stdout] 
[INFO] [stdout] running 3 tests
[INFO] [stdout] test src/lib.rs - main (line 81) ... FAILED
[INFO] [stdout] test src/lib.rs - inject (line 168) ... FAILED
[INFO] [stdout] test src/lib.rs - column_derive (line 46) ... FAILED
[INFO] [stdout] 
[INFO] [stdout] failures:
[INFO] [stdout] 
[INFO] [stdout] ---- src/lib.rs - main (line 81) stdout ----
[INFO] [stdout] error[E0433]: failed to resolve: use of undeclared crate or module `tokio`
[INFO] [stdout]  --> src/lib.rs:82:3
[INFO] [stdout]   |
[INFO] [stdout] 2 | #[tokio::main]
[INFO] [stdout]   |   ^^^^^ use of undeclared crate or module `tokio`
[INFO] [stdout] 
[INFO] [stdout] error[E0433]: failed to resolve: use of undeclared crate or module `axum_mongodb`
[INFO] [stdout]  --> src/lib.rs:83:3
[INFO] [stdout]   |
[INFO] [stdout] 3 | #[axum_mongodb::main]
[INFO] [stdout]   |   ^^^^^^^^^^^^ use of undeclared crate or module `axum_mongodb`
[INFO] [stdout] 
[INFO] [stdout] error[E0752]: `main` function is not allowed to be `async`
[INFO] [stdout]  --> src/lib.rs:84:1
[INFO] [stdout]   |
[INFO] [stdout] 4 | async fn main() {
[INFO] [stdout]   | ^^^^^^^^^^^^^^^ `main` function is not allowed to be `async`
[INFO] [stdout] 
[INFO] [stdout] error: aborting due to 3 previous errors
[INFO] [stdout] 
[INFO] [stdout] Some errors have detailed explanations: E0433, E0752.
[INFO] [stdout] For more information about an error, try `rustc --explain E0433`.
[INFO] [stdout] Couldn't compile the test.
[INFO] [stdout] ---- src/lib.rs - inject (line 168) stdout ----
[INFO] [stdout] error[E0433]: failed to resolve: use of undeclared crate or module `axum_mongodb`
[INFO] [stdout]  --> src/lib.rs:169:3
[INFO] [stdout]   |
[INFO] [stdout] 3 | #[axum_mongodb::inject]
[INFO] [stdout]   |   ^^^^^^^^^^^^ use of undeclared crate or module `axum_mongodb`
[INFO] [stdout] 
[INFO] [stdout] error: cannot find macro `json` in this scope
[INFO] [stdout]  --> src/lib.rs:172:10
[INFO] [stdout]   |
[INFO] [stdout] 6 |     Json(json!({
[INFO] [stdout]   |          ^^^^
[INFO] [stdout] 
[INFO] [stdout] error[E0412]: cannot find type `DBServers` in this scope
[INFO] [stdout]  --> src/lib.rs:170:27
[INFO] [stdout]   |
[INFO] [stdout] 4 | async fn db_test(servers: DBServers) -> impl IntoResponse {
[INFO] [stdout]   |                           ^^^^^^^^^ not found in this scope
[INFO] [stdout] 
[INFO] [stdout] error[E0405]: cannot find trait `IntoResponse` in this scope
[INFO] [stdout]  --> src/lib.rs:170:46
[INFO] [stdout]   |
[INFO] [stdout] 4 | async fn db_test(servers: DBServers) -> impl IntoResponse {
[INFO] [stdout]   |                                              ^^^^^^^^^^^^ not found in this scope
[INFO] [stdout] 
[INFO] [stdout] error[E0425]: cannot find function, tuple struct or tuple variant `Json` in this scope
[INFO] [stdout]  --> src/lib.rs:172:5
[INFO] [stdout]   |
[INFO] [stdout] 6 |     Json(json!({
[INFO] [stdout]   |     ^^^^ not found in this scope
[INFO] [stdout] 
[INFO] [stdout] error: aborting due to 5 previous errors
[INFO] [stdout] 
[INFO] [stdout] Some errors have detailed explanations: E0405, E0412, E0425, E0433.
[INFO] [stdout] For more information about an error, try `rustc --explain E0405`.
[INFO] [stdout] Couldn't compile the test.
[INFO] [stdout] ---- src/lib.rs - column_derive (line 46) stdout ----
[INFO] [stdout] error: cannot find derive macro `Column` in this scope
[INFO] [stdout]  --> src/lib.rs:47:24
[INFO] [stdout]   |
[INFO] [stdout] 3 | #[derive(Debug, Clone, Column)]
[INFO] [stdout]   |                        ^^^^^^
[INFO] [stdout]   |
[INFO] [stdout] help: consider importing this derive macro
[INFO] [stdout]   |
[INFO] [stdout] 2 + use axum_mongodb_core::Column;
[INFO] [stdout]   |
[INFO] [stdout] 
[INFO] [stdout] error: cannot find attribute `dropIndexes` in this scope
[INFO] [stdout]  --> src/lib.rs:48:3
[INFO] [stdout]   |
[INFO] [stdout] 4 | #[dropIndexes]
[INFO] [stdout]   |   ^^^^^^^^^^^
[INFO] [stdout] 
[INFO] [stdout] error: cannot find attribute `singleIndex` in this scope
[INFO] [stdout]  --> src/lib.rs:50:7
[INFO] [stdout]   |
[INFO] [stdout] 6 |     #[singleIndex(unique)]
[INFO] [stdout]   |       ^^^^^^^^^^^
[INFO] [stdout] 
[INFO] [stdout] error: cannot find attribute `compoundIndex` in this scope
[INFO] [stdout]  --> src/lib.rs:52:7
[INFO] [stdout]   |
[INFO] [stdout] 8 |     #[compoundIndex(unique, other_fields(name))]
[INFO] [stdout]   |       ^^^^^^^^^^^^^
[INFO] [stdout] 
[INFO] [stdout] error: cannot find attribute `multikeyIndex` in this scope
[INFO] [stdout]   --> src/lib.rs:54:7
[INFO] [stdout]    |
[INFO] [stdout] 10 |     #[multikeyIndex(unique, field_name = "age")]
[INFO] [stdout]    |       ^^^^^^^^^^^^^
[INFO] [stdout] 
[INFO] [stdout] error: aborting due to 5 previous errors
[INFO] [stdout] 
[INFO] [stdout] Couldn't compile the test.
[INFO] [stdout] 
[INFO] [stdout] failures:
[INFO] [stdout]     src/lib.rs - column_derive (line 46)
[INFO] [stdout]     src/lib.rs - inject (line 168)
[INFO] [stdout]     src/lib.rs - main (line 81)
[INFO] [stdout] 
[INFO] [stdout] test result: FAILED. 0 passed; 3 failed; 0 ignored; 0 measured; 0 filtered out; finished in 0.13s
[INFO] [stdout] 
[INFO] [stderr] error: doctest failed, to rerun pass `--doc`
[INFO] running `Command { std: "docker" "inspect" "5f609f8b8dc419f1d7ffe3f29ed6b77c5d22b8899828a36593455c73f292212d", kill_on_drop: false }`
[INFO] running `Command { std: "docker" "rm" "-f" "5f609f8b8dc419f1d7ffe3f29ed6b77c5d22b8899828a36593455c73f292212d", kill_on_drop: false }`
[INFO] [stdout] 5f609f8b8dc419f1d7ffe3f29ed6b77c5d22b8899828a36593455c73f292212d
