[INFO] fetching crate axum-macros 0.5.0-alpha.1...
[INFO] testing axum-macros-0.5.0-alpha.1 against beta-2024-12-08 for beta-1.84.0-4-retry
[INFO] extracting crate axum-macros 0.5.0-alpha.1 into /workspace/builds/worker-1-tc2/source
[INFO] validating manifest of crates.io crate axum-macros 0.5.0-alpha.1 on toolchain beta-2024-12-08
[INFO] running `Command { std: CARGO_HOME="/workspace/cargo-home" RUSTUP_HOME="/workspace/rustup-home" "/workspace/cargo-home/bin/cargo" "+beta-2024-12-08" "metadata" "--manifest-path" "Cargo.toml" "--no-deps", kill_on_drop: false }`
[INFO] removed /workspace/builds/worker-1-tc2/source/rust-toolchain
[INFO] started tweaking crates.io crate axum-macros 0.5.0-alpha.1
[INFO] finished tweaking crates.io crate axum-macros 0.5.0-alpha.1
[INFO] tweaked toml for crates.io crate axum-macros 0.5.0-alpha.1 written to /workspace/builds/worker-1-tc2/source/Cargo.toml
[INFO] running `Command { std: CARGO_HOME="/workspace/cargo-home" RUSTUP_HOME="/workspace/rustup-home" "/workspace/cargo-home/bin/cargo" "+beta-2024-12-08" "generate-lockfile" "--manifest-path" "Cargo.toml", kill_on_drop: false }`
[INFO] [stderr]     Updating crates.io index
[INFO] [stderr]      Locking 60 packages to latest compatible versions
[INFO] running `Command { std: CARGO_HOME="/workspace/cargo-home" RUSTUP_HOME="/workspace/rustup-home" "/workspace/cargo-home/bin/cargo" "+beta-2024-12-08" "fetch" "--manifest-path" "Cargo.toml", kill_on_drop: false }`
[INFO] [stderr]     Blocking waiting for file lock on package cache
[INFO] running `Command { std: "docker" "create" "-v" "/var/lib/crater-agent-workspace/builds/worker-1-tc2/target:/opt/rustwide/target:rw,Z" "-v" "/var/lib/crater-agent-workspace/builds/worker-1-tc2/source:/opt/rustwide/workdir:ro,Z" "-v" "/var/lib/crater-agent-workspace/cargo-home:/opt/rustwide/cargo-home:ro,Z" "-v" "/var/lib/crater-agent-workspace/rustup-home:/opt/rustwide/rustup-home:ro,Z" "-e" "SOURCE_DIR=/opt/rustwide/workdir" "-e" "CARGO_TARGET_DIR=/opt/rustwide/target" "-e" "CARGO_HOME=/opt/rustwide/cargo-home" "-e" "RUSTUP_HOME=/opt/rustwide/rustup-home" "-w" "/opt/rustwide/workdir" "-m" "1610612736" "--user" "0:0" "--network" "none" "ghcr.io/rust-lang/crates-build-env/linux@sha256:f3a9d4ad9d972b27faf3965f35b62e55ba32bbce8f20bc8fe909558a86702fde" "/opt/rustwide/cargo-home/bin/cargo" "+beta-2024-12-08" "metadata" "--no-deps" "--format-version=1", kill_on_drop: false }`
[INFO] [stdout] 7fe1c0560e4bbbd69d24075ef2f8ba6995f75b06bfcacdfdc0d6eb775a97706a
[INFO] running `Command { std: "docker" "start" "-a" "7fe1c0560e4bbbd69d24075ef2f8ba6995f75b06bfcacdfdc0d6eb775a97706a", kill_on_drop: false }`
[INFO] running `Command { std: "docker" "inspect" "7fe1c0560e4bbbd69d24075ef2f8ba6995f75b06bfcacdfdc0d6eb775a97706a", kill_on_drop: false }`
[INFO] running `Command { std: "docker" "rm" "-f" "7fe1c0560e4bbbd69d24075ef2f8ba6995f75b06bfcacdfdc0d6eb775a97706a", kill_on_drop: false }`
[INFO] [stdout] 7fe1c0560e4bbbd69d24075ef2f8ba6995f75b06bfcacdfdc0d6eb775a97706a
[INFO] running `Command { std: "docker" "create" "-v" "/var/lib/crater-agent-workspace/builds/worker-1-tc2/target:/opt/rustwide/target:rw,Z" "-v" "/var/lib/crater-agent-workspace/builds/worker-1-tc2/source:/opt/rustwide/workdir:ro,Z" "-v" "/var/lib/crater-agent-workspace/cargo-home:/opt/rustwide/cargo-home:ro,Z" "-v" "/var/lib/crater-agent-workspace/rustup-home:/opt/rustwide/rustup-home:ro,Z" "-e" "SOURCE_DIR=/opt/rustwide/workdir" "-e" "CARGO_TARGET_DIR=/opt/rustwide/target" "-e" "CARGO_INCREMENTAL=0" "-e" "RUST_BACKTRACE=full" "-e" "RUSTFLAGS=--cap-lints=warn" "-e" "RUSTDOCFLAGS=--cap-lints=warn" "-e" "CARGO_HOME=/opt/rustwide/cargo-home" "-e" "RUSTUP_HOME=/opt/rustwide/rustup-home" "-w" "/opt/rustwide/workdir" "-m" "1610612736" "--user" "0:0" "--network" "none" "ghcr.io/rust-lang/crates-build-env/linux@sha256:f3a9d4ad9d972b27faf3965f35b62e55ba32bbce8f20bc8fe909558a86702fde" "/opt/rustwide/cargo-home/bin/cargo" "+beta-2024-12-08" "build" "--frozen" "--message-format=json", kill_on_drop: false }`
[INFO] [stdout] a2be19206bf8ad772e32c1b3b94a20d61503e6b4414e6086c5f0be1ab11b0154
[INFO] running `Command { std: "docker" "start" "-a" "a2be19206bf8ad772e32c1b3b94a20d61503e6b4414e6086c5f0be1ab11b0154", kill_on_drop: false }`
[INFO] [stderr]    Compiling proc-macro2 v1.0.92
[INFO] [stderr]    Compiling unicode-ident v1.0.14
[INFO] [stderr]    Compiling quote v1.0.37
[INFO] [stderr]    Compiling syn v2.0.90
[INFO] [stderr]    Compiling axum-macros v0.5.0-alpha.1 (/opt/rustwide/workdir)
[INFO] [stderr]     Finished `dev` profile [unoptimized + debuginfo] target(s) in 10.12s
[INFO] running `Command { std: "docker" "inspect" "a2be19206bf8ad772e32c1b3b94a20d61503e6b4414e6086c5f0be1ab11b0154", kill_on_drop: false }`
[INFO] running `Command { std: "docker" "rm" "-f" "a2be19206bf8ad772e32c1b3b94a20d61503e6b4414e6086c5f0be1ab11b0154", kill_on_drop: false }`
[INFO] [stdout] a2be19206bf8ad772e32c1b3b94a20d61503e6b4414e6086c5f0be1ab11b0154
[INFO] running `Command { std: "docker" "create" "-v" "/var/lib/crater-agent-workspace/builds/worker-1-tc2/target:/opt/rustwide/target:rw,Z" "-v" "/var/lib/crater-agent-workspace/builds/worker-1-tc2/source:/opt/rustwide/workdir:ro,Z" "-v" "/var/lib/crater-agent-workspace/cargo-home:/opt/rustwide/cargo-home:ro,Z" "-v" "/var/lib/crater-agent-workspace/rustup-home:/opt/rustwide/rustup-home:ro,Z" "-e" "SOURCE_DIR=/opt/rustwide/workdir" "-e" "CARGO_TARGET_DIR=/opt/rustwide/target" "-e" "CARGO_INCREMENTAL=0" "-e" "RUST_BACKTRACE=full" "-e" "RUSTFLAGS=--cap-lints=warn" "-e" "RUSTDOCFLAGS=--cap-lints=warn" "-e" "CARGO_HOME=/opt/rustwide/cargo-home" "-e" "RUSTUP_HOME=/opt/rustwide/rustup-home" "-w" "/opt/rustwide/workdir" "-m" "1610612736" "--user" "0:0" "--network" "none" "ghcr.io/rust-lang/crates-build-env/linux@sha256:f3a9d4ad9d972b27faf3965f35b62e55ba32bbce8f20bc8fe909558a86702fde" "/opt/rustwide/cargo-home/bin/cargo" "+beta-2024-12-08" "test" "--frozen" "--no-run" "--message-format=json", kill_on_drop: false }`
[INFO] [stdout] e63fcb247dbd7613dd440405705750f25e379f12e4c34045938e52115aec718a
[INFO] running `Command { std: "docker" "start" "-a" "e63fcb247dbd7613dd440405705750f25e379f12e4c34045938e52115aec718a", kill_on_drop: false }`
[INFO] [stderr]    Compiling libc v0.2.168
[INFO] [stderr]    Compiling serde v1.0.216
[INFO] [stderr]    Compiling serde_derive v1.0.216
[INFO] [stderr]    Compiling autocfg v1.4.0
[INFO] [stderr]    Compiling parking_lot_core v0.9.10
[INFO] [stderr]    Compiling equivalent v1.0.1
[INFO] [stderr]    Compiling hashbrown v0.15.2
[INFO] [stderr]    Compiling winnow v0.6.20
[INFO] [stderr]    Compiling scopeguard v1.2.0
[INFO] [stderr]    Compiling cfg-if v1.0.0
[INFO] [stderr]    Compiling target-triple v0.1.3
[INFO] [stderr]    Compiling smallvec v1.13.2
[INFO] [stderr]    Compiling serde_json v1.0.133
[INFO] [stderr]    Compiling ryu v1.0.18
[INFO] [stderr]    Compiling memchr v2.7.4
[INFO] [stderr]    Compiling rustversion v1.0.18
[INFO] [stderr]    Compiling itoa v1.0.14
[INFO] [stderr]    Compiling tokio-macros v2.4.0
[INFO] [stderr]    Compiling glob v0.3.1
[INFO] [stderr]    Compiling bytes v1.9.0
[INFO] [stderr]    Compiling termcolor v1.4.1
[INFO] [stderr]    Compiling pin-project-lite v0.2.15
[INFO] [stderr]    Compiling axum-macros v0.5.0-alpha.1 (/opt/rustwide/workdir)
[INFO] [stderr]    Compiling lock_api v0.4.12
[INFO] [stderr]    Compiling indexmap v2.7.0
[INFO] [stderr]    Compiling signal-hook-registry v1.4.2
[INFO] [stderr]    Compiling socket2 v0.5.8
[INFO] [stderr]    Compiling mio v1.0.3
[INFO] [stderr]    Compiling parking_lot v0.12.3
[INFO] [stderr]    Compiling tokio v1.42.0
[INFO] [stderr]    Compiling toml_datetime v0.6.8
[INFO] [stderr]    Compiling serde_spanned v0.6.8
[INFO] [stderr]    Compiling toml_edit v0.22.22
[INFO] [stderr]    Compiling toml v0.8.19
[INFO] [stderr]    Compiling trybuild v1.0.101
[INFO] [stderr]     Finished `test` profile [unoptimized + debuginfo] target(s) in 28.65s
[INFO] running `Command { std: "docker" "inspect" "e63fcb247dbd7613dd440405705750f25e379f12e4c34045938e52115aec718a", kill_on_drop: false }`
[INFO] running `Command { std: "docker" "rm" "-f" "e63fcb247dbd7613dd440405705750f25e379f12e4c34045938e52115aec718a", kill_on_drop: false }`
[INFO] [stdout] e63fcb247dbd7613dd440405705750f25e379f12e4c34045938e52115aec718a
[INFO] running `Command { std: "docker" "create" "-v" "/var/lib/crater-agent-workspace/builds/worker-1-tc2/target:/opt/rustwide/target:rw,Z" "-v" "/var/lib/crater-agent-workspace/builds/worker-1-tc2/source:/opt/rustwide/workdir:ro,Z" "-v" "/var/lib/crater-agent-workspace/cargo-home:/opt/rustwide/cargo-home:ro,Z" "-v" "/var/lib/crater-agent-workspace/rustup-home:/opt/rustwide/rustup-home:ro,Z" "-e" "SOURCE_DIR=/opt/rustwide/workdir" "-e" "CARGO_TARGET_DIR=/opt/rustwide/target" "-e" "CARGO_INCREMENTAL=0" "-e" "RUST_BACKTRACE=full" "-e" "RUSTFLAGS=--cap-lints=warn" "-e" "RUSTDOCFLAGS=--cap-lints=warn" "-e" "CARGO_HOME=/opt/rustwide/cargo-home" "-e" "RUSTUP_HOME=/opt/rustwide/rustup-home" "-w" "/opt/rustwide/workdir" "-m" "1610612736" "--user" "0:0" "--network" "none" "ghcr.io/rust-lang/crates-build-env/linux@sha256:f3a9d4ad9d972b27faf3965f35b62e55ba32bbce8f20bc8fe909558a86702fde" "/opt/rustwide/cargo-home/bin/cargo" "+beta-2024-12-08" "test" "--frozen", kill_on_drop: false }`
[INFO] [stdout] c2e44dad33ea282db0d4dc77c7245c4ba906c63cd7fbeeecadf2a6241f4b624d
[INFO] running `Command { std: "docker" "start" "-a" "c2e44dad33ea282db0d4dc77c7245c4ba906c63cd7fbeeecadf2a6241f4b624d", kill_on_drop: false }`
[INFO] [stderr]     Finished `test` profile [unoptimized + debuginfo] target(s) in 0.08s
[INFO] [stderr]      Running unittests src/lib.rs (/opt/rustwide/target/debug/deps/axum_macros-a0076c2c489c80d0)
[INFO] [stdout] 
[INFO] [stdout] running 5 tests
[INFO] [stdout] test from_request::ui ... ok
[INFO] [stdout] test typed_path::ui ... ok
[INFO] [stdout] test from_ref::ui ... ok
[INFO] [stdout] test debug_handler::ui_debug_handler ... ok
[INFO] [stdout] test debug_handler::ui_debug_middleware ... ok
[INFO] [stdout] 
[INFO] [stdout] test result: ok. 5 passed; 0 failed; 0 ignored; 0 measured; 0 filtered out; finished in 0.00s
[INFO] [stdout] 
[INFO] [stderr]    Doc-tests axum_macros
[INFO] [stdout] 
[INFO] [stdout] running 23 tests
[INFO] [stdout] test src/lib.rs - derive_from_ref (line 709) ... FAILED
[INFO] [stdout] test src/lib.rs - debug_handler (line 583) - compile fail ... ok
[INFO] [stdout] test src/lib.rs - debug_handler (line 470) - compile fail ... ok
[INFO] [stdout] test src/lib.rs - derive_from_request (line 271) ... FAILED
[INFO] [stdout] test src/lib.rs - debug_handler (line 539) ... FAILED
[INFO] [stdout] test src/from_request.rs - from_request::test_field_doesnt_impl_from_request (line 1065) - compile fail ... ok
[INFO] [stdout] test src/lib.rs - debug_handler (line 517) - compile ... FAILED
[INFO] [stdout] test src/lib.rs - debug_handler (line 555) ... FAILED
[INFO] [stdout] test src/lib.rs - debug_handler (line 489) - compile fail ... ok
[INFO] [stdout] test src/lib.rs - derive_from_request (line 402) - compile fail ... ok
[INFO] [stdout] test src/lib.rs - derive_from_request (line 193) ... FAILED
[INFO] [stdout] test src/lib.rs - debug_middleware (line 630) - compile ... FAILED
[INFO] [stdout] test src/lib.rs - derive_from_request (line 120) ... FAILED
[INFO] [stdout] test src/lib.rs - derive_from_request (line 308) ... FAILED
[INFO] [stdout] test src/lib.rs - derive_from_request (line 241) ... FAILED
[INFO] [stdout] test src/lib.rs - derive_from_request (line 355) ... FAILED
[INFO] [stdout] test src/lib.rs - derive_from_request (line 166) ... FAILED
[INFO] [stdout] test src/lib.rs - derive_from_request (line 102) - compile fail ... ok
[INFO] [stdout] test src/lib.rs - derive_from_request_parts (line 424) ... FAILED
[INFO] [stdout] test src/lib.rs - derive_from_request (line 289) ... FAILED
[INFO] [stdout] test src/lib.rs - derive_from_request (line 72) ... FAILED
[INFO] [stdout] test src/lib.rs - derive_from_request_parts (line 449) - compile fail ... ok
[INFO] [stdout] test src/lib.rs - derive_from_request (line 154) ... ok
[INFO] [stdout] 
[INFO] [stdout] failures:
[INFO] [stdout] 
[INFO] [stdout] ---- src/lib.rs - derive_from_ref (line 709) stdout ----
[INFO] [stdout] error[E0433]: failed to resolve: use of undeclared crate or module `axum`
[INFO] [stdout]  --> src/lib.rs:710:5
[INFO] [stdout]   |
[INFO] [stdout] 3 | use axum::{
[INFO] [stdout]   |     ^^^^ use of undeclared crate or module `axum`
[INFO] [stdout] 
[INFO] [stdout] error[E0432]: unresolved import `axum`
[INFO] [stdout]  --> src/lib.rs:710:5
[INFO] [stdout]   |
[INFO] [stdout] 3 | use axum::{
[INFO] [stdout]   |     ^^^^ use of undeclared crate or module `axum`
[INFO] [stdout] 
[INFO] [stdout] error: cannot find attribute `from_ref` in this scope
[INFO] [stdout]   --> src/lib.rs:726:7
[INFO] [stdout]    |
[INFO] [stdout] 19 |     #[from_ref(skip)]
[INFO] [stdout]    |       ^^^^^^^^
[INFO] [stdout] 
[INFO] [stdout] error[E0433]: failed to resolve: use of undeclared crate or module `axum`
[INFO] [stdout]   --> src/lib.rs:746:8
[INFO] [stdout]    |
[INFO] [stdout] 39 | let _: axum::Router = app;
[INFO] [stdout]    |        ^^^^ use of undeclared crate or module `axum`
[INFO] [stdout] 
[INFO] [stdout] error: aborting due to 4 previous errors
[INFO] [stdout] 
[INFO] [stdout] Some errors have detailed explanations: E0432, E0433.
[INFO] [stdout] For more information about an error, try `rustc --explain E0432`.
[INFO] [stdout] Couldn't compile the test.
[INFO] [stdout] ---- src/lib.rs - derive_from_request (line 271) stdout ----
[INFO] [stdout] error[E0433]: failed to resolve: use of undeclared crate or module `axum`
[INFO] [stdout]  --> src/lib.rs:272:5
[INFO] [stdout]   |
[INFO] [stdout] 3 | use axum::extract::{FromRequest, FromRequestParts, State};
[INFO] [stdout]   |     ^^^^ use of undeclared crate or module `axum`
[INFO] [stdout] 
[INFO] [stdout] error: aborting due to 1 previous error
[INFO] [stdout] 
[INFO] [stdout] For more information about this error, try `rustc --explain E0433`.
[INFO] [stdout] Couldn't compile the test.
[INFO] [stdout] ---- src/lib.rs - debug_handler (line 539) stdout ----
[INFO] [stdout] error[E0433]: failed to resolve: use of undeclared crate or module `axum`
[INFO] [stdout]  --> src/lib.rs:540:5
[INFO] [stdout]   |
[INFO] [stdout] 3 | use axum::{debug_handler, extract::State};
[INFO] [stdout]   |     ^^^^ use of undeclared crate or module `axum`
[INFO] [stdout] 
[INFO] [stdout] error[E0432]: unresolved import `axum`
[INFO] [stdout]  --> src/lib.rs:540:5
[INFO] [stdout]   |
[INFO] [stdout] 3 | use axum::{debug_handler, extract::State};
[INFO] [stdout]   |     ^^^^ use of undeclared crate or module `axum`
[INFO] [stdout] 
[INFO] [stdout] error: aborting due to 2 previous errors
[INFO] [stdout] 
[INFO] [stdout] Some errors have detailed explanations: E0432, E0433.
[INFO] [stdout] For more information about an error, try `rustc --explain E0432`.
[INFO] [stdout] Couldn't compile the test.
[INFO] [stdout] ---- src/lib.rs - debug_handler (line 517) stdout ----
[INFO] [stdout] error[E0433]: failed to resolve: use of undeclared crate or module `axum`
[INFO] [stdout]  --> src/lib.rs:518:5
[INFO] [stdout]   |
[INFO] [stdout] 2 | use axum::{routing::get, Router, debug_handler};
[INFO] [stdout]   |     ^^^^ use of undeclared crate or module `axum`
[INFO] [stdout] 
[INFO] [stdout] error[E0432]: unresolved import `axum`
[INFO] [stdout]  --> src/lib.rs:518:5
[INFO] [stdout]   |
[INFO] [stdout] 2 | use axum::{routing::get, Router, debug_handler};
[INFO] [stdout]   |     ^^^^ use of undeclared crate or module `axum`
[INFO] [stdout] 
[INFO] [stdout] error[E0433]: failed to resolve: use of undeclared crate or module `axum`
[INFO] [stdout]  --> src/lib.rs:525:5
[INFO] [stdout]   |
[INFO] [stdout] 9 |     axum::serve(listener, app).await.unwrap();
[INFO] [stdout]   |     ^^^^ use of undeclared crate or module `axum`
[INFO] [stdout] 
[INFO] [stdout] error: aborting due to 3 previous errors
[INFO] [stdout] 
[INFO] [stdout] Some errors have detailed explanations: E0432, E0433.
[INFO] [stdout] For more information about an error, try `rustc --explain E0432`.
[INFO] [stdout] Couldn't compile the test.
[INFO] [stdout] ---- src/lib.rs - debug_handler (line 555) stdout ----
[INFO] [stdout] error[E0433]: failed to resolve: use of undeclared crate or module `axum`
[INFO] [stdout]  --> src/lib.rs:556:5
[INFO] [stdout]   |
[INFO] [stdout] 3 | use axum::{debug_handler, extract::{State, FromRef}};
[INFO] [stdout]   |     ^^^^ use of undeclared crate or module `axum`
[INFO] [stdout] 
[INFO] [stdout] error[E0432]: unresolved import `axum`
[INFO] [stdout]  --> src/lib.rs:556:5
[INFO] [stdout]   |
[INFO] [stdout] 3 | use axum::{debug_handler, extract::{State, FromRef}};
[INFO] [stdout]   |     ^^^^ use of undeclared crate or module `axum`
[INFO] [stdout] 
[INFO] [stdout] error: aborting due to 2 previous errors
[INFO] [stdout] 
[INFO] [stdout] Some errors have detailed explanations: E0432, E0433.
[INFO] [stdout] For more information about an error, try `rustc --explain E0432`.
[INFO] [stdout] Couldn't compile the test.
[INFO] [stdout] ---- src/lib.rs - derive_from_request (line 193) stdout ----
[INFO] [stdout] error[E0433]: failed to resolve: use of undeclared crate or module `axum`
[INFO] [stdout]  --> src/lib.rs:194:5
[INFO] [stdout]   |
[INFO] [stdout] 3 | use axum::{
[INFO] [stdout]   |     ^^^^ use of undeclared crate or module `axum`
[INFO] [stdout] 
[INFO] [stdout] error[E0432]: unresolved import `axum`
[INFO] [stdout]  --> src/lib.rs:194:5
[INFO] [stdout]   |
[INFO] [stdout] 3 | use axum::{
[INFO] [stdout]   |     ^^^^ use of undeclared crate or module `axum`
[INFO] [stdout] 
[INFO] [stdout] error: cannot find attribute `from_request` in this scope
[INFO] [stdout]   --> src/lib.rs:204:3
[INFO] [stdout]    |
[INFO] [stdout] 13 | #[from_request(rejection(MyRejection))]
[INFO] [stdout]    |   ^^^^^^^^^^^^
[INFO] [stdout] 
[INFO] [stdout] error: aborting due to 3 previous errors
[INFO] [stdout] 
[INFO] [stdout] Some errors have detailed explanations: E0432, E0433.
[INFO] [stdout] For more information about an error, try `rustc --explain E0432`.
[INFO] [stdout] Couldn't compile the test.
[INFO] [stdout] ---- src/lib.rs - debug_middleware (line 630) stdout ----
[INFO] [stdout] error[E0433]: failed to resolve: use of undeclared crate or module `axum`
[INFO] [stdout]  --> src/lib.rs:631:5
[INFO] [stdout]   |
[INFO] [stdout] 2 | use axum::{
[INFO] [stdout]   |     ^^^^ use of undeclared crate or module `axum`
[INFO] [stdout] 
[INFO] [stdout] error[E0432]: unresolved import `axum`
[INFO] [stdout]  --> src/lib.rs:631:5
[INFO] [stdout]   |
[INFO] [stdout] 2 | use axum::{
[INFO] [stdout]   |     ^^^^ use of undeclared crate or module `axum`
[INFO] [stdout] 
[INFO] [stdout] error[E0433]: failed to resolve: use of undeclared crate or module `axum`
[INFO] [stdout]   --> src/lib.rs:647:5
[INFO] [stdout]    |
[INFO] [stdout] 18 |     axum::serve(listener, app).await.unwrap();
[INFO] [stdout]    |     ^^^^ use of undeclared crate or module `axum`
[INFO] [stdout] 
[INFO] [stdout] error: aborting due to 3 previous errors
[INFO] [stdout] 
[INFO] [stdout] Some errors have detailed explanations: E0432, E0433.
[INFO] [stdout] For more information about an error, try `rustc --explain E0432`.
[INFO] [stdout] Couldn't compile the test.
[INFO] [stdout] ---- src/lib.rs - derive_from_request (line 120) stdout ----
[INFO] [stdout] error[E0433]: failed to resolve: use of undeclared crate or module `axum`
[INFO] [stdout]  --> src/lib.rs:123:5
[INFO] [stdout]   |
[INFO] [stdout] 6 | use axum::{
[INFO] [stdout]   |     ^^^^ use of undeclared crate or module `axum`
[INFO] [stdout] 
[INFO] [stdout] error[E0433]: failed to resolve: use of undeclared crate or module `axum_extra`
[INFO] [stdout]   --> src/lib.rs:127:5
[INFO] [stdout]    |
[INFO] [stdout] 10 | use axum_extra::{
[INFO] [stdout]    |     ^^^^^^^^^^ use of undeclared crate or module `axum_extra`
[INFO] [stdout] 
[INFO] [stdout] error[E0432]: unresolved import `axum_extra`
[INFO] [stdout]   --> src/lib.rs:127:5
[INFO] [stdout]    |
[INFO] [stdout] 10 | use axum_extra::{
[INFO] [stdout]    |     ^^^^^^^^^^ use of undeclared crate or module `axum_extra`
[INFO] [stdout] 
[INFO] [stdout] error[E0433]: failed to resolve: could not find `axum` in the list of imported crates
[INFO] [stdout]   --> src/lib.rs:132:10
[INFO] [stdout]    |
[INFO] [stdout] 15 | #[derive(FromRequest)]
[INFO] [stdout]    |          ^^^^^^^^^^^ could not find `axum` in the list of imported crates
[INFO] [stdout]    |
[INFO] [stdout]    = note: this error originates in the derive macro `FromRequest` (in Nightly builds, run with -Z macro-backtrace for more info)
[INFO] [stdout] 
[INFO] [stdout] error[E0433]: failed to resolve: could not find `axum` in the list of imported crates
[INFO] [stdout]   --> src/lib.rs:136:12
[INFO] [stdout]    |
[INFO] [stdout] 19 |     state: State,
[INFO] [stdout]    |            ^^^^^ could not find `axum` in the list of imported crates
[INFO] [stdout] 
[INFO] [stdout] error[E0433]: failed to resolve: could not find `axum` in the list of imported crates
[INFO] [stdout]   --> src/lib.rs:139:19
[INFO] [stdout]    |
[INFO] [stdout] 22 |     content_type: ContentType,
[INFO] [stdout]    |                   ^^^^^^^^^^^ could not find `axum` in the list of imported crates
[INFO] [stdout] 
[INFO] [stdout] error[E0433]: failed to resolve: could not find `axum` in the list of imported crates
[INFO] [stdout]   --> src/lib.rs:141:19
[INFO] [stdout]    |
[INFO] [stdout] 24 |     request_body: Bytes,
[INFO] [stdout]    |                   ^^^^^ could not find `axum` in the list of imported crates
[INFO] [stdout] 
[INFO] [stdout] error[E0433]: failed to resolve: could not find `axum` in the list of imported crates
[INFO] [stdout]   --> src/lib.rs:136:12
[INFO] [stdout]    |
[INFO] [stdout] 19 |     state: State,
[INFO] [stdout]    |            ^^^^^ could not find `axum` in the list of imported crates
[INFO] [stdout]    |
[INFO] [stdout] help: consider importing this struct
[INFO] [stdout]    |
[INFO] [stdout] 2  + use std::error::Request;
[INFO] [stdout]    |
[INFO] [stdout] 
[INFO] [stdout] error[E0433]: failed to resolve: could not find `axum` in the list of imported crates
[INFO] [stdout]   --> src/lib.rs:139:19
[INFO] [stdout]    |
[INFO] [stdout] 22 |     content_type: ContentType,
[INFO] [stdout]    |                   ^^^^^^^^^^^ could not find `axum` in the list of imported crates
[INFO] [stdout]    |
[INFO] [stdout] help: consider importing this struct
[INFO] [stdout]    |
[INFO] [stdout] 2  + use std::error::Request;
[INFO] [stdout]    |
[INFO] [stdout] 
[INFO] [stdout] error: aborting due to 9 previous errors
[INFO] [stdout] 
[INFO] [stdout] Some errors have detailed explanations: E0432, E0433.
[INFO] [stdout] For more information about an error, try `rustc --explain E0432`.
[INFO] [stdout] Couldn't compile the test.
[INFO] [stdout] ---- src/lib.rs - derive_from_request (line 308) stdout ----
[INFO] [stdout] error[E0433]: failed to resolve: use of undeclared crate or module `axum`
[INFO] [stdout]  --> src/lib.rs:311:5
[INFO] [stdout]   |
[INFO] [stdout] 6 | use axum::{
[INFO] [stdout]   |     ^^^^ use of undeclared crate or module `axum`
[INFO] [stdout] 
[INFO] [stdout] error[E0432]: unresolved import `axum`
[INFO] [stdout]  --> src/lib.rs:311:5
[INFO] [stdout]   |
[INFO] [stdout] 6 | use axum::{
[INFO] [stdout]   |     ^^^^ use of undeclared crate or module `axum`
[INFO] [stdout] 
[INFO] [stdout] error[E0433]: failed to resolve: could not find `axum` in the list of imported crates
[INFO] [stdout]   --> src/lib.rs:322:9
[INFO] [stdout]    |
[INFO] [stdout] 17 |     via(Extension),
[INFO] [stdout]    |         ^^^^^^^^^ could not find `axum` in the list of imported crates
[INFO] [stdout] 
[INFO] [stdout] error[E0433]: failed to resolve: could not find `axum` in the list of imported crates
[INFO] [stdout]   --> src/lib.rs:320:17
[INFO] [stdout]    |
[INFO] [stdout] 15 | #[derive(Clone, FromRequest)]
[INFO] [stdout]    |                 ^^^^^^^^^^^ could not find `axum` in the list of imported crates
[INFO] [stdout]    |
[INFO] [stdout]    = note: this error originates in the derive macro `FromRequest` (in Nightly builds, run with -Z macro-backtrace for more info)
[INFO] [stdout] 
[INFO] [stdout] error: aborting due to 4 previous errors
[INFO] [stdout] 
[INFO] [stdout] Some errors have detailed explanations: E0432, E0433.
[INFO] [stdout] For more information about an error, try `rustc --explain E0432`.
[INFO] [stdout] Couldn't compile the test.
[INFO] [stdout] ---- src/lib.rs - derive_from_request (line 241) stdout ----
[INFO] [stdout] error[E0433]: failed to resolve: use of undeclared crate or module `axum`
[INFO] [stdout]  --> src/lib.rs:242:5
[INFO] [stdout]   |
[INFO] [stdout] 3 | use axum::extract::{FromRequest, FromRequestParts};
[INFO] [stdout]   |     ^^^^ use of undeclared crate or module `axum`
[INFO] [stdout] 
[INFO] [stdout] error: cannot find attribute `from_request` in this scope
[INFO] [stdout]   --> src/lib.rs:262:3
[INFO] [stdout]    |
[INFO] [stdout] 23 | #[from_request(state(CustomState))]
[INFO] [stdout]    |   ^^^^^^^^^^^^
[INFO] [stdout] 
[INFO] [stdout] error[E0433]: failed to resolve: use of undeclared crate or module `axum`
[INFO] [stdout]   --> src/lib.rs:254:14
[INFO] [stdout]    |
[INFO] [stdout] 15 | _parts: &mut axum::http::request::Parts,
[INFO] [stdout]    |              ^^^^ use of undeclared crate or module `axum`
[INFO] [stdout] 
[INFO] [stdout] error: aborting due to 3 previous errors
[INFO] [stdout] 
[INFO] [stdout] For more information about this error, try `rustc --explain E0433`.
[INFO] [stdout] Couldn't compile the test.
[INFO] [stdout] ---- src/lib.rs - derive_from_request (line 355) stdout ----
[INFO] [stdout] error[E0433]: failed to resolve: use of undeclared crate or module `axum`
[INFO] [stdout]  --> src/lib.rs:358:5
[INFO] [stdout]   |
[INFO] [stdout] 6 | use axum::{
[INFO] [stdout]   |     ^^^^ use of undeclared crate or module `axum`
[INFO] [stdout] 
[INFO] [stdout] error[E0433]: failed to resolve: could not find `axum` in the list of imported crates
[INFO] [stdout]   --> src/lib.rs:368:20
[INFO] [stdout]    |
[INFO] [stdout] 16 | #[from_request(via(axum::Json), rejection(MyRejection))]
[INFO] [stdout]    |                    ^^^^ could not find `axum` in the list of imported crates
[INFO] [stdout] 
[INFO] [stdout] error[E0433]: failed to resolve: could not find `axum` in the list of imported crates
[INFO] [stdout]   --> src/lib.rs:367:10
[INFO] [stdout]    |
[INFO] [stdout] 15 | #[derive(FromRequest)]
[INFO] [stdout]    |          ^^^^^^^^^^^ could not find `axum` in the list of imported crates
[INFO] [stdout]    |
[INFO] [stdout]    = note: this error originates in the derive macro `FromRequest` (in Nightly builds, run with -Z macro-backtrace for more info)
[INFO] [stdout] 
[INFO] [stdout] error[E0433]: failed to resolve: use of undeclared crate or module `axum`
[INFO] [stdout]   --> src/lib.rs:368:20
[INFO] [stdout]    |
[INFO] [stdout] 16 | #[from_request(via(axum::Json), rejection(MyRejection))]
[INFO] [stdout]    |                    ^^^^ use of undeclared crate or module `axum`
[INFO] [stdout] 
[INFO] [stdout] error[E0433]: failed to resolve: use of undeclared crate or module `axum`
[INFO] [stdout]   --> src/lib.rs:377:13
[INFO] [stdout]    |
[INFO] [stdout] 25 |             axum::Json(json!({ "error": rejection.to_string() })),
[INFO] [stdout]    |             ^^^^ use of undeclared crate or module `axum`
[INFO] [stdout] 
[INFO] [stdout] error: aborting due to 5 previous errors
[INFO] [stdout] 
[INFO] [stdout] For more information about this error, try `rustc --explain E0433`.
[INFO] [stdout] Couldn't compile the test.
[INFO] [stdout] ---- src/lib.rs - derive_from_request (line 166) stdout ----
[INFO] [stdout] error[E0433]: failed to resolve: use of undeclared crate or module `axum_extra`
[INFO] [stdout]  --> src/lib.rs:169:5
[INFO] [stdout]   |
[INFO] [stdout] 6 | use axum_extra::{
[INFO] [stdout]   |     ^^^^^^^^^^ use of undeclared crate or module `axum_extra`
[INFO] [stdout] 
[INFO] [stdout] error[E0432]: unresolved import `axum_extra`
[INFO] [stdout]  --> src/lib.rs:169:5
[INFO] [stdout]   |
[INFO] [stdout] 6 | use axum_extra::{
[INFO] [stdout]   |     ^^^^^^^^^^ use of undeclared crate or module `axum_extra`
[INFO] [stdout] 
[INFO] [stdout] error[E0433]: failed to resolve: could not find `axum` in the list of imported crates
[INFO] [stdout]   --> src/lib.rs:175:10
[INFO] [stdout]    |
[INFO] [stdout] 12 | #[derive(FromRequest)]
[INFO] [stdout]    |          ^^^^^^^^^^^ could not find `axum` in the list of imported crates
[INFO] [stdout]    |
[INFO] [stdout]    = note: this error originates in the derive macro `FromRequest` (in Nightly builds, run with -Z macro-backtrace for more info)
[INFO] [stdout] 
[INFO] [stdout] error[E0433]: failed to resolve: could not find `axum` in the list of imported crates
[INFO] [stdout]   --> src/lib.rs:179:19
[INFO] [stdout]    |
[INFO] [stdout] 16 |     content_type: Option<ContentType>,
[INFO] [stdout]    |                   ^^^^^^ could not find `axum` in the list of imported crates
[INFO] [stdout] 
[INFO] [stdout] error[E0433]: failed to resolve: could not find `axum` in the list of imported crates
[INFO] [stdout]   --> src/lib.rs:183:17
[INFO] [stdout]    |
[INFO] [stdout] 20 |     user_agent: Result<UserAgent, TypedHeaderRejection>,
[INFO] [stdout]    |                 ^^^^^^ could not find `axum` in the list of imported crates
[INFO] [stdout] 
[INFO] [stdout] error[E0433]: failed to resolve: could not find `axum` in the list of imported crates
[INFO] [stdout]   --> src/lib.rs:179:19
[INFO] [stdout]    |
[INFO] [stdout] 16 |     content_type: Option<ContentType>,
[INFO] [stdout]    |                   ^^^^^^ could not find `axum` in the list of imported crates
[INFO] [stdout]    |
[INFO] [stdout] help: consider importing this struct
[INFO] [stdout]    |
[INFO] [stdout] 2  + use std::error::Request;
[INFO] [stdout]    |
[INFO] [stdout] 
[INFO] [stdout] error: aborting due to 6 previous errors
[INFO] [stdout] 
[INFO] [stdout] Some errors have detailed explanations: E0432, E0433.
[INFO] [stdout] For more information about an error, try `rustc --explain E0432`.
[INFO] [stdout] Couldn't compile the test.
[INFO] [stdout] ---- src/lib.rs - derive_from_request_parts (line 424) stdout ----
[INFO] [stdout] error[E0433]: failed to resolve: use of undeclared crate or module `axum`
[INFO] [stdout]  --> src/lib.rs:427:5
[INFO] [stdout]   |
[INFO] [stdout] 6 | use axum::{
[INFO] [stdout]   |     ^^^^ use of undeclared crate or module `axum`
[INFO] [stdout] 
[INFO] [stdout] error[E0433]: failed to resolve: use of undeclared crate or module `axum_extra`
[INFO] [stdout]  --> src/lib.rs:430:5
[INFO] [stdout]   |
[INFO] [stdout] 9 | use axum_extra::{
[INFO] [stdout]   |     ^^^^^^^^^^ use of undeclared crate or module `axum_extra`
[INFO] [stdout] 
[INFO] [stdout] error[E0432]: unresolved import `axum_extra`
[INFO] [stdout]  --> src/lib.rs:430:5
[INFO] [stdout]   |
[INFO] [stdout] 9 | use axum_extra::{
[INFO] [stdout]   |     ^^^^^^^^^^ use of undeclared crate or module `axum_extra`
[INFO] [stdout] 
[INFO] [stdout] error[E0433]: failed to resolve: could not find `axum` in the list of imported crates
[INFO] [stdout]   --> src/lib.rs:436:10
[INFO] [stdout]    |
[INFO] [stdout] 15 | #[derive(FromRequestParts)]
[INFO] [stdout]    |          ^^^^^^^^^^^^^^^^ could not find `axum` in the list of imported crates
[INFO] [stdout]    |
[INFO] [stdout]    = note: this error originates in the derive macro `FromRequestParts` (in Nightly builds, run with -Z macro-backtrace for more info)
[INFO] [stdout] 
[INFO] [stdout] error[E0433]: failed to resolve: could not find `axum` in the list of imported crates
[INFO] [stdout]   --> src/lib.rs:439:19
[INFO] [stdout]    |
[INFO] [stdout] 18 |     query_params: HashMap<String, String>,
[INFO] [stdout]    |                   ^^^^^^^ could not find `axum` in the list of imported crates
[INFO] [stdout] 
[INFO] [stdout] error[E0433]: failed to resolve: could not find `axum` in the list of imported crates
[INFO] [stdout]   --> src/lib.rs:440:19
[INFO] [stdout]    |
[INFO] [stdout] 19 |     content_type: TypedHeader<ContentType>,
[INFO] [stdout]    |                   ^^^^^^^^^^^ could not find `axum` in the list of imported crates
[INFO] [stdout] 
[INFO] [stdout] error: aborting due to 6 previous errors
[INFO] [stdout] 
[INFO] [stdout] Some errors have detailed explanations: E0432, E0433.
[INFO] [stdout] For more information about an error, try `rustc --explain E0432`.
[INFO] [stdout] Couldn't compile the test.
[INFO] [stdout] ---- src/lib.rs - derive_from_request (line 289) stdout ----
[INFO] [stdout] error[E0433]: failed to resolve: use of undeclared crate or module `axum`
[INFO] [stdout]  --> src/lib.rs:292:5
[INFO] [stdout]   |
[INFO] [stdout] 6 | use axum::extract::Extension;
[INFO] [stdout]   |     ^^^^ use of undeclared crate or module `axum`
[INFO] [stdout] 
[INFO] [stdout] error[E0433]: failed to resolve: could not find `axum` in the list of imported crates
[INFO] [stdout]   --> src/lib.rs:296:20
[INFO] [stdout]    |
[INFO] [stdout] 10 | #[from_request(via(Extension))]
[INFO] [stdout]    |                    ^^^^^^^^^ could not find `axum` in the list of imported crates
[INFO] [stdout] 
[INFO] [stdout] error[E0433]: failed to resolve: could not find `axum` in the list of imported crates
[INFO] [stdout]  --> src/lib.rs:295:17
[INFO] [stdout]   |
[INFO] [stdout] 9 | #[derive(Clone, FromRequest)]
[INFO] [stdout]   |                 ^^^^^^^^^^^ could not find `axum` in the list of imported crates
[INFO] [stdout]   |
[INFO] [stdout]   = note: this error originates in the derive macro `FromRequest` (in Nightly builds, run with -Z macro-backtrace for more info)
[INFO] [stdout] 
[INFO] [stdout] error: aborting due to 3 previous errors
[INFO] [stdout] 
[INFO] [stdout] For more information about this error, try `rustc --explain E0433`.
[INFO] [stdout] Couldn't compile the test.
[INFO] [stdout] ---- src/lib.rs - derive_from_request (line 72) stdout ----
[INFO] [stdout] error[E0433]: failed to resolve: use of undeclared crate or module `axum`
[INFO] [stdout]  --> src/lib.rs:75:5
[INFO] [stdout]   |
[INFO] [stdout] 6 | use axum::{
[INFO] [stdout]   |     ^^^^ use of undeclared crate or module `axum`
[INFO] [stdout] 
[INFO] [stdout] error[E0433]: failed to resolve: use of undeclared crate or module `axum_extra`
[INFO] [stdout]   --> src/lib.rs:79:5
[INFO] [stdout]    |
[INFO] [stdout] 10 | use axum_extra::{
[INFO] [stdout]    |     ^^^^^^^^^^ use of undeclared crate or module `axum_extra`
[INFO] [stdout] 
[INFO] [stdout] error[E0432]: unresolved import `axum_extra`
[INFO] [stdout]   --> src/lib.rs:79:5
[INFO] [stdout]    |
[INFO] [stdout] 10 | use axum_extra::{
[INFO] [stdout]    |     ^^^^^^^^^^ use of undeclared crate or module `axum_extra`
[INFO] [stdout] 
[INFO] [stdout] error[E0433]: failed to resolve: could not find `axum` in the list of imported crates
[INFO] [stdout]   --> src/lib.rs:84:10
[INFO] [stdout]    |
[INFO] [stdout] 15 | #[derive(FromRequest)]
[INFO] [stdout]    |          ^^^^^^^^^^^ could not find `axum` in the list of imported crates
[INFO] [stdout]    |
[INFO] [stdout]    = note: this error originates in the derive macro `FromRequest` (in Nightly builds, run with -Z macro-backtrace for more info)
[INFO] [stdout] 
[INFO] [stdout] error[E0433]: failed to resolve: could not find `axum` in the list of imported crates
[INFO] [stdout]   --> src/lib.rs:86:12
[INFO] [stdout]    |
[INFO] [stdout] 17 |     state: Extension<State>,
[INFO] [stdout]    |            ^^^^^^^^^ could not find `axum` in the list of imported crates
[INFO] [stdout] 
[INFO] [stdout] error[E0433]: failed to resolve: could not find `axum` in the list of imported crates
[INFO] [stdout]   --> src/lib.rs:87:19
[INFO] [stdout]    |
[INFO] [stdout] 18 |     content_type: TypedHeader<ContentType>,
[INFO] [stdout]    |                   ^^^^^^^^^^^ could not find `axum` in the list of imported crates
[INFO] [stdout] 
[INFO] [stdout] error[E0433]: failed to resolve: could not find `axum` in the list of imported crates
[INFO] [stdout]   --> src/lib.rs:88:19
[INFO] [stdout]    |
[INFO] [stdout] 19 |     request_body: Bytes,
[INFO] [stdout]    |                   ^^^^^ could not find `axum` in the list of imported crates
[INFO] [stdout] 
[INFO] [stdout] error[E0433]: failed to resolve: could not find `axum` in the list of imported crates
[INFO] [stdout]   --> src/lib.rs:86:12
[INFO] [stdout]    |
[INFO] [stdout] 17 |     state: Extension<State>,
[INFO] [stdout]    |            ^^^^^^^^^ could not find `axum` in the list of imported crates
[INFO] [stdout]    |
[INFO] [stdout] help: consider importing this struct
[INFO] [stdout]    |
[INFO] [stdout] 2  + use std::error::Request;
[INFO] [stdout]    |
[INFO] [stdout] 
[INFO] [stdout] error[E0433]: failed to resolve: could not find `axum` in the list of imported crates
[INFO] [stdout]   --> src/lib.rs:87:19
[INFO] [stdout]    |
[INFO] [stdout] 18 |     content_type: TypedHeader<ContentType>,
[INFO] [stdout]    |                   ^^^^^^^^^^^ could not find `axum` in the list of imported crates
[INFO] [stdout]    |
[INFO] [stdout] help: consider importing this struct
[INFO] [stdout]    |
[INFO] [stdout] 2  + use std::error::Request;
[INFO] [stdout]    |
[INFO] [stdout] 
[INFO] [stdout] error: aborting due to 9 previous errors
[INFO] [stdout] 
[INFO] [stdout] Some errors have detailed explanations: E0432, E0433.
[INFO] [stdout] For more information about an error, try `rustc --explain E0432`.
[INFO] [stdout] Couldn't compile the test.
[INFO] [stdout] 
[INFO] [stdout] failures:
[INFO] [stdout]     src/lib.rs - debug_handler (line 517)
[INFO] [stdout]     src/lib.rs - debug_handler (line 539)
[INFO] [stdout]     src/lib.rs - debug_handler (line 555)
[INFO] [stdout]     src/lib.rs - debug_middleware (line 630)
[INFO] [stdout]     src/lib.rs - derive_from_ref (line 709)
[INFO] [stdout]     src/lib.rs - derive_from_request (line 120)
[INFO] [stdout]     src/lib.rs - derive_from_request (line 166)
[INFO] [stdout]     src/lib.rs - derive_from_request (line 193)
[INFO] [stdout]     src/lib.rs - derive_from_request (line 241)
[INFO] [stdout]     src/lib.rs - derive_from_request (line 271)
[INFO] [stdout]     src/lib.rs - derive_from_request (line 289)
[INFO] [stdout]     src/lib.rs - derive_from_request (line 308)
[INFO] [stdout]     src/lib.rs - derive_from_request (line 355)
[INFO] [stdout]     src/lib.rs - derive_from_request (line 72)
[INFO] [stdout]     src/lib.rs - derive_from_request_parts (line 424)
[INFO] [stdout] 
[INFO] [stdout] test result: FAILED. 8 passed; 15 failed; 0 ignored; 0 measured; 0 filtered out; finished in 1.12s
[INFO] [stdout] 
[INFO] [stderr] error: doctest failed, to rerun pass `--doc`
[INFO] running `Command { std: "docker" "inspect" "c2e44dad33ea282db0d4dc77c7245c4ba906c63cd7fbeeecadf2a6241f4b624d", kill_on_drop: false }`
[INFO] running `Command { std: "docker" "rm" "-f" "c2e44dad33ea282db0d4dc77c7245c4ba906c63cd7fbeeecadf2a6241f4b624d", kill_on_drop: false }`
[INFO] [stdout] c2e44dad33ea282db0d4dc77c7245c4ba906c63cd7fbeeecadf2a6241f4b624d
