[INFO] fetching crate axum-containerssh 0.5.0-crt1...
[INFO] testing axum-containerssh-0.5.0-crt1 against 1.83.0 for beta-1.84.0-4-retry
[INFO] extracting crate axum-containerssh 0.5.0-crt1 into /workspace/builds/worker-0-tc1/source
[INFO] validating manifest of crates.io crate axum-containerssh 0.5.0-crt1 on toolchain 1.83.0
[INFO] running `Command { std: CARGO_HOME="/workspace/cargo-home" RUSTUP_HOME="/workspace/rustup-home" "/workspace/cargo-home/bin/cargo" "+1.83.0" "metadata" "--manifest-path" "Cargo.toml" "--no-deps", kill_on_drop: false }`
[INFO] started tweaking crates.io crate axum-containerssh 0.5.0-crt1
[INFO] finished tweaking crates.io crate axum-containerssh 0.5.0-crt1
[INFO] tweaked toml for crates.io crate axum-containerssh 0.5.0-crt1 written to /workspace/builds/worker-0-tc1/source/Cargo.toml
[INFO] running `Command { std: CARGO_HOME="/workspace/cargo-home" RUSTUP_HOME="/workspace/rustup-home" "/workspace/cargo-home/bin/cargo" "+1.83.0" "generate-lockfile" "--manifest-path" "Cargo.toml", kill_on_drop: false }`
[INFO] [stderr]     Updating crates.io index
[INFO] [stderr]      Locking 168 packages to latest compatible versions
[INFO] [stderr]       Adding base64 v0.21.7 (available: v0.22.1)
[INFO] [stderr]       Adding validator v0.16.1 (available: v0.19.0)
[INFO] running `Command { std: CARGO_HOME="/workspace/cargo-home" RUSTUP_HOME="/workspace/rustup-home" "/workspace/cargo-home/bin/cargo" "+1.83.0" "fetch" "--manifest-path" "Cargo.toml", kill_on_drop: false }`
[INFO] [stderr]  Downloading crates ...
[INFO] [stderr]   Downloaded frunk_proc_macros v0.1.3
[INFO] [stderr]   Downloaded frunk-enum-core v0.3.0
[INFO] [stderr]   Downloaded frunk-enum-derive v0.3.0
[INFO] [stderr]   Downloaded frunk_proc_macro_helpers v0.1.3
[INFO] [stderr]   Downloaded frunk v0.4.3
[INFO] [stderr]   Downloaded frunk_core v0.4.3
[INFO] [stderr]   Downloaded frunk_derives v0.4.3
[INFO] running `Command { std: "docker" "create" "-v" "/var/lib/crater-agent-workspace/builds/worker-0-tc1/target:/opt/rustwide/target:rw,Z" "-v" "/var/lib/crater-agent-workspace/builds/worker-0-tc1/source:/opt/rustwide/workdir:ro,Z" "-v" "/var/lib/crater-agent-workspace/cargo-home:/opt/rustwide/cargo-home:ro,Z" "-v" "/var/lib/crater-agent-workspace/rustup-home:/opt/rustwide/rustup-home:ro,Z" "-e" "SOURCE_DIR=/opt/rustwide/workdir" "-e" "CARGO_TARGET_DIR=/opt/rustwide/target" "-e" "CARGO_HOME=/opt/rustwide/cargo-home" "-e" "RUSTUP_HOME=/opt/rustwide/rustup-home" "-w" "/opt/rustwide/workdir" "-m" "1610612736" "--user" "0:0" "--network" "none" "ghcr.io/rust-lang/crates-build-env/linux@sha256:f3a9d4ad9d972b27faf3965f35b62e55ba32bbce8f20bc8fe909558a86702fde" "/opt/rustwide/cargo-home/bin/cargo" "+1.83.0" "metadata" "--no-deps" "--format-version=1", kill_on_drop: false }`
[INFO] [stdout] 2386284c909ae4c7cfe4c2f54ab121691c54caa19a22846c2f1e564015fcfd75
[INFO] running `Command { std: "docker" "start" "-a" "2386284c909ae4c7cfe4c2f54ab121691c54caa19a22846c2f1e564015fcfd75", kill_on_drop: false }`
[INFO] running `Command { std: "docker" "inspect" "2386284c909ae4c7cfe4c2f54ab121691c54caa19a22846c2f1e564015fcfd75", kill_on_drop: false }`
[INFO] running `Command { std: "docker" "rm" "-f" "2386284c909ae4c7cfe4c2f54ab121691c54caa19a22846c2f1e564015fcfd75", kill_on_drop: false }`
[INFO] [stdout] 2386284c909ae4c7cfe4c2f54ab121691c54caa19a22846c2f1e564015fcfd75
[INFO] running `Command { std: "docker" "create" "-v" "/var/lib/crater-agent-workspace/builds/worker-0-tc1/target:/opt/rustwide/target:rw,Z" "-v" "/var/lib/crater-agent-workspace/builds/worker-0-tc1/source:/opt/rustwide/workdir:ro,Z" "-v" "/var/lib/crater-agent-workspace/cargo-home:/opt/rustwide/cargo-home:ro,Z" "-v" "/var/lib/crater-agent-workspace/rustup-home:/opt/rustwide/rustup-home:ro,Z" "-e" "SOURCE_DIR=/opt/rustwide/workdir" "-e" "CARGO_TARGET_DIR=/opt/rustwide/target" "-e" "CARGO_INCREMENTAL=0" "-e" "RUST_BACKTRACE=full" "-e" "RUSTFLAGS=--cap-lints=warn" "-e" "RUSTDOCFLAGS=--cap-lints=warn" "-e" "CARGO_HOME=/opt/rustwide/cargo-home" "-e" "RUSTUP_HOME=/opt/rustwide/rustup-home" "-w" "/opt/rustwide/workdir" "-m" "1610612736" "--user" "0:0" "--network" "none" "ghcr.io/rust-lang/crates-build-env/linux@sha256:f3a9d4ad9d972b27faf3965f35b62e55ba32bbce8f20bc8fe909558a86702fde" "/opt/rustwide/cargo-home/bin/cargo" "+1.83.0" "build" "--frozen" "--message-format=json", kill_on_drop: false }`
[INFO] [stdout] 666d0925ae4efb73015280247af2fa5bfa2ddf0f7cc9c60132976b24cb63853d
[INFO] running `Command { std: "docker" "start" "-a" "666d0925ae4efb73015280247af2fa5bfa2ddf0f7cc9c60132976b24cb63853d", kill_on_drop: false }`
[INFO] [stderr]    Compiling version_check v0.9.5
[INFO] [stderr]    Compiling stable_deref_trait v1.2.0
[INFO] [stderr]    Compiling libc v0.2.168
[INFO] [stderr]    Compiling pin-project-lite v0.2.15
[INFO] [stderr]    Compiling serde v1.0.216
[INFO] [stderr]    Compiling futures-core v0.3.31
[INFO] [stderr]    Compiling fnv v1.0.7
[INFO] [stderr]    Compiling futures-task v0.3.31
[INFO] [stderr]    Compiling pin-utils v0.1.0
[INFO] [stderr]    Compiling writeable v0.5.5
[INFO] [stderr]    Compiling bytes v1.9.0
[INFO] [stderr]    Compiling litemap v0.7.4
[INFO] [stderr]    Compiling smallvec v1.13.2
[INFO] [stderr]    Compiling memchr v2.7.4
[INFO] [stderr]    Compiling httparse v1.9.5
[INFO] [stderr]    Compiling syn v2.0.90
[INFO] [stderr]    Compiling percent-encoding v2.3.1
[INFO] [stderr]    Compiling icu_locid_transform_data v1.5.0
[INFO] [stderr]    Compiling icu_properties_data v1.5.0
[INFO] [stderr]    Compiling regex-syntax v0.8.5
[INFO] [stderr]    Compiling once_cell v1.20.2
[INFO] [stderr]    Compiling futures-util v0.3.31
[INFO] [stderr]    Compiling syn v1.0.109
[INFO] [stderr]    Compiling form_urlencoded v1.2.1
[INFO] [stderr]    Compiling tracing-core v0.1.33
[INFO] [stderr]    Compiling rustversion v1.0.18
[INFO] [stderr]    Compiling serde_json v1.0.133
[INFO] [stderr]    Compiling utf16_iter v1.0.5
[INFO] [stderr]    Compiling write16 v1.0.0
[INFO] [stderr]    Compiling proc-macro-error-attr v1.0.4
[INFO] [stderr]    Compiling log v0.4.22
[INFO] [stderr]    Compiling utf8_iter v1.0.4
[INFO] [stderr]    Compiling tower-service v0.3.3
[INFO] [stderr]    Compiling icu_normalizer_data v1.5.0
[INFO] [stderr]    Compiling proc-macro-error v1.0.4
[INFO] [stderr]    Compiling futures-channel v0.3.31
[INFO] [stderr]    Compiling autocfg v1.4.0
[INFO] [stderr]    Compiling powerfmt v0.2.0
[INFO] [stderr]    Compiling num-conv v0.1.0
[INFO] [stderr]    Compiling mime v0.3.17
[INFO] [stderr]    Compiling http v1.2.0
[INFO] [stderr]    Compiling tinyvec_macros v0.1.1
[INFO] [stderr]    Compiling sync_wrapper v1.0.2
[INFO] [stderr]    Compiling tower-layer v0.3.3
[INFO] [stderr]    Compiling httpdate v1.0.3
[INFO] [stderr]    Compiling time-core v0.1.2
[INFO] [stderr]    Compiling tinyvec v1.8.0
[INFO] [stderr]    Compiling time-macros v0.2.19
[INFO] [stderr]    Compiling deranged v0.3.11
[INFO] [stderr]    Compiling aho-corasick v1.1.3
[INFO] [stderr]    Compiling num-traits v0.2.19
[INFO] [stderr]    Compiling cookie v0.18.1
[INFO] [stderr]    Compiling multer v3.1.0
[INFO] [stderr]    Compiling signal-hook-registry v1.4.2
[INFO] [stderr]    Compiling socket2 v0.5.8
[INFO] [stderr]    Compiling http-body v1.0.1
[INFO] [stderr]    Compiling mio v1.0.3
[INFO] [stderr]    Compiling encoding_rs v0.8.35
[INFO] [stderr]    Compiling regex-automata v0.4.9
[INFO] [stderr]    Compiling unicode-bidi v0.3.17
[INFO] [stderr]    Compiling spin v0.9.8
[INFO] [stderr]    Compiling unicode-normalization v0.1.24
[INFO] [stderr]    Compiling lazy_static v1.5.0
[INFO] [stderr]    Compiling matchit v0.7.3
[INFO] [stderr]    Compiling if_chain v1.0.2
[INFO] [stderr]    Compiling fastrand v2.3.0
[INFO] [stderr]    Compiling iana-time-zone v0.1.61
[INFO] [stderr]    Compiling base64 v0.21.7
[INFO] [stderr]    Compiling time v0.3.37
[INFO] [stderr]    Compiling http-body-util v0.1.2
[INFO] [stderr]    Compiling validator_types v0.16.0
[INFO] [stderr]    Compiling idna v0.4.0
[INFO] [stderr]    Compiling regex v1.11.1
[INFO] [stderr]    Compiling synstructure v0.13.1
[INFO] [stderr]    Compiling zerofrom-derive v0.1.5
[INFO] [stderr]    Compiling yoke-derive v0.7.5
[INFO] [stderr]    Compiling zerovec-derive v0.10.3
[INFO] [stderr]    Compiling displaydoc v0.2.5
[INFO] [stderr]    Compiling serde_derive v1.0.216
[INFO] [stderr]    Compiling icu_provider_macros v1.5.0
[INFO] [stderr]    Compiling tokio-macros v2.4.0
[INFO] [stderr]    Compiling tracing-attributes v0.1.28
[INFO] [stderr]    Compiling async-trait v0.1.83
[INFO] [stderr]    Compiling axum-macros v0.4.2
[INFO] [stderr]    Compiling validator_derive v0.16.0
[INFO] [stderr]    Compiling tokio v1.42.0
[INFO] [stderr]    Compiling tracing v0.1.41
[INFO] [stderr]    Compiling zerofrom v0.1.5
[INFO] [stderr]    Compiling axum-core v0.4.5
[INFO] [stderr]    Compiling yoke v0.7.5
[INFO] [stderr]    Compiling zerovec v0.10.4
[INFO] [stderr]    Compiling tinystr v0.7.6
[INFO] [stderr]    Compiling icu_collections v1.5.0
[INFO] [stderr]    Compiling icu_locid v1.5.0
[INFO] [stderr]    Compiling icu_provider v1.5.0
[INFO] [stderr]    Compiling hyper v1.5.1
[INFO] [stderr]    Compiling tower v0.5.2
[INFO] [stderr]    Compiling icu_locid_transform v1.5.0
[INFO] [stderr]    Compiling hyper-util v0.1.10
[INFO] [stderr]    Compiling icu_properties v1.5.1
[INFO] [stderr]    Compiling serde_path_to_error v0.1.16
[INFO] [stderr]    Compiling serde_urlencoded v0.7.1
[INFO] [stderr]    Compiling chrono v0.4.39
[INFO] [stderr]    Compiling uuid v1.11.0
[INFO] [stderr]    Compiling axum v0.7.9
[INFO] [stderr]    Compiling icu_normalizer v1.5.0
[INFO] [stderr]    Compiling idna_adapter v1.2.0
[INFO] [stderr]    Compiling idna v1.0.3
[INFO] [stderr]    Compiling url v2.5.4
[INFO] [stderr]    Compiling validator v0.16.1
[INFO] [stderr]    Compiling axum-extra v0.9.6
[INFO] [stderr]    Compiling axum-containerssh v0.5.0-crt1 (/opt/rustwide/workdir)
[INFO] [stderr]     Finished `dev` profile [unoptimized + debuginfo] target(s) in 1m 18s
[INFO] running `Command { std: "docker" "inspect" "666d0925ae4efb73015280247af2fa5bfa2ddf0f7cc9c60132976b24cb63853d", kill_on_drop: false }`
[INFO] running `Command { std: "docker" "rm" "-f" "666d0925ae4efb73015280247af2fa5bfa2ddf0f7cc9c60132976b24cb63853d", kill_on_drop: false }`
[INFO] [stdout] 666d0925ae4efb73015280247af2fa5bfa2ddf0f7cc9c60132976b24cb63853d
[INFO] running `Command { std: "docker" "create" "-v" "/var/lib/crater-agent-workspace/builds/worker-0-tc1/target:/opt/rustwide/target:rw,Z" "-v" "/var/lib/crater-agent-workspace/builds/worker-0-tc1/source:/opt/rustwide/workdir:ro,Z" "-v" "/var/lib/crater-agent-workspace/cargo-home:/opt/rustwide/cargo-home:ro,Z" "-v" "/var/lib/crater-agent-workspace/rustup-home:/opt/rustwide/rustup-home:ro,Z" "-e" "SOURCE_DIR=/opt/rustwide/workdir" "-e" "CARGO_TARGET_DIR=/opt/rustwide/target" "-e" "CARGO_INCREMENTAL=0" "-e" "RUST_BACKTRACE=full" "-e" "RUSTFLAGS=--cap-lints=warn" "-e" "RUSTDOCFLAGS=--cap-lints=warn" "-e" "CARGO_HOME=/opt/rustwide/cargo-home" "-e" "RUSTUP_HOME=/opt/rustwide/rustup-home" "-w" "/opt/rustwide/workdir" "-m" "1610612736" "--user" "0:0" "--network" "none" "ghcr.io/rust-lang/crates-build-env/linux@sha256:f3a9d4ad9d972b27faf3965f35b62e55ba32bbce8f20bc8fe909558a86702fde" "/opt/rustwide/cargo-home/bin/cargo" "+1.83.0" "test" "--frozen" "--no-run" "--message-format=json", kill_on_drop: false }`
[INFO] [stdout] bd93b64a9902989bc4423c1821558dc56b804e91cd91c06e02849ec1e9deb2ee
[INFO] running `Command { std: "docker" "start" "-a" "bd93b64a9902989bc4423c1821558dc56b804e91cd91c06e02849ec1e9deb2ee", kill_on_drop: false }`
[INFO] [stderr]    Compiling tracing-core v0.1.33
[INFO] [stderr]    Compiling log v0.4.22
[INFO] [stderr]    Compiling overload v0.1.1
[INFO] [stderr]    Compiling sharded-slab v0.1.7
[INFO] [stderr]    Compiling thread_local v1.1.8
[INFO] [stderr]    Compiling nu-ansi-term v0.46.0
[INFO] [stderr]    Compiling tracing v0.1.41
[INFO] [stderr]    Compiling tracing-log v0.2.0
[INFO] [stderr]    Compiling axum-core v0.4.5
[INFO] [stderr]    Compiling tower v0.5.2
[INFO] [stderr]    Compiling tracing-subscriber v0.3.19
[INFO] [stderr]    Compiling axum v0.7.9
[INFO] [stderr]    Compiling axum-extra v0.9.6
[INFO] [stderr]    Compiling axum-containerssh v0.5.0-crt1 (/opt/rustwide/workdir)
[INFO] [stderr]     Finished `test` profile [unoptimized + debuginfo] target(s) in 33.23s
[INFO] running `Command { std: "docker" "inspect" "bd93b64a9902989bc4423c1821558dc56b804e91cd91c06e02849ec1e9deb2ee", kill_on_drop: false }`
[INFO] running `Command { std: "docker" "rm" "-f" "bd93b64a9902989bc4423c1821558dc56b804e91cd91c06e02849ec1e9deb2ee", kill_on_drop: false }`
[INFO] [stdout] bd93b64a9902989bc4423c1821558dc56b804e91cd91c06e02849ec1e9deb2ee
[INFO] running `Command { std: "docker" "create" "-v" "/var/lib/crater-agent-workspace/builds/worker-0-tc1/target:/opt/rustwide/target:rw,Z" "-v" "/var/lib/crater-agent-workspace/builds/worker-0-tc1/source:/opt/rustwide/workdir:ro,Z" "-v" "/var/lib/crater-agent-workspace/cargo-home:/opt/rustwide/cargo-home:ro,Z" "-v" "/var/lib/crater-agent-workspace/rustup-home:/opt/rustwide/rustup-home:ro,Z" "-e" "SOURCE_DIR=/opt/rustwide/workdir" "-e" "CARGO_TARGET_DIR=/opt/rustwide/target" "-e" "CARGO_INCREMENTAL=0" "-e" "RUST_BACKTRACE=full" "-e" "RUSTFLAGS=--cap-lints=warn" "-e" "RUSTDOCFLAGS=--cap-lints=warn" "-e" "CARGO_HOME=/opt/rustwide/cargo-home" "-e" "RUSTUP_HOME=/opt/rustwide/rustup-home" "-w" "/opt/rustwide/workdir" "-m" "1610612736" "--user" "0:0" "--network" "none" "ghcr.io/rust-lang/crates-build-env/linux@sha256:f3a9d4ad9d972b27faf3965f35b62e55ba32bbce8f20bc8fe909558a86702fde" "/opt/rustwide/cargo-home/bin/cargo" "+1.83.0" "test" "--frozen", kill_on_drop: false }`
[INFO] [stdout] 8e2de424dbd1b11fd8bf9d8be6f08a07393288dac649d7dd4d6e00b13d75dd43
[INFO] running `Command { std: "docker" "start" "-a" "8e2de424dbd1b11fd8bf9d8be6f08a07393288dac649d7dd4d6e00b13d75dd43", kill_on_drop: false }`
[INFO] [stderr]     Finished `test` profile [unoptimized + debuginfo] target(s) in 0.17s
[INFO] [stderr]      Running unittests src/lib.rs (/opt/rustwide/target/debug/deps/axum_containerssh-ab4800bbfbd206fa)
[INFO] [stdout] 
[INFO] [stdout] running 0 tests
[INFO] [stdout] 
[INFO] [stdout] test result: ok. 0 passed; 0 failed; 0 ignored; 0 measured; 0 filtered out; finished in 0.00s
[INFO] [stdout] 
[INFO] [stderr]    Doc-tests axum_containerssh
[INFO] [stdout] 
[INFO] [stdout] running 22 tests
[INFO] [stdout] test src/types.rs - types::Nullable<T>::map_or (line 299) ... ok
[INFO] [stdout] test src/types.rs - types::Nullable<T>::map_or_else (line 321) ... ok
[INFO] [stdout] test src/types.rs - types::Nullable<T>::as_mut (line 138) ... ok
[INFO] [stdout] test src/types.rs - types::Nullable<&'aT>::cloned (line 539) ... ok
[INFO] [stdout] test src/types.rs - types::Nullable<T>::is_null (line 86) ... ok
[INFO] [stdout] test src/types.rs - types::Nullable<T>::as_ref (line 117) ... ok
[INFO] [stdout] test src/types.rs - types::Nullable<T>::and_then (line 434) ... ok
[INFO] [stdout] test src/types.rs - types::Nullable<T>::ok_or_else (line 375) ... ok
[INFO] [stdout] test src/types.rs - types::Nullable<T>::or (line 457) ... ok
[INFO] [stdout] test src/types.rs - types::Nullable<T>::take (line 516) ... ok
[INFO] [stdout] test src/types.rs - types::Nullable<T>::is_present (line 65) ... ok
[INFO] [stdout] test src/types.rs - types::Nullable<T>::ok_or (line 349) ... ok
[INFO] [stdout] test src/types.rs - types::Nullable<T>::unwrap_or_else (line 249) ... ok
[INFO] [stdout] test src/types.rs - types::Nullable<T>::unwrap_or_default (line 562) ... ok
[INFO] [stdout] test src/types.rs - types::Nullable<T>::or_else (line 489) ... ok
[INFO] [stdout] test src/types.rs - types::Nullable<T>::and (line 400) ... ok
[INFO] [stdout] test src/types.rs - types::Nullable<T>::map (line 277) ... ok
[INFO] [stdout] test src/types.rs - types::Nullable<T>::unwrap (line 206) ... ok
[INFO] [stdout] test src/types.rs - types::Nullable<T>::unwrap (line 213) ... FAILED
[INFO] [stdout] test src/types.rs - types::Nullable<T>::unwrap_or (line 231) ... ok
[INFO] [stdout] test src/types.rs - types::Nullable<T>::expect (line 171) ... ok
[INFO] [stdout] test src/types.rs - types::Nullable<T>::expect (line 178) ... FAILED
[INFO] [stdout] 
[INFO] [stdout] failures:
[INFO] [stdout] 
[INFO] [stdout] ---- src/types.rs - types::Nullable<T>::unwrap (line 213) stdout ----
[INFO] [stdout] Test executable failed (exit status: 101).
[INFO] [stdout] 
[INFO] [stdout] stderr:
[INFO] [stdout] thread 'main' panicked at /opt/rustwide/workdir/src/types.rs:223:31:
[INFO] [stdout] called `Nullable::unwrap()` on a `Nullable::Null` value
[INFO] [stdout] stack backtrace:
[INFO] [stdout]    0:     0x57685143bafa - std::backtrace_rs::backtrace::libunwind::trace::h5a5b8284f2d0c266
[INFO] [stdout]                                at /rustc/90b35a6239c3d8bdabc530a6a0816f7ff89a0aaf/library/std/src/../../backtrace/src/backtrace/libunwind.rs:116:5
[INFO] [stdout]    1:     0x57685143bafa - std::backtrace_rs::backtrace::trace_unsynchronized::h76d4f1c9b0b875e3
[INFO] [stdout]                                at /rustc/90b35a6239c3d8bdabc530a6a0816f7ff89a0aaf/library/std/src/../../backtrace/src/backtrace/mod.rs:66:5
[INFO] [stdout]    2:     0x57685143bafa - std::sys::backtrace::_print_fmt::hc4546b8364a537c6
[INFO] [stdout]                                at /rustc/90b35a6239c3d8bdabc530a6a0816f7ff89a0aaf/library/std/src/sys/backtrace.rs:66:9
[INFO] [stdout]    3:     0x57685143bafa - <std::sys::backtrace::BacktraceLock::print::DisplayBacktrace as core::fmt::Display>::fmt::h5b6bd5631a6d1f6b
[INFO] [stdout]                                at /rustc/90b35a6239c3d8bdabc530a6a0816f7ff89a0aaf/library/std/src/sys/backtrace.rs:39:26
[INFO] [stdout]    4:     0x576851456cf3 - core::fmt::rt::Argument::fmt::h270f6602a2b96f62
[INFO] [stdout]                                at /rustc/90b35a6239c3d8bdabc530a6a0816f7ff89a0aaf/library/core/src/fmt/rt.rs:177:76
[INFO] [stdout]    5:     0x576851456cf3 - core::fmt::write::h7550c97b06c86515
[INFO] [stdout]                                at /rustc/90b35a6239c3d8bdabc530a6a0816f7ff89a0aaf/library/core/src/fmt/mod.rs:1186:21
[INFO] [stdout]    6:     0x5768514398a3 - std::io::Write::write_fmt::h7b09c64fe0be9c84
[INFO] [stdout]                                at /rustc/90b35a6239c3d8bdabc530a6a0816f7ff89a0aaf/library/std/src/io/mod.rs:1839:15
[INFO] [stdout]    7:     0x57685143b942 - std::sys::backtrace::BacktraceLock::print::h2395ccd2c84ba3aa
[INFO] [stdout]                                at /rustc/90b35a6239c3d8bdabc530a6a0816f7ff89a0aaf/library/std/src/sys/backtrace.rs:42:9
[INFO] [stdout]    8:     0x57685143c8ec - std::panicking::default_hook::{{closure}}::he19d4c7230e07961
[INFO] [stdout]                                at /rustc/90b35a6239c3d8bdabc530a6a0816f7ff89a0aaf/library/std/src/panicking.rs:268:22
[INFO] [stdout]    9:     0x57685143c732 - std::panicking::default_hook::hf614597d3c67bbdb
[INFO] [stdout]                                at /rustc/90b35a6239c3d8bdabc530a6a0816f7ff89a0aaf/library/std/src/panicking.rs:295:9
[INFO] [stdout]   10:     0x57685143cec7 - std::panicking::rust_panic_with_hook::h8942133a8b252070
[INFO] [stdout]                                at /rustc/90b35a6239c3d8bdabc530a6a0816f7ff89a0aaf/library/std/src/panicking.rs:801:13
[INFO] [stdout]   11:     0x57685143cd26 - std::panicking::begin_panic_handler::{{closure}}::hb5f5963570096b29
[INFO] [stdout]                                at /rustc/90b35a6239c3d8bdabc530a6a0816f7ff89a0aaf/library/std/src/panicking.rs:667:13
[INFO] [stdout]   12:     0x57685143bfd9 - std::sys::backtrace::__rust_end_short_backtrace::h6208cedc1922feda
[INFO] [stdout]                                at /rustc/90b35a6239c3d8bdabc530a6a0816f7ff89a0aaf/library/std/src/sys/backtrace.rs:170:18
[INFO] [stdout]   13:     0x57685143c9ec - rust_begin_unwind
[INFO] [stdout]                                at /rustc/90b35a6239c3d8bdabc530a6a0816f7ff89a0aaf/library/std/src/panicking.rs:665:5
[INFO] [stdout]   14:     0x57685141d030 - core::panicking::panic_fmt::h0c3082644d1bf418
[INFO] [stdout]                                at /rustc/90b35a6239c3d8bdabc530a6a0816f7ff89a0aaf/library/core/src/panicking.rs:74:14
[INFO] [stdout]   15:     0x57685141d805 - axum_containerssh::types::Nullable<T>::unwrap::h32b863e057f2f2cd
[INFO] [stdout]   16:     0x57685141d96a - rust_out::main::_doctest_main_src_types_rs_213_0::h3275ed6cc5fd49ec
[INFO] [stdout]   17:     0x57685141d946 - rust_out::main::h86d391cc11b8a827
[INFO] [stdout]   18:     0x57685141d8a3 - core::ops::function::FnOnce::call_once::hd1e0b33d350e8c2e
[INFO] [stdout]   19:     0x57685141d886 - std::sys::backtrace::__rust_begin_short_backtrace::hb7c4fd168269da08
[INFO] [stdout]   20:     0x57685141d869 - std::rt::lang_start::{{closure}}::h7630186e3858a44d
[INFO] [stdout]   21:     0x57685143801e - core::ops::function::impls::<impl core::ops::function::FnOnce<A> for &F>::call_once::hfdb85f4ee94732d3
[INFO] [stdout]                                at /rustc/90b35a6239c3d8bdabc530a6a0816f7ff89a0aaf/library/core/src/ops/function.rs:284:13
[INFO] [stdout]   22:     0x57685143801e - std::panicking::try::do_call::h6e577310f330cbef
[INFO] [stdout]                                at /rustc/90b35a6239c3d8bdabc530a6a0816f7ff89a0aaf/library/std/src/panicking.rs:557:40
[INFO] [stdout]   23:     0x57685143801e - std::panicking::try::ha588d438267d2645
[INFO] [stdout]                                at /rustc/90b35a6239c3d8bdabc530a6a0816f7ff89a0aaf/library/std/src/panicking.rs:520:19
[INFO] [stdout]   24:     0x57685143801e - std::panic::catch_unwind::h429fda1e025f26d9
[INFO] [stdout]                                at /rustc/90b35a6239c3d8bdabc530a6a0816f7ff89a0aaf/library/std/src/panic.rs:358:14
[INFO] [stdout]   25:     0x57685143801e - std::rt::lang_start_internal::{{closure}}::h7b731265e841c4bf
[INFO] [stdout]                                at /rustc/90b35a6239c3d8bdabc530a6a0816f7ff89a0aaf/library/std/src/rt.rs:174:48
[INFO] [stdout]   26:     0x57685143801e - std::panicking::try::do_call::hc0f6a675b7ae5a36
[INFO] [stdout]                                at /rustc/90b35a6239c3d8bdabc530a6a0816f7ff89a0aaf/library/std/src/panicking.rs:557:40
[INFO] [stdout]   27:     0x57685143801e - std::panicking::try::h4c93b7ff0671f1ff
[INFO] [stdout]                                at /rustc/90b35a6239c3d8bdabc530a6a0816f7ff89a0aaf/library/std/src/panicking.rs:520:19
[INFO] [stdout]   28:     0x57685143801e - std::panic::catch_unwind::hcc1e154961d16ce6
[INFO] [stdout]                                at /rustc/90b35a6239c3d8bdabc530a6a0816f7ff89a0aaf/library/std/src/panic.rs:358:14
[INFO] [stdout]   29:     0x57685143801e - std::rt::lang_start_internal::h1c66660c99c8424c
[INFO] [stdout]                                at /rustc/90b35a6239c3d8bdabc530a6a0816f7ff89a0aaf/library/std/src/rt.rs:174:20
[INFO] [stdout]   30:     0x57685141d847 - std::rt::lang_start::hcdb31f4834f76b8c
[INFO] [stdout]   31:     0x57685141d9d5 - main
[INFO] [stdout]   32:     0x79caa56b6d90 - <unknown>
[INFO] [stdout]   33:     0x79caa56b6e40 - __libc_start_main
[INFO] [stdout]   34:     0x57685141d6e5 - _start
[INFO] [stdout]   35:                0x0 - <unknown>
[INFO] [stdout] 
[INFO] [stdout] 
[INFO] [stdout] ---- src/types.rs - types::Nullable<T>::expect (line 178) stdout ----
[INFO] [stdout] Test executable failed (exit status: 101).
[INFO] [stdout] 
[INFO] [stdout] stderr:
[INFO] [stdout] thread 'main' panicked at src/types.rs:638:5:
[INFO] [stdout] the world is ending
[INFO] [stdout] stack backtrace:
[INFO] [stdout]    0:     0x5ad6e7189a3a - std::backtrace_rs::backtrace::libunwind::trace::h5a5b8284f2d0c266
[INFO] [stdout]                                at /rustc/90b35a6239c3d8bdabc530a6a0816f7ff89a0aaf/library/std/src/../../backtrace/src/backtrace/libunwind.rs:116:5
[INFO] [stdout]    1:     0x5ad6e7189a3a - std::backtrace_rs::backtrace::trace_unsynchronized::h76d4f1c9b0b875e3
[INFO] [stdout]                                at /rustc/90b35a6239c3d8bdabc530a6a0816f7ff89a0aaf/library/std/src/../../backtrace/src/backtrace/mod.rs:66:5
[INFO] [stdout]    2:     0x5ad6e7189a3a - std::sys::backtrace::_print_fmt::hc4546b8364a537c6
[INFO] [stdout]                                at /rustc/90b35a6239c3d8bdabc530a6a0816f7ff89a0aaf/library/std/src/sys/backtrace.rs:66:9
[INFO] [stdout]    3:     0x5ad6e7189a3a - <std::sys::backtrace::BacktraceLock::print::DisplayBacktrace as core::fmt::Display>::fmt::h5b6bd5631a6d1f6b
[INFO] [stdout]                                at /rustc/90b35a6239c3d8bdabc530a6a0816f7ff89a0aaf/library/std/src/sys/backtrace.rs:39:26
[INFO] [stdout]    4:     0x5ad6e71a4c33 - core::fmt::rt::Argument::fmt::h270f6602a2b96f62
[INFO] [stdout]                                at /rustc/90b35a6239c3d8bdabc530a6a0816f7ff89a0aaf/library/core/src/fmt/rt.rs:177:76
[INFO] [stdout]    5:     0x5ad6e71a4c33 - core::fmt::write::h7550c97b06c86515
[INFO] [stdout]                                at /rustc/90b35a6239c3d8bdabc530a6a0816f7ff89a0aaf/library/core/src/fmt/mod.rs:1186:21
[INFO] [stdout]    6:     0x5ad6e71877e3 - std::io::Write::write_fmt::h7b09c64fe0be9c84
[INFO] [stdout]                                at /rustc/90b35a6239c3d8bdabc530a6a0816f7ff89a0aaf/library/std/src/io/mod.rs:1839:15
[INFO] [stdout]    7:     0x5ad6e7189882 - std::sys::backtrace::BacktraceLock::print::h2395ccd2c84ba3aa
[INFO] [stdout]                                at /rustc/90b35a6239c3d8bdabc530a6a0816f7ff89a0aaf/library/std/src/sys/backtrace.rs:42:9
[INFO] [stdout]    8:     0x5ad6e718a82c - std::panicking::default_hook::{{closure}}::he19d4c7230e07961
[INFO] [stdout]                                at /rustc/90b35a6239c3d8bdabc530a6a0816f7ff89a0aaf/library/std/src/panicking.rs:268:22
[INFO] [stdout]    9:     0x5ad6e718a672 - std::panicking::default_hook::hf614597d3c67bbdb
[INFO] [stdout]                                at /rustc/90b35a6239c3d8bdabc530a6a0816f7ff89a0aaf/library/std/src/panicking.rs:295:9
[INFO] [stdout]   10:     0x5ad6e718ae07 - std::panicking::rust_panic_with_hook::h8942133a8b252070
[INFO] [stdout]                                at /rustc/90b35a6239c3d8bdabc530a6a0816f7ff89a0aaf/library/std/src/panicking.rs:801:13
[INFO] [stdout]   11:     0x5ad6e718ac9a - std::panicking::begin_panic_handler::{{closure}}::hb5f5963570096b29
[INFO] [stdout]                                at /rustc/90b35a6239c3d8bdabc530a6a0816f7ff89a0aaf/library/std/src/panicking.rs:674:13
[INFO] [stdout]   12:     0x5ad6e7189f19 - std::sys::backtrace::__rust_end_short_backtrace::h6208cedc1922feda
[INFO] [stdout]                                at /rustc/90b35a6239c3d8bdabc530a6a0816f7ff89a0aaf/library/std/src/sys/backtrace.rs:170:18
[INFO] [stdout]   13:     0x5ad6e718a92c - rust_begin_unwind
[INFO] [stdout]                                at /rustc/90b35a6239c3d8bdabc530a6a0816f7ff89a0aaf/library/std/src/panicking.rs:665:5
[INFO] [stdout]   14:     0x5ad6e716b030 - core::panicking::panic_fmt::h0c3082644d1bf418
[INFO] [stdout]                                at /rustc/90b35a6239c3d8bdabc530a6a0816f7ff89a0aaf/library/core/src/panicking.rs:74:14
[INFO] [stdout]   15:     0x5ad6e716ba93 - core::panicking::panic_display::h8a9f272d51b0d99c
[INFO] [stdout]                                at /rustc/90b35a6239c3d8bdabc530a6a0816f7ff89a0aaf/library/core/src/panicking.rs:264:5
[INFO] [stdout]   16:     0x5ad6e716b9ce - axum_containerssh::types::expect_failed::panic_cold_display::h437bb3437f51ed2d
[INFO] [stdout]                                at /rustc/90b35a6239c3d8bdabc530a6a0816f7ff89a0aaf/library/core/src/panic.rs:100:13
[INFO] [stdout]   17:     0x5ad6e716b9bf - axum_containerssh::types::expect_failed::h3bc3dc45ce0c3533
[INFO] [stdout]                                at /opt/rustwide/workdir/src/types.rs:638:5
[INFO] [stdout]   18:     0x5ad6e716b7f5 - axum_containerssh::types::Nullable<T>::expect::hab17671faef1ce79
[INFO] [stdout]                                at /opt/rustwide/cargo-home/registry/src/index.crates.io-6f17d22bba15001f/aho-corasick-1.1.3/src/packed/vector.rs:584:24
[INFO] [stdout]   19:     0x5ad6e716b928 - rust_out::main::_doctest_main_src_types_rs_178_0::ha0818c44bce08844
[INFO] [stdout]                                at /opt/rustwide/cargo-home/registry/src/index.crates.io-6f17d22bba15001f/aho-corasick-1.1.3/src/packed/teddy/generic.rs:827:23
[INFO] [stdout]   20:     0x5ad6e716b8f6 - rust_out::main::h86d391cc11b8a827
[INFO] [stdout]                                at /opt/rustwide/cargo-home/registry/src/index.crates.io-6f17d22bba15001f/aho-corasick-1.1.3/src/packed/teddy/generic.rs:992:49
[INFO] [stdout]   21:     0x5ad6e716b893 - core::ops::function::FnOnce::call_once::hd1e0b33d350e8c2e
[INFO] [stdout]                                at /opt/rustwide/cargo-home/registry/src/index.crates.io-6f17d22bba15001f/aho-corasick-1.1.3/src/packed/vector.rs:586:24
[INFO] [stdout]   22:     0x5ad6e716b876 - std::sys::backtrace::__rust_begin_short_backtrace::hb7c4fd168269da08
[INFO] [stdout]                                at /opt/rustwide/cargo-home/registry/src/index.crates.io-6f17d22bba15001f/aho-corasick-1.1.3/src/packed/vector.rs:586:24
[INFO] [stdout]   23:     0x5ad6e716b859 - std::rt::lang_start::{{closure}}::h7630186e3858a44d
[INFO] [stdout]                                at /opt/rustwide/cargo-home/registry/src/index.crates.io-6f17d22bba15001f/aho-corasick-1.1.3/src/packed/vector.rs:586:24
[INFO] [stdout]   24:     0x5ad6e7185f5e - core::ops::function::impls::<impl core::ops::function::FnOnce<A> for &F>::call_once::hfdb85f4ee94732d3
[INFO] [stdout]                                at /rustc/90b35a6239c3d8bdabc530a6a0816f7ff89a0aaf/library/core/src/ops/function.rs:284:13
[INFO] [stdout]   25:     0x5ad6e7185f5e - std::panicking::try::do_call::h6e577310f330cbef
[INFO] [stdout]                                at /rustc/90b35a6239c3d8bdabc530a6a0816f7ff89a0aaf/library/std/src/panicking.rs:557:40
[INFO] [stdout]   26:     0x5ad6e7185f5e - std::panicking::try::ha588d438267d2645
[INFO] [stdout]                                at /rustc/90b35a6239c3d8bdabc530a6a0816f7ff89a0aaf/library/std/src/panicking.rs:520:19
[INFO] [stdout]   27:     0x5ad6e7185f5e - std::panic::catch_unwind::h429fda1e025f26d9
[INFO] [stdout]                                at /rustc/90b35a6239c3d8bdabc530a6a0816f7ff89a0aaf/library/std/src/panic.rs:358:14
[INFO] [stdout]   28:     0x5ad6e7185f5e - std::rt::lang_start_internal::{{closure}}::h7b731265e841c4bf
[INFO] [stdout]                                at /rustc/90b35a6239c3d8bdabc530a6a0816f7ff89a0aaf/library/std/src/rt.rs:174:48
[INFO] [stdout]   29:     0x5ad6e7185f5e - std::panicking::try::do_call::hc0f6a675b7ae5a36
[INFO] [stdout]                                at /rustc/90b35a6239c3d8bdabc530a6a0816f7ff89a0aaf/library/std/src/panicking.rs:557:40
[INFO] [stdout]   30:     0x5ad6e7185f5e - std::panicking::try::h4c93b7ff0671f1ff
[INFO] [stdout]                                at /rustc/90b35a6239c3d8bdabc530a6a0816f7ff89a0aaf/library/std/src/panicking.rs:520:19
[INFO] [stdout]   31:     0x5ad6e7185f5e - std::panic::catch_unwind::hcc1e154961d16ce6
[INFO] [stdout]                                at /rustc/90b35a6239c3d8bdabc530a6a0816f7ff89a0aaf/library/std/src/panic.rs:358:14
[INFO] [stdout]   32:     0x5ad6e7185f5e - std::rt::lang_start_internal::h1c66660c99c8424c
[INFO] [stdout]                                at /rustc/90b35a6239c3d8bdabc530a6a0816f7ff89a0aaf/library/std/src/rt.rs:174:20
[INFO] [stdout]   33:     0x5ad6e716b837 - std::rt::lang_start::hcdb31f4834f76b8c
[INFO] [stdout]                                at /opt/rustwide/cargo-home/registry/src/index.crates.io-6f17d22bba15001f/aho-corasick-1.1.3/src/packed/vector.rs:586:24
[INFO] [stdout]   34:     0x5ad6e716b945 - main
[INFO] [stdout]                                at /rustc/90b35a6239c3d8bdabc530a6a0816f7ff89a0aaf/library/core/src/num/uint_macros.rs:162:20
[INFO] [stdout]   35:     0x7e101c446d90 - <unknown>
[INFO] [stdout]   36:     0x7e101c446e40 - __libc_start_main
[INFO] [stdout]   37:     0x5ad6e716b6e5 - _start
[INFO] [stdout]                                at /opt/rustwide/cargo-home/registry/src/index.crates.io-6f17d22bba15001f/aho-corasick-1.1.3/src/packed/teddy/generic.rs:866:24
[INFO] [stdout]   38:                0x0 - <unknown>
[INFO] [stdout] 
[INFO] [stdout] 
[INFO] [stdout] 
[INFO] [stdout] failures:
[INFO] [stdout]     src/types.rs - types::Nullable<T>::expect (line 178)
[INFO] [stdout]     src/types.rs - types::Nullable<T>::unwrap (line 213)
[INFO] [stdout] 
[INFO] [stdout] test result: FAILED. 20 passed; 2 failed; 0 ignored; 0 measured; 0 filtered out; finished in 8.66s
[INFO] [stdout] 
[INFO] [stderr] error: doctest failed, to rerun pass `--doc`
[INFO] running `Command { std: "docker" "inspect" "8e2de424dbd1b11fd8bf9d8be6f08a07393288dac649d7dd4d6e00b13d75dd43", kill_on_drop: false }`
[INFO] running `Command { std: "docker" "rm" "-f" "8e2de424dbd1b11fd8bf9d8be6f08a07393288dac649d7dd4d6e00b13d75dd43", kill_on_drop: false }`
[INFO] [stdout] 8e2de424dbd1b11fd8bf9d8be6f08a07393288dac649d7dd4d6e00b13d75dd43
