[INFO] fetching crate aws_secretsmanager_caching 1.0.0...
[INFO] testing aws_secretsmanager_caching-1.0.0 against 1.83.0 for beta-1.84.0-4-retry
[INFO] extracting crate aws_secretsmanager_caching 1.0.0 into /workspace/builds/worker-4-tc1/source
[INFO] validating manifest of crates.io crate aws_secretsmanager_caching 1.0.0 on toolchain 1.83.0
[INFO] running `Command { std: CARGO_HOME="/workspace/cargo-home" RUSTUP_HOME="/workspace/rustup-home" "/workspace/cargo-home/bin/cargo" "+1.83.0" "metadata" "--manifest-path" "Cargo.toml" "--no-deps", kill_on_drop: false }`
[INFO] started tweaking crates.io crate aws_secretsmanager_caching 1.0.0
[INFO] finished tweaking crates.io crate aws_secretsmanager_caching 1.0.0
[INFO] tweaked toml for crates.io crate aws_secretsmanager_caching 1.0.0 written to /workspace/builds/worker-4-tc1/source/Cargo.toml
[INFO] running `Command { std: CARGO_HOME="/workspace/cargo-home" RUSTUP_HOME="/workspace/rustup-home" "/workspace/cargo-home/bin/cargo" "+1.83.0" "generate-lockfile" "--manifest-path" "Cargo.toml", kill_on_drop: false }`
[INFO] [stderr]     Updating crates.io index
[INFO] [stderr]      Locking 245 packages to latest compatible versions
[INFO] [stderr]       Adding http v0.2.12 (available: v1.2.0)
[INFO] [stderr]       Adding thiserror v1.0.69 (available: v2.0.7)
[INFO] running `Command { std: CARGO_HOME="/workspace/cargo-home" RUSTUP_HOME="/workspace/rustup-home" "/workspace/cargo-home/bin/cargo" "+1.83.0" "fetch" "--manifest-path" "Cargo.toml", kill_on_drop: false }`
[INFO] [stderr]  Downloading crates ...
[INFO] [stderr]   Downloaded aws-smithy-mocks-experimental v0.2.1
[INFO] [stderr]   Downloaded aws-sdk-secretsmanager v1.54.0
[INFO] running `Command { std: "docker" "create" "-v" "/var/lib/crater-agent-workspace/builds/worker-4-tc1/target:/opt/rustwide/target:rw,Z" "-v" "/var/lib/crater-agent-workspace/builds/worker-4-tc1/source:/opt/rustwide/workdir:ro,Z" "-v" "/var/lib/crater-agent-workspace/cargo-home:/opt/rustwide/cargo-home:ro,Z" "-v" "/var/lib/crater-agent-workspace/rustup-home:/opt/rustwide/rustup-home:ro,Z" "-e" "SOURCE_DIR=/opt/rustwide/workdir" "-e" "CARGO_TARGET_DIR=/opt/rustwide/target" "-e" "CARGO_HOME=/opt/rustwide/cargo-home" "-e" "RUSTUP_HOME=/opt/rustwide/rustup-home" "-w" "/opt/rustwide/workdir" "-m" "1610612736" "--user" "0:0" "--network" "none" "ghcr.io/rust-lang/crates-build-env/linux@sha256:f3a9d4ad9d972b27faf3965f35b62e55ba32bbce8f20bc8fe909558a86702fde" "/opt/rustwide/cargo-home/bin/cargo" "+1.83.0" "metadata" "--no-deps" "--format-version=1", kill_on_drop: false }`
[INFO] [stdout] 1c31b2aac9ff5dc832aa946464dd8595bfff6f29bbfa8a5b0c077d323d3c47be
[INFO] running `Command { std: "docker" "start" "-a" "1c31b2aac9ff5dc832aa946464dd8595bfff6f29bbfa8a5b0c077d323d3c47be", kill_on_drop: false }`
[INFO] running `Command { std: "docker" "inspect" "1c31b2aac9ff5dc832aa946464dd8595bfff6f29bbfa8a5b0c077d323d3c47be", kill_on_drop: false }`
[INFO] running `Command { std: "docker" "rm" "-f" "1c31b2aac9ff5dc832aa946464dd8595bfff6f29bbfa8a5b0c077d323d3c47be", kill_on_drop: false }`
[INFO] [stdout] 1c31b2aac9ff5dc832aa946464dd8595bfff6f29bbfa8a5b0c077d323d3c47be
[INFO] running `Command { std: "docker" "create" "-v" "/var/lib/crater-agent-workspace/builds/worker-4-tc1/target:/opt/rustwide/target:rw,Z" "-v" "/var/lib/crater-agent-workspace/builds/worker-4-tc1/source:/opt/rustwide/workdir:ro,Z" "-v" "/var/lib/crater-agent-workspace/cargo-home:/opt/rustwide/cargo-home:ro,Z" "-v" "/var/lib/crater-agent-workspace/rustup-home:/opt/rustwide/rustup-home:ro,Z" "-e" "SOURCE_DIR=/opt/rustwide/workdir" "-e" "CARGO_TARGET_DIR=/opt/rustwide/target" "-e" "CARGO_INCREMENTAL=0" "-e" "RUST_BACKTRACE=full" "-e" "RUSTFLAGS=--cap-lints=warn" "-e" "RUSTDOCFLAGS=--cap-lints=warn" "-e" "CARGO_HOME=/opt/rustwide/cargo-home" "-e" "RUSTUP_HOME=/opt/rustwide/rustup-home" "-w" "/opt/rustwide/workdir" "-m" "1610612736" "--user" "0:0" "--network" "none" "ghcr.io/rust-lang/crates-build-env/linux@sha256:f3a9d4ad9d972b27faf3965f35b62e55ba32bbce8f20bc8fe909558a86702fde" "/opt/rustwide/cargo-home/bin/cargo" "+1.83.0" "build" "--frozen" "--message-format=json", kill_on_drop: false }`
[INFO] [stdout] 5a3e951e5f7b75bef867ad58920df5a0389b9a8dca976567e3b386b4dda2067b
[INFO] running `Command { std: "docker" "start" "-a" "5a3e951e5f7b75bef867ad58920df5a0389b9a8dca976567e3b386b4dda2067b", kill_on_drop: false }`
[INFO] [stderr]    Compiling proc-macro2 v1.0.92
[INFO] [stderr]    Compiling unicode-ident v1.0.14
[INFO] [stderr]    Compiling libc v0.2.168
[INFO] [stderr]    Compiling bytes v1.9.0
[INFO] [stderr]    Compiling fnv v1.0.7
[INFO] [stderr]    Compiling pin-project-lite v0.2.15
[INFO] [stderr]    Compiling autocfg v1.4.0
[INFO] [stderr]    Compiling itoa v1.0.14
[INFO] [stderr]    Compiling futures-core v0.3.31
[INFO] [stderr]    Compiling pin-utils v0.1.0
[INFO] [stderr]    Compiling futures-task v0.3.31
[INFO] [stderr]    Compiling futures-sink v0.3.31
[INFO] [stderr]    Compiling futures-util v0.3.31
[INFO] [stderr]    Compiling powerfmt v0.2.0
[INFO] [stderr]    Compiling either v1.13.0
[INFO] [stderr]    Compiling ryu v1.0.18
[INFO] [stderr]    Compiling num-traits v0.2.19
[INFO] [stderr]    Compiling deranged v0.3.11
[INFO] [stderr]    Compiling shlex v1.3.0
[INFO] [stderr]    Compiling num-conv v0.1.0
[INFO] [stderr]    Compiling http v0.2.12
[INFO] [stderr]    Compiling http v1.2.0
[INFO] [stderr]    Compiling once_cell v1.20.2
[INFO] [stderr]    Compiling vsimd v0.8.0
[INFO] [stderr]    Compiling outref v0.5.1
[INFO] [stderr]    Compiling quote v1.0.37
[INFO] [stderr]    Compiling syn v2.0.90
[INFO] [stderr]    Compiling signal-hook-registry v1.4.2
[INFO] [stderr]    Compiling socket2 v0.5.8
[INFO] [stderr]    Compiling mio v1.0.3
[INFO] [stderr]    Compiling http-body v0.4.6
[INFO] [stderr]    Compiling http-body v1.0.1
[INFO] [stderr]    Compiling time-core v0.1.2
[INFO] [stderr]    Compiling tokio v1.42.0
[INFO] [stderr]    Compiling time v0.3.37
[INFO] [stderr]    Compiling http-body-util v0.1.2
[INFO] [stderr]    Compiling num-integer v0.1.46
[INFO] [stderr]    Compiling base64-simd v0.8.0
[INFO] [stderr]    Compiling tracing-core v0.1.33
[INFO] [stderr]    Compiling bytes-utils v0.1.4
[INFO] [stderr]    Compiling cc v1.2.4
[INFO] [stderr]    Compiling cfg-if v1.0.0
[INFO] [stderr]    Compiling typenum v1.17.0
[INFO] [stderr]    Compiling version_check v0.9.5
[INFO] [stderr]    Compiling getrandom v0.2.15
[INFO] [stderr]    Compiling untrusted v0.9.0
[INFO] [stderr]    Compiling stable_deref_trait v1.2.0
[INFO] [stderr]    Compiling generic-array v0.14.7
[INFO] [stderr]    Compiling spin v0.9.8
[INFO] [stderr]    Compiling slab v0.4.9
[INFO] [stderr]    Compiling semver v1.0.24
[INFO] [stderr]    Compiling zeroize v1.8.1
[INFO] [stderr]    Compiling percent-encoding v2.3.1
[INFO] [stderr]    Compiling rustls v0.21.12
[INFO] [stderr]    Compiling equivalent v1.0.1
[INFO] [stderr]    Compiling hashbrown v0.15.2
[INFO] [stderr]    Compiling httparse v1.9.5
[INFO] [stderr]    Compiling base64 v0.21.7
[INFO] [stderr]    Compiling subtle v2.6.1
[INFO] [stderr]    Compiling try-lock v0.2.5
[INFO] [stderr]    Compiling indexmap v2.7.0
[INFO] [stderr]    Compiling log v0.4.22
[INFO] [stderr]    Compiling ring v0.17.8
[INFO] [stderr]    Compiling block-buffer v0.10.4
[INFO] [stderr]    Compiling crypto-common v0.1.6
[INFO] [stderr]    Compiling rustls-pemfile v1.0.4
[INFO] [stderr]    Compiling want v0.3.1
[INFO] [stderr]    Compiling digest v0.10.7
[INFO] [stderr]    Compiling rustc_version v0.4.1
[INFO] [stderr]    Compiling futures-channel v0.3.31
[INFO] [stderr]    Compiling httpdate v1.0.3
[INFO] [stderr]    Compiling writeable v0.5.5
[INFO] [stderr]    Compiling litemap v0.7.4
[INFO] [stderr]    Compiling openssl-probe v0.1.5
[INFO] [stderr]    Compiling tower-service v0.3.3
[INFO] [stderr]    Compiling rustls-native-certs v0.6.3
[INFO] [stderr]    Compiling aws-types v1.3.3
[INFO] [stderr]    Compiling form_urlencoded v1.2.1
[INFO] [stderr]    Compiling cpufeatures v0.2.16
[INFO] [stderr]    Compiling sha2 v0.10.8
[INFO] [stderr]    Compiling hmac v0.12.1
[INFO] [stderr]    Compiling icu_locid_transform_data v1.5.0
[INFO] [stderr]    Compiling hex v0.4.3
[INFO] [stderr]    Compiling fastrand v2.3.0
[INFO] [stderr]    Compiling icu_properties_data v1.5.0
[INFO] [stderr]    Compiling uuid v1.11.0
[INFO] [stderr]    Compiling utf8_iter v1.0.4
[INFO] [stderr]    Compiling ident_case v1.0.1
[INFO] [stderr]    Compiling strsim v0.11.1
[INFO] [stderr]    Compiling write16 v1.0.0
[INFO] [stderr]    Compiling icu_normalizer_data v1.5.0
[INFO] [stderr]    Compiling utf16_iter v1.0.5
[INFO] [stderr]    Compiling smallvec v1.13.2
[INFO] [stderr]    Compiling regex-lite v0.1.6
[INFO] [stderr]    Compiling serde v1.0.216
[INFO] [stderr]    Compiling synstructure v0.13.1
[INFO] [stderr]    Compiling darling_core v0.20.10
[INFO] [stderr]    Compiling urlencoding v2.1.3
[INFO] [stderr]    Compiling xmlparser v0.13.6
[INFO] [stderr]    Compiling serde_json v1.0.133
[INFO] [stderr]    Compiling thiserror v1.0.69
[INFO] [stderr]    Compiling aws-smithy-xml v0.60.9
[INFO] [stderr]    Compiling memchr v2.7.4
[INFO] [stderr]    Compiling linked-hash-map v0.5.6
[INFO] [stderr]    Compiling tokio-util v0.7.13
[INFO] [stderr]    Compiling aws-smithy-async v1.2.1
[INFO] [stderr]    Compiling tracing-attributes v0.1.28
[INFO] [stderr]    Compiling zerofrom-derive v0.1.5
[INFO] [stderr]    Compiling yoke-derive v0.7.5
[INFO] [stderr]    Compiling zerovec-derive v0.10.3
[INFO] [stderr]    Compiling aws-smithy-types v1.2.9
[INFO] [stderr]    Compiling displaydoc v0.2.5
[INFO] [stderr]    Compiling rustls-webpki v0.101.7
[INFO] [stderr]    Compiling sct v0.7.1
[INFO] [stderr]    Compiling icu_provider_macros v1.5.0
[INFO] [stderr]    Compiling zerofrom v0.1.5
[INFO] [stderr]    Compiling yoke v0.7.5
[INFO] [stderr]    Compiling aws-smithy-json v0.61.1
[INFO] [stderr]    Compiling zerovec v0.10.4
[INFO] [stderr]    Compiling tracing v0.1.41
[INFO] [stderr]    Compiling aws-smithy-runtime-api v1.7.3
[INFO] [stderr]    Compiling h2 v0.3.26
[INFO] [stderr]    Compiling darling_macro v0.20.10
[INFO] [stderr]    Compiling serde_derive v1.0.216
[INFO] [stderr]    Compiling aws-smithy-query v0.60.7
[INFO] [stderr]    Compiling aws-smithy-json v0.60.7
[INFO] [stderr]    Compiling thiserror-impl v1.0.69
[INFO] [stderr]    Compiling tinystr v0.7.6
[INFO] [stderr]    Compiling icu_locid v1.5.0
[INFO] [stderr]    Compiling icu_collections v1.5.0
[INFO] [stderr]    Compiling darling v0.20.10
[INFO] [stderr]    Compiling serde_with_macros v3.11.0
[INFO] [stderr]    Compiling aws-smithy-http v0.60.11
[INFO] [stderr]    Compiling aws-credential-types v1.2.1
[INFO] [stderr]    Compiling icu_provider v1.5.0
[INFO] [stderr]    Compiling aws-sigv4 v1.2.6
[INFO] [stderr]    Compiling tokio-rustls v0.24.1
[INFO] [stderr]    Compiling icu_locid_transform v1.5.0
[INFO] [stderr]    Compiling hyper v0.14.31
[INFO] [stderr]    Compiling icu_properties v1.5.1
[INFO] [stderr]    Compiling icu_normalizer v1.5.0
[INFO] [stderr]    Compiling idna_adapter v1.2.0
[INFO] [stderr]    Compiling idna v1.0.3
[INFO] [stderr]    Compiling url v2.5.4
[INFO] [stderr]    Compiling serde_with v3.11.0
[INFO] [stderr]    Compiling hyper-rustls v0.24.2
[INFO] [stderr]    Compiling aws-smithy-runtime v1.7.4
[INFO] [stderr]    Compiling aws-runtime v1.4.4
[INFO] [stderr]    Compiling aws-sdk-sso v1.50.0
[INFO] [stderr]    Compiling aws-sdk-sts v1.51.0
[INFO] [stderr]    Compiling aws-sdk-ssooidc v1.51.0
[INFO] [stderr]    Compiling aws-sdk-secretsmanager v1.54.0
[INFO] [stderr]    Compiling aws-config v1.5.10
[INFO] [stderr]    Compiling aws_secretsmanager_caching v1.0.0 (/opt/rustwide/workdir)
[INFO] [stderr]     Finished `dev` profile [unoptimized + debuginfo] target(s) in 2m 39s
[INFO] running `Command { std: "docker" "inspect" "5a3e951e5f7b75bef867ad58920df5a0389b9a8dca976567e3b386b4dda2067b", kill_on_drop: false }`
[INFO] running `Command { std: "docker" "rm" "-f" "5a3e951e5f7b75bef867ad58920df5a0389b9a8dca976567e3b386b4dda2067b", kill_on_drop: false }`
[INFO] [stdout] 5a3e951e5f7b75bef867ad58920df5a0389b9a8dca976567e3b386b4dda2067b
[INFO] running `Command { std: "docker" "create" "-v" "/var/lib/crater-agent-workspace/builds/worker-4-tc1/target:/opt/rustwide/target:rw,Z" "-v" "/var/lib/crater-agent-workspace/builds/worker-4-tc1/source:/opt/rustwide/workdir:ro,Z" "-v" "/var/lib/crater-agent-workspace/cargo-home:/opt/rustwide/cargo-home:ro,Z" "-v" "/var/lib/crater-agent-workspace/rustup-home:/opt/rustwide/rustup-home:ro,Z" "-e" "SOURCE_DIR=/opt/rustwide/workdir" "-e" "CARGO_TARGET_DIR=/opt/rustwide/target" "-e" "CARGO_INCREMENTAL=0" "-e" "RUST_BACKTRACE=full" "-e" "RUSTFLAGS=--cap-lints=warn" "-e" "RUSTDOCFLAGS=--cap-lints=warn" "-e" "CARGO_HOME=/opt/rustwide/cargo-home" "-e" "RUSTUP_HOME=/opt/rustwide/rustup-home" "-w" "/opt/rustwide/workdir" "-m" "1610612736" "--user" "0:0" "--network" "none" "ghcr.io/rust-lang/crates-build-env/linux@sha256:f3a9d4ad9d972b27faf3965f35b62e55ba32bbce8f20bc8fe909558a86702fde" "/opt/rustwide/cargo-home/bin/cargo" "+1.83.0" "test" "--frozen" "--no-run" "--message-format=json", kill_on_drop: false }`
[INFO] [stdout] e5e77de55ad8cabf22961eda92f0b2e4fc14f87569167d28673ae9b73324f837
[INFO] running `Command { std: "docker" "start" "-a" "e5e77de55ad8cabf22961eda92f0b2e4fc14f87569167d28673ae9b73324f837", kill_on_drop: false }`
[INFO] [stderr]    Compiling tracing-core v0.1.33
[INFO] [stderr]    Compiling tokio-macros v2.4.0
[INFO] [stderr]    Compiling num-integer v0.1.46
[INFO] [stderr]    Compiling indexmap v2.7.0
[INFO] [stderr]    Compiling proc-macro-error-attr v1.0.4
[INFO] [stderr]    Compiling syn v1.0.109
[INFO] [stderr]    Compiling proc-macro-error v1.0.4
[INFO] [stderr]    Compiling serde_json v1.0.133
[INFO] [stderr]    Compiling log v0.4.22
[INFO] [stderr]    Compiling half v2.4.1
[INFO] [stderr]    Compiling num-bigint v0.4.6
[INFO] [stderr]    Compiling ciborium-io v0.2.2
[INFO] [stderr]    Compiling regex-syntax v0.8.5
[INFO] [stderr]    Compiling tracing v0.1.41
[INFO] [stderr]    Compiling regex-syntax v0.6.29
[INFO] [stderr]    Compiling minimal-lexical v0.2.1
[INFO] [stderr]    Compiling ciborium-ll v0.2.2
[INFO] [stderr]    Compiling nom v7.1.3
[INFO] [stderr]    Compiling rustls v0.21.12
[INFO] [stderr]    Compiling tokio v1.42.0
[INFO] [stderr]    Compiling regex-automata v0.4.9
[INFO] [stderr]    Compiling num-rational v0.4.2
[INFO] [stderr]    Compiling regex-automata v0.1.10
[INFO] [stderr]    Compiling chrono v0.4.39
[INFO] [stderr]    Compiling diff v0.1.13
[INFO] [stderr]    Compiling overload v0.1.1
[INFO] [stderr]    Compiling lazy_static v1.5.0
[INFO] [stderr]    Compiling yansi v1.0.1
[INFO] [stderr]    Compiling data-encoding v2.6.0
[INFO] [stderr]    Compiling bs58 v0.5.1
[INFO] [stderr]    Compiling separator v0.4.1
[INFO] [stderr]    Compiling cbor-diag v0.1.12
[INFO] [stderr]    Compiling pretty_assertions v1.4.1
[INFO] [stderr]    Compiling sharded-slab v0.1.7
[INFO] [stderr]    Compiling nu-ansi-term v0.46.0
[INFO] [stderr]    Compiling matchers v0.1.0
[INFO] [stderr]    Compiling regex v1.11.1
[INFO] [stderr]    Compiling ciborium v0.2.2
[INFO] [stderr]    Compiling roxmltree v0.14.1
[INFO] [stderr]    Compiling extend v0.1.2
[INFO] [stderr]    Compiling tracing-log v0.2.0
[INFO] [stderr]    Compiling tracing-serde v0.2.0
[INFO] [stderr]    Compiling thread_local v1.1.8
[INFO] [stderr]    Compiling async-stream-impl v0.3.6
[INFO] [stderr]    Compiling tracing-subscriber v0.3.19
[INFO] [stderr]    Compiling assert-json-diff v1.1.0
[INFO] [stderr]    Compiling tokio-util v0.7.13
[INFO] [stderr]    Compiling aws-smithy-async v1.2.1
[INFO] [stderr]    Compiling tokio-rustls v0.24.1
[INFO] [stderr]    Compiling tokio-stream v0.1.17
[INFO] [stderr]    Compiling async-stream v0.3.6
[INFO] [stderr]    Compiling aws-smithy-types v1.2.9
[INFO] [stderr]    Compiling h2 v0.3.26
[INFO] [stderr]    Compiling tokio-test v0.4.4
[INFO] [stderr]    Compiling aws-smithy-runtime-api v1.7.3
[INFO] [stderr]    Compiling aws-smithy-json v0.61.1
[INFO] [stderr]    Compiling aws-smithy-query v0.60.7
[INFO] [stderr]    Compiling aws-smithy-json v0.60.7
[INFO] [stderr]    Compiling aws-smithy-http v0.60.11
[INFO] [stderr]    Compiling aws-credential-types v1.2.1
[INFO] [stderr]    Compiling aws-smithy-protocol-test v0.63.0
[INFO] [stderr]    Compiling aws-smithy-mocks-experimental v0.2.1
[INFO] [stderr]    Compiling aws-sigv4 v1.2.6
[INFO] [stderr]    Compiling aws-types v1.3.3
[INFO] [stderr]    Compiling hyper v0.14.31
[INFO] [stderr]    Compiling hyper-rustls v0.24.2
[INFO] [stderr]    Compiling aws-smithy-runtime v1.7.4
[INFO] [stderr]    Compiling aws-runtime v1.4.4
[INFO] [stderr]    Compiling aws-sdk-sts v1.51.0
[INFO] [stderr]    Compiling aws-sdk-ssooidc v1.51.0
[INFO] [stderr]    Compiling aws-sdk-sso v1.50.0
[INFO] [stderr]    Compiling aws-sdk-secretsmanager v1.54.0
[INFO] [stderr]    Compiling aws-config v1.5.10
[INFO] [stderr]    Compiling aws_secretsmanager_caching v1.0.0 (/opt/rustwide/workdir)
[INFO] [stderr]     Finished `test` profile [unoptimized + debuginfo] target(s) in 2m 10s
[INFO] running `Command { std: "docker" "inspect" "e5e77de55ad8cabf22961eda92f0b2e4fc14f87569167d28673ae9b73324f837", kill_on_drop: false }`
[INFO] running `Command { std: "docker" "rm" "-f" "e5e77de55ad8cabf22961eda92f0b2e4fc14f87569167d28673ae9b73324f837", kill_on_drop: false }`
[INFO] [stdout] e5e77de55ad8cabf22961eda92f0b2e4fc14f87569167d28673ae9b73324f837
[INFO] running `Command { std: "docker" "create" "-v" "/var/lib/crater-agent-workspace/builds/worker-4-tc1/target:/opt/rustwide/target:rw,Z" "-v" "/var/lib/crater-agent-workspace/builds/worker-4-tc1/source:/opt/rustwide/workdir:ro,Z" "-v" "/var/lib/crater-agent-workspace/cargo-home:/opt/rustwide/cargo-home:ro,Z" "-v" "/var/lib/crater-agent-workspace/rustup-home:/opt/rustwide/rustup-home:ro,Z" "-e" "SOURCE_DIR=/opt/rustwide/workdir" "-e" "CARGO_TARGET_DIR=/opt/rustwide/target" "-e" "CARGO_INCREMENTAL=0" "-e" "RUST_BACKTRACE=full" "-e" "RUSTFLAGS=--cap-lints=warn" "-e" "RUSTDOCFLAGS=--cap-lints=warn" "-e" "CARGO_HOME=/opt/rustwide/cargo-home" "-e" "RUSTUP_HOME=/opt/rustwide/rustup-home" "-w" "/opt/rustwide/workdir" "-m" "1610612736" "--user" "0:0" "--network" "none" "ghcr.io/rust-lang/crates-build-env/linux@sha256:f3a9d4ad9d972b27faf3965f35b62e55ba32bbce8f20bc8fe909558a86702fde" "/opt/rustwide/cargo-home/bin/cargo" "+1.83.0" "test" "--frozen", kill_on_drop: false }`
[INFO] [stdout] 737123b81b84579be83411656477562716edeb1c90ad682163313fb7ff1e2eb0
[INFO] running `Command { std: "docker" "start" "-a" "737123b81b84579be83411656477562716edeb1c90ad682163313fb7ff1e2eb0", kill_on_drop: false }`
[INFO] [stderr]     Finished `test` profile [unoptimized + debuginfo] target(s) in 0.27s
[INFO] [stderr]      Running unittests src/lib.rs (/opt/rustwide/target/debug/deps/aws_secretsmanager_caching-2b1e3418ac2718fe)
[INFO] [stdout] 
[INFO] [stdout] running 23 tests
[INFO] [stdout] test secret_store::memory_store::cache::tests::insert_inserts ... ok
[INFO] [stdout] test secret_store::memory_store::cache::tests::max_limit_followed ... ok
[INFO] [stdout] test secret_store::memory_store::tests::memory_store_read_non_existent_version_stage_fails ... ok
[INFO] [stdout] test secret_store::memory_store::tests::memory_store_write_then_read_awscurrent ... ok
[INFO] [stdout] test secret_store::memory_store::tests::memory_store_write_then_read_specific_stage ... ok
[INFO] [stdout] test secret_store::memory_store::tests::memory_store_write_then_read_specific_version_id ... ok
[INFO] [stdout] test secret_store::memory_store::cache::tests::same_key_takes_latest_value ... ok
[INFO] [stdout] test secret_store::memory_store::cache::tests::len_counts ... ok
[INFO] [stdout] test secret_store::memory_store::tests::memory_store_evicts_on_max_size ... ok
[INFO] [stdout] test secret_store::memory_store::tests::memory_store_read_cache_expired ... ok
[INFO] [stdout] test secret_store::memory_store::tests::memory_store_read_both_version_id_and_stage_succeeds ... ok
[INFO] [stdout] test tests::test_get_secret_value ... ok
[INFO] [stdout] test tests::test_get_secret_value_version_id ... ok
[INFO] [stdout] test tests::test_get_secret_value_version_stage ... ok
[INFO] [stdout] test tests::test_get_secret_value_version_id_and_stage ... ok
[INFO] [stdout] test tests::test_is_current_both_version_id_and_version_stage_succeeds ... ok
[INFO] [stdout] test tests::test_is_current_describe_access_denied_fails ... ok
[INFO] [stdout] test tests::test_is_current_default_succeeds ... ok
[INFO] [stdout] test tests::test_is_current_version_id_succeeds ... ok
[INFO] [stdout] test tests::test_is_current_version_stage_succeeds ... ok
[INFO] [stdout] test tests::test_get_cache_expired ... ok
[INFO] [stdout] test tests::test_get_secret_value_kms_access_denied - should panic ... ok
[INFO] [stdout] test tests::test_get_secret_value_resource_not_found - should panic ... ok
[INFO] [stdout] 
[INFO] [stdout] test result: ok. 23 passed; 0 failed; 0 ignored; 0 measured; 0 filtered out; finished in 0.23s
[INFO] [stdout] 
[INFO] [stderr]    Doc-tests aws_secretsmanager_caching
[INFO] [stdout] 
[INFO] [stdout] running 3 tests
[INFO] [stdout] test src/lib.rs - SecretsManagerCachingClient::new (line 43) ... FAILED
[INFO] [stdout] test src/lib.rs - SecretsManagerCachingClient::from_builder (line 107) ... ok
[INFO] [stdout] test src/lib.rs - SecretsManagerCachingClient::default (line 78) ... ok
[INFO] [stdout] 
[INFO] [stdout] failures:
[INFO] [stdout] 
[INFO] [stdout] ---- src/lib.rs - SecretsManagerCachingClient::new (line 43) stdout ----
[INFO] [stdout] error: linking with `cc` failed: exit status: 1
[INFO] [stdout]   |
[INFO] [stdout]   = note: LC_ALL="C" PATH="/opt/rustwide/rustup-home/toolchains/1.83.0-x86_64-unknown-linux-gnu/lib/rustlib/x86_64-unknown-linux-gnu/bin:/opt/rustwide/cargo-home/bin:/usr/local/sbin:/usr/local/bin:/usr/sbin:/usr/bin:/sbin:/bin" VSLANG="1033" "cc" "-m64" "/tmp/rustcYC1z1j/symbols.o" "/tmp/rustdoctestA9el48/rust_out.rust_out.cb03291d53e4e161-cgu.0.rcgu.o" "/tmp/rustdoctestA9el48/rust_out.1s7umcihpz0t7nkz1uc2ifee9.rcgu.o" "-Wl,--as-needed" "-Wl,-Bstatic" "/opt/rustwide/target/debug/deps/libaws_secretsmanager_caching-cf3d4ceb2bd90822.rlib" "/opt/rustwide/target/debug/deps/libaws_config-00541017749ed424.rlib" "/opt/rustwide/target/debug/deps/libaws_sdk_ssooidc-ebed3b5df6da6fdd.rlib" "/opt/rustwide/target/debug/deps/libaws_sdk_sso-49cf00a39168eb5c.rlib" "/opt/rustwide/target/debug/deps/libaws_sdk_sts-7decb40a37c67e73.rlib" "/opt/rustwide/target/debug/deps/libaws_smithy_query-4265db6a6bac16c6.rlib" "/opt/rustwide/target/debug/deps/liburlencoding-1a69519d397122b9.rlib" "/opt/rustwide/target/debug/deps/libaws_smithy_xml-de0e6909a1990d31.rlib" "/opt/rustwide/target/debug/deps/libaws_smithy_json-9c01ea1118122b33.rlib" "/opt/rustwide/target/debug/deps/liblinked_hash_map-6d3040aaca98a906.rlib" "/opt/rustwide/target/debug/deps/libserde_with-5786b1c3b39b4bc2.rlib" "/opt/rustwide/target/debug/deps/libaws_sdk_secretsmanager-59e5626b30721373.rlib" "/opt/rustwide/target/debug/deps/libaws_runtime-7325838a2ac6333b.rlib" "/opt/rustwide/target/debug/deps/libaws_sigv4-7c7937664c8e9953.rlib" "/opt/rustwide/target/debug/deps/libhex-72ec0daf2bf2906b.rlib" "/opt/rustwide/target/debug/deps/libsha2-fe088a6c44bb63b2.rlib" "/opt/rustwide/target/debug/deps/libcpufeatures-9ef920896d0c969a.rlib" "/opt/rustwide/target/debug/deps/libhmac-46ccc38a25d4086a.rlib" "/opt/rustwide/target/debug/deps/libdigest-2772f00fd1b48f5e.rlib" "/opt/rustwide/target/debug/deps/libsubtle-5e49a3bf4b1c0b70.rlib" "/opt/rustwide/target/debug/deps/libblock_buffer-b33225e8228c539f.rlib" "/opt/rustwide/target/debug/deps/libcrypto_common-51e69f872257e8d4.rlib" "/opt/rustwide/target/debug/deps/libgeneric_array-96b5f8b414fbdd75.rlib" "/opt/rustwide/target/debug/deps/libtypenum-f8bcce2b4da82a7e.rlib" "/opt/rustwide/target/debug/deps/libaws_smithy_json-c3f1b61dac114401.rlib" "/opt/rustwide/target/debug/deps/libaws_smithy_http-03e1a5330ec36845.rlib" "/opt/rustwide/target/debug/deps/libaws_types-3fcd9a3dfa434e43.rlib" "/opt/rustwide/target/debug/deps/libaws_credential_types-507e473f88e293cc.rlib" "/opt/rustwide/target/debug/deps/libaws_smithy_runtime-18faf8d176308511.rlib" "/opt/rustwide/target/debug/deps/libfastrand-33d04f74cb9fe3e0.rlib" "/opt/rustwide/target/debug/deps/libtracing_subscriber-096c7c88a13b3fe5.rlib" "/opt/rustwide/target/debug/deps/libtracing_serde-482cac781d447602.rlib" "/opt/rustwide/target/debug/deps/libsharded_slab-0b982918e941cef5.rlib" "/opt/rustwide/target/debug/deps/liblazy_static-977f75dcedc2f7be.rlib" "/opt/rustwide/target/debug/deps/libmatchers-81da137eb49309ea.rlib" "/opt/rustwide/target/debug/deps/libregex_automata-abfc5f66ec152c0c.rlib" "/opt/rustwide/target/debug/deps/libregex_syntax-97b3d5521ce4fbed.rlib" "/opt/rustwide/target/debug/deps/libregex-65269ff0a2daa12f.rlib" "/opt/rustwide/target/debug/deps/libregex_automata-755b4f61f7b258ee.rlib" "/opt/rustwide/target/debug/deps/libregex_syntax-aa292c4420fe077c.rlib" "/opt/rustwide/target/debug/deps/libnu_ansi_term-3a69087052053dab.rlib" "/opt/rustwide/target/debug/deps/liboverload-26dab9b5b27fc3d3.rlib" "/opt/rustwide/target/debug/deps/libthread_local-2878fc2c0308edf0.rlib" "/opt/rustwide/target/debug/deps/libtracing_log-33803927015428c3.rlib" "/opt/rustwide/target/debug/deps/libhyper_rustls-16431040f3bc15b4.rlib" "/opt/rustwide/target/debug/deps/librustls_native_certs-ad273cd4b3ccb2a5.rlib" "/opt/rustwide/target/debug/deps/librustls_pemfile-b4469f59e1b4f2e0.rlib" "/opt/rustwide/target/debug/deps/libbase64-c3b18b0672582aa9.rlib" "/opt/rustwide/target/debug/deps/libopenssl_probe-111dcb0b3b714b0f.rlib" "/opt/rustwide/target/debug/deps/libtokio_rustls-b53fa8e61e4db41b.rlib" "/opt/rustwide/target/debug/deps/librustls-f4916b74dc7c12a5.rlib" "/opt/rustwide/target/debug/deps/libsct-9606f210e72532ae.rlib" "/opt/rustwide/target/debug/deps/libwebpki-22966b7fcbfd6220.rlib" "/opt/rustwide/target/debug/deps/libring-f682d38a8e67110b.rlib" "/opt/rustwide/target/debug/deps/libgetrandom-5a449155408c018d.rlib" "/opt/rustwide/target/debug/deps/libspin-cd45c3153bc4c74f.rlib" "/opt/rustwide/target/debug/deps/libuntrusted-7588d7e252ced9d0.rlib" "/opt/rustwide/target/debug/deps/liblog-6d50fe4853ae55d4.rlib" "/opt/rustwide/target/debug/deps/libhyper-29b1449b12cf9285.rlib" "/opt/rustwide/target/debug/deps/libwant-3f13e9c0d2560241.rlib" "/opt/rustwide/target/debug/deps/libtry_lock-f3f4362ed4ca7e4a.rlib" "/opt/rustwide/target/debug/deps/libhttparse-63cb856626cec0ca.rlib" "/opt/rustwide/target/debug/deps/libh2-d4c1bb1d9adad0ad.rlib" "/opt/rustwide/target/debug/deps/libslab-083dd68e0bc19c95.rlib" "/opt/rustwide/target/debug/deps/libtower_service-153488c259ad6c35.rlib" "/opt/rustwide/target/debug/deps/libfutures_channel-46d54cad4c5c024e.rlib" "/opt/rustwide/target/debug/deps/libhttpdate-b9f758d21a0e98fe.rlib" "/opt/rustwide/target/debug/deps/libaws_smithy_protocol_test-d1c6576f5876c0b4.rlib" "/opt/rustwide/target/debug/deps/libcbor_diag-05db53de2a4cf4c8.rlib" "/opt/rustwide/target/debug/deps/libbs58-69388dd124aa8338.rlib" "/opt/rustwide/target/debug/deps/libdata_encoding-b27e26fe39e8427a.rlib" "/opt/rustwide/target/debug/deps/libnom-cd08d1e42eac8ac8.rlib" "/opt/rustwide/target/debug/deps/libuuid-4ab7e92d7cfe88ac.rlib" "/opt/rustwide/target/debug/deps/liburl-3879c530de842d72.rlib" "/opt/rustwide/target/debug/deps/libidna-a5c84fb26325f1a4.rlib" "/opt/rustwide/target/debug/deps/libidna_adapter-7ecfad9c79410921.rlib" "/opt/rustwide/target/debug/deps/libicu_normalizer-d0a250f906327f69.rlib" "/opt/rustwide/target/debug/deps/libicu_normalizer_data-762e61f43eae08c2.rlib" "/opt/rustwide/target/debug/deps/libwrite16-85fd16f27fd45657.rlib" "/opt/rustwide/target/debug/deps/libutf8_iter-fbf995b92c341ba3.rlib" "/opt/rustwide/target/debug/deps/libutf16_iter-83f8708e12b6535a.rlib" "/opt/rustwide/target/debug/deps/libsmallvec-01f95b0ceff06af9.rlib" "/opt/rustwide/target/debug/deps/libicu_properties-4f0aacaa4e006cbc.rlib" "/opt/rustwide/target/debug/deps/libicu_properties_data-52a01acc947e4a6d.rlib" "/opt/rustwide/target/debug/deps/libicu_locid_transform-86a31a2ba3bc49f3.rlib" "/opt/rustwide/target/debug/deps/libicu_locid_transform_data-38f8208716c2d35a.rlib" "/opt/rustwide/target/debug/deps/libicu_collections-45f06e0f98da5aa7.rlib" "/opt/rustwide/target/debug/deps/libicu_provider-b33241e03fcb0d1b.rlib" "/opt/rustwide/target/debug/deps/libicu_locid-57927dd1321264dd.rlib" "/opt/rustwide/target/debug/deps/liblitemap-a0ca3b3971bb4be7.rlib" "/opt/rustwide/target/debug/deps/libtinystr-e701c31b6408cdbc.rlib" "/opt/rustwide/target/debug/deps/libzerovec-140d18236b1b859b.rlib" "/opt/rustwide/target/debug/deps/libwriteable-c63e282ed55b92df.rlib" "/opt/rustwide/target/debug/deps/libyoke-c3686be1c83072a7.rlib" "/opt/rustwide/target/debug/deps/libzerofrom-942a239d4238ad4a.rlib" "/opt/rustwide/target/debug/deps/libstable_deref_trait-3602560bab1848e8.rlib" "/opt/rustwide/target/debug/deps/libform_urlencoded-533db7122d3ddfc5.rlib" "/opt/rustwide/target/debug/deps/libpercent_encoding-88cba40a7181d984.rlib" "/opt/rustwide/target/debug/deps/libseparator-a8a0ff7d2595099f.rlib" "/opt/rustwide/target/debug/deps/libnum_rational-ba375c9b828d1394.rlib" "/opt/rustwide/target/debug/deps/libnum_bigint-cb7ada5d91c6b834.rlib" "/opt/rustwide/target/debug/deps/libchrono-82bee0335360bcfa.rlib" "/opt/rustwide/target/debug/deps/libciborium-b86850e7e5e0207f.rlib" "/opt/rustwide/target/debug/deps/libciborium_ll-bd8425cf712f54b5.rlib" "/opt/rustwide/target/debug/deps/libhalf-3da3f76e0c6538c7.rlib" "/opt/rustwide/target/debug/deps/libcfg_if-8217498f8667ada9.rlib" "/opt/rustwide/target/debug/deps/libciborium_io-df37a5b13f4fc47a.rlib" "/opt/rustwide/target/debug/deps/libthiserror-aaacfd6c558ac3da.rlib" "/opt/rustwide/target/debug/deps/libpretty_assertions-0ba5b00859c0330f.rlib" "/opt/rustwide/target/debug/deps/libdiff-2623eb88875888f2.rlib" "/opt/rustwide/target/debug/deps/libyansi-b75b620b7474fa32.rlib" "/opt/rustwide/target/debug/deps/libassert_json_diff-d2a86d5ec22e9b65.rlib" "/opt/rustwide/target/debug/deps/libserde_json-a93b52ddcf81c1fd.rlib" "/opt/rustwide/target/debug/deps/libmemchr-6b84ce758acd6c63.rlib" "/opt/rustwide/target/debug/deps/libroxmltree-0c4f77836db2eaca.rlib" "/opt/rustwide/target/debug/deps/libxmlparser-9c4ed53f56083911.rlib" "/opt/rustwide/target/debug/deps/libregex_lite-21ce2347f002987d.rlib" "/opt/rustwide/target/debug/deps/libindexmap-b308f73450558bd2.rlib" "/opt/rustwide/target/debug/deps/libequivalent-4d5cfde55792e26d.rlib" "/opt/rustwide/target/debug/deps/libhashbrown-62cdb64ce3ed52bb.rlib" "/opt/rustwide/target/debug/deps/libserde-9ea85e52d61bc260.rlib" "/opt/rustwide/target/debug/deps/libaws_smithy_runtime_api-f8e1502ef36847d0.rlib" "/opt/rustwide/target/debug/deps/libaws_smithy_async-6981ee2c510fc221.rlib" "/opt/rustwide/target/debug/deps/libtracing-99530bf4d0092a98.rlib" "/opt/rustwide/target/debug/deps/libtracing_core-a35e54d2ab947d05.rlib" "/opt/rustwide/target/debug/deps/libonce_cell-6f631f2a5f71cecc.rlib" "/opt/rustwide/target/debug/deps/libzeroize-01673d2df795c1cc.rlib" "/opt/rustwide/target/debug/deps/libaws_smithy_types-6c413059cc846217.rlib" "/opt/rustwide/target/debug/deps/libryu-bba83beca99dd7c0.rlib" "/opt/rustwide/target/debug/deps/libtime-cd3f72ce9bdfb857.rlib" "/opt/rustwide/target/debug/deps/libtime_core-920e11b901147e65.rlib" "/opt/rustwide/target/debug/deps/libnum_conv-4bd030b5826783c5.rlib" "/opt/rustwide/target/debug/deps/libderanged-e4c875d97de0e89c.rlib" "/opt/rustwide/target/debug/deps/libpowerfmt-776ac6678c847955.rlib" "/opt/rustwide/target/debug/deps/libnum_integer-37172adc00318126.rlib" "/opt/rustwide/target/debug/deps/libnum_traits-5c0b7fa0fefe66a6.rlib" "/opt/rustwide/target/debug/deps/libtokio_util-5797ec2be3f18d28.rlib" "/opt/rustwide/target/debug/deps/libfutures_sink-140504a081023950.rlib" "/opt/rustwide/target/debug/deps/libtokio-91003f8347213dee.rlib" "/opt/rustwide/target/debug/deps/libsignal_hook_registry-92d753f0bfdc0b99.rlib" "/opt/rustwide/target/debug/deps/libsocket2-cca1afe887309ed0.rlib" "/opt/rustwide/target/debug/deps/libmio-c1a951770e75a1cc.rlib" "/opt/rustwide/target/debug/deps/liblibc-48c07cb418e82d02.rlib" "/opt/rustwide/target/debug/deps/libbytes_utils-01138f8097dc9e55.rlib" "/opt/rustwide/target/debug/deps/libeither-1067b48a2d820a8f.rlib" "/opt/rustwide/target/debug/deps/libhttp_body-9aa63b2de36559e8.rlib" "/opt/rustwide/target/debug/deps/libhttp-23c828acfeaa9be7.rlib" "/opt/rustwide/target/debug/deps/libhttp_body_util-2824170f6080807b.rlib" "/opt/rustwide/target/debug/deps/libfutures_util-c95dde2b54e0eb1e.rlib" "/opt/rustwide/target/debug/deps/libfutures_task-5d58811e5ddf600d.rlib" "/opt/rustwide/target/debug/deps/libpin_utils-6bd6355de79f98af.rlib" "/opt/rustwide/target/debug/deps/libfutures_core-6acc1f6b4df0dd33.rlib" "/opt/rustwide/target/debug/deps/libhttp_body-f06908e32c21ec5d.rlib" "/opt/rustwide/target/debug/deps/libhttp-2ee8c6cbda2c6611.rlib" "/opt/rustwide/target/debug/deps/libitoa-e8776415c5fe0047.rlib" "/opt/rustwide/target/debug/deps/libfnv-b4bd047f342dff07.rlib" "/opt/rustwide/target/debug/deps/libpin_project_lite-be51d264b86b6c5b.rlib" "/opt/rustwide/target/debug/deps/libbytes-4283fbd60d33408b.rlib" "/opt/rustwide/target/debug/deps/libbase64_simd-cc4dec53bdb5a8f8.rlib" "/opt/rustwide/target/debug/deps/liboutref-374d288ac3cdb62e.rlib" "/opt/rustwide/target/debug/deps/libvsimd-baaf4b425e98dcfc.rlib" "/opt/rustwide/rustup-home/toolchains/1.83.0-x86_64-unknown-linux-gnu/lib/rustlib/x86_64-unknown-linux-gnu/lib/libstd-ca74a2d9c5166d9f.rlib" "/opt/rustwide/rustup-home/toolchains/1.83.0-x86_64-unknown-linux-gnu/lib/rustlib/x86_64-unknown-linux-gnu/lib/libpanic_unwind-e31ab23316ed5080.rlib" "/opt/rustwide/rustup-home/toolchains/1.83.0-x86_64-unknown-linux-gnu/lib/rustlib/x86_64-unknown-linux-gnu/lib/libobject-27dc4aa955912662.rlib" "/opt/rustwide/rustup-home/toolchains/1.83.0-x86_64-unknown-linux-gnu/lib/rustlib/x86_64-unknown-linux-gnu/lib/libmemchr-bd0d6cccce077b99.rlib" "/opt/rustwide/rustup-home/toolchains/1.83.0-x86_64-unknown-linux-gnu/lib/rustlib/x86_64-unknown-linux-gnu/lib/libaddr2line-8d001680935b5e3c.rlib" "/opt/rustwide/rustup-home/toolchains/1.83.0-x86_64-unknown-linux-gnu/lib/rustlib/x86_64-unknown-linux-gnu/lib/libgimli-ba8ce71964f984f4.rlib" "/opt/rustwide/rustup-home/toolchains/1.83.0-x86_64-unknown-linux-gnu/lib/rustlib/x86_64-unknown-linux-gnu/lib/librustc_demangle-99a73526abcec14b.rlib" "/opt/rustwide/rustup-home/toolchains/1.83.0-x86_64-unknown-linux-gnu/lib/rustlib/x86_64-unknown-linux-gnu/lib/libstd_detect-63ac0d22cff92579.rlib" "/opt/rustwide/rustup-home/toolchains/1.83.0-x86_64-unknown-linux-gnu/lib/rustlib/x86_64-unknown-linux-gnu/lib/libhashbrown-9057355c92c922d5.rlib" "/opt/rustwide/rustup-home/toolchains/1.83.0-x86_64-unknown-linux-gnu/lib/rustlib/x86_64-unknown-linux-gnu/lib/librustc_std_workspace_alloc-358be9bc1f6bab04.rlib" "/opt/rustwide/rustup-home/toolchains/1.83.0-x86_64-unknown-linux-gnu/lib/rustlib/x86_64-unknown-linux-gnu/lib/libminiz_oxide-aca15549d5bff974.rlib" "/opt/rustwide/rustup-home/toolchains/1.83.0-x86_64-unknown-linux-gnu/lib/rustlib/x86_64-unknown-linux-gnu/lib/libadler-8251d2cef7072448.rlib" "/opt/rustwide/rustup-home/toolchains/1.83.0-x86_64-unknown-linux-gnu/lib/rustlib/x86_64-unknown-linux-gnu/lib/libunwind-7d50b86011c66411.rlib" "/opt/rustwide/rustup-home/toolchains/1.83.0-x86_64-unknown-linux-gnu/lib/rustlib/x86_64-unknown-linux-gnu/lib/libcfg_if-51ea098fce5006bf.rlib" "/opt/rustwide/rustup-home/toolchains/1.83.0-x86_64-unknown-linux-gnu/lib/rustlib/x86_64-unknown-linux-gnu/lib/liblibc-5a14e0d0b712e731.rlib" "/opt/rustwide/rustup-home/toolchains/1.83.0-x86_64-unknown-linux-gnu/lib/rustlib/x86_64-unknown-linux-gnu/lib/liballoc-8b83dbf3a7b8f999.rlib" "/opt/rustwide/rustup-home/toolchains/1.83.0-x86_64-unknown-linux-gnu/lib/rustlib/x86_64-unknown-linux-gnu/lib/librustc_std_workspace_core-c6fd227bdc7b39ff.rlib" "/opt/rustwide/rustup-home/toolchains/1.83.0-x86_64-unknown-linux-gnu/lib/rustlib/x86_64-unknown-linux-gnu/lib/libcore-959d3389fa3da8a5.rlib" "/opt/rustwide/rustup-home/toolchains/1.83.0-x86_64-unknown-linux-gnu/lib/rustlib/x86_64-unknown-linux-gnu/lib/libcompiler_builtins-abe05db089cc2c62.rlib" "-Wl,-Bdynamic" "-lgcc_s" "-lutil" "-lrt" "-lpthread" "-lm" "-ldl" "-lc" "-Wl,--eh-frame-hdr" "-Wl,-z,noexecstack" "-L" "/opt/rustwide/target/debug/build/ring-d4c7707bd1b240a8/out" "-L" "/opt/rustwide/rustup-home/toolchains/1.83.0-x86_64-unknown-linux-gnu/lib/rustlib/x86_64-unknown-linux-gnu/lib" "-o" "/tmp/rustdoctestA9el48/rust_out" "-Wl,--gc-sections" "-pie" "-Wl,-z,relro,-z,now" "-nodefaultlibs"
[INFO] [stdout]   = note: collect2: fatal error: ld terminated with signal 9 [Killed]
[INFO] [stdout]           compilation terminated.
[INFO] [stdout]           
[INFO] [stdout] 
[INFO] [stdout] error: aborting due to 1 previous error
[INFO] [stdout] 
[INFO] [stdout] Couldn't compile the test.
[INFO] [stdout] 
[INFO] [stdout] failures:
[INFO] [stdout]     src/lib.rs - SecretsManagerCachingClient::new (line 43)
[INFO] [stdout] 
[INFO] [stdout] test result: FAILED. 2 passed; 1 failed; 0 ignored; 0 measured; 0 filtered out; finished in 17.91s
[INFO] [stdout] 
[INFO] [stderr] error: doctest failed, to rerun pass `--doc`
[INFO] running `Command { std: "docker" "inspect" "737123b81b84579be83411656477562716edeb1c90ad682163313fb7ff1e2eb0", kill_on_drop: false }`
[INFO] running `Command { std: "docker" "rm" "-f" "737123b81b84579be83411656477562716edeb1c90ad682163313fb7ff1e2eb0", kill_on_drop: false }`
[INFO] [stdout] 737123b81b84579be83411656477562716edeb1c90ad682163313fb7ff1e2eb0
