[INFO] fetching crate aws-fully-qualified-names 2.1.4...
[INFO] testing aws-fully-qualified-names-2.1.4 against 1.83.0 for beta-1.84.0-4-retry
[INFO] extracting crate aws-fully-qualified-names 2.1.4 into /workspace/builds/worker-7-tc1/source
[INFO] validating manifest of crates.io crate aws-fully-qualified-names 2.1.4 on toolchain 1.83.0
[INFO] running `Command { std: CARGO_HOME="/workspace/cargo-home" RUSTUP_HOME="/workspace/rustup-home" "/workspace/cargo-home/bin/cargo" "+1.83.0" "metadata" "--manifest-path" "Cargo.toml" "--no-deps", kill_on_drop: false }`
[INFO] started tweaking crates.io crate aws-fully-qualified-names 2.1.4
[INFO] removed 0 missing tests
[INFO] finished tweaking crates.io crate aws-fully-qualified-names 2.1.4
[INFO] tweaked toml for crates.io crate aws-fully-qualified-names 2.1.4 written to /workspace/builds/worker-7-tc1/source/Cargo.toml
[INFO] running `Command { std: CARGO_HOME="/workspace/cargo-home" RUSTUP_HOME="/workspace/rustup-home" "/workspace/cargo-home/bin/cargo" "+1.83.0" "generate-lockfile" "--manifest-path" "Cargo.toml", kill_on_drop: false }`
[INFO] [stderr]     Updating crates.io index
[INFO] [stderr]      Locking 119 packages to latest compatible versions
[INFO] [stderr]       Adding cc v1.0.106 (available: v1.2.4)
[INFO] [stderr]       Adding itertools v0.10.5 (available: v0.13.0)
[INFO] [stderr]       Adding quick-xml v0.22.0 (available: v0.37.1)
[INFO] [stderr]       Adding scraper v0.13.0 (available: v0.22.0)
[INFO] [stderr]       Adding serde-wasm-bindgen v0.4.5 (available: v0.6.5)
[INFO] [stderr]       Adding tree-sitter v0.20.10 (available: v0.24.5)
[INFO] [stderr]       Adding tree-sitter-java v0.20.2 (available: v0.23.4)
[INFO] [stderr]       Adding tree-sitter-python v0.20.4 (available: v0.23.5)
[INFO] [stderr]       Adding tree-sitter-typescript v0.20.3 (available: v0.20.5)
[INFO] running `Command { std: CARGO_HOME="/workspace/cargo-home" RUSTUP_HOME="/workspace/rustup-home" "/workspace/cargo-home/bin/cargo" "+1.83.0" "fetch" "--manifest-path" "Cargo.toml", kill_on_drop: false }`
[INFO] [stderr]  Downloading crates ...
[INFO] [stderr]   Downloaded tree-sitter-java v0.20.2
[INFO] [stderr]   Downloaded tree-sitter-python v0.20.4
[INFO] [stderr]   Downloaded tree-sitter-typescript v0.20.3
[INFO] running `Command { std: "docker" "create" "-v" "/var/lib/crater-agent-workspace/builds/worker-7-tc1/target:/opt/rustwide/target:rw,Z" "-v" "/var/lib/crater-agent-workspace/builds/worker-7-tc1/source:/opt/rustwide/workdir:ro,Z" "-v" "/var/lib/crater-agent-workspace/cargo-home:/opt/rustwide/cargo-home:ro,Z" "-v" "/var/lib/crater-agent-workspace/rustup-home:/opt/rustwide/rustup-home:ro,Z" "-e" "SOURCE_DIR=/opt/rustwide/workdir" "-e" "CARGO_TARGET_DIR=/opt/rustwide/target" "-e" "CARGO_HOME=/opt/rustwide/cargo-home" "-e" "RUSTUP_HOME=/opt/rustwide/rustup-home" "-w" "/opt/rustwide/workdir" "-m" "1610612736" "--user" "0:0" "--network" "none" "ghcr.io/rust-lang/crates-build-env/linux@sha256:f3a9d4ad9d972b27faf3965f35b62e55ba32bbce8f20bc8fe909558a86702fde" "/opt/rustwide/cargo-home/bin/cargo" "+1.83.0" "metadata" "--no-deps" "--format-version=1", kill_on_drop: false }`
[INFO] [stdout] 5387c435bba97500dc51c2b333488389113e421c089c093bce18d9515eb655f5
[INFO] running `Command { std: "docker" "start" "-a" "5387c435bba97500dc51c2b333488389113e421c089c093bce18d9515eb655f5", kill_on_drop: false }`
[INFO] running `Command { std: "docker" "inspect" "5387c435bba97500dc51c2b333488389113e421c089c093bce18d9515eb655f5", kill_on_drop: false }`
[INFO] running `Command { std: "docker" "rm" "-f" "5387c435bba97500dc51c2b333488389113e421c089c093bce18d9515eb655f5", kill_on_drop: false }`
[INFO] [stdout] 5387c435bba97500dc51c2b333488389113e421c089c093bce18d9515eb655f5
[INFO] running `Command { std: "docker" "create" "-v" "/var/lib/crater-agent-workspace/builds/worker-7-tc1/target:/opt/rustwide/target:rw,Z" "-v" "/var/lib/crater-agent-workspace/builds/worker-7-tc1/source:/opt/rustwide/workdir:ro,Z" "-v" "/var/lib/crater-agent-workspace/cargo-home:/opt/rustwide/cargo-home:ro,Z" "-v" "/var/lib/crater-agent-workspace/rustup-home:/opt/rustwide/rustup-home:ro,Z" "-e" "SOURCE_DIR=/opt/rustwide/workdir" "-e" "CARGO_TARGET_DIR=/opt/rustwide/target" "-e" "CARGO_INCREMENTAL=0" "-e" "RUST_BACKTRACE=full" "-e" "RUSTFLAGS=--cap-lints=warn" "-e" "RUSTDOCFLAGS=--cap-lints=warn" "-e" "CARGO_HOME=/opt/rustwide/cargo-home" "-e" "RUSTUP_HOME=/opt/rustwide/rustup-home" "-w" "/opt/rustwide/workdir" "-m" "1610612736" "--user" "0:0" "--network" "none" "ghcr.io/rust-lang/crates-build-env/linux@sha256:f3a9d4ad9d972b27faf3965f35b62e55ba32bbce8f20bc8fe909558a86702fde" "/opt/rustwide/cargo-home/bin/cargo" "+1.83.0" "build" "--frozen" "--message-format=json", kill_on_drop: false }`
[INFO] [stdout] 31a1f523a4eead2e663582ce8c5e126b635ae12d313ce2ad98ca51aaecc5e5ad
[INFO] running `Command { std: "docker" "start" "-a" "31a1f523a4eead2e663582ce8c5e126b635ae12d313ce2ad98ca51aaecc5e5ad", kill_on_drop: false }`
[INFO] [stderr]    Compiling cc v1.0.106
[INFO] [stderr]    Compiling proc-macro2 v1.0.92
[INFO] [stderr]    Compiling memchr v2.7.4
[INFO] [stderr]    Compiling unicode-ident v1.0.14
[INFO] [stderr]    Compiling regex-syntax v0.8.5
[INFO] [stderr]    Compiling siphasher v0.3.11
[INFO] [stderr]    Compiling rand_core v0.6.4
[INFO] [stderr]    Compiling serde v1.0.216
[INFO] [stderr]    Compiling serde_json v1.0.133
[INFO] [stderr]    Compiling eyre v0.6.12
[INFO] [stderr]    Compiling indenter v0.3.3
[INFO] [stderr]    Compiling either v1.13.0
[INFO] [stderr]    Compiling itoa v1.0.14
[INFO] [stderr]    Compiling once_cell v1.20.2
[INFO] [stderr]    Compiling ryu v1.0.18
[INFO] [stderr]    Compiling lazy_static v1.5.0
[INFO] [stderr]    Compiling rand v0.8.5
[INFO] [stderr]    Compiling itertools v0.10.5
[INFO] [stderr]    Compiling phf_shared v0.11.2
[INFO] [stderr]    Compiling aho-corasick v1.1.3
[INFO] [stderr]    Compiling phf_generator v0.11.2
[INFO] [stderr]    Compiling quote v1.0.37
[INFO] [stderr]    Compiling tree-sitter v0.20.10
[INFO] [stderr]    Compiling tree-sitter-java v0.20.2
[INFO] [stderr]    Compiling tree-sitter-typescript v0.20.3
[INFO] [stderr]    Compiling tree-sitter-python v0.20.4
[INFO] [stderr]    Compiling syn v2.0.90
[INFO] [stderr]    Compiling regex-automata v0.4.9
[INFO] [stderr]    Compiling regex v1.11.1
[INFO] [stderr]    Compiling serde_derive v1.0.216
[INFO] [stderr]    Compiling phf_macros v0.11.2
[INFO] [stderr]    Compiling phf v0.11.2
[INFO] [stderr]    Compiling aws-fully-qualified-names v2.1.4 (/opt/rustwide/workdir)
[INFO] [stderr]     Finished `dev` profile [unoptimized + debuginfo] target(s) in 29.57s
[INFO] running `Command { std: "docker" "inspect" "31a1f523a4eead2e663582ce8c5e126b635ae12d313ce2ad98ca51aaecc5e5ad", kill_on_drop: false }`
[INFO] running `Command { std: "docker" "rm" "-f" "31a1f523a4eead2e663582ce8c5e126b635ae12d313ce2ad98ca51aaecc5e5ad", kill_on_drop: false }`
[INFO] [stdout] 31a1f523a4eead2e663582ce8c5e126b635ae12d313ce2ad98ca51aaecc5e5ad
[INFO] running `Command { std: "docker" "create" "-v" "/var/lib/crater-agent-workspace/builds/worker-7-tc1/target:/opt/rustwide/target:rw,Z" "-v" "/var/lib/crater-agent-workspace/builds/worker-7-tc1/source:/opt/rustwide/workdir:ro,Z" "-v" "/var/lib/crater-agent-workspace/cargo-home:/opt/rustwide/cargo-home:ro,Z" "-v" "/var/lib/crater-agent-workspace/rustup-home:/opt/rustwide/rustup-home:ro,Z" "-e" "SOURCE_DIR=/opt/rustwide/workdir" "-e" "CARGO_TARGET_DIR=/opt/rustwide/target" "-e" "CARGO_INCREMENTAL=0" "-e" "RUST_BACKTRACE=full" "-e" "RUSTFLAGS=--cap-lints=warn" "-e" "RUSTDOCFLAGS=--cap-lints=warn" "-e" "CARGO_HOME=/opt/rustwide/cargo-home" "-e" "RUSTUP_HOME=/opt/rustwide/rustup-home" "-w" "/opt/rustwide/workdir" "-m" "1610612736" "--user" "0:0" "--network" "none" "ghcr.io/rust-lang/crates-build-env/linux@sha256:f3a9d4ad9d972b27faf3965f35b62e55ba32bbce8f20bc8fe909558a86702fde" "/opt/rustwide/cargo-home/bin/cargo" "+1.83.0" "test" "--frozen" "--no-run" "--message-format=json", kill_on_drop: false }`
[INFO] [stdout] aa39884cafcd45c4e9a7807cebf8b752658f0c562109d9eda3911ac6f525d62c
[INFO] running `Command { std: "docker" "start" "-a" "aa39884cafcd45c4e9a7807cebf8b752658f0c562109d9eda3911ac6f525d62c", kill_on_drop: false }`
[INFO] [stderr]    Compiling cfg-if v1.0.0
[INFO] [stderr]    Compiling libc v0.2.168
[INFO] [stderr]    Compiling byteorder v1.5.0
[INFO] [stderr]    Compiling getrandom v0.1.16
[INFO] [stderr]    Compiling syn v1.0.109
[INFO] [stderr]    Compiling memchr v2.7.4
[INFO] [stderr]    Compiling smallvec v1.13.2
[INFO] [stderr]    Compiling autocfg v1.4.0
[INFO] [stderr]    Compiling parking_lot_core v0.9.10
[INFO] [stderr]    Compiling phf_shared v0.10.0
[INFO] [stderr]    Compiling phf_shared v0.8.0
[INFO] [stderr]    Compiling proc-macro-hack v0.5.20+deprecated
[INFO] [stderr]    Compiling new_debug_unreachable v1.0.6
[INFO] [stderr]    Compiling syn v2.0.90
[INFO] [stderr]    Compiling scopeguard v1.2.0
[INFO] [stderr]    Compiling mac v0.1.1
[INFO] [stderr]    Compiling precomputed-hash v0.1.1
[INFO] [stderr]    Compiling futf v0.1.5
[INFO] [stderr]    Compiling utf-8 v0.7.6
[INFO] [stderr]    Compiling log v0.4.22
[INFO] [stderr]    Compiling dtoa v1.0.9
[INFO] [stderr]    Compiling phf v0.10.1
[INFO] [stderr]    Compiling itoa v0.4.8
[INFO] [stderr]    Compiling tendril v0.4.3
[INFO] [stderr]    Compiling stable_deref_trait v1.2.0
[INFO] [stderr]    Compiling matches v0.1.10
[INFO] [stderr]    Compiling dtoa-short v0.3.5
[INFO] [stderr]    Compiling nodrop v0.1.14
[INFO] [stderr]    Compiling convert_case v0.4.0
[INFO] [stderr]    Compiling bitflags v1.3.2
[INFO] [stderr]    Compiling unicode-width v0.1.14
[INFO] [stderr]    Compiling thin-slice v0.1.1
[INFO] [stderr]    Compiling servo_arc v0.1.1
[INFO] [stderr]    Compiling ego-tree v0.6.3
[INFO] [stderr]    Compiling lock_api v0.4.12
[INFO] [stderr]    Compiling fxhash v0.2.1
[INFO] [stderr]    Compiling aho-corasick v1.1.3
[INFO] [stderr]    Compiling quick-xml v0.22.0
[INFO] [stderr]    Compiling getopts v0.2.21
[INFO] [stderr]    Compiling getrandom v0.2.15
[INFO] [stderr]    Compiling rand_core v0.5.1
[INFO] [stderr]    Compiling rand_core v0.6.4
[INFO] [stderr]    Compiling rand_pcg v0.2.1
[INFO] [stderr]    Compiling parking_lot v0.12.3
[INFO] [stderr]    Compiling regex-automata v0.4.9
[INFO] [stderr]    Compiling regex v1.11.1
[INFO] [stderr]    Compiling zerocopy-derive v0.7.35
[INFO] [stderr]    Compiling serde_derive v1.0.216
[INFO] [stderr]    Compiling cssparser-macros v0.6.1
[INFO] [stderr]    Compiling derive_more v0.99.18
[INFO] [stderr]    Compiling tree-sitter v0.20.10
[INFO] [stderr]    Compiling cssparser v0.27.2
[INFO] [stderr]    Compiling html5ever v0.26.0
[INFO] [stderr]    Compiling tree-sitter-java v0.20.2
[INFO] [stderr]    Compiling tree-sitter-python v0.20.4
[INFO] [stderr]    Compiling tree-sitter-typescript v0.20.3
[INFO] [stderr]    Compiling zerocopy v0.7.35
[INFO] [stderr]    Compiling ppv-lite86 v0.2.20
[INFO] [stderr]    Compiling rand_chacha v0.3.1
[INFO] [stderr]    Compiling rand_chacha v0.2.2
[INFO] [stderr]    Compiling rand v0.7.3
[INFO] [stderr]    Compiling rand v0.8.5
[INFO] [stderr]    Compiling phf_generator v0.10.0
[INFO] [stderr]    Compiling phf_generator v0.11.2
[INFO] [stderr]    Compiling phf_generator v0.8.0
[INFO] [stderr]    Compiling string_cache_codegen v0.5.2
[INFO] [stderr]    Compiling phf_codegen v0.10.0
[INFO] [stderr]    Compiling phf_macros v0.11.2
[INFO] [stderr]    Compiling phf_codegen v0.8.0
[INFO] [stderr]    Compiling phf_macros v0.8.0
[INFO] [stderr]    Compiling selectors v0.22.0
[INFO] [stderr]    Compiling markup5ever v0.11.0
[INFO] [stderr]    Compiling serde v1.0.216
[INFO] [stderr]    Compiling phf v0.8.0
[INFO] [stderr]    Compiling phf v0.11.2
[INFO] [stderr]    Compiling string_cache v0.8.7
[INFO] [stderr]    Compiling serde_json v1.0.133
[INFO] [stderr]    Compiling aws-fully-qualified-names v2.1.4 (/opt/rustwide/workdir)
[INFO] [stderr]    Compiling scraper v0.13.0
[INFO] [stderr]     Finished `test` profile [unoptimized + debuginfo] target(s) in 39.49s
[INFO] [stderr] warning: the following packages contain code that will be rejected by a future version of Rust: quick-xml v0.22.0
[INFO] [stderr] note: to see what the problems were, use the option `--future-incompat-report`, or run `cargo report future-incompatibilities --id 1`
[INFO] running `Command { std: "docker" "inspect" "aa39884cafcd45c4e9a7807cebf8b752658f0c562109d9eda3911ac6f525d62c", kill_on_drop: false }`
[INFO] running `Command { std: "docker" "rm" "-f" "aa39884cafcd45c4e9a7807cebf8b752658f0c562109d9eda3911ac6f525d62c", kill_on_drop: false }`
[INFO] [stdout] aa39884cafcd45c4e9a7807cebf8b752658f0c562109d9eda3911ac6f525d62c
[INFO] running `Command { std: "docker" "create" "-v" "/var/lib/crater-agent-workspace/builds/worker-7-tc1/target:/opt/rustwide/target:rw,Z" "-v" "/var/lib/crater-agent-workspace/builds/worker-7-tc1/source:/opt/rustwide/workdir:ro,Z" "-v" "/var/lib/crater-agent-workspace/cargo-home:/opt/rustwide/cargo-home:ro,Z" "-v" "/var/lib/crater-agent-workspace/rustup-home:/opt/rustwide/rustup-home:ro,Z" "-e" "SOURCE_DIR=/opt/rustwide/workdir" "-e" "CARGO_TARGET_DIR=/opt/rustwide/target" "-e" "CARGO_INCREMENTAL=0" "-e" "RUST_BACKTRACE=full" "-e" "RUSTFLAGS=--cap-lints=warn" "-e" "RUSTDOCFLAGS=--cap-lints=warn" "-e" "CARGO_HOME=/opt/rustwide/cargo-home" "-e" "RUSTUP_HOME=/opt/rustwide/rustup-home" "-w" "/opt/rustwide/workdir" "-m" "1610612736" "--user" "0:0" "--network" "none" "ghcr.io/rust-lang/crates-build-env/linux@sha256:f3a9d4ad9d972b27faf3965f35b62e55ba32bbce8f20bc8fe909558a86702fde" "/opt/rustwide/cargo-home/bin/cargo" "+1.83.0" "test" "--frozen", kill_on_drop: false }`
[INFO] [stdout] ac6f2ed747c41c61a287b01d7dbede70bad6b7c9f0dd103d5261c955239a9f35
[INFO] running `Command { std: "docker" "start" "-a" "ac6f2ed747c41c61a287b01d7dbede70bad6b7c9f0dd103d5261c955239a9f35", kill_on_drop: false }`
[INFO] [stderr]     Finished `test` profile [unoptimized + debuginfo] target(s) in 0.13s
[INFO] [stderr] warning: the following packages contain code that will be rejected by a future version of Rust: quick-xml v0.22.0
[INFO] [stderr] note: to see what the problems were, use the option `--future-incompat-report`, or run `cargo report future-incompatibilities --id 1`
[INFO] [stderr]      Running unittests src/lib.rs (/opt/rustwide/target/debug/deps/aws_fully_qualified_names-e47276c3888ceaaa)
[INFO] [stdout] 
[INFO] [stdout] running 90 tests
[INFO] [stdout] test languages::java::test::finds_name_in_annotation ... ok
[INFO] [stdout] test languages::java::test::find_names_in_for_variable_assignment ... ok
[INFO] [stdout] test languages::java::test::finds_name_in_annotation_with_key_value_parameters ... ok
[INFO] [stdout] test languages::java::test::finds_names_in_annotation_type_declaration ... ok
[INFO] [stdout] test languages::java::test::finds_names_in_basic_control_flow ... ok
[INFO] [stdout] test languages::java::test::finds_names_in_annotation_argument_list ... ok
[INFO] [stdout] test languages::java::test::finds_names_in_annotation_module ... ok
[INFO] [stdout] test languages::java::test::finds_name_in_annotation_with_parameters ... ok
[INFO] [stdout] test languages::java::test::finds_names_in_enum_declaration ... ok
[INFO] [stdout] test languages::java::test::finds_names_in_double_array_initializer ... ok
[INFO] [stdout] test languages::java::test::finds_names_in_generic_type ... ok
[INFO] [stdout] test languages::java::test::finds_names_in_field_declaration ... ok
[INFO] [stdout] test languages::java::test::finds_names_in_for_statement ... ok
[INFO] [stdout] test languages::java::test::finds_names_in_import_declaration ... ok
[INFO] [stdout] test languages::java::test::finds_names_in_array_creation_expression ... ok
[INFO] [stdout] test languages::java::test::finds_names_in_assignment_expression ... ok
[INFO] [stdout] test languages::java::test::finds_names_in_labeled_statement ... ok
[INFO] [stdout] test languages::java::test::finds_names_in_package_declaration ... ok
[INFO] [stdout] test languages::java::test::finds_names_in_method_declaration_annotation ... ok
[INFO] [stdout] test languages::java::test::finds_names_in_method_reference_2 ... ok
[INFO] [stdout] test languages::java::test::finds_names_in_interface_declaration ... ok
[INFO] [stdout] test languages::java::test::finds_names_in_method_invocation_with_type_arguments ... ok
[INFO] [stdout] test languages::java::test::finds_names_in_switch ... ok
[INFO] [stdout] test languages::java::test::finds_names_in_record_declaration ... ok
[INFO] [stdout] test languages::java::test::finds_names_in_static_initalizer ... ok
[INFO] [stdout] test languages::java::test::finds_names_in_lambda ... ok
[INFO] [stdout] test languages::java::test::finds_names_in_try ... ok
[INFO] [stdout] test languages::java::test::finds_names_in_array_initializer ... ok
[INFO] [stdout] test languages::java::test::finds_names_in_unqualified_object_creation ... ok
[INFO] [stdout] test languages::java::test::finds_names_in_method_reference ... ok
[INFO] [stdout] test languages::java::test::finds_names_in_requires_with_modifiers ... ok
[INFO] [stdout] test languages::java::test::finds_names_in_main ... ok
[INFO] [stdout] test languages::java::test::finds_names_in_synchronized_statement ... ok
[INFO] [stdout] test languages::java::test::finds_names_in_for_with_expression ... ok
[INFO] [stdout] test languages::java::test::finds_names_with_asterisk_import_declaration ... ok
[INFO] [stdout] test languages::java::test::finds_names_in_unscoped_import_declaration ... ok
[INFO] [stdout] test languages::python::test::finds_boto3_resource ... ok
[INFO] [stdout] test languages::java::test::finds_names_via_super ... ok
[INFO] [stdout] test languages::test::extracts_non_overlapping_extents ... ok
[INFO] [stdout] test languages::java::test::finds_names_in_module_declaration ... ok
[INFO] [stdout] test languages::python::test::finds_local_fields_through_self_parameter ... ok
[INFO] [stdout] test languages::python::test::finds_unicode_name ... ok
[INFO] [stdout] test languages::python::test::finds_image_open ... ok
[INFO] [stdout] test languages::test::find_lines_with_max_names_makes_end_appears_after_max_count_if_lines_can_continue_within_limit ... ok
[INFO] [stdout] test languages::test::converts_fully_qualified_name_to_string ... ok
[INFO] [stdout] test languages::test::find_lines_with_max_names_collect_maximum_names_for_windows_of_varying_size ... ok
[INFO] [stdout] test languages::python::test::finds_names_in_type_annotation ... ok
[INFO] [stdout] test languages::python::test::finds_names_in_nested_comprehension_expressions ... ok
[INFO] [stdout] test languages::python::test::finds_names_in_legacy_print_statement ... ok
[INFO] [stdout] test languages::python::test::finds_names_through_global_statements ... ok
[INFO] [stdout] test languages::test::find_lines_with_max_names_makes_start_and_end_move_ahead_as_much_as_they_can ... ok
[INFO] [stdout] test languages::test::find_lines_with_max_names_makes_start_retained_if_no_more_lines_can_be_collected_after_end ... ok
[INFO] [stdout] test languages::python::test::finds_names_in_try_catch ... ok
[INFO] [stdout] test languages::python::test::finds_names_in_decorated_definition ... ok
[INFO] [stdout] test languages::python::test::finds_names_in_basic_constructs ... ok
[INFO] [stdout] test languages::python::test::finds_names_in_generator_argument ... ok
[INFO] [stdout] test languages::test::find_lines_with_max_names_needs_unique_names_for_count ... ok
[INFO] [stdout] test languages::test::find_lines_with_max_names_work_with_different_lines_size ... ok
[INFO] [stdout] test languages::test::narrows_names_to_extent ... ok
[INFO] [stdout] test languages::test::find_lines_with_max_names_makes_window_advance_for_a_count_of_one ... ok
[INFO] [stdout] test languages::typescript::test::finds_import_require_declaration_name ... ok
[INFO] [stdout] test languages::typescript::test::falls_back_to_full_document_scope ... ok
[INFO] [stdout] test languages::test::finds_correct_lines_with_max_names_slides_window_correctly ... ok
[INFO] [stdout] test languages::python::test::finds_relevant_snippet ... ok
[INFO] [stdout] test languages::typescript::test::finds_names_in_for_in_member ... ok
[INFO] [stdout] test languages::typescript::test::finds_fields_through_constructor ... ok
[INFO] [stdout] test languages::test::narrows_names_to_matches ... ok
[INFO] [stdout] test languages::typescript::test::finds_names_in_basic_constructs ... ok
[INFO] [stdout] test languages::typescript::test::finds_functions_declared_after_use ... ok
[INFO] [stdout] test languages::typescript::test::finds_names_in_exports ... ok
[INFO] [stdout] test languages::typescript::test::finds_names_in_for_in_with_default_value ... ok
[INFO] [stdout] test languages::typescript::test::finds_external_names_imported_via_require ... ok
[INFO] [stdout] test languages::typescript::test::finds_names_in_for_loops ... ok
[INFO] [stdout] test languages::typescript::test::finds_names_in_jsx ... ok
[INFO] [stdout] test languages::typescript::test::finds_names_in_optional_chain ... ok
[INFO] [stdout] test languages::java::test::finds_relevant_snippet ... ok
[INFO] [stdout] test languages::typescript::test::finds_names_in_satisfies_example ... ok
[INFO] [stdout] test languages::typescript::test::finds_names_in_parenthesized_expression ... ok
[INFO] [stdout] test languages::typescript::test::finds_names_in_tuple_type ... ok
[INFO] [stdout] test languages::typescript::test::finds_names_in_type_annotated_condition ... ok
[INFO] [stdout] test languages::typescript::test::finds_names_property_signature_with_modifiers ... ok
[INFO] [stdout] test languages::typescript::test::finds_names_via_namespace_alias ... ok
[INFO] [stdout] test languages::typescript::test::finds_relevant_snippet ... ok
[INFO] [stdout] test languages::typescript::test::finds_unicode_name ... ok
[INFO] [stdout] test languages::typescript::test::ignores_relative_imports_in_fully_qualified_names ... ok
[INFO] [stdout] test languages::typescript::test::finds_shortest_out_of_relevant_snippets ... ok
[INFO] [stdout] test languages::typescript::test::ignores_named_scopes_without_relevant_name_occurrences ... ok
[INFO] [stdout] test languages::typescript::test::ignores_syntax_errors ... ok
[INFO] [stdout] test languages::typescript::test::trims_names_and_ignores_empty_source_after_trailing_slash_in_import ... ok
[INFO] [stdout] test languages::typescript::project::test::finds_names_via_dependency_types ... FAILED
[INFO] [stderr] error: test failed, to rerun pass `--lib`
[INFO] [stdout] 
[INFO] [stdout] failures:
[INFO] [stdout] 
[INFO] [stdout] ---- languages::typescript::project::test::finds_names_via_dependency_types stdout ----
[INFO] [stdout] thread 'languages::typescript::project::test::finds_names_via_dependency_types' panicked at src/languages/typescript/project/mod.rs:238:50:
[INFO] [stdout] called `Result::unwrap()` on an `Err` value: No such file or directory (os error 2)
[INFO] [stdout] 
[INFO] [stdout] Location:
[INFO] [stdout]     src/languages/typescript/project/mod.rs:56:23
[INFO] [stdout] stack backtrace:
[INFO] [stdout]    0:     0x5b0747b9c26a - std::backtrace_rs::backtrace::libunwind::trace::h5a5b8284f2d0c266
[INFO] [stdout]                                at /rustc/90b35a6239c3d8bdabc530a6a0816f7ff89a0aaf/library/std/src/../../backtrace/src/backtrace/libunwind.rs:116:5
[INFO] [stdout]    1:     0x5b0747b9c26a - std::backtrace_rs::backtrace::trace_unsynchronized::h76d4f1c9b0b875e3
[INFO] [stdout]                                at /rustc/90b35a6239c3d8bdabc530a6a0816f7ff89a0aaf/library/std/src/../../backtrace/src/backtrace/mod.rs:66:5
[INFO] [stdout]    2:     0x5b0747b9c26a - std::sys::backtrace::_print_fmt::hc4546b8364a537c6
[INFO] [stdout]                                at /rustc/90b35a6239c3d8bdabc530a6a0816f7ff89a0aaf/library/std/src/sys/backtrace.rs:66:9
[INFO] [stdout]    3:     0x5b0747b9c26a - <std::sys::backtrace::BacktraceLock::print::DisplayBacktrace as core::fmt::Display>::fmt::h5b6bd5631a6d1f6b
[INFO] [stdout]                                at /rustc/90b35a6239c3d8bdabc530a6a0816f7ff89a0aaf/library/std/src/sys/backtrace.rs:39:26
[INFO] [stdout]    4:     0x5b0747bc1c83 - core::fmt::rt::Argument::fmt::h270f6602a2b96f62
[INFO] [stdout]                                at /rustc/90b35a6239c3d8bdabc530a6a0816f7ff89a0aaf/library/core/src/fmt/rt.rs:177:76
[INFO] [stdout]    5:     0x5b0747bc1c83 - core::fmt::write::h7550c97b06c86515
[INFO] [stdout]                                at /rustc/90b35a6239c3d8bdabc530a6a0816f7ff89a0aaf/library/core/src/fmt/mod.rs:1186:21
[INFO] [stdout]    6:     0x5b0747b98f33 - std::io::Write::write_fmt::h509ff860e5956e5e
[INFO] [stdout]                                at /rustc/90b35a6239c3d8bdabc530a6a0816f7ff89a0aaf/library/std/src/io/mod.rs:1839:15
[INFO] [stdout]    7:     0x5b0747b9c0b2 - std::sys::backtrace::BacktraceLock::print::h2395ccd2c84ba3aa
[INFO] [stdout]                                at /rustc/90b35a6239c3d8bdabc530a6a0816f7ff89a0aaf/library/std/src/sys/backtrace.rs:42:9
[INFO] [stdout]    8:     0x5b0747b9d6ca - std::panicking::default_hook::{{closure}}::he19d4c7230e07961
[INFO] [stdout]                                at /rustc/90b35a6239c3d8bdabc530a6a0816f7ff89a0aaf/library/std/src/panicking.rs:268:22
[INFO] [stdout]    9:     0x5b0747b9d4d4 - std::panicking::default_hook::hf614597d3c67bbdb
[INFO] [stdout]                                at /rustc/90b35a6239c3d8bdabc530a6a0816f7ff89a0aaf/library/std/src/panicking.rs:292:9
[INFO] [stdout]   10:     0x5b07478b5a39 - <alloc::boxed::Box<F,A> as core::ops::function::Fn<Args>>::call::h39b51ce4599c23d1
[INFO] [stdout]                                at /rustc/90b35a6239c3d8bdabc530a6a0816f7ff89a0aaf/library/alloc/src/boxed.rs:2468:9
[INFO] [stdout]   11:     0x5b07478b5a39 - test::test_main::{{closure}}::he977ae839a582784
[INFO] [stdout]                                at /rustc/90b35a6239c3d8bdabc530a6a0816f7ff89a0aaf/library/test/src/lib.rs:133:21
[INFO] [stdout]   12:     0x5b0747b9dd68 - <alloc::boxed::Box<F,A> as core::ops::function::Fn<Args>>::call::h9455091b6b06f9fb
[INFO] [stdout]                                at /rustc/90b35a6239c3d8bdabc530a6a0816f7ff89a0aaf/library/alloc/src/boxed.rs:2468:9
[INFO] [stdout]   13:     0x5b0747b9dd68 - std::panicking::rust_panic_with_hook::h8942133a8b252070
[INFO] [stdout]                                at /rustc/90b35a6239c3d8bdabc530a6a0816f7ff89a0aaf/library/std/src/panicking.rs:809:13
[INFO] [stdout]   14:     0x5b0747b9db2a - std::panicking::begin_panic_handler::{{closure}}::hb5f5963570096b29
[INFO] [stdout]                                at /rustc/90b35a6239c3d8bdabc530a6a0816f7ff89a0aaf/library/std/src/panicking.rs:674:13
[INFO] [stdout]   15:     0x5b0747b9c749 - std::sys::backtrace::__rust_end_short_backtrace::h6208cedc1922feda
[INFO] [stdout]                                at /rustc/90b35a6239c3d8bdabc530a6a0816f7ff89a0aaf/library/std/src/sys/backtrace.rs:170:18
[INFO] [stdout]   16:     0x5b0747b9d7bc - rust_begin_unwind
[INFO] [stdout]                                at /rustc/90b35a6239c3d8bdabc530a6a0816f7ff89a0aaf/library/std/src/panicking.rs:665:5
[INFO] [stdout]   17:     0x5b0747655240 - core::panicking::panic_fmt::h0c3082644d1bf418
[INFO] [stdout]                                at /rustc/90b35a6239c3d8bdabc530a6a0816f7ff89a0aaf/library/core/src/panicking.rs:74:14
[INFO] [stdout]   18:     0x5b07476556c6 - core::result::unwrap_failed::hd20b4aa073bda1e2
[INFO] [stdout]                                at /rustc/90b35a6239c3d8bdabc530a6a0816f7ff89a0aaf/library/core/src/result.rs:1700:5
[INFO] [stdout]   19:     0x5b07477c0dad - core::result::Result<T,E>::unwrap::hb87c52cffa999d9b
[INFO] [stdout]                                at /rustc/90b35a6239c3d8bdabc530a6a0816f7ff89a0aaf/library/core/src/result.rs:1104:23
[INFO] [stdout]   20:     0x5b07477c0dad - aws_fully_qualified_names::languages::typescript::project::test::finds_names_via_dependency_types::he744aa94893badd1
[INFO] [stdout]                                at /opt/rustwide/workdir/src/languages/typescript/project/mod.rs:238:23
[INFO] [stdout]   21:     0x5b07477c0c57 - aws_fully_qualified_names::languages::typescript::project::test::finds_names_via_dependency_types::{{closure}}::he2a9d7f5a1fd78a2
[INFO] [stdout]                                at /opt/rustwide/workdir/src/languages/typescript/project/mod.rs:234:42
[INFO] [stdout]   22:     0x5b0747755456 - core::ops::function::FnOnce::call_once::h7d6ae20ac0f1c5e8
[INFO] [stdout]                                at /rustc/90b35a6239c3d8bdabc530a6a0816f7ff89a0aaf/library/core/src/ops/function.rs:250:5
[INFO] [stdout]   23:     0x5b07478ba3fb - core::ops::function::FnOnce::call_once::h109cf8051a59b34e
[INFO] [stdout]                                at /rustc/90b35a6239c3d8bdabc530a6a0816f7ff89a0aaf/library/core/src/ops/function.rs:250:5
[INFO] [stdout]   24:     0x5b07478ba3fb - test::__rust_begin_short_backtrace::hf4fff89d377446ba
[INFO] [stdout]                                at /rustc/90b35a6239c3d8bdabc530a6a0816f7ff89a0aaf/library/test/src/lib.rs:621:18
[INFO] [stdout]   25:     0x5b07478b9c37 - test::run_test_in_process::{{closure}}::h0e39181dd7ee5a43
[INFO] [stdout]                                at /rustc/90b35a6239c3d8bdabc530a6a0816f7ff89a0aaf/library/test/src/lib.rs:644:60
[INFO] [stdout]   26:     0x5b07478b9c37 - <core::panic::unwind_safe::AssertUnwindSafe<F> as core::ops::function::FnOnce<()>>::call_once::hc5a66a30f0bdfd1f
[INFO] [stdout]                                at /rustc/90b35a6239c3d8bdabc530a6a0816f7ff89a0aaf/library/core/src/panic/unwind_safe.rs:272:9
[INFO] [stdout]   27:     0x5b07478b9c37 - std::panicking::try::do_call::h873b7cf639554a5e
[INFO] [stdout]                                at /rustc/90b35a6239c3d8bdabc530a6a0816f7ff89a0aaf/library/std/src/panicking.rs:557:40
[INFO] [stdout]   28:     0x5b07478b9c37 - std::panicking::try::hdb19862fad9c8bd1
[INFO] [stdout]                                at /rustc/90b35a6239c3d8bdabc530a6a0816f7ff89a0aaf/library/std/src/panicking.rs:520:19
[INFO] [stdout]   29:     0x5b07478b9c37 - std::panic::catch_unwind::h281fe732d236d260
[INFO] [stdout]                                at /rustc/90b35a6239c3d8bdabc530a6a0816f7ff89a0aaf/library/std/src/panic.rs:358:14
[INFO] [stdout]   30:     0x5b07478b9c37 - test::run_test_in_process::h949b6df8457ed338
[INFO] [stdout]                                at /rustc/90b35a6239c3d8bdabc530a6a0816f7ff89a0aaf/library/test/src/lib.rs:644:27
[INFO] [stdout]   31:     0x5b07478b9c37 - test::run_test::{{closure}}::h52c556a6d4740e10
[INFO] [stdout]                                at /rustc/90b35a6239c3d8bdabc530a6a0816f7ff89a0aaf/library/test/src/lib.rs:565:43
[INFO] [stdout]   32:     0x5b074787ef14 - test::run_test::{{closure}}::h4237f6381c45ccb9
[INFO] [stdout]                                at /rustc/90b35a6239c3d8bdabc530a6a0816f7ff89a0aaf/library/test/src/lib.rs:595:41
[INFO] [stdout]   33:     0x5b074787ef14 - std::sys::backtrace::__rust_begin_short_backtrace::h505c97a579eca628
[INFO] [stdout]                                at /rustc/90b35a6239c3d8bdabc530a6a0816f7ff89a0aaf/library/std/src/sys/backtrace.rs:154:18
[INFO] [stdout]   34:     0x5b07478825de - std::thread::Builder::spawn_unchecked_::{{closure}}::{{closure}}::h9e86b2e2bc107ea3
[INFO] [stdout]                                at /rustc/90b35a6239c3d8bdabc530a6a0816f7ff89a0aaf/library/std/src/thread/mod.rs:538:17
[INFO] [stdout]   35:     0x5b07478825de - <core::panic::unwind_safe::AssertUnwindSafe<F> as core::ops::function::FnOnce<()>>::call_once::h8b06ddb275ff4a25
[INFO] [stdout]                                at /rustc/90b35a6239c3d8bdabc530a6a0816f7ff89a0aaf/library/core/src/panic/unwind_safe.rs:272:9
[INFO] [stdout]   36:     0x5b07478825de - std::panicking::try::do_call::hb26ecd7cd9a9355d
[INFO] [stdout]                                at /rustc/90b35a6239c3d8bdabc530a6a0816f7ff89a0aaf/library/std/src/panicking.rs:557:40
[INFO] [stdout]   37:     0x5b07478825de - std::panicking::try::h8ddeca9d705f9069
[INFO] [stdout]                                at /rustc/90b35a6239c3d8bdabc530a6a0816f7ff89a0aaf/library/std/src/panicking.rs:520:19
[INFO] [stdout]   38:     0x5b07478825de - std::panic::catch_unwind::h49e1c33078844c46
[INFO] [stdout]                                at /rustc/90b35a6239c3d8bdabc530a6a0816f7ff89a0aaf/library/std/src/panic.rs:358:14
[INFO] [stdout]   39:     0x5b07478825de - std::thread::Builder::spawn_unchecked_::{{closure}}::h6073db6ff56ad35d
[INFO] [stdout]                                at /rustc/90b35a6239c3d8bdabc530a6a0816f7ff89a0aaf/library/std/src/thread/mod.rs:537:30
[INFO] [stdout]   40:     0x5b07478825de - core::ops::function::FnOnce::call_once{{vtable.shim}}::h2c5a5f3779c774f1
[INFO] [stdout]                                at /rustc/90b35a6239c3d8bdabc530a6a0816f7ff89a0aaf/library/core/src/ops/function.rs:250:5
[INFO] [stdout]   41:     0x5b0747ba1b3b - <alloc::boxed::Box<F,A> as core::ops::function::FnOnce<Args>>::call_once::hf75717d9f28faebf
[INFO] [stdout]                                at /rustc/90b35a6239c3d8bdabc530a6a0816f7ff89a0aaf/library/alloc/src/boxed.rs:2454:9
[INFO] [stdout]   42:     0x5b0747ba1b3b - <alloc::boxed::Box<F,A> as core::ops::function::FnOnce<Args>>::call_once::h7bd883a5f3c5f3c1
[INFO] [stdout]                                at /rustc/90b35a6239c3d8bdabc530a6a0816f7ff89a0aaf/library/alloc/src/boxed.rs:2454:9
[INFO] [stdout]   43:     0x5b0747ba1b3b - std::sys::pal::unix::thread::Thread::new::thread_start::hcc78f3943333fa94
[INFO] [stdout]                                at /rustc/90b35a6239c3d8bdabc530a6a0816f7ff89a0aaf/library/std/src/sys/pal/unix/thread.rs:105:17
[INFO] [stdout]   44:     0x716d11853ac3 - <unknown>
[INFO] [stdout]   45:     0x716d118e4a04 - clone
[INFO] [stdout]   46:                0x0 - <unknown>
[INFO] [stdout] 
[INFO] [stdout] 
[INFO] [stdout] failures:
[INFO] [stdout]     languages::typescript::project::test::finds_names_via_dependency_types
[INFO] [stdout] 
[INFO] [stdout] test result: FAILED. 89 passed; 1 failed; 0 ignored; 0 measured; 0 filtered out; finished in 0.11s
[INFO] [stdout] 
[INFO] running `Command { std: "docker" "inspect" "ac6f2ed747c41c61a287b01d7dbede70bad6b7c9f0dd103d5261c955239a9f35", kill_on_drop: false }`
[INFO] running `Command { std: "docker" "rm" "-f" "ac6f2ed747c41c61a287b01d7dbede70bad6b7c9f0dd103d5261c955239a9f35", kill_on_drop: false }`
[INFO] [stdout] ac6f2ed747c41c61a287b01d7dbede70bad6b7c9f0dd103d5261c955239a9f35
