[INFO] fetching crate awint_core 0.17.0...
[INFO] testing awint_core-0.17.0 against beta-2024-12-08 for beta-1.84.0-4-retry
[INFO] extracting crate awint_core 0.17.0 into /workspace/builds/worker-2-tc2/source
[INFO] validating manifest of crates.io crate awint_core 0.17.0 on toolchain beta-2024-12-08
[INFO] running `Command { std: CARGO_HOME="/workspace/cargo-home" RUSTUP_HOME="/workspace/rustup-home" "/workspace/cargo-home/bin/cargo" "+beta-2024-12-08" "metadata" "--manifest-path" "Cargo.toml" "--no-deps", kill_on_drop: false }`
[INFO] started tweaking crates.io crate awint_core 0.17.0
[INFO] finished tweaking crates.io crate awint_core 0.17.0
[INFO] tweaked toml for crates.io crate awint_core 0.17.0 written to /workspace/builds/worker-2-tc2/source/Cargo.toml
[INFO] running `Command { std: CARGO_HOME="/workspace/cargo-home" RUSTUP_HOME="/workspace/rustup-home" "/workspace/cargo-home/bin/cargo" "+beta-2024-12-08" "generate-lockfile" "--manifest-path" "Cargo.toml", kill_on_drop: false }`
[INFO] [stderr]     Updating crates.io index
[INFO] [stderr]      Locking 14 packages to latest compatible versions
[INFO] running `Command { std: CARGO_HOME="/workspace/cargo-home" RUSTUP_HOME="/workspace/rustup-home" "/workspace/cargo-home/bin/cargo" "+beta-2024-12-08" "fetch" "--manifest-path" "Cargo.toml", kill_on_drop: false }`
[INFO] running `Command { std: "docker" "create" "-v" "/var/lib/crater-agent-workspace/builds/worker-2-tc2/target:/opt/rustwide/target:rw,Z" "-v" "/var/lib/crater-agent-workspace/builds/worker-2-tc2/source:/opt/rustwide/workdir:ro,Z" "-v" "/var/lib/crater-agent-workspace/cargo-home:/opt/rustwide/cargo-home:ro,Z" "-v" "/var/lib/crater-agent-workspace/rustup-home:/opt/rustwide/rustup-home:ro,Z" "-e" "SOURCE_DIR=/opt/rustwide/workdir" "-e" "CARGO_TARGET_DIR=/opt/rustwide/target" "-e" "CARGO_HOME=/opt/rustwide/cargo-home" "-e" "RUSTUP_HOME=/opt/rustwide/rustup-home" "-w" "/opt/rustwide/workdir" "-m" "1610612736" "--user" "0:0" "--network" "none" "ghcr.io/rust-lang/crates-build-env/linux@sha256:f3a9d4ad9d972b27faf3965f35b62e55ba32bbce8f20bc8fe909558a86702fde" "/opt/rustwide/cargo-home/bin/cargo" "+beta-2024-12-08" "metadata" "--no-deps" "--format-version=1", kill_on_drop: false }`
[INFO] [stdout] e3b746a6a3013052f5b17c313ca7deb0747e7a20951170a127d6bb749257026e
[INFO] running `Command { std: "docker" "start" "-a" "e3b746a6a3013052f5b17c313ca7deb0747e7a20951170a127d6bb749257026e", kill_on_drop: false }`
[INFO] running `Command { std: "docker" "inspect" "e3b746a6a3013052f5b17c313ca7deb0747e7a20951170a127d6bb749257026e", kill_on_drop: false }`
[INFO] running `Command { std: "docker" "rm" "-f" "e3b746a6a3013052f5b17c313ca7deb0747e7a20951170a127d6bb749257026e", kill_on_drop: false }`
[INFO] [stdout] e3b746a6a3013052f5b17c313ca7deb0747e7a20951170a127d6bb749257026e
[INFO] running `Command { std: "docker" "create" "-v" "/var/lib/crater-agent-workspace/builds/worker-2-tc2/target:/opt/rustwide/target:rw,Z" "-v" "/var/lib/crater-agent-workspace/builds/worker-2-tc2/source:/opt/rustwide/workdir:ro,Z" "-v" "/var/lib/crater-agent-workspace/cargo-home:/opt/rustwide/cargo-home:ro,Z" "-v" "/var/lib/crater-agent-workspace/rustup-home:/opt/rustwide/rustup-home:ro,Z" "-e" "SOURCE_DIR=/opt/rustwide/workdir" "-e" "CARGO_TARGET_DIR=/opt/rustwide/target" "-e" "CARGO_INCREMENTAL=0" "-e" "RUST_BACKTRACE=full" "-e" "RUSTFLAGS=--cap-lints=warn" "-e" "RUSTDOCFLAGS=--cap-lints=warn" "-e" "CARGO_HOME=/opt/rustwide/cargo-home" "-e" "RUSTUP_HOME=/opt/rustwide/rustup-home" "-w" "/opt/rustwide/workdir" "-m" "1610612736" "--user" "0:0" "--network" "none" "ghcr.io/rust-lang/crates-build-env/linux@sha256:f3a9d4ad9d972b27faf3965f35b62e55ba32bbce8f20bc8fe909558a86702fde" "/opt/rustwide/cargo-home/bin/cargo" "+beta-2024-12-08" "build" "--frozen" "--message-format=json", kill_on_drop: false }`
[INFO] [stdout] 86d23d2ce2aaeb236329f198f6c56126fec6671804308fea3f883596ca081b60
[INFO] running `Command { std: "docker" "start" "-a" "86d23d2ce2aaeb236329f198f6c56126fec6671804308fea3f883596ca081b60", kill_on_drop: false }`
[INFO] [stderr]    Compiling const_fn v0.4.10
[INFO] [stderr]    Compiling awint_internals v0.17.0
[INFO] [stderr]    Compiling awint_core v0.17.0 (/opt/rustwide/workdir)
[INFO] [stderr]     Finished `dev` profile [unoptimized + debuginfo] target(s) in 1.24s
[INFO] running `Command { std: "docker" "inspect" "86d23d2ce2aaeb236329f198f6c56126fec6671804308fea3f883596ca081b60", kill_on_drop: false }`
[INFO] running `Command { std: "docker" "rm" "-f" "86d23d2ce2aaeb236329f198f6c56126fec6671804308fea3f883596ca081b60", kill_on_drop: false }`
[INFO] [stdout] 86d23d2ce2aaeb236329f198f6c56126fec6671804308fea3f883596ca081b60
[INFO] running `Command { std: "docker" "create" "-v" "/var/lib/crater-agent-workspace/builds/worker-2-tc2/target:/opt/rustwide/target:rw,Z" "-v" "/var/lib/crater-agent-workspace/builds/worker-2-tc2/source:/opt/rustwide/workdir:ro,Z" "-v" "/var/lib/crater-agent-workspace/cargo-home:/opt/rustwide/cargo-home:ro,Z" "-v" "/var/lib/crater-agent-workspace/rustup-home:/opt/rustwide/rustup-home:ro,Z" "-e" "SOURCE_DIR=/opt/rustwide/workdir" "-e" "CARGO_TARGET_DIR=/opt/rustwide/target" "-e" "CARGO_INCREMENTAL=0" "-e" "RUST_BACKTRACE=full" "-e" "RUSTFLAGS=--cap-lints=warn" "-e" "RUSTDOCFLAGS=--cap-lints=warn" "-e" "CARGO_HOME=/opt/rustwide/cargo-home" "-e" "RUSTUP_HOME=/opt/rustwide/rustup-home" "-w" "/opt/rustwide/workdir" "-m" "1610612736" "--user" "0:0" "--network" "none" "ghcr.io/rust-lang/crates-build-env/linux@sha256:f3a9d4ad9d972b27faf3965f35b62e55ba32bbce8f20bc8fe909558a86702fde" "/opt/rustwide/cargo-home/bin/cargo" "+beta-2024-12-08" "test" "--frozen" "--no-run" "--message-format=json", kill_on_drop: false }`
[INFO] [stdout] 90fb50c6126a7ae0b2e5241fb524b0221b6bafc35dde0b8e287638b9f97a7dcb
[INFO] running `Command { std: "docker" "start" "-a" "90fb50c6126a7ae0b2e5241fb524b0221b6bafc35dde0b8e287638b9f97a7dcb", kill_on_drop: false }`
[INFO] [stderr]    Compiling proc-macro2 v1.0.92
[INFO] [stderr]    Compiling unicode-ident v1.0.14
[INFO] [stderr]    Compiling serde v1.0.216
[INFO] [stderr]    Compiling base64 v0.21.7
[INFO] [stderr]    Compiling rand_core v0.6.4
[INFO] [stderr]    Compiling rand_xoshiro v0.6.0
[INFO] [stderr]    Compiling quote v1.0.37
[INFO] [stderr]    Compiling syn v2.0.90
[INFO] [stderr]    Compiling serde_derive v1.0.216
[INFO] [stderr]    Compiling bitflags v2.6.0
[INFO] [stderr]    Compiling ron v0.8.1
[INFO] [stderr]    Compiling awint_core v0.17.0 (/opt/rustwide/workdir)
[INFO] [stderr]     Finished `test` profile [unoptimized + debuginfo] target(s) in 9.25s
[INFO] running `Command { std: "docker" "inspect" "90fb50c6126a7ae0b2e5241fb524b0221b6bafc35dde0b8e287638b9f97a7dcb", kill_on_drop: false }`
[INFO] running `Command { std: "docker" "rm" "-f" "90fb50c6126a7ae0b2e5241fb524b0221b6bafc35dde0b8e287638b9f97a7dcb", kill_on_drop: false }`
[INFO] [stdout] 90fb50c6126a7ae0b2e5241fb524b0221b6bafc35dde0b8e287638b9f97a7dcb
[INFO] running `Command { std: "docker" "create" "-v" "/var/lib/crater-agent-workspace/builds/worker-2-tc2/target:/opt/rustwide/target:rw,Z" "-v" "/var/lib/crater-agent-workspace/builds/worker-2-tc2/source:/opt/rustwide/workdir:ro,Z" "-v" "/var/lib/crater-agent-workspace/cargo-home:/opt/rustwide/cargo-home:ro,Z" "-v" "/var/lib/crater-agent-workspace/rustup-home:/opt/rustwide/rustup-home:ro,Z" "-e" "SOURCE_DIR=/opt/rustwide/workdir" "-e" "CARGO_TARGET_DIR=/opt/rustwide/target" "-e" "CARGO_INCREMENTAL=0" "-e" "RUST_BACKTRACE=full" "-e" "RUSTFLAGS=--cap-lints=warn" "-e" "RUSTDOCFLAGS=--cap-lints=warn" "-e" "CARGO_HOME=/opt/rustwide/cargo-home" "-e" "RUSTUP_HOME=/opt/rustwide/rustup-home" "-w" "/opt/rustwide/workdir" "-m" "1610612736" "--user" "0:0" "--network" "none" "ghcr.io/rust-lang/crates-build-env/linux@sha256:f3a9d4ad9d972b27faf3965f35b62e55ba32bbce8f20bc8fe909558a86702fde" "/opt/rustwide/cargo-home/bin/cargo" "+beta-2024-12-08" "test" "--frozen", kill_on_drop: false }`
[INFO] [stdout] e331c0df935d83313171ccd951f4f8c8ee6ad87d922aec76337f7a51cf93730f
[INFO] running `Command { std: "docker" "start" "-a" "e331c0df935d83313171ccd951f4f8c8ee6ad87d922aec76337f7a51cf93730f", kill_on_drop: false }`
[INFO] [stderr]     Finished `test` profile [unoptimized + debuginfo] target(s) in 0.03s
[INFO] [stdout] 
[INFO] [stderr]      Running unittests src/lib.rs (/opt/rustwide/target/debug/deps/awint_core-a3b38cee2ba134c5)
[INFO] [stdout] running 1 test
[INFO] [stdout] test logic::permute::digit_rotate_test ... ok
[INFO] [stdout] 
[INFO] [stdout] test result: ok. 1 passed; 0 failed; 0 ignored; 0 measured; 0 filtered out; finished in 0.00s
[INFO] [stdout] 
[INFO] [stderr]    Doc-tests awint_core
[INFO] [stdout] 
[INFO] [stdout] running 10 tests
[INFO] [stdout] test src/logic/misc.rs - logic::misc::Bits::lut_ (line 444) ... FAILED
[INFO] [stdout] test src/data/bits.rs - data::bits::Bits::fmt (line 677) ... FAILED
[INFO] [stdout] test src/logic/misc.rs - logic::misc::Bits::field (line 131) ... FAILED
[INFO] [stdout] test src/data/bits.rs - data::bits::Bits::fmt (line 707) ... FAILED
[INFO] [stdout] test src/data/bits.rs - data::bits::Bits::fmt (line 692) ... FAILED
[INFO] [stdout] test src/logic/mul.rs - logic::mul::Bits::arb_umul_add_ (line 114) ... FAILED
[INFO] [stdout] test src/logic/permute.rs - logic::permute::Bits::rotl_ (line 323) ... FAILED
[INFO] [stdout] test src/data/bits.rs - data::bits::Bits::fmt (line 722) ... FAILED
[INFO] [stdout] test src/data/inlawi.rs - data::inlawi::InlAwi (line 40) ... FAILED
[INFO] [stdout] test src/logic/permute.rs - logic::permute::Bits::funnel_ (line 536) ... FAILED
[INFO] [stdout] 
[INFO] [stdout] failures:
[INFO] [stdout] 
[INFO] [stdout] ---- src/logic/misc.rs - logic::misc::Bits::lut_ (line 444) stdout ----
[INFO] [stdout] error[E0432]: unresolved import `awint`
[INFO] [stdout]  --> src/logic/misc.rs:445:5
[INFO] [stdout]   |
[INFO] [stdout] 3 | use awint::{inlawi, Bits, InlAwi};
[INFO] [stdout]   |     ^^^^^ use of undeclared crate or module `awint`
[INFO] [stdout] 
[INFO] [stdout] error: aborting due to 1 previous error
[INFO] [stdout] 
[INFO] [stdout] For more information about this error, try `rustc --explain E0432`.
[INFO] [stdout] Couldn't compile the test.
[INFO] [stdout] ---- src/data/bits.rs - data::bits::Bits::fmt (line 677) stdout ----
[INFO] [stdout] error[E0432]: unresolved import `awint`
[INFO] [stdout]  --> src/data/bits.rs:678:5
[INFO] [stdout]   |
[INFO] [stdout] 3 | use awint::{inlawi, Bits, InlAwi};
[INFO] [stdout]   |     ^^^^^ use of undeclared crate or module `awint`
[INFO] [stdout] 
[INFO] [stdout] error: aborting due to 1 previous error
[INFO] [stdout] 
[INFO] [stdout] For more information about this error, try `rustc --explain E0432`.
[INFO] [stdout] Couldn't compile the test.
[INFO] [stdout] ---- src/logic/misc.rs - logic::misc::Bits::field (line 131) stdout ----
[INFO] [stdout] error[E0432]: unresolved import `awint`
[INFO] [stdout]  --> src/logic/misc.rs:132:5
[INFO] [stdout]   |
[INFO] [stdout] 3 | use awint::{inlawi, Bits, InlAwi};
[INFO] [stdout]   |     ^^^^^ use of undeclared crate or module `awint`
[INFO] [stdout] 
[INFO] [stdout] error: aborting due to 1 previous error
[INFO] [stdout] 
[INFO] [stdout] For more information about this error, try `rustc --explain E0432`.
[INFO] [stdout] Couldn't compile the test.
[INFO] [stdout] ---- src/data/bits.rs - data::bits::Bits::fmt (line 707) stdout ----
[INFO] [stdout] error[E0432]: unresolved import `awint`
[INFO] [stdout]  --> src/data/bits.rs:708:5
[INFO] [stdout]   |
[INFO] [stdout] 3 | use awint::{inlawi, Bits, InlAwi};
[INFO] [stdout]   |     ^^^^^ use of undeclared crate or module `awint`
[INFO] [stdout] 
[INFO] [stdout] error: aborting due to 1 previous error
[INFO] [stdout] 
[INFO] [stdout] For more information about this error, try `rustc --explain E0432`.
[INFO] [stdout] Couldn't compile the test.
[INFO] [stdout] ---- src/data/bits.rs - data::bits::Bits::fmt (line 692) stdout ----
[INFO] [stdout] error[E0432]: unresolved import `awint`
[INFO] [stdout]  --> src/data/bits.rs:693:5
[INFO] [stdout]   |
[INFO] [stdout] 3 | use awint::{inlawi, Bits, InlAwi};
[INFO] [stdout]   |     ^^^^^ use of undeclared crate or module `awint`
[INFO] [stdout] 
[INFO] [stdout] error: aborting due to 1 previous error
[INFO] [stdout] 
[INFO] [stdout] For more information about this error, try `rustc --explain E0432`.
[INFO] [stdout] Couldn't compile the test.
[INFO] [stdout] ---- src/logic/mul.rs - logic::mul::Bits::arb_umul_add_ (line 114) stdout ----
[INFO] [stdout] error[E0433]: failed to resolve: use of undeclared crate or module `awint`
[INFO] [stdout]  --> src/logic/mul.rs:115:5
[INFO] [stdout]   |
[INFO] [stdout] 3 | use awint::awi::*;
[INFO] [stdout]   |     ^^^^^ use of undeclared crate or module `awint`
[INFO] [stdout] 
[INFO] [stdout] error[E0412]: cannot find type `Bits` in this scope
[INFO] [stdout]  --> src/logic/mul.rs:117:24
[INFO] [stdout]   |
[INFO] [stdout] 5 | fn arb_umul_(add: &mut Bits, lhs: &Bits, rhs: &Bits) {
[INFO] [stdout]   |                        ^^^^ not found in this scope
[INFO] [stdout]   |
[INFO] [stdout] help: consider importing this struct
[INFO] [stdout]   |
[INFO] [stdout] 2 + use awint_core::Bits;
[INFO] [stdout]   |
[INFO] [stdout] 
[INFO] [stdout] error[E0412]: cannot find type `Bits` in this scope
[INFO] [stdout]  --> src/logic/mul.rs:117:36
[INFO] [stdout]   |
[INFO] [stdout] 5 | fn arb_umul_(add: &mut Bits, lhs: &Bits, rhs: &Bits) {
[INFO] [stdout]   |                                    ^^^^ not found in this scope
[INFO] [stdout]   |
[INFO] [stdout] help: consider importing this struct
[INFO] [stdout]   |
[INFO] [stdout] 2 + use awint_core::Bits;
[INFO] [stdout]   |
[INFO] [stdout] 
[INFO] [stdout] error[E0412]: cannot find type `Bits` in this scope
[INFO] [stdout]  --> src/logic/mul.rs:117:48
[INFO] [stdout]   |
[INFO] [stdout] 5 | fn arb_umul_(add: &mut Bits, lhs: &Bits, rhs: &Bits) {
[INFO] [stdout]   |                                                ^^^^ not found in this scope
[INFO] [stdout]   |
[INFO] [stdout] help: consider importing this struct
[INFO] [stdout]   |
[INFO] [stdout] 2 + use awint_core::Bits;
[INFO] [stdout]   |
[INFO] [stdout] 
[INFO] [stdout] error[E0433]: failed to resolve: use of undeclared type `Awi`
[INFO] [stdout]  --> src/logic/mul.rs:118:27
[INFO] [stdout]   |
[INFO] [stdout] 6 |     let mut resized_lhs = Awi::zero(add.nzbw());
[INFO] [stdout]   |                           ^^^ use of undeclared type `Awi`
[INFO] [stdout] 
[INFO] [stdout] error[E0433]: failed to resolve: use of undeclared type `Awi`
[INFO] [stdout]   --> src/logic/mul.rs:122:27
[INFO] [stdout]    |
[INFO] [stdout] 10 |     let mut resized_rhs = Awi::zero(add.nzbw());
[INFO] [stdout]    |                           ^^^ use of undeclared type `Awi`
[INFO] [stdout] 
[INFO] [stdout] error: aborting due to 6 previous errors
[INFO] [stdout] 
[INFO] [stdout] Some errors have detailed explanations: E0412, E0433.
[INFO] [stdout] For more information about an error, try `rustc --explain E0412`.
[INFO] [stdout] Couldn't compile the test.
[INFO] [stdout] ---- src/logic/permute.rs - logic::permute::Bits::rotl_ (line 323) stdout ----
[INFO] [stdout] error[E0433]: failed to resolve: use of undeclared crate or module `awint`
[INFO] [stdout]  --> src/logic/permute.rs:324:5
[INFO] [stdout]   |
[INFO] [stdout] 3 | use awint::awi::*;
[INFO] [stdout]   |     ^^^^^ use of undeclared crate or module `awint`
[INFO] [stdout] 
[INFO] [stdout] error: cannot find macro `inlawi` in this scope
[INFO] [stdout]  --> src/logic/permute.rs:325:17
[INFO] [stdout]   |
[INFO] [stdout] 4 | let mut input = inlawi!(0x4321u16);
[INFO] [stdout]   |                 ^^^^^^
[INFO] [stdout] 
[INFO] [stdout] error: cannot find macro `inlawi` in this scope
[INFO] [stdout]  --> src/logic/permute.rs:326:18
[INFO] [stdout]   |
[INFO] [stdout] 5 | let mut output = inlawi!(0u16);
[INFO] [stdout]   |                  ^^^^^^
[INFO] [stdout] 
[INFO] [stdout] error: cannot find macro `cc` in this scope
[INFO] [stdout]   --> src/logic/permute.rs:332:1
[INFO] [stdout]    |
[INFO] [stdout] 11 | cc!(input; output).unwrap();
[INFO] [stdout]    | ^^
[INFO] [stdout] 
[INFO] [stdout] error: cannot find macro `inlawi` in this scope
[INFO] [stdout]   --> src/logic/permute.rs:343:20
[INFO] [stdout]    |
[INFO] [stdout] 22 | assert_eq!(output, inlawi!(0x3214u16));
[INFO] [stdout]    |                    ^^^^^^
[INFO] [stdout] 
[INFO] [stdout] error: cannot find macro `awi` in this scope
[INFO] [stdout]   --> src/logic/permute.rs:346:26
[INFO] [stdout]    |
[INFO] [stdout] 25 | assert_eq!(using_rotate, awi!(0x3214u16));
[INFO] [stdout]    |                          ^^^
[INFO] [stdout] 
[INFO] [stdout] error: cannot find macro `inlawi` in this scope
[INFO] [stdout]   --> src/logic/permute.rs:356:13
[INFO] [stdout]    |
[INFO] [stdout] 35 | let mut x = inlawi!(0x4321u16);
[INFO] [stdout]    |             ^^^^^^
[INFO] [stdout] 
[INFO] [stdout] error: cannot find macro `inlawi` in this scope
[INFO] [stdout]   --> src/logic/permute.rs:359:15
[INFO] [stdout]    |
[INFO] [stdout] 38 | assert_eq!(x, inlawi!(0x3214u16));
[INFO] [stdout]    |               ^^^^^^
[INFO] [stdout] 
[INFO] [stdout] error[E0433]: failed to resolve: use of undeclared type `Awi`
[INFO] [stdout]   --> src/logic/permute.rs:331:15
[INFO] [stdout]    |
[INFO] [stdout] 10 | let mut tmp = Awi::from(input);
[INFO] [stdout]    |               ^^^ use of undeclared type `Awi`
[INFO] [stdout] 
[INFO] [stdout] error[E0433]: failed to resolve: use of undeclared type `Awi`
[INFO] [stdout]   --> src/logic/permute.rs:344:24
[INFO] [stdout]    |
[INFO] [stdout] 23 | let mut using_rotate = Awi::from(input);
[INFO] [stdout]    |                        ^^^ use of undeclared type `Awi`
[INFO] [stdout] 
[INFO] [stdout] error: aborting due to 10 previous errors
[INFO] [stdout] 
[INFO] [stdout] For more information about this error, try `rustc --explain E0433`.
[INFO] [stdout] Couldn't compile the test.
[INFO] [stdout] ---- src/data/bits.rs - data::bits::Bits::fmt (line 722) stdout ----
[INFO] [stdout] error[E0432]: unresolved import `awint`
[INFO] [stdout]  --> src/data/bits.rs:723:5
[INFO] [stdout]   |
[INFO] [stdout] 3 | use awint::{inlawi, Bits, InlAwi};
[INFO] [stdout]   |     ^^^^^ use of undeclared crate or module `awint`
[INFO] [stdout] 
[INFO] [stdout] error: aborting due to 1 previous error
[INFO] [stdout] 
[INFO] [stdout] For more information about this error, try `rustc --explain E0432`.
[INFO] [stdout] Couldn't compile the test.
[INFO] [stdout] ---- src/data/inlawi.rs - data::inlawi::InlAwi (line 40) stdout ----
[INFO] [stdout] error[E0432]: unresolved import `awint`
[INFO] [stdout]  --> src/data/inlawi.rs:41:5
[INFO] [stdout]   |
[INFO] [stdout] 3 | use awint::{cc, inlawi, inlawi_ty, Bits, InlAwi};
[INFO] [stdout]   |     ^^^^^ use of undeclared crate or module `awint`
[INFO] [stdout] 
[INFO] [stdout] error: aborting due to 1 previous error
[INFO] [stdout] 
[INFO] [stdout] For more information about this error, try `rustc --explain E0432`.
[INFO] [stdout] Couldn't compile the test.
[INFO] [stdout] ---- src/logic/permute.rs - logic::permute::Bits::funnel_ (line 536) stdout ----
[INFO] [stdout] error[E0433]: failed to resolve: use of undeclared crate or module `awint`
[INFO] [stdout]  --> src/logic/permute.rs:537:5
[INFO] [stdout]   |
[INFO] [stdout] 3 | use awint::awi::*;
[INFO] [stdout]   |     ^^^^^ use of undeclared crate or module `awint`
[INFO] [stdout] 
[INFO] [stdout] error: cannot find macro `inlawi` in this scope
[INFO] [stdout]  --> src/logic/permute.rs:538:15
[INFO] [stdout]   |
[INFO] [stdout] 4 | let mut lhs = inlawi!(0xffff_ffffu32);
[INFO] [stdout]   |               ^^^^^^
[INFO] [stdout] 
[INFO] [stdout] error: cannot find macro `inlawi` in this scope
[INFO] [stdout]  --> src/logic/permute.rs:539:15
[INFO] [stdout]   |
[INFO] [stdout] 5 | let mut rhs = inlawi!(0xfedc_ba98_7654_3210u64);
[INFO] [stdout]   |               ^^^^^^
[INFO] [stdout] 
[INFO] [stdout] error: cannot find macro `inlawi` in this scope
[INFO] [stdout]  --> src/logic/permute.rs:543:13
[INFO] [stdout]   |
[INFO] [stdout] 9 | let mut s = inlawi!(12u5);
[INFO] [stdout]   |             ^^^^^^
[INFO] [stdout] 
[INFO] [stdout] error: cannot find macro `inlawi` in this scope
[INFO] [stdout]   --> src/logic/permute.rs:545:17
[INFO] [stdout]    |
[INFO] [stdout] 11 | assert_eq!(lhs, inlawi!(0xa9876543_u32))
[INFO] [stdout]    |                 ^^^^^^
[INFO] [stdout] 
[INFO] [stdout] error: aborting due to 5 previous errors
[INFO] [stdout] 
[INFO] [stdout] For more information about this error, try `rustc --explain E0433`.
[INFO] [stdout] Couldn't compile the test.
[INFO] [stdout] 
[INFO] [stdout] failures:
[INFO] [stdout]     src/data/bits.rs - data::bits::Bits::fmt (line 677)
[INFO] [stdout]     src/data/bits.rs - data::bits::Bits::fmt (line 692)
[INFO] [stdout]     src/data/bits.rs - data::bits::Bits::fmt (line 707)
[INFO] [stdout]     src/data/bits.rs - data::bits::Bits::fmt (line 722)
[INFO] [stdout]     src/data/inlawi.rs - data::inlawi::InlAwi (line 40)
[INFO] [stdout]     src/logic/misc.rs - logic::misc::Bits::field (line 131)
[INFO] [stdout]     src/logic/misc.rs - logic::misc::Bits::lut_ (line 444)
[INFO] [stdout]     src/logic/mul.rs - logic::mul::Bits::arb_umul_add_ (line 114)
[INFO] [stdout]     src/logic/permute.rs - logic::permute::Bits::funnel_ (line 536)
[INFO] [stdout]     src/logic/permute.rs - logic::permute::Bits::rotl_ (line 323)
[INFO] [stdout] 
[INFO] [stdout] test result: FAILED. 0 passed; 10 failed; 0 ignored; 0 measured; 0 filtered out; finished in 0.20s
[INFO] [stdout] 
[INFO] [stderr] error: doctest failed, to rerun pass `--doc`
[INFO] running `Command { std: "docker" "inspect" "e331c0df935d83313171ccd951f4f8c8ee6ad87d922aec76337f7a51cf93730f", kill_on_drop: false }`
[INFO] running `Command { std: "docker" "rm" "-f" "e331c0df935d83313171ccd951f4f8c8ee6ad87d922aec76337f7a51cf93730f", kill_on_drop: false }`
[INFO] [stdout] e331c0df935d83313171ccd951f4f8c8ee6ad87d922aec76337f7a51cf93730f
