[INFO] fetching crate avrow 0.2.1...
[INFO] testing avrow-0.2.1 against beta-2024-12-08 for beta-1.84.0-4-retry
[INFO] extracting crate avrow 0.2.1 into /workspace/builds/worker-3-tc2/source
[INFO] validating manifest of crates.io crate avrow 0.2.1 on toolchain beta-2024-12-08
[INFO] running `Command { std: CARGO_HOME="/workspace/cargo-home" RUSTUP_HOME="/workspace/rustup-home" "/workspace/cargo-home/bin/cargo" "+beta-2024-12-08" "metadata" "--manifest-path" "Cargo.toml" "--no-deps", kill_on_drop: false }`
[INFO] started tweaking crates.io crate avrow 0.2.1
[INFO] finished tweaking crates.io crate avrow 0.2.1
[INFO] tweaked toml for crates.io crate avrow 0.2.1 written to /workspace/builds/worker-3-tc2/source/Cargo.toml
[INFO] crate crates.io crate avrow 0.2.1 already has a lockfile, it will not be regenerated
[INFO] running `Command { std: CARGO_HOME="/workspace/cargo-home" RUSTUP_HOME="/workspace/rustup-home" "/workspace/cargo-home/bin/cargo" "+beta-2024-12-08" "fetch" "--manifest-path" "Cargo.toml", kill_on_drop: false }`
[INFO] running `Command { std: "docker" "create" "-v" "/var/lib/crater-agent-workspace/builds/worker-3-tc2/target:/opt/rustwide/target:rw,Z" "-v" "/var/lib/crater-agent-workspace/builds/worker-3-tc2/source:/opt/rustwide/workdir:ro,Z" "-v" "/var/lib/crater-agent-workspace/cargo-home:/opt/rustwide/cargo-home:ro,Z" "-v" "/var/lib/crater-agent-workspace/rustup-home:/opt/rustwide/rustup-home:ro,Z" "-e" "SOURCE_DIR=/opt/rustwide/workdir" "-e" "CARGO_TARGET_DIR=/opt/rustwide/target" "-e" "CARGO_HOME=/opt/rustwide/cargo-home" "-e" "RUSTUP_HOME=/opt/rustwide/rustup-home" "-w" "/opt/rustwide/workdir" "-m" "1610612736" "--user" "0:0" "--network" "none" "ghcr.io/rust-lang/crates-build-env/linux@sha256:f3a9d4ad9d972b27faf3965f35b62e55ba32bbce8f20bc8fe909558a86702fde" "/opt/rustwide/cargo-home/bin/cargo" "+beta-2024-12-08" "metadata" "--no-deps" "--format-version=1", kill_on_drop: false }`
[INFO] [stdout] f46ad9c6b9d37214137983069cf0cc38701a16911cb2622eee3c80cbfea4656e
[INFO] running `Command { std: "docker" "start" "-a" "f46ad9c6b9d37214137983069cf0cc38701a16911cb2622eee3c80cbfea4656e", kill_on_drop: false }`
[INFO] running `Command { std: "docker" "inspect" "f46ad9c6b9d37214137983069cf0cc38701a16911cb2622eee3c80cbfea4656e", kill_on_drop: false }`
[INFO] running `Command { std: "docker" "rm" "-f" "f46ad9c6b9d37214137983069cf0cc38701a16911cb2622eee3c80cbfea4656e", kill_on_drop: false }`
[INFO] [stdout] f46ad9c6b9d37214137983069cf0cc38701a16911cb2622eee3c80cbfea4656e
[INFO] running `Command { std: "docker" "create" "-v" "/var/lib/crater-agent-workspace/builds/worker-3-tc2/target:/opt/rustwide/target:rw,Z" "-v" "/var/lib/crater-agent-workspace/builds/worker-3-tc2/source:/opt/rustwide/workdir:ro,Z" "-v" "/var/lib/crater-agent-workspace/cargo-home:/opt/rustwide/cargo-home:ro,Z" "-v" "/var/lib/crater-agent-workspace/rustup-home:/opt/rustwide/rustup-home:ro,Z" "-e" "SOURCE_DIR=/opt/rustwide/workdir" "-e" "CARGO_TARGET_DIR=/opt/rustwide/target" "-e" "CARGO_INCREMENTAL=0" "-e" "RUST_BACKTRACE=full" "-e" "RUSTFLAGS=--cap-lints=warn" "-e" "RUSTDOCFLAGS=--cap-lints=warn" "-e" "CARGO_HOME=/opt/rustwide/cargo-home" "-e" "RUSTUP_HOME=/opt/rustwide/rustup-home" "-w" "/opt/rustwide/workdir" "-m" "1610612736" "--user" "0:0" "--network" "none" "ghcr.io/rust-lang/crates-build-env/linux@sha256:f3a9d4ad9d972b27faf3965f35b62e55ba32bbce8f20bc8fe909558a86702fde" "/opt/rustwide/cargo-home/bin/cargo" "+beta-2024-12-08" "build" "--frozen" "--message-format=json", kill_on_drop: false }`
[INFO] [stdout] 40e0715768a42661cc6f5c311bcb25fe172162ff7e0521af58487131e16f68c3
[INFO] running `Command { std: "docker" "start" "-a" "40e0715768a42661cc6f5c311bcb25fe172162ff7e0521af58487131e16f68c3", kill_on_drop: false }`
[INFO] [stderr]    Compiling proc-macro2 v1.0.24
[INFO] [stderr]    Compiling unicode-xid v0.2.1
[INFO] [stderr]    Compiling syn v1.0.42
[INFO] [stderr]    Compiling serde_derive v1.0.116
[INFO] [stderr]    Compiling autocfg v1.0.1
[INFO] [stderr]    Compiling serde v1.0.116
[INFO] [stderr]    Compiling libc v0.2.79
[INFO] [stderr]    Compiling build_const v0.2.1
[INFO] [stderr]    Compiling ryu v1.0.5
[INFO] [stderr]    Compiling serde_json v1.0.58
[INFO] [stderr]    Compiling byteorder v1.3.4
[INFO] [stderr]    Compiling hashbrown v0.9.1
[INFO] [stderr]    Compiling itoa v0.4.6
[INFO] [stderr]    Compiling once_cell v1.4.1
[INFO] [stderr]    Compiling integer-encoding v2.0.0
[INFO] [stderr]    Compiling crc v1.8.1
[INFO] [stderr]    Compiling indexmap v1.6.0
[INFO] [stderr]    Compiling rand v0.4.6
[INFO] [stderr]    Compiling quote v1.0.7
[INFO] [stderr]    Compiling thiserror-impl v1.0.21
[INFO] [stderr]    Compiling thiserror v1.0.21
[INFO] [stderr]    Compiling avrow v0.2.1 (/opt/rustwide/workdir)
[INFO] [stdout] warning: field `aliases` is never read
[INFO] [stdout]    --> src/schema/common.rs:226:16
[INFO] [stdout]     |
[INFO] [stdout] 221 | pub struct Field {
[INFO] [stdout]     |            ----- field in this struct
[INFO] [stdout] ...
[INFO] [stdout] 226 |     pub(crate) aliases: Option<Vec<String>>,
[INFO] [stdout]     |                ^^^^^^^
[INFO] [stdout]     |
[INFO] [stdout]     = note: `Field` has derived impls for the traits `Clone` and `Debug`, but these are intentionally ignored during dead code analysis
[INFO] [stdout] note: the lint level is defined here
[INFO] [stdout]    --> src/lib.rs:62:9
[INFO] [stdout]     |
[INFO] [stdout] 62  | #![deny(warnings)]
[INFO] [stdout]     |         ^^^^^^^^
[INFO] [stdout]     = note: `#[warn(dead_code)]` implied by `#[warn(warnings)]`
[INFO] [stdout] 
[INFO] [stdout] 
[INFO] [stderr]     Finished `dev` profile [unoptimized + debuginfo] target(s) in 17.42s
[INFO] running `Command { std: "docker" "inspect" "40e0715768a42661cc6f5c311bcb25fe172162ff7e0521af58487131e16f68c3", kill_on_drop: false }`
[INFO] running `Command { std: "docker" "rm" "-f" "40e0715768a42661cc6f5c311bcb25fe172162ff7e0521af58487131e16f68c3", kill_on_drop: false }`
[INFO] [stdout] 40e0715768a42661cc6f5c311bcb25fe172162ff7e0521af58487131e16f68c3
[INFO] running `Command { std: "docker" "create" "-v" "/var/lib/crater-agent-workspace/builds/worker-3-tc2/target:/opt/rustwide/target:rw,Z" "-v" "/var/lib/crater-agent-workspace/builds/worker-3-tc2/source:/opt/rustwide/workdir:ro,Z" "-v" "/var/lib/crater-agent-workspace/cargo-home:/opt/rustwide/cargo-home:ro,Z" "-v" "/var/lib/crater-agent-workspace/rustup-home:/opt/rustwide/rustup-home:ro,Z" "-e" "SOURCE_DIR=/opt/rustwide/workdir" "-e" "CARGO_TARGET_DIR=/opt/rustwide/target" "-e" "CARGO_INCREMENTAL=0" "-e" "RUST_BACKTRACE=full" "-e" "RUSTFLAGS=--cap-lints=warn" "-e" "RUSTDOCFLAGS=--cap-lints=warn" "-e" "CARGO_HOME=/opt/rustwide/cargo-home" "-e" "RUSTUP_HOME=/opt/rustwide/rustup-home" "-w" "/opt/rustwide/workdir" "-m" "1610612736" "--user" "0:0" "--network" "none" "ghcr.io/rust-lang/crates-build-env/linux@sha256:f3a9d4ad9d972b27faf3965f35b62e55ba32bbce8f20bc8fe909558a86702fde" "/opt/rustwide/cargo-home/bin/cargo" "+beta-2024-12-08" "test" "--frozen" "--no-run" "--message-format=json", kill_on_drop: false }`
[INFO] [stdout] 71fc88e9760db264c9258ca84fe5ea8b07ed5f1547494fe298260cb0bc272e09
[INFO] running `Command { std: "docker" "start" "-a" "71fc88e9760db264c9258ca84fe5ea8b07ed5f1547494fe298260cb0bc272e09", kill_on_drop: false }`
[INFO] [stderr]    Compiling lazy_static v1.4.0
[INFO] [stderr]    Compiling memchr v2.3.3
[INFO] [stderr]    Compiling cfg-if v0.1.10
[INFO] [stderr]    Compiling crossbeam-utils v0.7.2
[INFO] [stderr]    Compiling maybe-uninit v2.0.0
[INFO] [stderr]    Compiling memoffset v0.5.6
[INFO] [stderr]    Compiling semver-parser v0.7.0
[INFO] [stderr]    Compiling crossbeam-epoch v0.8.2
[INFO] [stderr]    Compiling log v0.4.11
[INFO] [stderr]    Compiling rayon-core v1.8.1
[INFO] [stderr]    Compiling scopeguard v1.1.0
[INFO] [stderr]    Compiling rand_core v0.4.2
[INFO] [stderr]    Compiling either v1.6.1
[INFO] [stderr]    Compiling bitflags v1.2.1
[INFO] [stderr]    Compiling thread_local v1.0.1
[INFO] [stderr]    Compiling regex-automata v0.1.9
[INFO] [stderr]    Compiling num_cpus v1.13.0
[INFO] [stderr]    Compiling atty v0.2.14
[INFO] [stderr]    Compiling rayon v1.4.1
[INFO] [stderr]    Compiling num-traits v0.2.12
[INFO] [stderr]    Compiling quick-error v1.2.3
[INFO] [stderr]    Compiling regex v0.2.11
[INFO] [stderr]    Compiling semver v0.9.0
[INFO] [stderr]    Compiling regex-syntax v0.6.18
[INFO] [stderr]    Compiling unicode-width v0.1.8
[INFO] [stderr]    Compiling ucd-util v0.1.8
[INFO] [stderr]    Compiling textwrap v0.11.0
[INFO] [stderr]    Compiling rustc_version v0.2.3
[INFO] [stderr]    Compiling humantime v1.3.0
[INFO] [stderr]    Compiling regex-syntax v0.5.6
[INFO] [stderr]    Compiling itertools v0.8.2
[INFO] [stderr]    Compiling rand_core v0.3.1
[INFO] [stderr]    Compiling thread_local v0.3.6
[INFO] [stderr]    Compiling termcolor v1.1.0
[INFO] [stderr]    Compiling same-file v1.0.6
[INFO] [stderr]    Compiling anyhow v1.0.33
[INFO] [stderr]    Compiling proc-macro-hack v0.5.18
[INFO] [stderr]    Compiling utf8-ranges v1.0.4
[INFO] [stderr]    Compiling clap v2.33.3
[INFO] [stderr]    Compiling cast v0.2.3
[INFO] [stderr]    Compiling crossbeam-channel v0.4.4
[INFO] [stderr]    Compiling aho-corasick v0.7.13
[INFO] [stderr]    Compiling csv-core v0.1.10
[INFO] [stderr]    Compiling aho-corasick v0.6.10
[INFO] [stderr]    Compiling bstr v0.2.13
[INFO] [stderr]    Compiling crossbeam-deque v0.7.3
[INFO] [stderr]    Compiling walkdir v2.3.1
[INFO] [stderr]    Compiling rand_xoshiro v0.1.0
[INFO] [stderr]    Compiling log v0.3.9
[INFO] [stderr]    Compiling rand_os v0.1.3
[INFO] [stderr]    Compiling tinytemplate v1.1.0
[INFO] [stdout] warning: field `aliases` is never read
[INFO] [stdout]    --> src/schema/common.rs:226:16
[INFO] [stdout]     |
[INFO] [stdout] 221 | pub struct Field {
[INFO] [stdout]     |            ----- field in this struct
[INFO] [stdout] ...
[INFO] [stdout] 226 |     pub(crate) aliases: Option<Vec<String>>,
[INFO] [stdout]     |                ^^^^^^^
[INFO] [stdout]     |
[INFO] [stdout]     = note: `Field` has derived impls for the traits `Clone` and `Debug`, but these are intentionally ignored during dead code analysis
[INFO] [stdout] note: the lint level is defined here
[INFO] [stdout]    --> src/lib.rs:62:9
[INFO] [stdout]     |
[INFO] [stdout] 62  | #![deny(warnings)]
[INFO] [stdout]     |         ^^^^^^^^
[INFO] [stdout]     = note: `#[warn(dead_code)]` implied by `#[warn(warnings)]`
[INFO] [stdout] 
[INFO] [stdout] 
[INFO] [stderr]    Compiling fstrings-proc-macro v0.2.3
[INFO] [stderr]    Compiling criterion-plot v0.3.1
[INFO] [stderr]    Compiling csv v1.1.3
[INFO] [stderr]    Compiling fstrings v0.2.3
[INFO] [stderr]    Compiling regex v1.3.9
[INFO] [stderr]    Compiling env_logger v0.4.3
[INFO] [stderr]    Compiling env_logger v0.7.1
[INFO] [stderr]    Compiling criterion v0.2.11
[INFO] [stderr]    Compiling pretty_env_logger v0.4.0
[INFO] [stderr]    Compiling avrow v0.2.1 (/opt/rustwide/workdir)
[INFO] [stdout] warning: unused imports: `MockSchema` and `writer_from_schema`
[INFO] [stdout]  --> tests/read_write.rs:6:21
[INFO] [stdout]   |
[INFO] [stdout] 6 | use crate::common::{writer_from_schema, MockSchema};
[INFO] [stdout]   |                     ^^^^^^^^^^^^^^^^^^  ^^^^^^^^^^
[INFO] [stdout]   |
[INFO] [stdout]   = note: `#[warn(unused_imports)]` on by default
[INFO] [stdout] 
[INFO] [stdout] 
[INFO] [stdout] warning: unused imports: `Codec` and `Value`
[INFO] [stdout]  --> tests/read_write.rs:7:25
[INFO] [stdout]   |
[INFO] [stdout] 7 | use avrow::{from_value, Codec, Reader, Schema, Value};
[INFO] [stdout]   |                         ^^^^^                  ^^^^^
[INFO] [stdout] 
[INFO] [stdout] 
[INFO] [stdout] warning: unused import: `std::collections::HashMap`
[INFO] [stdout]  --> tests/read_write.rs:8:5
[INFO] [stdout]   |
[INFO] [stdout] 8 | use std::collections::HashMap;
[INFO] [stdout]   |     ^^^^^^^^^^^^^^^^^^^^^^^^^
[INFO] [stdout] 
[INFO] [stdout] 
[INFO] [stdout] warning: constant `DATUM_COUNT` is never used
[INFO] [stdout]   --> tests/read_write.rs:14:7
[INFO] [stdout]    |
[INFO] [stdout] 14 | const DATUM_COUNT: usize = 10000;
[INFO] [stdout]    |       ^^^^^^^^^^^
[INFO] [stdout]    |
[INFO] [stdout]    = note: `#[warn(dead_code)]` on by default
[INFO] [stdout] 
[INFO] [stdout] 
[INFO] [stdout] warning: static `PRIMITIVES` is never used
[INFO] [stdout]   --> tests/read_write.rs:21:8
[INFO] [stdout]    |
[INFO] [stdout] 21 | static PRIMITIVES: [Primitive; 8] = [
[INFO] [stdout]    |        ^^^^^^^^^^
[INFO] [stdout] 
[INFO] [stdout] 
[INFO] [stdout] warning: field `aliases` is never read
[INFO] [stdout]    --> src/schema/common.rs:226:16
[INFO] [stdout]     |
[INFO] [stdout] 221 | pub struct Field {
[INFO] [stdout]     |            ----- field in this struct
[INFO] [stdout] ...
[INFO] [stdout] 226 |     pub(crate) aliases: Option<Vec<String>>,
[INFO] [stdout]     |                ^^^^^^^
[INFO] [stdout]     |
[INFO] [stdout]     = note: `Field` has derived impls for the traits `Clone` and `Debug`, but these are intentionally ignored during dead code analysis
[INFO] [stdout] note: the lint level is defined here
[INFO] [stdout]    --> src/lib.rs:62:9
[INFO] [stdout]     |
[INFO] [stdout] 62  | #![deny(warnings)]
[INFO] [stdout]     |         ^^^^^^^^
[INFO] [stdout]     = note: `#[warn(dead_code)]` implied by `#[warn(warnings)]`
[INFO] [stdout] 
[INFO] [stdout] 
[INFO] [stderr]     Finished `test` profile [unoptimized + debuginfo] target(s) in 22.53s
[INFO] [stderr] warning: the following packages contain code that will be rejected by a future version of Rust: criterion v0.2.11
[INFO] [stderr] note: to see what the problems were, use the option `--future-incompat-report`, or run `cargo report future-incompatibilities --id 1`
[INFO] running `Command { std: "docker" "inspect" "71fc88e9760db264c9258ca84fe5ea8b07ed5f1547494fe298260cb0bc272e09", kill_on_drop: false }`
[INFO] running `Command { std: "docker" "rm" "-f" "71fc88e9760db264c9258ca84fe5ea8b07ed5f1547494fe298260cb0bc272e09", kill_on_drop: false }`
[INFO] [stdout] 71fc88e9760db264c9258ca84fe5ea8b07ed5f1547494fe298260cb0bc272e09
[INFO] running `Command { std: "docker" "create" "-v" "/var/lib/crater-agent-workspace/builds/worker-3-tc2/target:/opt/rustwide/target:rw,Z" "-v" "/var/lib/crater-agent-workspace/builds/worker-3-tc2/source:/opt/rustwide/workdir:ro,Z" "-v" "/var/lib/crater-agent-workspace/cargo-home:/opt/rustwide/cargo-home:ro,Z" "-v" "/var/lib/crater-agent-workspace/rustup-home:/opt/rustwide/rustup-home:ro,Z" "-e" "SOURCE_DIR=/opt/rustwide/workdir" "-e" "CARGO_TARGET_DIR=/opt/rustwide/target" "-e" "CARGO_INCREMENTAL=0" "-e" "RUST_BACKTRACE=full" "-e" "RUSTFLAGS=--cap-lints=warn" "-e" "RUSTDOCFLAGS=--cap-lints=warn" "-e" "CARGO_HOME=/opt/rustwide/cargo-home" "-e" "RUSTUP_HOME=/opt/rustwide/rustup-home" "-w" "/opt/rustwide/workdir" "-m" "1610612736" "--user" "0:0" "--network" "none" "ghcr.io/rust-lang/crates-build-env/linux@sha256:f3a9d4ad9d972b27faf3965f35b62e55ba32bbce8f20bc8fe909558a86702fde" "/opt/rustwide/cargo-home/bin/cargo" "+beta-2024-12-08" "test" "--frozen", kill_on_drop: false }`
[INFO] [stdout] fd29889fa899a2c45e8ffa10d7006f234280913ba03d279878d98e3be1b1d7f0
[INFO] running `Command { std: "docker" "start" "-a" "fd29889fa899a2c45e8ffa10d7006f234280913ba03d279878d98e3be1b1d7f0", kill_on_drop: false }`
[INFO] [stderr] warning: field `aliases` is never read
[INFO] [stderr]    --> src/schema/common.rs:226:16
[INFO] [stderr]     |
[INFO] [stderr] 221 | pub struct Field {
[INFO] [stderr]     |            ----- field in this struct
[INFO] [stderr] ...
[INFO] [stderr] 226 |     pub(crate) aliases: Option<Vec<String>>,
[INFO] [stderr]     |                ^^^^^^^
[INFO] [stderr]     |
[INFO] [stderr]     = note: `Field` has derived impls for the traits `Clone` and `Debug`, but these are intentionally ignored during dead code analysis
[INFO] [stderr] note: the lint level is defined here
[INFO] [stderr]    --> src/lib.rs:62:9
[INFO] [stderr]     |
[INFO] [stderr] 62  | #![deny(warnings)]
[INFO] [stderr]     |         ^^^^^^^^
[INFO] [stderr]     = note: `#[warn(dead_code)]` implied by `#[warn(warnings)]`
[INFO] [stderr] 
[INFO] [stderr] warning: `avrow` (lib) generated 1 warning
[INFO] [stderr] warning: unused imports: `MockSchema` and `writer_from_schema`
[INFO] [stderr]  --> tests/read_write.rs:6:21
[INFO] [stderr]   |
[INFO] [stderr] 6 | use crate::common::{writer_from_schema, MockSchema};
[INFO] [stderr]   |                     ^^^^^^^^^^^^^^^^^^  ^^^^^^^^^^
[INFO] [stderr]   |
[INFO] [stderr]   = note: `#[warn(unused_imports)]` on by default
[INFO] [stderr] 
[INFO] [stderr] warning: unused imports: `Codec` and `Value`
[INFO] [stderr]  --> tests/read_write.rs:7:25
[INFO] [stderr]   |
[INFO] [stderr] 7 | use avrow::{from_value, Codec, Reader, Schema, Value};
[INFO] [stderr]   |                         ^^^^^                  ^^^^^
[INFO] [stderr] 
[INFO] [stderr] warning: unused import: `std::collections::HashMap`
[INFO] [stderr]  --> tests/read_write.rs:8:5
[INFO] [stderr]   |
[INFO] [stderr] 8 | use std::collections::HashMap;
[INFO] [stderr]   |     ^^^^^^^^^^^^^^^^^^^^^^^^^
[INFO] [stderr] 
[INFO] [stderr] warning: constant `DATUM_COUNT` is never used
[INFO] [stderr]   --> tests/read_write.rs:14:7
[INFO] [stderr]    |
[INFO] [stderr] 14 | const DATUM_COUNT: usize = 10000;
[INFO] [stderr]    |       ^^^^^^^^^^^
[INFO] [stderr]    |
[INFO] [stderr]    = note: `#[warn(dead_code)]` on by default
[INFO] [stderr] 
[INFO] [stderr] warning: static `PRIMITIVES` is never used
[INFO] [stderr]   --> tests/read_write.rs:21:8
[INFO] [stderr]    |
[INFO] [stderr] 21 | static PRIMITIVES: [Primitive; 8] = [
[INFO] [stderr]    |        ^^^^^^^^^^
[INFO] [stderr] 
[INFO] [stderr] warning: `avrow` (lib test) generated 1 warning (1 duplicate)
[INFO] [stderr] warning: `avrow` (test "read_write") generated 5 warnings (run `cargo fix --test "read_write"` to apply 3 suggestions)
[INFO] [stderr]     Finished `test` profile [unoptimized + debuginfo] target(s) in 0.15s
[INFO] [stderr] warning: the following packages contain code that will be rejected by a future version of Rust: criterion v0.2.11
[INFO] [stderr] note: to see what the problems were, use the option `--future-incompat-report`, or run `cargo report future-incompatibilities --id 1`
[INFO] [stderr]      Running unittests src/lib.rs (/opt/rustwide/target/debug/deps/avrow-bc1f8481795dd9c9)
[INFO] [stdout] 
[INFO] [stdout] running 39 tests
[INFO] [stdout] test schema::common::tests::fullname_with_empty_namespace ... ok
[INFO] [stdout] test schema::canonical::tests::canonical_primitives ... ok
[INFO] [stdout] test schema::common::tests::name_has_dot_and_namespace_present ... ok
[INFO] [stdout] test schema::common::tests::multiple_dots_invalid ... ok
[INFO] [stdout] test schema::common::tests::name_contains_dots ... ok
[INFO] [stdout] test schema::parser::tests::schema_parse_default_values ... ok
[INFO] [stdout] test schema::tests::parse_fixed ... ok
[INFO] [stdout] test schema::common::tests::name_with_seperate_namespace ... ok
[INFO] [stdout] test schema::tests::parse_enum ... ok
[INFO] [stdout] test schema::tests::parse_array ... ok
[INFO] [stdout] test schema::tests::parse_default_record_value_in_union ... ok
[INFO] [stdout] test schema::parser::tests::nested_record_fields_parses_properly_with_fullnames ... ok
[INFO] [stdout] test schema::tests::parse_map ... ok
[INFO] [stdout] test schema::tests::parse_primitives_as_defined_types ... ok
[INFO] [stdout] test schema::tests::parse_primitives_as_json_objects ... ok
[INFO] [stdout] test schema::tests::parse_record ... ok
[INFO] [stdout] test schema::tests::parse_simple_default_values_record ... ok
[INFO] [stdout] test schema::tests::parse_simple_union ... ok
[INFO] [stdout] test schema::common::tests::name_no_dot_and_namespace_present ... ok
[INFO] [stdout] test schema::tests::parse_union_with_different_named_type_but_same_schema_succeeds ... ok
[INFO] [stdout] test schema::tests::parse_union_field_invalid_default_values ... ok
[INFO] [stdout] test value::tests::record_has_fields_with_default ... ok
[INFO] [stdout] test schema::tests::test_two_instance_schema_equality ... ok
[INFO] [stdout] test writer::tests::custom_metadata_header ... ok
[INFO] [stdout] test writer::tests::header_written_on_writer_creation ... ok
[INFO] [stdout] test value::tests::record_from_btree ... ok
[INFO] [stdout] test writer::tests::writer_with_builder ... ok
[INFO] [stdout] test value::tests::named_schema_resolves ... ok
[INFO] [stdout] test value::tests::record_from_json ... ok
[INFO] [stdout] test schema::tests::parse_union_with_same_named_type_fails ... ok
[INFO] [stdout] test schema::tests::parse_default_values_record ... ok
[INFO] [stdout] test reader::tests::has_required_headers ... FAILED
[INFO] [stdout] test schema::common::tests::invalid_namespace - should panic ... ok
[INFO] [stdout] test schema::tests::parse_immediate_unions_fails - should panic ... ok
[INFO] [stdout] test schema::tests::named_schema_must_be_defined_before_being_used - should panic ... ok
[INFO] [stdout] test schema::common::tests::name_starts_with_number - should panic ... ok
[INFO] [stdout] test schema::tests::duplicate_field_name_in_record_fails - should panic ... ok
[INFO] [stdout] test schema::tests::fails_on_duplicate_schema - should panic ... ok
[INFO] [stdout] test schema::tests::parse_union_duplicate_primitive_fails - should panic ... ok
[INFO] [stdout] 
[INFO] [stdout] failures:
[INFO] [stdout] 
[INFO] [stdout] ---- reader::tests::has_required_headers stdout ----
[INFO] [stdout] thread 'reader::tests::has_required_headers' panicked at src/reader.rs:705:51:
[INFO] [stdout] called `Result::unwrap()` on an `Err` value: UnsupportedCodec("deflate")
[INFO] [stdout] stack backtrace:
[INFO] [stdout]    0:     0x621b2b2178da - std::backtrace_rs::backtrace::libunwind::trace::h8810477743020387
[INFO] [stdout]                                at /rustc/202008a1b8de96d2e5b6bc02d379db03a877d34d/library/std/src/../../backtrace/src/backtrace/libunwind.rs:116:5
[INFO] [stdout]    1:     0x621b2b2178da - std::backtrace_rs::backtrace::trace_unsynchronized::h3aa55355dd6c54a6
[INFO] [stdout]                                at /rustc/202008a1b8de96d2e5b6bc02d379db03a877d34d/library/std/src/../../backtrace/src/backtrace/mod.rs:66:5
[INFO] [stdout]    2:     0x621b2b2178da - std::sys::backtrace::_print_fmt::h8588b0f62410823f
[INFO] [stdout]                                at /rustc/202008a1b8de96d2e5b6bc02d379db03a877d34d/library/std/src/sys/backtrace.rs:66:9
[INFO] [stdout]    3:     0x621b2b2178da - <std::sys::backtrace::BacktraceLock::print::DisplayBacktrace as core::fmt::Display>::fmt::h98c26ac25ffe89bb
[INFO] [stdout]                                at /rustc/202008a1b8de96d2e5b6bc02d379db03a877d34d/library/std/src/sys/backtrace.rs:39:26
[INFO] [stdout]    4:     0x621b2b23e523 - core::fmt::rt::Argument::fmt::hf95377f4aebd453b
[INFO] [stdout]                                at /rustc/202008a1b8de96d2e5b6bc02d379db03a877d34d/library/core/src/fmt/rt.rs:177:76
[INFO] [stdout]    5:     0x621b2b23e523 - core::fmt::write::h0dd5f6e2238c7982
[INFO] [stdout]                                at /rustc/202008a1b8de96d2e5b6bc02d379db03a877d34d/library/core/src/fmt/mod.rs:1189:21
[INFO] [stdout]    6:     0x621b2b214a73 - std::io::Write::write_fmt::h03bb0ca26e6faf8c
[INFO] [stdout]                                at /rustc/202008a1b8de96d2e5b6bc02d379db03a877d34d/library/std/src/io/mod.rs:1884:15
[INFO] [stdout]    7:     0x621b2b217722 - std::sys::backtrace::BacktraceLock::print::h5c19c1c038ee186d
[INFO] [stdout]                                at /rustc/202008a1b8de96d2e5b6bc02d379db03a877d34d/library/std/src/sys/backtrace.rs:42:9
[INFO] [stdout]    8:     0x621b2b218d5d - std::panicking::default_hook::{{closure}}::h77172f079a1fcb13
[INFO] [stdout]                                at /rustc/202008a1b8de96d2e5b6bc02d379db03a877d34d/library/std/src/panicking.rs:268:22
[INFO] [stdout]    9:     0x621b2b218b67 - std::panicking::default_hook::he5f8e3b203ccddba
[INFO] [stdout]                                at /rustc/202008a1b8de96d2e5b6bc02d379db03a877d34d/library/std/src/panicking.rs:292:9
[INFO] [stdout]   10:     0x621b2b1a9c97 - <alloc::boxed::Box<F,A> as core::ops::function::Fn<Args>>::call::h7a3c7b4a1ae77f2f
[INFO] [stdout]                                at /rustc/202008a1b8de96d2e5b6bc02d379db03a877d34d/library/alloc/src/boxed.rs:1986:9
[INFO] [stdout]   11:     0x621b2b1a9c97 - test::test_main::{{closure}}::hf0d3b69ae9b353d1
[INFO] [stdout]                                at /rustc/202008a1b8de96d2e5b6bc02d379db03a877d34d/library/test/src/lib.rs:134:21
[INFO] [stdout]   12:     0x621b2b219408 - <alloc::boxed::Box<F,A> as core::ops::function::Fn<Args>>::call::h6332e82e7b189abd
[INFO] [stdout]                                at /rustc/202008a1b8de96d2e5b6bc02d379db03a877d34d/library/alloc/src/boxed.rs:1986:9
[INFO] [stdout]   13:     0x621b2b219408 - std::panicking::rust_panic_with_hook::h53863d4e9018df39
[INFO] [stdout]                                at /rustc/202008a1b8de96d2e5b6bc02d379db03a877d34d/library/std/src/panicking.rs:809:13
[INFO] [stdout]   14:     0x621b2b2191ca - std::panicking::begin_panic_handler::{{closure}}::h67280e6fa0757873
[INFO] [stdout]                                at /rustc/202008a1b8de96d2e5b6bc02d379db03a877d34d/library/std/src/panicking.rs:674:13
[INFO] [stdout]   15:     0x621b2b217db9 - std::sys::backtrace::__rust_end_short_backtrace::h1dac3f54d6fbbeb2
[INFO] [stdout]                                at /rustc/202008a1b8de96d2e5b6bc02d379db03a877d34d/library/std/src/sys/backtrace.rs:170:18
[INFO] [stdout]   16:     0x621b2b218e5c - rust_begin_unwind
[INFO] [stdout]                                at /rustc/202008a1b8de96d2e5b6bc02d379db03a877d34d/library/std/src/panicking.rs:665:5
[INFO] [stdout]   17:     0x621b2b0f6b10 - core::panicking::panic_fmt::h6792bd1b2bf01041
[INFO] [stdout]                                at /rustc/202008a1b8de96d2e5b6bc02d379db03a877d34d/library/core/src/panicking.rs:76:14
[INFO] [stdout]   18:     0x621b2b0f6f56 - core::result::unwrap_failed::h05e0602ed34287c5
[INFO] [stdout]                                at /rustc/202008a1b8de96d2e5b6bc02d379db03a877d34d/library/core/src/result.rs:1699:5
[INFO] [stdout]   19:     0x621b2b149e9c - core::result::Result<T,E>::unwrap::hec6af115397f013d
[INFO] [stdout]                                at /rustc/202008a1b8de96d2e5b6bc02d379db03a877d34d/library/core/src/result.rs:1104:23
[INFO] [stdout]   20:     0x621b2b149e9c - avrow::reader::tests::has_required_headers::h44bc56324da50f95
[INFO] [stdout]                                at /opt/rustwide/workdir/src/reader.rs:705:22
[INFO] [stdout]   21:     0x621b2b149bc7 - avrow::reader::tests::has_required_headers::{{closure}}::ha033561718076838
[INFO] [stdout]                                at /opt/rustwide/workdir/src/reader.rs:695:30
[INFO] [stdout]   22:     0x621b2b113a06 - core::ops::function::FnOnce::call_once::h2295bd6b9bb0756b
[INFO] [stdout]                                at /rustc/202008a1b8de96d2e5b6bc02d379db03a877d34d/library/core/src/ops/function.rs:250:5
[INFO] [stdout]   23:     0x621b2b1ae7bb - core::ops::function::FnOnce::call_once::h871bf86719ec9aa4
[INFO] [stdout]                                at /rustc/202008a1b8de96d2e5b6bc02d379db03a877d34d/library/core/src/ops/function.rs:250:5
[INFO] [stdout]   24:     0x621b2b1ae7bb - test::__rust_begin_short_backtrace::h2167df1e2b7d76fd
[INFO] [stdout]                                at /rustc/202008a1b8de96d2e5b6bc02d379db03a877d34d/library/test/src/lib.rs:632:18
[INFO] [stdout]   25:     0x621b2b1ae1a8 - test::run_test_in_process::{{closure}}::h15d92f75a3adfb79
[INFO] [stdout]                                at /rustc/202008a1b8de96d2e5b6bc02d379db03a877d34d/library/test/src/lib.rs:655:60
[INFO] [stdout]   26:     0x621b2b1ae1a8 - <core::panic::unwind_safe::AssertUnwindSafe<F> as core::ops::function::FnOnce<()>>::call_once::hb6c8955835a8dbbb
[INFO] [stdout]                                at /rustc/202008a1b8de96d2e5b6bc02d379db03a877d34d/library/core/src/panic/unwind_safe.rs:272:9
[INFO] [stdout]   27:     0x621b2b1ae1a8 - std::panicking::try::do_call::hc79d0fc888a0bd30
[INFO] [stdout]                                at /rustc/202008a1b8de96d2e5b6bc02d379db03a877d34d/library/std/src/panicking.rs:557:40
[INFO] [stdout]   28:     0x621b2b1ae1a8 - std::panicking::try::hb8a7878e3a8589d6
[INFO] [stdout]                                at /rustc/202008a1b8de96d2e5b6bc02d379db03a877d34d/library/std/src/panicking.rs:520:19
[INFO] [stdout]   29:     0x621b2b1ae1a8 - std::panic::catch_unwind::hb8e4600ff0ff5cfa
[INFO] [stdout]                                at /rustc/202008a1b8de96d2e5b6bc02d379db03a877d34d/library/std/src/panic.rs:358:14
[INFO] [stdout]   30:     0x621b2b1ae1a8 - test::run_test_in_process::hc2900b0b18688dd6
[INFO] [stdout]                                at /rustc/202008a1b8de96d2e5b6bc02d379db03a877d34d/library/test/src/lib.rs:655:27
[INFO] [stdout]   31:     0x621b2b1ae1a8 - test::run_test::{{closure}}::hac2a9cb07be3d48d
[INFO] [stdout]                                at /rustc/202008a1b8de96d2e5b6bc02d379db03a877d34d/library/test/src/lib.rs:576:43
[INFO] [stdout]   32:     0x621b2b171c4a - test::run_test::{{closure}}::h4a5b729e66a38cd8
[INFO] [stdout]                                at /rustc/202008a1b8de96d2e5b6bc02d379db03a877d34d/library/test/src/lib.rs:606:41
[INFO] [stdout]   33:     0x621b2b171c4a - std::sys::backtrace::__rust_begin_short_backtrace::h0496fb742492f573
[INFO] [stdout]                                at /rustc/202008a1b8de96d2e5b6bc02d379db03a877d34d/library/std/src/sys/backtrace.rs:154:18
[INFO] [stdout]   34:     0x621b2b1755c4 - std::thread::Builder::spawn_unchecked_::{{closure}}::{{closure}}::hbb6d257c550a54bd
[INFO] [stdout]                                at /rustc/202008a1b8de96d2e5b6bc02d379db03a877d34d/library/std/src/thread/mod.rs:561:17
[INFO] [stdout]   35:     0x621b2b1755c4 - <core::panic::unwind_safe::AssertUnwindSafe<F> as core::ops::function::FnOnce<()>>::call_once::h46696fe4a6832328
[INFO] [stdout]                                at /rustc/202008a1b8de96d2e5b6bc02d379db03a877d34d/library/core/src/panic/unwind_safe.rs:272:9
[INFO] [stdout]   36:     0x621b2b1755c4 - std::panicking::try::do_call::h2625a51b667bfb64
[INFO] [stdout]                                at /rustc/202008a1b8de96d2e5b6bc02d379db03a877d34d/library/std/src/panicking.rs:557:40
[INFO] [stdout]   37:     0x621b2b1755c4 - std::panicking::try::hb956a59a1973aa4c
[INFO] [stdout]                                at /rustc/202008a1b8de96d2e5b6bc02d379db03a877d34d/library/std/src/panicking.rs:520:19
[INFO] [stdout]   38:     0x621b2b1755c4 - std::panic::catch_unwind::h64f3b9d1067ef6a0
[INFO] [stdout]                                at /rustc/202008a1b8de96d2e5b6bc02d379db03a877d34d/library/std/src/panic.rs:358:14
[INFO] [stdout]   39:     0x621b2b1755c4 - std::thread::Builder::spawn_unchecked_::{{closure}}::h42b2841295b6c0b2
[INFO] [stdout]                                at /rustc/202008a1b8de96d2e5b6bc02d379db03a877d34d/library/std/src/thread/mod.rs:559:30
[INFO] [stdout]   40:     0x621b2b1755c4 - core::ops::function::FnOnce::call_once{{vtable.shim}}::h6127de71b8124639
[INFO] [stdout]                                at /rustc/202008a1b8de96d2e5b6bc02d379db03a877d34d/library/core/src/ops/function.rs:250:5
[INFO] [stdout]   41:     0x621b2b21d35b - <alloc::boxed::Box<F,A> as core::ops::function::FnOnce<Args>>::call_once::h42f0ba71002a1b2c
[INFO] [stdout]                                at /rustc/202008a1b8de96d2e5b6bc02d379db03a877d34d/library/alloc/src/boxed.rs:1972:9
[INFO] [stdout]   42:     0x621b2b21d35b - <alloc::boxed::Box<F,A> as core::ops::function::FnOnce<Args>>::call_once::had9e47d7a3dcecb8
[INFO] [stdout]                                at /rustc/202008a1b8de96d2e5b6bc02d379db03a877d34d/library/alloc/src/boxed.rs:1972:9
[INFO] [stdout]   43:     0x621b2b21d35b - std::sys::pal::unix::thread::Thread::new::thread_start::h48cf765408f6f5f2
[INFO] [stdout]                                at /rustc/202008a1b8de96d2e5b6bc02d379db03a877d34d/library/std/src/sys/pal/unix/thread.rs:105:17
[INFO] [stdout]   44:     0x77b089df3ac3 - <unknown>
[INFO] [stdout]   45:     0x77b089e84a04 - clone
[INFO] [stdout]   46:                0x0 - <unknown>
[INFO] [stdout] 
[INFO] [stdout] 
[INFO] [stdout] failures:
[INFO] [stdout]     reader::tests::has_required_headers
[INFO] [stdout] 
[INFO] [stderr] error: test failed, to rerun pass `--lib`
[INFO] [stdout] test result: FAILED. 38 passed; 1 failed; 0 ignored; 0 measured; 0 filtered out; finished in 0.09s
[INFO] [stdout] 
[INFO] running `Command { std: "docker" "inspect" "fd29889fa899a2c45e8ffa10d7006f234280913ba03d279878d98e3be1b1d7f0", kill_on_drop: false }`
[INFO] running `Command { std: "docker" "rm" "-f" "fd29889fa899a2c45e8ffa10d7006f234280913ba03d279878d98e3be1b1d7f0", kill_on_drop: false }`
[INFO] [stdout] fd29889fa899a2c45e8ffa10d7006f234280913ba03d279878d98e3be1b1d7f0
