[INFO] fetching crate avail-subxt-light-core 0.1.0...
[INFO] testing avail-subxt-light-core-0.1.0 against 1.83.0 for beta-1.84.0-4-retry
[INFO] extracting crate avail-subxt-light-core 0.1.0 into /workspace/builds/worker-7-tc1/source
[INFO] validating manifest of crates.io crate avail-subxt-light-core 0.1.0 on toolchain 1.83.0
[INFO] running `Command { std: CARGO_HOME="/workspace/cargo-home" RUSTUP_HOME="/workspace/rustup-home" "/workspace/cargo-home/bin/cargo" "+1.83.0" "metadata" "--manifest-path" "Cargo.toml" "--no-deps", kill_on_drop: false }`
[INFO] started tweaking crates.io crate avail-subxt-light-core 0.1.0
[INFO] finished tweaking crates.io crate avail-subxt-light-core 0.1.0
[INFO] tweaked toml for crates.io crate avail-subxt-light-core 0.1.0 written to /workspace/builds/worker-7-tc1/source/Cargo.toml
[INFO] running `Command { std: CARGO_HOME="/workspace/cargo-home" RUSTUP_HOME="/workspace/rustup-home" "/workspace/cargo-home/bin/cargo" "+1.83.0" "generate-lockfile" "--manifest-path" "Cargo.toml", kill_on_drop: false }`
[INFO] [stderr]     Updating crates.io index
[INFO] [stderr]      Locking 87 packages to latest compatible versions
[INFO] [stderr]       Adding secrecy v0.8.0 (available: v0.10.3)
[INFO] running `Command { std: CARGO_HOME="/workspace/cargo-home" RUSTUP_HOME="/workspace/rustup-home" "/workspace/cargo-home/bin/cargo" "+1.83.0" "fetch" "--manifest-path" "Cargo.toml", kill_on_drop: false }`
[INFO] [stderr]  Downloading crates ...
[INFO] [stderr]   Downloaded impl-serde v0.5.0
[INFO] running `Command { std: "docker" "create" "-v" "/var/lib/crater-agent-workspace/builds/worker-7-tc1/target:/opt/rustwide/target:rw,Z" "-v" "/var/lib/crater-agent-workspace/builds/worker-7-tc1/source:/opt/rustwide/workdir:ro,Z" "-v" "/var/lib/crater-agent-workspace/cargo-home:/opt/rustwide/cargo-home:ro,Z" "-v" "/var/lib/crater-agent-workspace/rustup-home:/opt/rustwide/rustup-home:ro,Z" "-e" "SOURCE_DIR=/opt/rustwide/workdir" "-e" "CARGO_TARGET_DIR=/opt/rustwide/target" "-e" "CARGO_HOME=/opt/rustwide/cargo-home" "-e" "RUSTUP_HOME=/opt/rustwide/rustup-home" "-w" "/opt/rustwide/workdir" "-m" "1610612736" "--user" "0:0" "--network" "none" "ghcr.io/rust-lang/crates-build-env/linux@sha256:f3a9d4ad9d972b27faf3965f35b62e55ba32bbce8f20bc8fe909558a86702fde" "/opt/rustwide/cargo-home/bin/cargo" "+1.83.0" "metadata" "--no-deps" "--format-version=1", kill_on_drop: false }`
[INFO] [stdout] e59ff91fca50baf1eb40ce5af7253a1885dd16c26966aa2aa315de219bc6252a
[INFO] running `Command { std: "docker" "start" "-a" "e59ff91fca50baf1eb40ce5af7253a1885dd16c26966aa2aa315de219bc6252a", kill_on_drop: false }`
[INFO] running `Command { std: "docker" "inspect" "e59ff91fca50baf1eb40ce5af7253a1885dd16c26966aa2aa315de219bc6252a", kill_on_drop: false }`
[INFO] running `Command { std: "docker" "rm" "-f" "e59ff91fca50baf1eb40ce5af7253a1885dd16c26966aa2aa315de219bc6252a", kill_on_drop: false }`
[INFO] [stdout] e59ff91fca50baf1eb40ce5af7253a1885dd16c26966aa2aa315de219bc6252a
[INFO] running `Command { std: "docker" "create" "-v" "/var/lib/crater-agent-workspace/builds/worker-7-tc1/target:/opt/rustwide/target:rw,Z" "-v" "/var/lib/crater-agent-workspace/builds/worker-7-tc1/source:/opt/rustwide/workdir:ro,Z" "-v" "/var/lib/crater-agent-workspace/cargo-home:/opt/rustwide/cargo-home:ro,Z" "-v" "/var/lib/crater-agent-workspace/rustup-home:/opt/rustwide/rustup-home:ro,Z" "-e" "SOURCE_DIR=/opt/rustwide/workdir" "-e" "CARGO_TARGET_DIR=/opt/rustwide/target" "-e" "CARGO_INCREMENTAL=0" "-e" "RUST_BACKTRACE=full" "-e" "RUSTFLAGS=--cap-lints=warn" "-e" "RUSTDOCFLAGS=--cap-lints=warn" "-e" "CARGO_HOME=/opt/rustwide/cargo-home" "-e" "RUSTUP_HOME=/opt/rustwide/rustup-home" "-w" "/opt/rustwide/workdir" "-m" "1610612736" "--user" "0:0" "--network" "none" "ghcr.io/rust-lang/crates-build-env/linux@sha256:f3a9d4ad9d972b27faf3965f35b62e55ba32bbce8f20bc8fe909558a86702fde" "/opt/rustwide/cargo-home/bin/cargo" "+1.83.0" "build" "--frozen" "--message-format=json", kill_on_drop: false }`
[INFO] [stdout] 09c4bc2f3add08276e2e7773253e2347ce17b82411e3de4cbabaa96f203c728a
[INFO] running `Command { std: "docker" "start" "-a" "09c4bc2f3add08276e2e7773253e2347ce17b82411e3de4cbabaa96f203c728a", kill_on_drop: false }`
[INFO] [stderr]    Compiling typenum v1.17.0
[INFO] [stderr]    Compiling byteorder v1.5.0
[INFO] [stderr]    Compiling generic-array v0.14.7
[INFO] [stderr]    Compiling libc v0.2.168
[INFO] [stderr]    Compiling subtle v2.6.1
[INFO] [stderr]    Compiling serde v1.0.216
[INFO] [stderr]    Compiling serde_json v1.0.133
[INFO] [stderr]    Compiling bitcoin-internals v0.2.0
[INFO] [stderr]    Compiling memchr v2.7.4
[INFO] [stderr]    Compiling crunchy v0.2.2
[INFO] [stderr]    Compiling itoa v1.0.14
[INFO] [stderr]    Compiling ryu v1.0.18
[INFO] [stderr]    Compiling cpufeatures v0.2.16
[INFO] [stderr]    Compiling syn v2.0.90
[INFO] [stderr]    Compiling curve25519-dalek v4.1.3
[INFO] [stderr]    Compiling arrayvec v0.7.6
[INFO] [stderr]    Compiling Inflector v0.11.4
[INFO] [stderr]    Compiling unicode-xid v0.2.6
[INFO] [stderr]    Compiling hex v0.4.3
[INFO] [stderr]    Compiling keccak v0.1.5
[INFO] [stderr]    Compiling hex-conservative v0.1.2
[INFO] [stderr]    Compiling rustc-hex v2.1.0
[INFO] [stderr]    Compiling byte-slice-cast v1.2.2
[INFO] [stderr]    Compiling regex-lite v0.1.6
[INFO] [stderr]    Compiling bs58 v0.5.1
[INFO] [stderr]    Compiling blake2b_simd v1.0.2
[INFO] [stderr]    Compiling uint v0.10.0
[INFO] [stderr]    Compiling bitcoin_hashes v0.13.0
[INFO] [stderr]    Compiling getrandom v0.2.15
[INFO] [stderr]    Compiling rand_core v0.6.4
[INFO] [stderr]    Compiling getrandom_or_panic v0.0.3
[INFO] [stderr]    Compiling bip39 v2.1.0
[INFO] [stderr]    Compiling block-buffer v0.10.4
[INFO] [stderr]    Compiling crypto-common v0.1.6
[INFO] [stderr]    Compiling digest v0.10.7
[INFO] [stderr]    Compiling sha2 v0.10.8
[INFO] [stderr]    Compiling blake2 v0.10.6
[INFO] [stderr]    Compiling hmac v0.12.1
[INFO] [stderr]    Compiling pbkdf2 v0.12.2
[INFO] [stderr]    Compiling serde_derive v1.0.216
[INFO] [stderr]    Compiling zerocopy-derive v0.7.35
[INFO] [stderr]    Compiling zeroize_derive v1.4.2
[INFO] [stderr]    Compiling curve25519-dalek-derive v0.1.1
[INFO] [stderr]    Compiling impl-trait-for-tuples v0.2.3
[INFO] [stderr]    Compiling zeroize v1.8.1
[INFO] [stderr]    Compiling merlin v3.0.0
[INFO] [stderr]    Compiling secrecy v0.8.0
[INFO] [stderr]    Compiling zerocopy v0.7.35
[INFO] [stderr]    Compiling schnorrkel v0.11.4
[INFO] [stderr]    Compiling parity-scale-codec v3.6.12
[INFO] [stderr]    Compiling ppv-lite86 v0.2.20
[INFO] [stderr]    Compiling rand_chacha v0.3.1
[INFO] [stderr]    Compiling rand v0.8.5
[INFO] [stderr]    Compiling fixed-hash v0.8.0
[INFO] [stderr]    Compiling impl-serde v0.5.0
[INFO] [stderr]    Compiling primitive-types v0.13.1
[INFO] [stderr]    Compiling ss58-registry v1.51.0
[INFO] [stderr]    Compiling avail-subxt-light-core v0.1.0 (/opt/rustwide/workdir)
[INFO] [stdout] warning: unexpected `cfg` condition value: `std`
[INFO] [stdout]    --> src/crypto/secret_uri.rs:135:7
[INFO] [stdout]     |
[INFO] [stdout] 135 | #[cfg(feature = "std")]
[INFO] [stdout]     |       ^^^^^^^^^^^^^^^ help: remove the condition
[INFO] [stdout]     |
[INFO] [stdout]     = note: no expected values for `feature`
[INFO] [stdout]     = help: consider adding `std` as a feature in `Cargo.toml`
[INFO] [stdout]     = note: see <https://doc.rust-lang.org/nightly/rustc/check-cfg/cargo-specifics.html> for more information about checking conditional configuration
[INFO] [stdout]     = note: `#[warn(unexpected_cfgs)]` on by default
[INFO] [stdout] 
[INFO] [stdout] 
[INFO] [stdout] warning: unexpected `cfg` condition value: `std`
[INFO] [stdout]   --> src/crypto/ss58.rs:33:13
[INFO] [stdout]    |
[INFO] [stdout] 33 |     #[cfg_attr(feature = "std", error("Base 58 requirement is violated"))]
[INFO] [stdout]    |                ^^^^^^^^^^^^^^^ help: remove the condition
[INFO] [stdout]    |
[INFO] [stdout]    = note: no expected values for `feature`
[INFO] [stdout]    = help: consider adding `std` as a feature in `Cargo.toml`
[INFO] [stdout]    = note: see <https://doc.rust-lang.org/nightly/rustc/check-cfg/cargo-specifics.html> for more information about checking conditional configuration
[INFO] [stdout] 
[INFO] [stdout] 
[INFO] [stdout] warning: unexpected `cfg` condition value: `std`
[INFO] [stdout]   --> src/crypto/ss58.rs:35:13
[INFO] [stdout]    |
[INFO] [stdout] 35 |     #[cfg_attr(feature = "std", error("Length is bad"))]
[INFO] [stdout]    |                ^^^^^^^^^^^^^^^ help: remove the condition
[INFO] [stdout]    |
[INFO] [stdout]    = note: no expected values for `feature`
[INFO] [stdout]    = help: consider adding `std` as a feature in `Cargo.toml`
[INFO] [stdout]    = note: see <https://doc.rust-lang.org/nightly/rustc/check-cfg/cargo-specifics.html> for more information about checking conditional configuration
[INFO] [stdout] 
[INFO] [stdout] 
[INFO] [stdout] warning: unexpected `cfg` condition value: `std`
[INFO] [stdout]   --> src/crypto/ss58.rs:38:3
[INFO] [stdout]    |
[INFO] [stdout] 38 |         feature = "std",
[INFO] [stdout]    |         ^^^^^^^^^^^^^^^ help: remove the condition
[INFO] [stdout]    |
[INFO] [stdout]    = note: no expected values for `feature`
[INFO] [stdout]    = help: consider adding `std` as a feature in `Cargo.toml`
[INFO] [stdout]    = note: see <https://doc.rust-lang.org/nightly/rustc/check-cfg/cargo-specifics.html> for more information about checking conditional configuration
[INFO] [stdout] 
[INFO] [stdout] 
[INFO] [stdout] warning: unexpected `cfg` condition value: `std`
[INFO] [stdout]   --> src/crypto/ss58.rs:46:13
[INFO] [stdout]    |
[INFO] [stdout] 46 |     #[cfg_attr(feature = "std", error("Invalid checksum"))]
[INFO] [stdout]    |                ^^^^^^^^^^^^^^^ help: remove the condition
[INFO] [stdout]    |
[INFO] [stdout]    = note: no expected values for `feature`
[INFO] [stdout]    = help: consider adding `std` as a feature in `Cargo.toml`
[INFO] [stdout]    = note: see <https://doc.rust-lang.org/nightly/rustc/check-cfg/cargo-specifics.html> for more information about checking conditional configuration
[INFO] [stdout] 
[INFO] [stdout] 
[INFO] [stdout] warning: unexpected `cfg` condition value: `std`
[INFO] [stdout]   --> src/crypto/ss58.rs:48:13
[INFO] [stdout]    |
[INFO] [stdout] 48 |     #[cfg_attr(feature = "std", error("Invalid SS58 prefix byte."))]
[INFO] [stdout]    |                ^^^^^^^^^^^^^^^ help: remove the condition
[INFO] [stdout]    |
[INFO] [stdout]    = note: no expected values for `feature`
[INFO] [stdout]    = help: consider adding `std` as a feature in `Cargo.toml`
[INFO] [stdout]    = note: see <https://doc.rust-lang.org/nightly/rustc/check-cfg/cargo-specifics.html> for more information about checking conditional configuration
[INFO] [stdout] 
[INFO] [stdout] 
[INFO] [stdout] warning: unexpected `cfg` condition value: `std`
[INFO] [stdout]   --> src/crypto/ss58.rs:50:13
[INFO] [stdout]    |
[INFO] [stdout] 50 |     #[cfg_attr(feature = "std", error("Invalid SS58 format."))]
[INFO] [stdout]    |                ^^^^^^^^^^^^^^^ help: remove the condition
[INFO] [stdout]    |
[INFO] [stdout]    = note: no expected values for `feature`
[INFO] [stdout]    = help: consider adding `std` as a feature in `Cargo.toml`
[INFO] [stdout]    = note: see <https://doc.rust-lang.org/nightly/rustc/check-cfg/cargo-specifics.html> for more information about checking conditional configuration
[INFO] [stdout] 
[INFO] [stdout] 
[INFO] [stdout] warning: unexpected `cfg` condition value: `std`
[INFO] [stdout]   --> src/crypto/ss58.rs:52:13
[INFO] [stdout]    |
[INFO] [stdout] 52 |     #[cfg_attr(feature = "std", error("Invalid derivation path."))]
[INFO] [stdout]    |                ^^^^^^^^^^^^^^^ help: remove the condition
[INFO] [stdout]    |
[INFO] [stdout]    = note: no expected values for `feature`
[INFO] [stdout]    = help: consider adding `std` as a feature in `Cargo.toml`
[INFO] [stdout]    = note: see <https://doc.rust-lang.org/nightly/rustc/check-cfg/cargo-specifics.html> for more information about checking conditional configuration
[INFO] [stdout] 
[INFO] [stdout] 
[INFO] [stdout] warning: unexpected `cfg` condition value: `std`
[INFO] [stdout]   --> src/crypto/ss58.rs:55:3
[INFO] [stdout]    |
[INFO] [stdout] 55 |         feature = "std",
[INFO] [stdout]    |         ^^^^^^^^^^^^^^^ help: remove the condition
[INFO] [stdout]    |
[INFO] [stdout]    = note: no expected values for `feature`
[INFO] [stdout]    = help: consider adding `std` as a feature in `Cargo.toml`
[INFO] [stdout]    = note: see <https://doc.rust-lang.org/nightly/rustc/check-cfg/cargo-specifics.html> for more information about checking conditional configuration
[INFO] [stdout] 
[INFO] [stdout] 
[INFO] [stdout] warning: unexpected `cfg` condition value: `std`
[INFO] [stdout]   --> src/crypto/ss58.rs:59:13
[INFO] [stdout]    |
[INFO] [stdout] 59 |     #[cfg_attr(feature = "std", error("Password not allowed."))]
[INFO] [stdout]    |                ^^^^^^^^^^^^^^^ help: remove the condition
[INFO] [stdout]    |
[INFO] [stdout]    = note: no expected values for `feature`
[INFO] [stdout]    = help: consider adding `std` as a feature in `Cargo.toml`
[INFO] [stdout]    = note: see <https://doc.rust-lang.org/nightly/rustc/check-cfg/cargo-specifics.html> for more information about checking conditional configuration
[INFO] [stdout] 
[INFO] [stdout] 
[INFO] [stdout] warning: unexpected `cfg` condition value: `std`
[INFO] [stdout]   --> src/crypto/ss58.rs:62:13
[INFO] [stdout]    |
[INFO] [stdout] 62 |     #[cfg_attr(feature = "std", error("Incorrect URI syntax {0}."))]
[INFO] [stdout]    |                ^^^^^^^^^^^^^^^ help: remove the condition
[INFO] [stdout]    |
[INFO] [stdout]    = note: no expected values for `feature`
[INFO] [stdout]    = help: consider adding `std` as a feature in `Cargo.toml`
[INFO] [stdout]    = note: see <https://doc.rust-lang.org/nightly/rustc/check-cfg/cargo-specifics.html> for more information about checking conditional configuration
[INFO] [stdout] 
[INFO] [stdout] 
[INFO] [stdout] warning: unexpected `cfg` condition value: `std`
[INFO] [stdout]   --> src/crypto/ss58.rs:61:8
[INFO] [stdout]    |
[INFO] [stdout] 61 |     #[cfg(feature = "std")]
[INFO] [stdout]    |           ^^^^^^^^^^^^^^^ help: remove the condition
[INFO] [stdout]    |
[INFO] [stdout]    = note: no expected values for `feature`
[INFO] [stdout]    = help: consider adding `std` as a feature in `Cargo.toml`
[INFO] [stdout]    = note: see <https://doc.rust-lang.org/nightly/rustc/check-cfg/cargo-specifics.html> for more information about checking conditional configuration
[INFO] [stdout] 
[INFO] [stdout] 
[INFO] [stdout] warning: unused variable: `input`
[INFO] [stdout]   --> src/crypto/derive_junction.rs:40:3
[INFO] [stdout]    |
[INFO] [stdout] 40 |         input: &mut I,
[INFO] [stdout]    |         ^^^^^ help: if this is intentional, prefix it with an underscore: `_input`
[INFO] [stdout]    |
[INFO] [stdout]    = note: `#[warn(unused_variables)]` on by default
[INFO] [stdout] 
[INFO] [stdout] 
[INFO] [stdout] warning: fields `normal`, `operational`, and `mandatory` are never read
[INFO] [stdout]   --> src/types/avail.rs:74:3
[INFO] [stdout]    |
[INFO] [stdout] 72 |     pub struct PreDispatchClass<T> {
[INFO] [stdout]    |                ---------------- fields in this struct
[INFO] [stdout] 73 |         /// Value for `Normal` extrinsics.
[INFO] [stdout] 74 |         normal: T,
[INFO] [stdout]    |         ^^^^^^
[INFO] [stdout] 75 |         /// Value for `Operational` extrinsics.
[INFO] [stdout] 76 |         operational: T,
[INFO] [stdout]    |         ^^^^^^^^^^^
[INFO] [stdout] 77 |         /// Value for `Mandatory` extrinsics.
[INFO] [stdout] 78 |         mandatory: T,
[INFO] [stdout]    |         ^^^^^^^^^
[INFO] [stdout]    |
[INFO] [stdout]    = note: `PreDispatchClass` has derived impls for the traits `Clone` and `Debug`, but these are intentionally ignored during dead code analysis
[INFO] [stdout]    = note: `#[warn(dead_code)]` on by default
[INFO] [stdout] 
[INFO] [stdout] 
[INFO] [stderr]     Finished `dev` profile [unoptimized + debuginfo] target(s) in 25.14s
[INFO] running `Command { std: "docker" "inspect" "09c4bc2f3add08276e2e7773253e2347ce17b82411e3de4cbabaa96f203c728a", kill_on_drop: false }`
[INFO] running `Command { std: "docker" "rm" "-f" "09c4bc2f3add08276e2e7773253e2347ce17b82411e3de4cbabaa96f203c728a", kill_on_drop: false }`
[INFO] [stdout] 09c4bc2f3add08276e2e7773253e2347ce17b82411e3de4cbabaa96f203c728a
[INFO] running `Command { std: "docker" "create" "-v" "/var/lib/crater-agent-workspace/builds/worker-7-tc1/target:/opt/rustwide/target:rw,Z" "-v" "/var/lib/crater-agent-workspace/builds/worker-7-tc1/source:/opt/rustwide/workdir:ro,Z" "-v" "/var/lib/crater-agent-workspace/cargo-home:/opt/rustwide/cargo-home:ro,Z" "-v" "/var/lib/crater-agent-workspace/rustup-home:/opt/rustwide/rustup-home:ro,Z" "-e" "SOURCE_DIR=/opt/rustwide/workdir" "-e" "CARGO_TARGET_DIR=/opt/rustwide/target" "-e" "CARGO_INCREMENTAL=0" "-e" "RUST_BACKTRACE=full" "-e" "RUSTFLAGS=--cap-lints=warn" "-e" "RUSTDOCFLAGS=--cap-lints=warn" "-e" "CARGO_HOME=/opt/rustwide/cargo-home" "-e" "RUSTUP_HOME=/opt/rustwide/rustup-home" "-w" "/opt/rustwide/workdir" "-m" "1610612736" "--user" "0:0" "--network" "none" "ghcr.io/rust-lang/crates-build-env/linux@sha256:f3a9d4ad9d972b27faf3965f35b62e55ba32bbce8f20bc8fe909558a86702fde" "/opt/rustwide/cargo-home/bin/cargo" "+1.83.0" "test" "--frozen" "--no-run" "--message-format=json", kill_on_drop: false }`
[INFO] [stdout] e7d041b6e1a8b53e3e2ed52e10a06386df5e7252610ce6850e1eae48972d552b
[INFO] running `Command { std: "docker" "start" "-a" "e7d041b6e1a8b53e3e2ed52e10a06386df5e7252610ce6850e1eae48972d552b", kill_on_drop: false }`
[INFO] [stdout] warning: unexpected `cfg` condition value: `std`
[INFO] [stdout]    --> src/crypto/secret_uri.rs:135:7
[INFO] [stdout]     |
[INFO] [stdout] 135 | #[cfg(feature = "std")]
[INFO] [stdout]     |       ^^^^^^^^^^^^^^^ help: remove the condition
[INFO] [stdout]     |
[INFO] [stdout]     = note: no expected values for `feature`
[INFO] [stdout]     = help: consider adding `std` as a feature in `Cargo.toml`
[INFO] [stdout]     = note: see <https://doc.rust-lang.org/nightly/rustc/check-cfg/cargo-specifics.html> for more information about checking conditional configuration
[INFO] [stdout]     = note: `#[warn(unexpected_cfgs)]` on by default
[INFO] [stdout] 
[INFO] [stdout] 
[INFO] [stdout] warning: unexpected `cfg` condition value: `std`
[INFO] [stdout]   --> src/crypto/ss58.rs:33:13
[INFO] [stdout]    |
[INFO] [stdout] 33 |     #[cfg_attr(feature = "std", error("Base 58 requirement is violated"))]
[INFO] [stdout]    |                ^^^^^^^^^^^^^^^ help: remove the condition
[INFO] [stdout]    |
[INFO] [stdout]    = note: no expected values for `feature`
[INFO] [stdout]    = help: consider adding `std` as a feature in `Cargo.toml`
[INFO] [stdout]    = note: see <https://doc.rust-lang.org/nightly/rustc/check-cfg/cargo-specifics.html> for more information about checking conditional configuration
[INFO] [stdout] 
[INFO] [stdout] 
[INFO] [stdout] warning: unexpected `cfg` condition value: `std`
[INFO] [stdout]   --> src/crypto/ss58.rs:35:13
[INFO] [stdout]    |
[INFO] [stdout] 35 |     #[cfg_attr(feature = "std", error("Length is bad"))]
[INFO] [stdout]    |                ^^^^^^^^^^^^^^^ help: remove the condition
[INFO] [stdout]    |
[INFO] [stdout]    = note: no expected values for `feature`
[INFO] [stdout]    = help: consider adding `std` as a feature in `Cargo.toml`
[INFO] [stdout]    = note: see <https://doc.rust-lang.org/nightly/rustc/check-cfg/cargo-specifics.html> for more information about checking conditional configuration
[INFO] [stdout] 
[INFO] [stdout] 
[INFO] [stdout] warning: unexpected `cfg` condition value: `std`
[INFO] [stdout]   --> src/crypto/ss58.rs:38:3
[INFO] [stdout]    |
[INFO] [stdout] 38 |         feature = "std",
[INFO] [stdout]    |         ^^^^^^^^^^^^^^^ help: remove the condition
[INFO] [stdout]    |
[INFO] [stdout]    = note: no expected values for `feature`
[INFO] [stdout]    = help: consider adding `std` as a feature in `Cargo.toml`
[INFO] [stdout]    = note: see <https://doc.rust-lang.org/nightly/rustc/check-cfg/cargo-specifics.html> for more information about checking conditional configuration
[INFO] [stdout] 
[INFO] [stdout] 
[INFO] [stdout] warning: unexpected `cfg` condition value: `std`
[INFO] [stdout]   --> src/crypto/ss58.rs:46:13
[INFO] [stdout]    |
[INFO] [stdout] 46 |     #[cfg_attr(feature = "std", error("Invalid checksum"))]
[INFO] [stdout]    |                ^^^^^^^^^^^^^^^ help: remove the condition
[INFO] [stdout]    |
[INFO] [stdout]    = note: no expected values for `feature`
[INFO] [stdout]    = help: consider adding `std` as a feature in `Cargo.toml`
[INFO] [stdout]    = note: see <https://doc.rust-lang.org/nightly/rustc/check-cfg/cargo-specifics.html> for more information about checking conditional configuration
[INFO] [stdout] 
[INFO] [stdout] 
[INFO] [stdout] warning: unexpected `cfg` condition value: `std`
[INFO] [stdout]   --> src/crypto/ss58.rs:48:13
[INFO] [stdout]    |
[INFO] [stdout] 48 |     #[cfg_attr(feature = "std", error("Invalid SS58 prefix byte."))]
[INFO] [stdout]    |                ^^^^^^^^^^^^^^^ help: remove the condition
[INFO] [stdout]    |
[INFO] [stdout]    = note: no expected values for `feature`
[INFO] [stdout]    = help: consider adding `std` as a feature in `Cargo.toml`
[INFO] [stdout]    = note: see <https://doc.rust-lang.org/nightly/rustc/check-cfg/cargo-specifics.html> for more information about checking conditional configuration
[INFO] [stdout] 
[INFO] [stdout] 
[INFO] [stdout] warning: unexpected `cfg` condition value: `std`
[INFO] [stdout]   --> src/crypto/ss58.rs:50:13
[INFO] [stdout]    |
[INFO] [stdout] 50 |     #[cfg_attr(feature = "std", error("Invalid SS58 format."))]
[INFO] [stdout]    |                ^^^^^^^^^^^^^^^ help: remove the condition
[INFO] [stdout]    |
[INFO] [stdout]    = note: no expected values for `feature`
[INFO] [stdout]    = help: consider adding `std` as a feature in `Cargo.toml`
[INFO] [stdout]    = note: see <https://doc.rust-lang.org/nightly/rustc/check-cfg/cargo-specifics.html> for more information about checking conditional configuration
[INFO] [stdout] 
[INFO] [stdout] 
[INFO] [stdout] warning: unexpected `cfg` condition value: `std`
[INFO] [stdout]   --> src/crypto/ss58.rs:52:13
[INFO] [stdout]    |
[INFO] [stdout] 52 |     #[cfg_attr(feature = "std", error("Invalid derivation path."))]
[INFO] [stdout]    |                ^^^^^^^^^^^^^^^ help: remove the condition
[INFO] [stdout]    |
[INFO] [stdout]    = note: no expected values for `feature`
[INFO] [stdout]    = help: consider adding `std` as a feature in `Cargo.toml`
[INFO] [stdout]    = note: see <https://doc.rust-lang.org/nightly/rustc/check-cfg/cargo-specifics.html> for more information about checking conditional configuration
[INFO] [stdout] 
[INFO] [stdout] 
[INFO] [stdout] warning: unexpected `cfg` condition value: `std`
[INFO] [stdout]   --> src/crypto/ss58.rs:55:3
[INFO] [stdout]    |
[INFO] [stdout] 55 |         feature = "std",
[INFO] [stdout]    |         ^^^^^^^^^^^^^^^ help: remove the condition
[INFO] [stdout]    |
[INFO] [stdout]    = note: no expected values for `feature`
[INFO] [stdout]    = help: consider adding `std` as a feature in `Cargo.toml`
[INFO] [stdout]    = note: see <https://doc.rust-lang.org/nightly/rustc/check-cfg/cargo-specifics.html> for more information about checking conditional configuration
[INFO] [stdout] 
[INFO] [stdout] 
[INFO] [stdout] warning: unexpected `cfg` condition value: `std`
[INFO] [stdout]   --> src/crypto/ss58.rs:59:13
[INFO] [stdout]    |
[INFO] [stdout] 59 |     #[cfg_attr(feature = "std", error("Password not allowed."))]
[INFO] [stdout]    |                ^^^^^^^^^^^^^^^ help: remove the condition
[INFO] [stdout]    |
[INFO] [stdout]    = note: no expected values for `feature`
[INFO] [stdout]    = help: consider adding `std` as a feature in `Cargo.toml`
[INFO] [stdout]    = note: see <https://doc.rust-lang.org/nightly/rustc/check-cfg/cargo-specifics.html> for more information about checking conditional configuration
[INFO] [stdout] 
[INFO] [stdout] 
[INFO] [stdout] warning: unexpected `cfg` condition value: `std`
[INFO] [stdout]   --> src/crypto/ss58.rs:62:13
[INFO] [stdout]    |
[INFO] [stdout] 62 |     #[cfg_attr(feature = "std", error("Incorrect URI syntax {0}."))]
[INFO] [stdout]    |                ^^^^^^^^^^^^^^^ help: remove the condition
[INFO] [stdout]    |
[INFO] [stdout]    = note: no expected values for `feature`
[INFO] [stdout]    = help: consider adding `std` as a feature in `Cargo.toml`
[INFO] [stdout]    = note: see <https://doc.rust-lang.org/nightly/rustc/check-cfg/cargo-specifics.html> for more information about checking conditional configuration
[INFO] [stdout] 
[INFO] [stdout] 
[INFO] [stdout] warning: unexpected `cfg` condition value: `std`
[INFO] [stdout]   --> src/crypto/ss58.rs:61:8
[INFO] [stdout]    |
[INFO] [stdout] 61 |     #[cfg(feature = "std")]
[INFO] [stdout]    |           ^^^^^^^^^^^^^^^ help: remove the condition
[INFO] [stdout]    |
[INFO] [stdout]    = note: no expected values for `feature`
[INFO] [stdout]    = help: consider adding `std` as a feature in `Cargo.toml`
[INFO] [stdout]    = note: see <https://doc.rust-lang.org/nightly/rustc/check-cfg/cargo-specifics.html> for more information about checking conditional configuration
[INFO] [stdout] 
[INFO] [stdout] 
[INFO] [stdout] warning: unused variable: `input`
[INFO] [stdout]   --> src/crypto/derive_junction.rs:40:3
[INFO] [stdout]    |
[INFO] [stdout] 40 |         input: &mut I,
[INFO] [stdout]    |         ^^^^^ help: if this is intentional, prefix it with an underscore: `_input`
[INFO] [stdout]    |
[INFO] [stdout]    = note: `#[warn(unused_variables)]` on by default
[INFO] [stdout] 
[INFO] [stdout] 
[INFO] [stdout] warning: fields `normal`, `operational`, and `mandatory` are never read
[INFO] [stdout]   --> src/types/avail.rs:74:3
[INFO] [stdout]    |
[INFO] [stdout] 72 |     pub struct PreDispatchClass<T> {
[INFO] [stdout]    |                ---------------- fields in this struct
[INFO] [stdout] 73 |         /// Value for `Normal` extrinsics.
[INFO] [stdout] 74 |         normal: T,
[INFO] [stdout]    |         ^^^^^^
[INFO] [stdout] 75 |         /// Value for `Operational` extrinsics.
[INFO] [stdout] 76 |         operational: T,
[INFO] [stdout]    |         ^^^^^^^^^^^
[INFO] [stdout] 77 |         /// Value for `Mandatory` extrinsics.
[INFO] [stdout] 78 |         mandatory: T,
[INFO] [stdout]    |         ^^^^^^^^^
[INFO] [stdout]    |
[INFO] [stdout]    = note: `PreDispatchClass` has derived impls for the traits `Clone` and `Debug`, but these are intentionally ignored during dead code analysis
[INFO] [stdout]    = note: `#[warn(dead_code)]` on by default
[INFO] [stdout] 
[INFO] [stdout] 
[INFO] [stderr]    Compiling avail-subxt-light-core v0.1.0 (/opt/rustwide/workdir)
[INFO] [stdout] warning: unexpected `cfg` condition value: `std`
[INFO] [stdout]    --> src/crypto/secret_uri.rs:135:7
[INFO] [stdout]     |
[INFO] [stdout] 135 | #[cfg(feature = "std")]
[INFO] [stdout]     |       ^^^^^^^^^^^^^^^ help: remove the condition
[INFO] [stdout]     |
[INFO] [stdout]     = note: no expected values for `feature`
[INFO] [stdout]     = help: consider adding `std` as a feature in `Cargo.toml`
[INFO] [stdout]     = note: see <https://doc.rust-lang.org/nightly/rustc/check-cfg/cargo-specifics.html> for more information about checking conditional configuration
[INFO] [stdout]     = note: `#[warn(unexpected_cfgs)]` on by default
[INFO] [stdout] 
[INFO] [stdout] 
[INFO] [stdout] warning: unexpected `cfg` condition value: `std`
[INFO] [stdout]   --> src/crypto/ss58.rs:33:13
[INFO] [stdout]    |
[INFO] [stdout] 33 |     #[cfg_attr(feature = "std", error("Base 58 requirement is violated"))]
[INFO] [stdout]    |                ^^^^^^^^^^^^^^^ help: remove the condition
[INFO] [stdout]    |
[INFO] [stdout]    = note: no expected values for `feature`
[INFO] [stdout]    = help: consider adding `std` as a feature in `Cargo.toml`
[INFO] [stdout]    = note: see <https://doc.rust-lang.org/nightly/rustc/check-cfg/cargo-specifics.html> for more information about checking conditional configuration
[INFO] [stdout] 
[INFO] [stdout] 
[INFO] [stdout] warning: unexpected `cfg` condition value: `std`
[INFO] [stdout]   --> src/crypto/ss58.rs:35:13
[INFO] [stdout]    |
[INFO] [stdout] 35 |     #[cfg_attr(feature = "std", error("Length is bad"))]
[INFO] [stdout]    |                ^^^^^^^^^^^^^^^ help: remove the condition
[INFO] [stdout]    |
[INFO] [stdout]    = note: no expected values for `feature`
[INFO] [stdout]    = help: consider adding `std` as a feature in `Cargo.toml`
[INFO] [stdout]    = note: see <https://doc.rust-lang.org/nightly/rustc/check-cfg/cargo-specifics.html> for more information about checking conditional configuration
[INFO] [stdout] 
[INFO] [stdout] 
[INFO] [stdout] warning: unexpected `cfg` condition value: `std`
[INFO] [stdout]   --> src/crypto/ss58.rs:38:3
[INFO] [stdout]    |
[INFO] [stdout] 38 |         feature = "std",
[INFO] [stdout]    |         ^^^^^^^^^^^^^^^ help: remove the condition
[INFO] [stdout]    |
[INFO] [stdout]    = note: no expected values for `feature`
[INFO] [stdout]    = help: consider adding `std` as a feature in `Cargo.toml`
[INFO] [stdout]    = note: see <https://doc.rust-lang.org/nightly/rustc/check-cfg/cargo-specifics.html> for more information about checking conditional configuration
[INFO] [stdout] 
[INFO] [stdout] 
[INFO] [stdout] warning: unexpected `cfg` condition value: `std`
[INFO] [stdout]   --> src/crypto/ss58.rs:46:13
[INFO] [stdout]    |
[INFO] [stdout] 46 |     #[cfg_attr(feature = "std", error("Invalid checksum"))]
[INFO] [stdout]    |                ^^^^^^^^^^^^^^^ help: remove the condition
[INFO] [stdout]    |
[INFO] [stdout]    = note: no expected values for `feature`
[INFO] [stdout]    = help: consider adding `std` as a feature in `Cargo.toml`
[INFO] [stdout]    = note: see <https://doc.rust-lang.org/nightly/rustc/check-cfg/cargo-specifics.html> for more information about checking conditional configuration
[INFO] [stdout] 
[INFO] [stdout] 
[INFO] [stdout] warning: unexpected `cfg` condition value: `std`
[INFO] [stdout]   --> src/crypto/ss58.rs:48:13
[INFO] [stdout]    |
[INFO] [stdout] 48 |     #[cfg_attr(feature = "std", error("Invalid SS58 prefix byte."))]
[INFO] [stdout]    |                ^^^^^^^^^^^^^^^ help: remove the condition
[INFO] [stdout]    |
[INFO] [stdout]    = note: no expected values for `feature`
[INFO] [stdout]    = help: consider adding `std` as a feature in `Cargo.toml`
[INFO] [stdout]    = note: see <https://doc.rust-lang.org/nightly/rustc/check-cfg/cargo-specifics.html> for more information about checking conditional configuration
[INFO] [stdout] 
[INFO] [stdout] 
[INFO] [stdout] warning: unexpected `cfg` condition value: `std`
[INFO] [stdout]   --> src/crypto/ss58.rs:50:13
[INFO] [stdout]    |
[INFO] [stdout] 50 |     #[cfg_attr(feature = "std", error("Invalid SS58 format."))]
[INFO] [stdout]    |                ^^^^^^^^^^^^^^^ help: remove the condition
[INFO] [stdout]    |
[INFO] [stdout]    = note: no expected values for `feature`
[INFO] [stdout]    = help: consider adding `std` as a feature in `Cargo.toml`
[INFO] [stdout]    = note: see <https://doc.rust-lang.org/nightly/rustc/check-cfg/cargo-specifics.html> for more information about checking conditional configuration
[INFO] [stdout] 
[INFO] [stdout] 
[INFO] [stdout] warning: unexpected `cfg` condition value: `std`
[INFO] [stdout]   --> src/crypto/ss58.rs:52:13
[INFO] [stdout]    |
[INFO] [stdout] 52 |     #[cfg_attr(feature = "std", error("Invalid derivation path."))]
[INFO] [stdout]    |                ^^^^^^^^^^^^^^^ help: remove the condition
[INFO] [stdout]    |
[INFO] [stdout]    = note: no expected values for `feature`
[INFO] [stdout]    = help: consider adding `std` as a feature in `Cargo.toml`
[INFO] [stdout]    = note: see <https://doc.rust-lang.org/nightly/rustc/check-cfg/cargo-specifics.html> for more information about checking conditional configuration
[INFO] [stdout] 
[INFO] [stdout] 
[INFO] [stdout] warning: unexpected `cfg` condition value: `std`
[INFO] [stdout]   --> src/crypto/ss58.rs:55:3
[INFO] [stdout]    |
[INFO] [stdout] 55 |         feature = "std",
[INFO] [stdout]    |         ^^^^^^^^^^^^^^^ help: remove the condition
[INFO] [stdout]    |
[INFO] [stdout]    = note: no expected values for `feature`
[INFO] [stdout]    = help: consider adding `std` as a feature in `Cargo.toml`
[INFO] [stdout]    = note: see <https://doc.rust-lang.org/nightly/rustc/check-cfg/cargo-specifics.html> for more information about checking conditional configuration
[INFO] [stdout] 
[INFO] [stdout] 
[INFO] [stdout] warning: unexpected `cfg` condition value: `std`
[INFO] [stdout]   --> src/crypto/ss58.rs:59:13
[INFO] [stdout]    |
[INFO] [stdout] 59 |     #[cfg_attr(feature = "std", error("Password not allowed."))]
[INFO] [stdout]    |                ^^^^^^^^^^^^^^^ help: remove the condition
[INFO] [stdout]    |
[INFO] [stdout]    = note: no expected values for `feature`
[INFO] [stdout]    = help: consider adding `std` as a feature in `Cargo.toml`
[INFO] [stdout]    = note: see <https://doc.rust-lang.org/nightly/rustc/check-cfg/cargo-specifics.html> for more information about checking conditional configuration
[INFO] [stdout] 
[INFO] [stdout] 
[INFO] [stdout] warning: unexpected `cfg` condition value: `std`
[INFO] [stdout]   --> src/crypto/ss58.rs:62:13
[INFO] [stdout]    |
[INFO] [stdout] 62 |     #[cfg_attr(feature = "std", error("Incorrect URI syntax {0}."))]
[INFO] [stdout]    |                ^^^^^^^^^^^^^^^ help: remove the condition
[INFO] [stdout]    |
[INFO] [stdout]    = note: no expected values for `feature`
[INFO] [stdout]    = help: consider adding `std` as a feature in `Cargo.toml`
[INFO] [stdout]    = note: see <https://doc.rust-lang.org/nightly/rustc/check-cfg/cargo-specifics.html> for more information about checking conditional configuration
[INFO] [stdout] 
[INFO] [stdout] 
[INFO] [stdout] warning: unexpected `cfg` condition value: `std`
[INFO] [stdout]   --> src/crypto/ss58.rs:61:8
[INFO] [stdout]    |
[INFO] [stdout] 61 |     #[cfg(feature = "std")]
[INFO] [stdout]    |           ^^^^^^^^^^^^^^^ help: remove the condition
[INFO] [stdout]    |
[INFO] [stdout]    = note: no expected values for `feature`
[INFO] [stdout]    = help: consider adding `std` as a feature in `Cargo.toml`
[INFO] [stdout]    = note: see <https://doc.rust-lang.org/nightly/rustc/check-cfg/cargo-specifics.html> for more information about checking conditional configuration
[INFO] [stdout] 
[INFO] [stdout] 
[INFO] [stdout] warning: unused variable: `input`
[INFO] [stdout]   --> src/crypto/derive_junction.rs:40:3
[INFO] [stdout]    |
[INFO] [stdout] 40 |         input: &mut I,
[INFO] [stdout]    |         ^^^^^ help: if this is intentional, prefix it with an underscore: `_input`
[INFO] [stdout]    |
[INFO] [stdout]    = note: `#[warn(unused_variables)]` on by default
[INFO] [stdout] 
[INFO] [stdout] 
[INFO] [stdout] warning: fields `normal`, `operational`, and `mandatory` are never read
[INFO] [stdout]   --> src/types/avail.rs:74:3
[INFO] [stdout]    |
[INFO] [stdout] 72 |     pub struct PreDispatchClass<T> {
[INFO] [stdout]    |                ---------------- fields in this struct
[INFO] [stdout] 73 |         /// Value for `Normal` extrinsics.
[INFO] [stdout] 74 |         normal: T,
[INFO] [stdout]    |         ^^^^^^
[INFO] [stdout] 75 |         /// Value for `Operational` extrinsics.
[INFO] [stdout] 76 |         operational: T,
[INFO] [stdout]    |         ^^^^^^^^^^^
[INFO] [stdout] 77 |         /// Value for `Mandatory` extrinsics.
[INFO] [stdout] 78 |         mandatory: T,
[INFO] [stdout]    |         ^^^^^^^^^
[INFO] [stdout]    |
[INFO] [stdout]    = note: `PreDispatchClass` has derived impls for the traits `Clone` and `Debug`, but these are intentionally ignored during dead code analysis
[INFO] [stdout]    = note: `#[warn(dead_code)]` on by default
[INFO] [stdout] 
[INFO] [stdout] 
[INFO] [stderr]     Finished `test` profile [unoptimized + debuginfo] target(s) in 1.25s
[INFO] running `Command { std: "docker" "inspect" "e7d041b6e1a8b53e3e2ed52e10a06386df5e7252610ce6850e1eae48972d552b", kill_on_drop: false }`
[INFO] running `Command { std: "docker" "rm" "-f" "e7d041b6e1a8b53e3e2ed52e10a06386df5e7252610ce6850e1eae48972d552b", kill_on_drop: false }`
[INFO] [stdout] e7d041b6e1a8b53e3e2ed52e10a06386df5e7252610ce6850e1eae48972d552b
[INFO] running `Command { std: "docker" "create" "-v" "/var/lib/crater-agent-workspace/builds/worker-7-tc1/target:/opt/rustwide/target:rw,Z" "-v" "/var/lib/crater-agent-workspace/builds/worker-7-tc1/source:/opt/rustwide/workdir:ro,Z" "-v" "/var/lib/crater-agent-workspace/cargo-home:/opt/rustwide/cargo-home:ro,Z" "-v" "/var/lib/crater-agent-workspace/rustup-home:/opt/rustwide/rustup-home:ro,Z" "-e" "SOURCE_DIR=/opt/rustwide/workdir" "-e" "CARGO_TARGET_DIR=/opt/rustwide/target" "-e" "CARGO_INCREMENTAL=0" "-e" "RUST_BACKTRACE=full" "-e" "RUSTFLAGS=--cap-lints=warn" "-e" "RUSTDOCFLAGS=--cap-lints=warn" "-e" "CARGO_HOME=/opt/rustwide/cargo-home" "-e" "RUSTUP_HOME=/opt/rustwide/rustup-home" "-w" "/opt/rustwide/workdir" "-m" "1610612736" "--user" "0:0" "--network" "none" "ghcr.io/rust-lang/crates-build-env/linux@sha256:f3a9d4ad9d972b27faf3965f35b62e55ba32bbce8f20bc8fe909558a86702fde" "/opt/rustwide/cargo-home/bin/cargo" "+1.83.0" "test" "--frozen", kill_on_drop: false }`
[INFO] [stdout] bf10798d4773dbbc5a7617e7158099887e24964eec02e42b6d46eba6da44b6af
[INFO] running `Command { std: "docker" "start" "-a" "bf10798d4773dbbc5a7617e7158099887e24964eec02e42b6d46eba6da44b6af", kill_on_drop: false }`
[INFO] [stderr] warning: unexpected `cfg` condition value: `std`
[INFO] [stderr]    --> src/crypto/secret_uri.rs:135:7
[INFO] [stderr]     |
[INFO] [stderr] 135 | #[cfg(feature = "std")]
[INFO] [stderr]     |       ^^^^^^^^^^^^^^^ help: remove the condition
[INFO] [stderr]     |
[INFO] [stderr]     = note: no expected values for `feature`
[INFO] [stderr]     = help: consider adding `std` as a feature in `Cargo.toml`
[INFO] [stderr]     = note: see <https://doc.rust-lang.org/nightly/rustc/check-cfg/cargo-specifics.html> for more information about checking conditional configuration
[INFO] [stderr]     = note: `#[warn(unexpected_cfgs)]` on by default
[INFO] [stderr] 
[INFO] [stderr] warning: unexpected `cfg` condition value: `std`
[INFO] [stderr]   --> src/crypto/ss58.rs:33:13
[INFO] [stderr]    |
[INFO] [stderr] 33 |     #[cfg_attr(feature = "std", error("Base 58 requirement is violated"))]
[INFO] [stderr]    |                ^^^^^^^^^^^^^^^ help: remove the condition
[INFO] [stderr]    |
[INFO] [stderr]    = note: no expected values for `feature`
[INFO] [stderr]    = help: consider adding `std` as a feature in `Cargo.toml`
[INFO] [stderr]    = note: see <https://doc.rust-lang.org/nightly/rustc/check-cfg/cargo-specifics.html> for more information about checking conditional configuration
[INFO] [stderr] 
[INFO] [stderr] warning: unexpected `cfg` condition value: `std`
[INFO] [stderr]   --> src/crypto/ss58.rs:35:13
[INFO] [stderr]    |
[INFO] [stderr] 35 |     #[cfg_attr(feature = "std", error("Length is bad"))]
[INFO] [stderr]    |                ^^^^^^^^^^^^^^^ help: remove the condition
[INFO] [stderr]    |
[INFO] [stderr]    = note: no expected values for `feature`
[INFO] [stderr]    = help: consider adding `std` as a feature in `Cargo.toml`
[INFO] [stderr]    = note: see <https://doc.rust-lang.org/nightly/rustc/check-cfg/cargo-specifics.html> for more information about checking conditional configuration
[INFO] [stderr] 
[INFO] [stderr] warning: unexpected `cfg` condition value: `std`
[INFO] [stderr]   --> src/crypto/ss58.rs:38:3
[INFO] [stderr]    |
[INFO] [stderr] 38 |         feature = "std",
[INFO] [stderr]    |         ^^^^^^^^^^^^^^^ help: remove the condition
[INFO] [stderr]    |
[INFO] [stderr]    = note: no expected values for `feature`
[INFO] [stderr]    = help: consider adding `std` as a feature in `Cargo.toml`
[INFO] [stderr]    = note: see <https://doc.rust-lang.org/nightly/rustc/check-cfg/cargo-specifics.html> for more information about checking conditional configuration
[INFO] [stderr] 
[INFO] [stderr] warning: unexpected `cfg` condition value: `std`
[INFO] [stderr]   --> src/crypto/ss58.rs:46:13
[INFO] [stderr]    |
[INFO] [stderr] 46 |     #[cfg_attr(feature = "std", error("Invalid checksum"))]
[INFO] [stderr]    |                ^^^^^^^^^^^^^^^ help: remove the condition
[INFO] [stderr]    |
[INFO] [stderr]    = note: no expected values for `feature`
[INFO] [stderr]    = help: consider adding `std` as a feature in `Cargo.toml`
[INFO] [stderr]    = note: see <https://doc.rust-lang.org/nightly/rustc/check-cfg/cargo-specifics.html> for more information about checking conditional configuration
[INFO] [stderr] 
[INFO] [stderr] warning: unexpected `cfg` condition value: `std`
[INFO] [stderr]   --> src/crypto/ss58.rs:48:13
[INFO] [stderr]    |
[INFO] [stderr] 48 |     #[cfg_attr(feature = "std", error("Invalid SS58 prefix byte."))]
[INFO] [stderr]    |                ^^^^^^^^^^^^^^^ help: remove the condition
[INFO] [stderr]    |
[INFO] [stderr]    = note: no expected values for `feature`
[INFO] [stderr]    = help: consider adding `std` as a feature in `Cargo.toml`
[INFO] [stderr]    = note: see <https://doc.rust-lang.org/nightly/rustc/check-cfg/cargo-specifics.html> for more information about checking conditional configuration
[INFO] [stderr] 
[INFO] [stderr] warning: unexpected `cfg` condition value: `std`
[INFO] [stderr]   --> src/crypto/ss58.rs:50:13
[INFO] [stderr]    |
[INFO] [stderr] 50 |     #[cfg_attr(feature = "std", error("Invalid SS58 format."))]
[INFO] [stderr]    |                ^^^^^^^^^^^^^^^ help: remove the condition
[INFO] [stderr]    |
[INFO] [stderr]    = note: no expected values for `feature`
[INFO] [stderr]    = help: consider adding `std` as a feature in `Cargo.toml`
[INFO] [stderr]    = note: see <https://doc.rust-lang.org/nightly/rustc/check-cfg/cargo-specifics.html> for more information about checking conditional configuration
[INFO] [stderr] 
[INFO] [stderr] warning: unexpected `cfg` condition value: `std`
[INFO] [stderr]   --> src/crypto/ss58.rs:52:13
[INFO] [stderr]    |
[INFO] [stderr] 52 |     #[cfg_attr(feature = "std", error("Invalid derivation path."))]
[INFO] [stderr]    |                ^^^^^^^^^^^^^^^ help: remove the condition
[INFO] [stderr]    |
[INFO] [stderr]    = note: no expected values for `feature`
[INFO] [stderr]    = help: consider adding `std` as a feature in `Cargo.toml`
[INFO] [stderr]    = note: see <https://doc.rust-lang.org/nightly/rustc/check-cfg/cargo-specifics.html> for more information about checking conditional configuration
[INFO] [stderr] 
[INFO] [stderr] warning: unexpected `cfg` condition value: `std`
[INFO] [stderr]   --> src/crypto/ss58.rs:55:3
[INFO] [stderr]    |
[INFO] [stderr] 55 |         feature = "std",
[INFO] [stderr]    |         ^^^^^^^^^^^^^^^ help: remove the condition
[INFO] [stderr]    |
[INFO] [stderr]    = note: no expected values for `feature`
[INFO] [stderr]    = help: consider adding `std` as a feature in `Cargo.toml`
[INFO] [stderr]    = note: see <https://doc.rust-lang.org/nightly/rustc/check-cfg/cargo-specifics.html> for more information about checking conditional configuration
[INFO] [stderr] 
[INFO] [stderr] warning: unexpected `cfg` condition value: `std`
[INFO] [stderr]   --> src/crypto/ss58.rs:59:13
[INFO] [stderr]    |
[INFO] [stderr] 59 |     #[cfg_attr(feature = "std", error("Password not allowed."))]
[INFO] [stderr]    |                ^^^^^^^^^^^^^^^ help: remove the condition
[INFO] [stderr]    |
[INFO] [stderr]    = note: no expected values for `feature`
[INFO] [stderr]    = help: consider adding `std` as a feature in `Cargo.toml`
[INFO] [stderr]    = note: see <https://doc.rust-lang.org/nightly/rustc/check-cfg/cargo-specifics.html> for more information about checking conditional configuration
[INFO] [stderr] 
[INFO] [stderr] warning: unexpected `cfg` condition value: `std`
[INFO] [stderr]   --> src/crypto/ss58.rs:62:13
[INFO] [stderr]    |
[INFO] [stderr] 62 |     #[cfg_attr(feature = "std", error("Incorrect URI syntax {0}."))]
[INFO] [stderr]    |                ^^^^^^^^^^^^^^^ help: remove the condition
[INFO] [stderr]    |
[INFO] [stderr]    = note: no expected values for `feature`
[INFO] [stderr]    = help: consider adding `std` as a feature in `Cargo.toml`
[INFO] [stderr]    = note: see <https://doc.rust-lang.org/nightly/rustc/check-cfg/cargo-specifics.html> for more information about checking conditional configuration
[INFO] [stderr] 
[INFO] [stderr] warning: unexpected `cfg` condition value: `std`
[INFO] [stderr]   --> src/crypto/ss58.rs:61:8
[INFO] [stderr]    |
[INFO] [stderr] 61 |     #[cfg(feature = "std")]
[INFO] [stderr]    |           ^^^^^^^^^^^^^^^ help: remove the condition
[INFO] [stderr]    |
[INFO] [stderr]    = note: no expected values for `feature`
[INFO] [stderr]    = help: consider adding `std` as a feature in `Cargo.toml`
[INFO] [stderr]    = note: see <https://doc.rust-lang.org/nightly/rustc/check-cfg/cargo-specifics.html> for more information about checking conditional configuration
[INFO] [stderr] 
[INFO] [stderr] warning: unused variable: `input`
[INFO] [stderr]   --> src/crypto/derive_junction.rs:40:3
[INFO] [stderr]    |
[INFO] [stderr] 40 |         input: &mut I,
[INFO] [stderr]    |         ^^^^^ help: if this is intentional, prefix it with an underscore: `_input`
[INFO] [stderr]    |
[INFO] [stderr]    = note: `#[warn(unused_variables)]` on by default
[INFO] [stderr] 
[INFO] [stderr] warning: fields `normal`, `operational`, and `mandatory` are never read
[INFO] [stderr]   --> src/types/avail.rs:74:3
[INFO] [stderr]    |
[INFO] [stderr] 72 |     pub struct PreDispatchClass<T> {
[INFO] [stderr]    |                ---------------- fields in this struct
[INFO] [stderr] 73 |         /// Value for `Normal` extrinsics.
[INFO] [stderr] 74 |         normal: T,
[INFO] [stderr]    |         ^^^^^^
[INFO] [stderr] 75 |         /// Value for `Operational` extrinsics.
[INFO] [stderr] 76 |         operational: T,
[INFO] [stderr]    |         ^^^^^^^^^^^
[INFO] [stderr] 77 |         /// Value for `Mandatory` extrinsics.
[INFO] [stderr] 78 |         mandatory: T,
[INFO] [stderr]    |         ^^^^^^^^^
[INFO] [stderr]    |
[INFO] [stderr]    = note: `PreDispatchClass` has derived impls for the traits `Clone` and `Debug`, but these are intentionally ignored during dead code analysis
[INFO] [stderr]    = note: `#[warn(dead_code)]` on by default
[INFO] [stderr] 
[INFO] [stderr] warning: `avail-subxt-light-core` (lib) generated 14 warnings
[INFO] [stderr] warning: `avail-subxt-light-core` (lib test) generated 14 warnings (14 duplicates)
[INFO] [stderr]     Finished `test` profile [unoptimized + debuginfo] target(s) in 0.09s
[INFO] [stderr]      Running unittests src/lib.rs (/opt/rustwide/target/debug/deps/avail_subxt_light_core-748a04a9f0b52188)
[INFO] [stdout] 
[INFO] [stderr]    Doc-tests avail_subxt_light_core
[INFO] [stdout] running 0 tests
[INFO] [stdout] 
[INFO] [stdout] test result: ok. 0 passed; 0 failed; 0 ignored; 0 measured; 0 filtered out; finished in 0.00s
[INFO] [stdout] 
[INFO] [stdout] 
[INFO] [stdout] running 6 tests
[INFO] [stdout] test src/crypto/secret_uri.rs - crypto::secret_uri::SecretUri (line 62) ... FAILED
[INFO] [stdout] test src/crypto/sr25519.rs - crypto::sr25519::Keypair::from_phrase (line 116) ... FAILED
[INFO] [stdout] test src/crypto/sr25519.rs - crypto::sr25519::Keypair::derive (line 154) ... FAILED
[INFO] [stdout] test src/crypto/sr25519.rs - crypto::sr25519::Keypair::from_uri (line 76) ... FAILED
[INFO] [stdout] test src/crypto/secret_uri.rs - crypto::secret_uri::SecretUri (line 74) ... FAILED
[INFO] [stdout] test src/crypto/secret_uri.rs - crypto::secret_uri::SecretUri (line 50) ... FAILED
[INFO] [stdout] 
[INFO] [stdout] failures:
[INFO] [stdout] 
[INFO] [stdout] ---- src/crypto/secret_uri.rs - crypto::secret_uri::SecretUri (line 62) stdout ----
[INFO] [stdout] error[E0432]: unresolved import `subxt_signer`
[INFO] [stdout]  --> src/crypto/secret_uri.rs:63:5
[INFO] [stdout]   |
[INFO] [stdout] 3 | use subxt_signer::{SecretUri, DeriveJunction, DEV_PHRASE, ExposeSecret};
[INFO] [stdout]   |     ^^^^^^^^^^^^ use of undeclared crate or module `subxt_signer`
[INFO] [stdout] 
[INFO] [stdout] error: aborting due to 1 previous error
[INFO] [stdout] 
[INFO] [stdout] For more information about this error, try `rustc --explain E0432`.
[INFO] [stdout] Couldn't compile the test.
[INFO] [stdout] ---- src/crypto/sr25519.rs - crypto::sr25519::Keypair::from_phrase (line 116) stdout ----
[INFO] [stdout] error[E0433]: failed to resolve: use of undeclared crate or module `subxt_signer`
[INFO] [stdout]  --> src/crypto/sr25519.rs:117:5
[INFO] [stdout]   |
[INFO] [stdout] 3 | use subxt_signer::{ bip39::Mnemonic, sr25519::Keypair };
[INFO] [stdout]   |     ^^^^^^^^^^^^ use of undeclared crate or module `subxt_signer`
[INFO] [stdout] 
[INFO] [stdout] error: aborting due to 1 previous error
[INFO] [stdout] 
[INFO] [stdout] For more information about this error, try `rustc --explain E0433`.
[INFO] [stdout] Couldn't compile the test.
[INFO] [stdout] ---- src/crypto/sr25519.rs - crypto::sr25519::Keypair::derive (line 154) stdout ----
[INFO] [stdout] error[E0433]: failed to resolve: use of undeclared crate or module `subxt_signer`
[INFO] [stdout]  --> src/crypto/sr25519.rs:155:5
[INFO] [stdout]   |
[INFO] [stdout] 3 | use subxt_signer::{ bip39::Mnemonic, sr25519::Keypair, DeriveJunction };
[INFO] [stdout]   |     ^^^^^^^^^^^^ use of undeclared crate or module `subxt_signer`
[INFO] [stdout] 
[INFO] [stdout] error[E0432]: unresolved import `subxt_signer`
[INFO] [stdout]  --> src/crypto/sr25519.rs:155:5
[INFO] [stdout]   |
[INFO] [stdout] 3 | use subxt_signer::{ bip39::Mnemonic, sr25519::Keypair, DeriveJunction };
[INFO] [stdout]   |     ^^^^^^^^^^^^ use of undeclared crate or module `subxt_signer`
[INFO] [stdout] 
[INFO] [stdout] error: aborting due to 2 previous errors
[INFO] [stdout] 
[INFO] [stdout] Some errors have detailed explanations: E0432, E0433.
[INFO] [stdout] For more information about an error, try `rustc --explain E0432`.
[INFO] [stdout] Couldn't compile the test.
[INFO] [stdout] ---- src/crypto/sr25519.rs - crypto::sr25519::Keypair::from_uri (line 76) stdout ----
[INFO] [stdout] error[E0433]: failed to resolve: use of undeclared crate or module `subxt_signer`
[INFO] [stdout]  --> src/crypto/sr25519.rs:77:5
[INFO] [stdout]   |
[INFO] [stdout] 3 | use subxt_signer::{ SecretUri, sr25519::Keypair };
[INFO] [stdout]   |     ^^^^^^^^^^^^ use of undeclared crate or module `subxt_signer`
[INFO] [stdout] 
[INFO] [stdout] error[E0432]: unresolved import `subxt_signer`
[INFO] [stdout]  --> src/crypto/sr25519.rs:77:5
[INFO] [stdout]   |
[INFO] [stdout] 3 | use subxt_signer::{ SecretUri, sr25519::Keypair };
[INFO] [stdout]   |     ^^^^^^^^^^^^ use of undeclared crate or module `subxt_signer`
[INFO] [stdout] 
[INFO] [stdout] error: aborting due to 2 previous errors
[INFO] [stdout] 
[INFO] [stdout] Some errors have detailed explanations: E0432, E0433.
[INFO] [stdout] For more information about an error, try `rustc --explain E0432`.
[INFO] [stdout] Couldn't compile the test.
[INFO] [stdout] ---- src/crypto/secret_uri.rs - crypto::secret_uri::SecretUri (line 74) stdout ----
[INFO] [stdout] error[E0432]: unresolved import `subxt_signer`
[INFO] [stdout]  --> src/crypto/secret_uri.rs:75:5
[INFO] [stdout]   |
[INFO] [stdout] 3 | use subxt_signer::{SecretUri, DeriveJunction, DEV_PHRASE, ExposeSecret};
[INFO] [stdout]   |     ^^^^^^^^^^^^ use of undeclared crate or module `subxt_signer`
[INFO] [stdout] 
[INFO] [stdout] error: aborting due to 1 previous error
[INFO] [stdout] 
[INFO] [stdout] For more information about this error, try `rustc --explain E0432`.
[INFO] [stdout] Couldn't compile the test.
[INFO] [stdout] ---- src/crypto/secret_uri.rs - crypto::secret_uri::SecretUri (line 50) stdout ----
[INFO] [stdout] error[E0432]: unresolved import `subxt_signer`
[INFO] [stdout]  --> src/crypto/secret_uri.rs:51:5
[INFO] [stdout]   |
[INFO] [stdout] 3 | use subxt_signer::{SecretUri, DeriveJunction, DEV_PHRASE, ExposeSecret};
[INFO] [stdout]   |     ^^^^^^^^^^^^ use of undeclared crate or module `subxt_signer`
[INFO] [stdout] 
[INFO] [stdout] error: aborting due to 1 previous error
[INFO] [stdout] 
[INFO] [stdout] For more information about this error, try `rustc --explain E0432`.
[INFO] [stdout] Couldn't compile the test.
[INFO] [stdout] 
[INFO] [stdout] failures:
[INFO] [stdout]     src/crypto/secret_uri.rs - crypto::secret_uri::SecretUri (line 50)
[INFO] [stdout]     src/crypto/secret_uri.rs - crypto::secret_uri::SecretUri (line 62)
[INFO] [stdout]     src/crypto/secret_uri.rs - crypto::secret_uri::SecretUri (line 74)
[INFO] [stdout]     src/crypto/sr25519.rs - crypto::sr25519::Keypair::derive (line 154)
[INFO] [stdout]     src/crypto/sr25519.rs - crypto::sr25519::Keypair::from_phrase (line 116)
[INFO] [stdout]     src/crypto/sr25519.rs - crypto::sr25519::Keypair::from_uri (line 76)
[INFO] [stdout] 
[INFO] [stdout] test result: FAILED. 0 passed; 6 failed; 0 ignored; 0 measured; 0 filtered out; finished in 0.21s
[INFO] [stdout] 
[INFO] [stderr] error: doctest failed, to rerun pass `--doc`
[INFO] running `Command { std: "docker" "inspect" "bf10798d4773dbbc5a7617e7158099887e24964eec02e42b6d46eba6da44b6af", kill_on_drop: false }`
[INFO] running `Command { std: "docker" "rm" "-f" "bf10798d4773dbbc5a7617e7158099887e24964eec02e42b6d46eba6da44b6af", kill_on_drop: false }`
[INFO] [stdout] bf10798d4773dbbc5a7617e7158099887e24964eec02e42b6d46eba6da44b6af
