[INFO] fetching crate aux-error 0.1.0...
[INFO] testing aux-error-0.1.0 against 1.83.0 for beta-1.84.0-4-retry
[INFO] extracting crate aux-error 0.1.0 into /workspace/builds/worker-2-tc1/source
[INFO] validating manifest of crates.io crate aux-error 0.1.0 on toolchain 1.83.0
[INFO] running `Command { std: CARGO_HOME="/workspace/cargo-home" RUSTUP_HOME="/workspace/rustup-home" "/workspace/cargo-home/bin/cargo" "+1.83.0" "metadata" "--manifest-path" "Cargo.toml" "--no-deps", kill_on_drop: false }`
[INFO] started tweaking crates.io crate aux-error 0.1.0
[INFO] finished tweaking crates.io crate aux-error 0.1.0
[INFO] tweaked toml for crates.io crate aux-error 0.1.0 written to /workspace/builds/worker-2-tc1/source/Cargo.toml
[INFO] running `Command { std: CARGO_HOME="/workspace/cargo-home" RUSTUP_HOME="/workspace/rustup-home" "/workspace/cargo-home/bin/cargo" "+1.83.0" "generate-lockfile" "--manifest-path" "Cargo.toml", kill_on_drop: false }`
[INFO] [stderr]     Updating crates.io index
[INFO] [stderr]      Locking 1 package to latest compatible version
[INFO] running `Command { std: CARGO_HOME="/workspace/cargo-home" RUSTUP_HOME="/workspace/rustup-home" "/workspace/cargo-home/bin/cargo" "+1.83.0" "fetch" "--manifest-path" "Cargo.toml", kill_on_drop: false }`
[INFO] running `Command { std: "docker" "create" "-v" "/var/lib/crater-agent-workspace/builds/worker-2-tc1/target:/opt/rustwide/target:rw,Z" "-v" "/var/lib/crater-agent-workspace/builds/worker-2-tc1/source:/opt/rustwide/workdir:ro,Z" "-v" "/var/lib/crater-agent-workspace/cargo-home:/opt/rustwide/cargo-home:ro,Z" "-v" "/var/lib/crater-agent-workspace/rustup-home:/opt/rustwide/rustup-home:ro,Z" "-e" "SOURCE_DIR=/opt/rustwide/workdir" "-e" "CARGO_TARGET_DIR=/opt/rustwide/target" "-e" "CARGO_HOME=/opt/rustwide/cargo-home" "-e" "RUSTUP_HOME=/opt/rustwide/rustup-home" "-w" "/opt/rustwide/workdir" "-m" "1610612736" "--user" "0:0" "--network" "none" "ghcr.io/rust-lang/crates-build-env/linux@sha256:f3a9d4ad9d972b27faf3965f35b62e55ba32bbce8f20bc8fe909558a86702fde" "/opt/rustwide/cargo-home/bin/cargo" "+1.83.0" "metadata" "--no-deps" "--format-version=1", kill_on_drop: false }`
[INFO] [stdout] 328ec0fd55c06c6c7b71429de7059618ffc2ed9b648d99f59d8e6df31953de5c
[INFO] running `Command { std: "docker" "start" "-a" "328ec0fd55c06c6c7b71429de7059618ffc2ed9b648d99f59d8e6df31953de5c", kill_on_drop: false }`
[INFO] running `Command { std: "docker" "inspect" "328ec0fd55c06c6c7b71429de7059618ffc2ed9b648d99f59d8e6df31953de5c", kill_on_drop: false }`
[INFO] running `Command { std: "docker" "rm" "-f" "328ec0fd55c06c6c7b71429de7059618ffc2ed9b648d99f59d8e6df31953de5c", kill_on_drop: false }`
[INFO] [stdout] 328ec0fd55c06c6c7b71429de7059618ffc2ed9b648d99f59d8e6df31953de5c
[INFO] running `Command { std: "docker" "create" "-v" "/var/lib/crater-agent-workspace/builds/worker-2-tc1/target:/opt/rustwide/target:rw,Z" "-v" "/var/lib/crater-agent-workspace/builds/worker-2-tc1/source:/opt/rustwide/workdir:ro,Z" "-v" "/var/lib/crater-agent-workspace/cargo-home:/opt/rustwide/cargo-home:ro,Z" "-v" "/var/lib/crater-agent-workspace/rustup-home:/opt/rustwide/rustup-home:ro,Z" "-e" "SOURCE_DIR=/opt/rustwide/workdir" "-e" "CARGO_TARGET_DIR=/opt/rustwide/target" "-e" "CARGO_INCREMENTAL=0" "-e" "RUST_BACKTRACE=full" "-e" "RUSTFLAGS=--cap-lints=warn" "-e" "RUSTDOCFLAGS=--cap-lints=warn" "-e" "CARGO_HOME=/opt/rustwide/cargo-home" "-e" "RUSTUP_HOME=/opt/rustwide/rustup-home" "-w" "/opt/rustwide/workdir" "-m" "1610612736" "--user" "0:0" "--network" "none" "ghcr.io/rust-lang/crates-build-env/linux@sha256:f3a9d4ad9d972b27faf3965f35b62e55ba32bbce8f20bc8fe909558a86702fde" "/opt/rustwide/cargo-home/bin/cargo" "+1.83.0" "build" "--frozen" "--message-format=json", kill_on_drop: false }`
[INFO] [stdout] 0d81d7e475e779545745542fa733d5e3eb51d4e2fb184dfd228886a1e74787d0
[INFO] running `Command { std: "docker" "start" "-a" "0d81d7e475e779545745542fa733d5e3eb51d4e2fb184dfd228886a1e74787d0", kill_on_drop: false }`
[INFO] [stderr]    Compiling anyhow v1.0.94
[INFO] [stderr]    Compiling aux-error v0.1.0 (/opt/rustwide/workdir)
[INFO] [stderr]     Finished `dev` profile [unoptimized + debuginfo] target(s) in 0.96s
[INFO] running `Command { std: "docker" "inspect" "0d81d7e475e779545745542fa733d5e3eb51d4e2fb184dfd228886a1e74787d0", kill_on_drop: false }`
[INFO] running `Command { std: "docker" "rm" "-f" "0d81d7e475e779545745542fa733d5e3eb51d4e2fb184dfd228886a1e74787d0", kill_on_drop: false }`
[INFO] [stdout] 0d81d7e475e779545745542fa733d5e3eb51d4e2fb184dfd228886a1e74787d0
[INFO] running `Command { std: "docker" "create" "-v" "/var/lib/crater-agent-workspace/builds/worker-2-tc1/target:/opt/rustwide/target:rw,Z" "-v" "/var/lib/crater-agent-workspace/builds/worker-2-tc1/source:/opt/rustwide/workdir:ro,Z" "-v" "/var/lib/crater-agent-workspace/cargo-home:/opt/rustwide/cargo-home:ro,Z" "-v" "/var/lib/crater-agent-workspace/rustup-home:/opt/rustwide/rustup-home:ro,Z" "-e" "SOURCE_DIR=/opt/rustwide/workdir" "-e" "CARGO_TARGET_DIR=/opt/rustwide/target" "-e" "CARGO_INCREMENTAL=0" "-e" "RUST_BACKTRACE=full" "-e" "RUSTFLAGS=--cap-lints=warn" "-e" "RUSTDOCFLAGS=--cap-lints=warn" "-e" "CARGO_HOME=/opt/rustwide/cargo-home" "-e" "RUSTUP_HOME=/opt/rustwide/rustup-home" "-w" "/opt/rustwide/workdir" "-m" "1610612736" "--user" "0:0" "--network" "none" "ghcr.io/rust-lang/crates-build-env/linux@sha256:f3a9d4ad9d972b27faf3965f35b62e55ba32bbce8f20bc8fe909558a86702fde" "/opt/rustwide/cargo-home/bin/cargo" "+1.83.0" "test" "--frozen" "--no-run" "--message-format=json", kill_on_drop: false }`
[INFO] [stdout] 5c3a4ac96e116b065debdb104159445e9a61ab75d036e7cd8ba413228560a72e
[INFO] running `Command { std: "docker" "start" "-a" "5c3a4ac96e116b065debdb104159445e9a61ab75d036e7cd8ba413228560a72e", kill_on_drop: false }`
[INFO] [stderr]    Compiling aux-error v0.1.0 (/opt/rustwide/workdir)
[INFO] [stderr]     Finished `test` profile [unoptimized + debuginfo] target(s) in 0.35s
[INFO] running `Command { std: "docker" "inspect" "5c3a4ac96e116b065debdb104159445e9a61ab75d036e7cd8ba413228560a72e", kill_on_drop: false }`
[INFO] running `Command { std: "docker" "rm" "-f" "5c3a4ac96e116b065debdb104159445e9a61ab75d036e7cd8ba413228560a72e", kill_on_drop: false }`
[INFO] [stdout] 5c3a4ac96e116b065debdb104159445e9a61ab75d036e7cd8ba413228560a72e
[INFO] running `Command { std: "docker" "create" "-v" "/var/lib/crater-agent-workspace/builds/worker-2-tc1/target:/opt/rustwide/target:rw,Z" "-v" "/var/lib/crater-agent-workspace/builds/worker-2-tc1/source:/opt/rustwide/workdir:ro,Z" "-v" "/var/lib/crater-agent-workspace/cargo-home:/opt/rustwide/cargo-home:ro,Z" "-v" "/var/lib/crater-agent-workspace/rustup-home:/opt/rustwide/rustup-home:ro,Z" "-e" "SOURCE_DIR=/opt/rustwide/workdir" "-e" "CARGO_TARGET_DIR=/opt/rustwide/target" "-e" "CARGO_INCREMENTAL=0" "-e" "RUST_BACKTRACE=full" "-e" "RUSTFLAGS=--cap-lints=warn" "-e" "RUSTDOCFLAGS=--cap-lints=warn" "-e" "CARGO_HOME=/opt/rustwide/cargo-home" "-e" "RUSTUP_HOME=/opt/rustwide/rustup-home" "-w" "/opt/rustwide/workdir" "-m" "1610612736" "--user" "0:0" "--network" "none" "ghcr.io/rust-lang/crates-build-env/linux@sha256:f3a9d4ad9d972b27faf3965f35b62e55ba32bbce8f20bc8fe909558a86702fde" "/opt/rustwide/cargo-home/bin/cargo" "+1.83.0" "test" "--frozen", kill_on_drop: false }`
[INFO] [stdout] a898510c73efc2a2d4c93deb60621065529e99b335d3f0a5b28743d77f6bd454
[INFO] running `Command { std: "docker" "start" "-a" "a898510c73efc2a2d4c93deb60621065529e99b335d3f0a5b28743d77f6bd454", kill_on_drop: false }`
[INFO] [stderr]     Finished `test` profile [unoptimized + debuginfo] target(s) in 0.01s
[INFO] [stderr]      Running unittests src/lib.rs (/opt/rustwide/target/debug/deps/aux_error-fc3243ee5fb85ffc)
[INFO] [stdout] 
[INFO] [stderr]    Doc-tests aux_error
[INFO] [stdout] running 0 tests
[INFO] [stdout] 
[INFO] [stdout] test result: ok. 0 passed; 0 failed; 0 ignored; 0 measured; 0 filtered out; finished in 0.00s
[INFO] [stdout] 
[INFO] [stdout] 
[INFO] [stdout] running 1 test
[INFO] [stdout] test src/lib.rs - define_error (line 5) ... FAILED
[INFO] [stdout] 
[INFO] [stdout] failures:
[INFO] [stdout] 
[INFO] [stdout] ---- src/lib.rs - define_error (line 5) stdout ----
[INFO] [stdout] error: format argument must be a string literal
[INFO] [stdout]   --> src/lib.rs:14:10
[INFO] [stdout]    |
[INFO] [stdout] 11 | println!(AppError::MissBody(None)); // 无 i18n 参数
[INFO] [stdout]    |          ^^^^^^^^^^^^^^^^^^^^^^^^
[INFO] [stdout]    |
[INFO] [stdout] help: you might be missing a string literal to format with
[INFO] [stdout]    |
[INFO] [stdout] 11 | println!("{}", AppError::MissBody(None)); // 无 i18n 参数
[INFO] [stdout]    |          +++++
[INFO] [stdout] 
[INFO] [stdout] error: format argument must be a string literal
[INFO] [stdout]   --> src/lib.rs:15:10
[INFO] [stdout]    |
[INFO] [stdout] 12 |   println!(AppError::InvalidParams(Some(fluent::fluent_args![ // 传递 i18n 参数
[INFO] [stdout]    |  __________^
[INFO] [stdout] 13 | |     "field" => "name",
[INFO] [stdout] 14 | | ])))
[INFO] [stdout]    | |___^
[INFO] [stdout]    |
[INFO] [stdout] help: you might be missing a string literal to format with
[INFO] [stdout]    |
[INFO] [stdout] 12 | println!("{}", AppError::InvalidParams(Some(fluent::fluent_args![ // 传递 i18n 参数
[INFO] [stdout]    |          +++++
[INFO] [stdout] 
[INFO] [stdout] error[E0433]: failed to resolve: use of undeclared crate or module `fluent`
[INFO] [stdout]   --> src/lib.rs:15:39
[INFO] [stdout]    |
[INFO] [stdout] 12 | println!(AppError::InvalidParams(Some(fluent::fluent_args![ // 传递 i18n 参数
[INFO] [stdout]    |                                       ^^^^^^ use of undeclared crate or module `fluent`
[INFO] [stdout] 
[INFO] [stdout] error[E0433]: failed to resolve: use of undeclared crate or module `aux_svc`
[INFO] [stdout]  --> src/lib.rs:6:1
[INFO] [stdout]   |
[INFO] [stdout] 3 | aux_svc::define_error! {
[INFO] [stdout]   | ^^^^^^^ use of undeclared crate or module `aux_svc`
[INFO] [stdout] 
[INFO] [stdout] error: aborting due to 4 previous errors
[INFO] [stdout] 
[INFO] [stdout] For more information about this error, try `rustc --explain E0433`.
[INFO] [stdout] Couldn't compile the test.
[INFO] [stdout] 
[INFO] [stdout] failures:
[INFO] [stdout]     src/lib.rs - define_error (line 5)
[INFO] [stdout] 
[INFO] [stdout] test result: FAILED. 0 passed; 1 failed; 0 ignored; 0 measured; 0 filtered out; finished in 0.05s
[INFO] [stdout] 
[INFO] [stderr] error: doctest failed, to rerun pass `--doc`
[INFO] running `Command { std: "docker" "inspect" "a898510c73efc2a2d4c93deb60621065529e99b335d3f0a5b28743d77f6bd454", kill_on_drop: false }`
[INFO] running `Command { std: "docker" "rm" "-f" "a898510c73efc2a2d4c93deb60621065529e99b335d3f0a5b28743d77f6bd454", kill_on_drop: false }`
[INFO] [stdout] a898510c73efc2a2d4c93deb60621065529e99b335d3f0a5b28743d77f6bd454
