[INFO] fetching crate aux-enums 0.1.0...
[INFO] testing aux-enums-0.1.0 against 1.83.0 for beta-1.84.0-4-retry
[INFO] extracting crate aux-enums 0.1.0 into /workspace/builds/worker-5-tc1/source
[INFO] validating manifest of crates.io crate aux-enums 0.1.0 on toolchain 1.83.0
[INFO] running `Command { std: CARGO_HOME="/workspace/cargo-home" RUSTUP_HOME="/workspace/rustup-home" "/workspace/cargo-home/bin/cargo" "+1.83.0" "metadata" "--manifest-path" "Cargo.toml" "--no-deps", kill_on_drop: false }`
[INFO] started tweaking crates.io crate aux-enums 0.1.0
[INFO] finished tweaking crates.io crate aux-enums 0.1.0
[INFO] tweaked toml for crates.io crate aux-enums 0.1.0 written to /workspace/builds/worker-5-tc1/source/Cargo.toml
[INFO] running `Command { std: CARGO_HOME="/workspace/cargo-home" RUSTUP_HOME="/workspace/rustup-home" "/workspace/cargo-home/bin/cargo" "+1.83.0" "generate-lockfile" "--manifest-path" "Cargo.toml", kill_on_drop: false }`
[INFO] running `Command { std: CARGO_HOME="/workspace/cargo-home" RUSTUP_HOME="/workspace/rustup-home" "/workspace/cargo-home/bin/cargo" "+1.83.0" "fetch" "--manifest-path" "Cargo.toml", kill_on_drop: false }`
[INFO] running `Command { std: "docker" "create" "-v" "/var/lib/crater-agent-workspace/builds/worker-5-tc1/target:/opt/rustwide/target:rw,Z" "-v" "/var/lib/crater-agent-workspace/builds/worker-5-tc1/source:/opt/rustwide/workdir:ro,Z" "-v" "/var/lib/crater-agent-workspace/cargo-home:/opt/rustwide/cargo-home:ro,Z" "-v" "/var/lib/crater-agent-workspace/rustup-home:/opt/rustwide/rustup-home:ro,Z" "-e" "SOURCE_DIR=/opt/rustwide/workdir" "-e" "CARGO_TARGET_DIR=/opt/rustwide/target" "-e" "CARGO_HOME=/opt/rustwide/cargo-home" "-e" "RUSTUP_HOME=/opt/rustwide/rustup-home" "-w" "/opt/rustwide/workdir" "-m" "1610612736" "--user" "0:0" "--network" "none" "ghcr.io/rust-lang/crates-build-env/linux@sha256:f3a9d4ad9d972b27faf3965f35b62e55ba32bbce8f20bc8fe909558a86702fde" "/opt/rustwide/cargo-home/bin/cargo" "+1.83.0" "metadata" "--no-deps" "--format-version=1", kill_on_drop: false }`
[INFO] [stdout] 71e79992fc0764f9e0cae2721d7de2bb8535034428e9d07e77fb29d69d0a74bc
[INFO] running `Command { std: "docker" "start" "-a" "71e79992fc0764f9e0cae2721d7de2bb8535034428e9d07e77fb29d69d0a74bc", kill_on_drop: false }`
[INFO] running `Command { std: "docker" "inspect" "71e79992fc0764f9e0cae2721d7de2bb8535034428e9d07e77fb29d69d0a74bc", kill_on_drop: false }`
[INFO] running `Command { std: "docker" "rm" "-f" "71e79992fc0764f9e0cae2721d7de2bb8535034428e9d07e77fb29d69d0a74bc", kill_on_drop: false }`
[INFO] [stdout] 71e79992fc0764f9e0cae2721d7de2bb8535034428e9d07e77fb29d69d0a74bc
[INFO] running `Command { std: "docker" "create" "-v" "/var/lib/crater-agent-workspace/builds/worker-5-tc1/target:/opt/rustwide/target:rw,Z" "-v" "/var/lib/crater-agent-workspace/builds/worker-5-tc1/source:/opt/rustwide/workdir:ro,Z" "-v" "/var/lib/crater-agent-workspace/cargo-home:/opt/rustwide/cargo-home:ro,Z" "-v" "/var/lib/crater-agent-workspace/rustup-home:/opt/rustwide/rustup-home:ro,Z" "-e" "SOURCE_DIR=/opt/rustwide/workdir" "-e" "CARGO_TARGET_DIR=/opt/rustwide/target" "-e" "CARGO_INCREMENTAL=0" "-e" "RUST_BACKTRACE=full" "-e" "RUSTFLAGS=--cap-lints=warn" "-e" "RUSTDOCFLAGS=--cap-lints=warn" "-e" "CARGO_HOME=/opt/rustwide/cargo-home" "-e" "RUSTUP_HOME=/opt/rustwide/rustup-home" "-w" "/opt/rustwide/workdir" "-m" "1610612736" "--user" "0:0" "--network" "none" "ghcr.io/rust-lang/crates-build-env/linux@sha256:f3a9d4ad9d972b27faf3965f35b62e55ba32bbce8f20bc8fe909558a86702fde" "/opt/rustwide/cargo-home/bin/cargo" "+1.83.0" "build" "--frozen" "--message-format=json", kill_on_drop: false }`
[INFO] [stdout] 6c4e6f562475e49d0948f30dec3d6d672cf3b5dec1c0aeb237ffa1dbdae9692b
[INFO] running `Command { std: "docker" "start" "-a" "6c4e6f562475e49d0948f30dec3d6d672cf3b5dec1c0aeb237ffa1dbdae9692b", kill_on_drop: false }`
[INFO] [stderr]    Compiling aux-enums v0.1.0 (/opt/rustwide/workdir)
[INFO] [stderr]     Finished `dev` profile [unoptimized + debuginfo] target(s) in 0.13s
[INFO] running `Command { std: "docker" "inspect" "6c4e6f562475e49d0948f30dec3d6d672cf3b5dec1c0aeb237ffa1dbdae9692b", kill_on_drop: false }`
[INFO] running `Command { std: "docker" "rm" "-f" "6c4e6f562475e49d0948f30dec3d6d672cf3b5dec1c0aeb237ffa1dbdae9692b", kill_on_drop: false }`
[INFO] [stdout] 6c4e6f562475e49d0948f30dec3d6d672cf3b5dec1c0aeb237ffa1dbdae9692b
[INFO] running `Command { std: "docker" "create" "-v" "/var/lib/crater-agent-workspace/builds/worker-5-tc1/target:/opt/rustwide/target:rw,Z" "-v" "/var/lib/crater-agent-workspace/builds/worker-5-tc1/source:/opt/rustwide/workdir:ro,Z" "-v" "/var/lib/crater-agent-workspace/cargo-home:/opt/rustwide/cargo-home:ro,Z" "-v" "/var/lib/crater-agent-workspace/rustup-home:/opt/rustwide/rustup-home:ro,Z" "-e" "SOURCE_DIR=/opt/rustwide/workdir" "-e" "CARGO_TARGET_DIR=/opt/rustwide/target" "-e" "CARGO_INCREMENTAL=0" "-e" "RUST_BACKTRACE=full" "-e" "RUSTFLAGS=--cap-lints=warn" "-e" "RUSTDOCFLAGS=--cap-lints=warn" "-e" "CARGO_HOME=/opt/rustwide/cargo-home" "-e" "RUSTUP_HOME=/opt/rustwide/rustup-home" "-w" "/opt/rustwide/workdir" "-m" "1610612736" "--user" "0:0" "--network" "none" "ghcr.io/rust-lang/crates-build-env/linux@sha256:f3a9d4ad9d972b27faf3965f35b62e55ba32bbce8f20bc8fe909558a86702fde" "/opt/rustwide/cargo-home/bin/cargo" "+1.83.0" "test" "--frozen" "--no-run" "--message-format=json", kill_on_drop: false }`
[INFO] [stdout] 326fb5c3bc5d1e191157c6d80746cc54b2293df2f3767cc6eafb68158f044aa5
[INFO] running `Command { std: "docker" "start" "-a" "326fb5c3bc5d1e191157c6d80746cc54b2293df2f3767cc6eafb68158f044aa5", kill_on_drop: false }`
[INFO] [stderr]    Compiling aux-enums v0.1.0 (/opt/rustwide/workdir)
[INFO] [stderr]     Finished `test` profile [unoptimized + debuginfo] target(s) in 0.31s
[INFO] running `Command { std: "docker" "inspect" "326fb5c3bc5d1e191157c6d80746cc54b2293df2f3767cc6eafb68158f044aa5", kill_on_drop: false }`
[INFO] running `Command { std: "docker" "rm" "-f" "326fb5c3bc5d1e191157c6d80746cc54b2293df2f3767cc6eafb68158f044aa5", kill_on_drop: false }`
[INFO] [stdout] 326fb5c3bc5d1e191157c6d80746cc54b2293df2f3767cc6eafb68158f044aa5
[INFO] running `Command { std: "docker" "create" "-v" "/var/lib/crater-agent-workspace/builds/worker-5-tc1/target:/opt/rustwide/target:rw,Z" "-v" "/var/lib/crater-agent-workspace/builds/worker-5-tc1/source:/opt/rustwide/workdir:ro,Z" "-v" "/var/lib/crater-agent-workspace/cargo-home:/opt/rustwide/cargo-home:ro,Z" "-v" "/var/lib/crater-agent-workspace/rustup-home:/opt/rustwide/rustup-home:ro,Z" "-e" "SOURCE_DIR=/opt/rustwide/workdir" "-e" "CARGO_TARGET_DIR=/opt/rustwide/target" "-e" "CARGO_INCREMENTAL=0" "-e" "RUST_BACKTRACE=full" "-e" "RUSTFLAGS=--cap-lints=warn" "-e" "RUSTDOCFLAGS=--cap-lints=warn" "-e" "CARGO_HOME=/opt/rustwide/cargo-home" "-e" "RUSTUP_HOME=/opt/rustwide/rustup-home" "-w" "/opt/rustwide/workdir" "-m" "1610612736" "--user" "0:0" "--network" "none" "ghcr.io/rust-lang/crates-build-env/linux@sha256:f3a9d4ad9d972b27faf3965f35b62e55ba32bbce8f20bc8fe909558a86702fde" "/opt/rustwide/cargo-home/bin/cargo" "+1.83.0" "test" "--frozen", kill_on_drop: false }`
[INFO] [stdout] b6136128fba342ba5d831db7534e767de60261f4849421d366935cb1a5538fb8
[INFO] running `Command { std: "docker" "start" "-a" "b6136128fba342ba5d831db7534e767de60261f4849421d366935cb1a5538fb8", kill_on_drop: false }`
[INFO] [stderr]     Finished `test` profile [unoptimized + debuginfo] target(s) in 0.01s
[INFO] [stderr]      Running unittests src/lib.rs (/opt/rustwide/target/debug/deps/aux_enums-a5eb2a3326695a3e)
[INFO] [stdout] 
[INFO] [stderr]    Doc-tests aux_enums
[INFO] [stdout] running 0 tests
[INFO] [stdout] 
[INFO] [stdout] test result: ok. 0 passed; 0 failed; 0 ignored; 0 measured; 0 filtered out; finished in 0.00s
[INFO] [stdout] 
[INFO] [stdout] 
[INFO] [stdout] running 1 test
[INFO] [stdout] test src/lib.rs - enums (line 5) ... FAILED
[INFO] [stdout] 
[INFO] [stdout] failures:
[INFO] [stdout] 
[INFO] [stdout] ---- src/lib.rs - enums (line 5) stdout ----
[INFO] [stdout] error: format argument must be a string literal
[INFO] [stdout]   --> src/lib.rs:13:10
[INFO] [stdout]    |
[INFO] [stdout] 10 | println!(TaskStatus::Open.alias());
[INFO] [stdout]    |          ^^^^^^^^^^^^^^^^^^^^^^^^
[INFO] [stdout]    |
[INFO] [stdout] help: you might be missing a string literal to format with
[INFO] [stdout]    |
[INFO] [stdout] 10 | println!("{}", TaskStatus::Open.alias());
[INFO] [stdout]    |          +++++
[INFO] [stdout] 
[INFO] [stdout] error: format argument must be a string literal
[INFO] [stdout]   --> src/lib.rs:14:10
[INFO] [stdout]    |
[INFO] [stdout] 11 | println!(TaskStatus::Close.num());
[INFO] [stdout]    |          ^^^^^^^^^^^^^^^^^^^^^^^
[INFO] [stdout]    |
[INFO] [stdout] help: you might be missing a string literal to format with
[INFO] [stdout]    |
[INFO] [stdout] 11 | println!("{}", TaskStatus::Close.num());
[INFO] [stdout]    |          +++++
[INFO] [stdout] 
[INFO] [stdout] error: format argument must be a string literal
[INFO] [stdout]   --> src/lib.rs:15:10
[INFO] [stdout]    |
[INFO] [stdout] 12 | println!(TaskStatus::alias_of("open").unwrap());
[INFO] [stdout]    |          ^^^^^^^^^^^^^^^^^^^^^^^^^^^^^^^^^^^^^
[INFO] [stdout]    |
[INFO] [stdout] help: you might be missing a string literal to format with
[INFO] [stdout]    |
[INFO] [stdout] 12 | println!("{}", TaskStatus::alias_of("open").unwrap());
[INFO] [stdout]    |          +++++
[INFO] [stdout] 
[INFO] [stdout] error: format argument must be a string literal
[INFO] [stdout]   --> src/lib.rs:16:10
[INFO] [stdout]    |
[INFO] [stdout] 13 | println!(TaskStatus::num_of(1).unwrap());
[INFO] [stdout]    |          ^^^^^^^^^^^^^^^^^^^^^^^^^^^^^^
[INFO] [stdout]    |
[INFO] [stdout] help: you might be missing a string literal to format with
[INFO] [stdout]    |
[INFO] [stdout] 13 | println!("{}", TaskStatus::num_of(1).unwrap());
[INFO] [stdout]    |          +++++
[INFO] [stdout] 
[INFO] [stdout] error[E0433]: failed to resolve: use of undeclared crate or module `aux_svc`
[INFO] [stdout]  --> src/lib.rs:6:1
[INFO] [stdout]   |
[INFO] [stdout] 3 | aux_svc::enums! {
[INFO] [stdout]   | ^^^^^^^ use of undeclared crate or module `aux_svc`
[INFO] [stdout] 
[INFO] [stdout] error: aborting due to 5 previous errors
[INFO] [stdout] 
[INFO] [stdout] For more information about this error, try `rustc --explain E0433`.
[INFO] [stdout] Couldn't compile the test.
[INFO] [stdout] 
[INFO] [stdout] failures:
[INFO] [stdout]     src/lib.rs - enums (line 5)
[INFO] [stdout] 
[INFO] [stdout] test result: FAILED. 0 passed; 1 failed; 0 ignored; 0 measured; 0 filtered out; finished in 0.06s
[INFO] [stdout] 
[INFO] [stderr] error: doctest failed, to rerun pass `--doc`
[INFO] running `Command { std: "docker" "inspect" "b6136128fba342ba5d831db7534e767de60261f4849421d366935cb1a5538fb8", kill_on_drop: false }`
[INFO] running `Command { std: "docker" "rm" "-f" "b6136128fba342ba5d831db7534e767de60261f4849421d366935cb1a5538fb8", kill_on_drop: false }`
[INFO] [stdout] b6136128fba342ba5d831db7534e767de60261f4849421d366935cb1a5538fb8
