[INFO] fetching crate autour_process 0.1.7...
[INFO] testing autour_process-0.1.7 against 1.83.0 for beta-1.84.0-4-retry
[INFO] extracting crate autour_process 0.1.7 into /workspace/builds/worker-7-tc1/source
[INFO] validating manifest of crates.io crate autour_process 0.1.7 on toolchain 1.83.0
[INFO] running `Command { std: CARGO_HOME="/workspace/cargo-home" RUSTUP_HOME="/workspace/rustup-home" "/workspace/cargo-home/bin/cargo" "+1.83.0" "metadata" "--manifest-path" "Cargo.toml" "--no-deps", kill_on_drop: false }`
[INFO] started tweaking crates.io crate autour_process 0.1.7
[INFO] finished tweaking crates.io crate autour_process 0.1.7
[INFO] tweaked toml for crates.io crate autour_process 0.1.7 written to /workspace/builds/worker-7-tc1/source/Cargo.toml
[INFO] running `Command { std: CARGO_HOME="/workspace/cargo-home" RUSTUP_HOME="/workspace/rustup-home" "/workspace/cargo-home/bin/cargo" "+1.83.0" "generate-lockfile" "--manifest-path" "Cargo.toml", kill_on_drop: false }`
[INFO] [stderr]     Updating crates.io index
[INFO] [stderr]      Locking 34 packages to latest compatible versions
[INFO] running `Command { std: CARGO_HOME="/workspace/cargo-home" RUSTUP_HOME="/workspace/rustup-home" "/workspace/cargo-home/bin/cargo" "+1.83.0" "fetch" "--manifest-path" "Cargo.toml", kill_on_drop: false }`
[INFO] [stderr]  Downloading crates ...
[INFO] [stderr]   Downloaded graph_process_manager_core v0.1.10
[INFO] [stderr]   Downloaded graphviz_dot_builder v0.1.3
[INFO] [stderr]   Downloaded graph_process_manager_loggers v0.1.15
[INFO] [stderr]   Downloaded autour_core v0.1.11
[INFO] running `Command { std: "docker" "create" "-v" "/var/lib/crater-agent-workspace/builds/worker-7-tc1/target:/opt/rustwide/target:rw,Z" "-v" "/var/lib/crater-agent-workspace/builds/worker-7-tc1/source:/opt/rustwide/workdir:ro,Z" "-v" "/var/lib/crater-agent-workspace/cargo-home:/opt/rustwide/cargo-home:ro,Z" "-v" "/var/lib/crater-agent-workspace/rustup-home:/opt/rustwide/rustup-home:ro,Z" "-e" "SOURCE_DIR=/opt/rustwide/workdir" "-e" "CARGO_TARGET_DIR=/opt/rustwide/target" "-e" "CARGO_HOME=/opt/rustwide/cargo-home" "-e" "RUSTUP_HOME=/opt/rustwide/rustup-home" "-w" "/opt/rustwide/workdir" "-m" "1610612736" "--user" "0:0" "--network" "none" "ghcr.io/rust-lang/crates-build-env/linux@sha256:f3a9d4ad9d972b27faf3965f35b62e55ba32bbce8f20bc8fe909558a86702fde" "/opt/rustwide/cargo-home/bin/cargo" "+1.83.0" "metadata" "--no-deps" "--format-version=1", kill_on_drop: false }`
[INFO] [stdout] 232912faede819869ed2bd6e6f456dfdda303f51874dbffae419ad3879bfccde
[INFO] running `Command { std: "docker" "start" "-a" "232912faede819869ed2bd6e6f456dfdda303f51874dbffae419ad3879bfccde", kill_on_drop: false }`
[INFO] running `Command { std: "docker" "inspect" "232912faede819869ed2bd6e6f456dfdda303f51874dbffae419ad3879bfccde", kill_on_drop: false }`
[INFO] running `Command { std: "docker" "rm" "-f" "232912faede819869ed2bd6e6f456dfdda303f51874dbffae419ad3879bfccde", kill_on_drop: false }`
[INFO] [stdout] 232912faede819869ed2bd6e6f456dfdda303f51874dbffae419ad3879bfccde
[INFO] running `Command { std: "docker" "create" "-v" "/var/lib/crater-agent-workspace/builds/worker-7-tc1/target:/opt/rustwide/target:rw,Z" "-v" "/var/lib/crater-agent-workspace/builds/worker-7-tc1/source:/opt/rustwide/workdir:ro,Z" "-v" "/var/lib/crater-agent-workspace/cargo-home:/opt/rustwide/cargo-home:ro,Z" "-v" "/var/lib/crater-agent-workspace/rustup-home:/opt/rustwide/rustup-home:ro,Z" "-e" "SOURCE_DIR=/opt/rustwide/workdir" "-e" "CARGO_TARGET_DIR=/opt/rustwide/target" "-e" "CARGO_INCREMENTAL=0" "-e" "RUST_BACKTRACE=full" "-e" "RUSTFLAGS=--cap-lints=warn" "-e" "RUSTDOCFLAGS=--cap-lints=warn" "-e" "CARGO_HOME=/opt/rustwide/cargo-home" "-e" "RUSTUP_HOME=/opt/rustwide/rustup-home" "-w" "/opt/rustwide/workdir" "-m" "1610612736" "--user" "0:0" "--network" "none" "ghcr.io/rust-lang/crates-build-env/linux@sha256:f3a9d4ad9d972b27faf3965f35b62e55ba32bbce8f20bc8fe909558a86702fde" "/opt/rustwide/cargo-home/bin/cargo" "+1.83.0" "build" "--frozen" "--message-format=json", kill_on_drop: false }`
[INFO] [stdout] 4a068d674b463eb6c05e275e4b27644092bcb3e99a1bd3b3b03c257c9e578549
[INFO] running `Command { std: "docker" "start" "-a" "4a068d674b463eb6c05e275e4b27644092bcb3e99a1bd3b3b03c257c9e578549", kill_on_drop: false }`
[INFO] [stderr]    Compiling proc-macro2 v1.0.92
[INFO] [stderr]    Compiling unicode-ident v1.0.14
[INFO] [stderr]    Compiling autocfg v1.4.0
[INFO] [stderr]    Compiling libc v0.2.168
[INFO] [stderr]    Compiling byteorder v1.5.0
[INFO] [stderr]    Compiling cfg-if v1.0.0
[INFO] [stderr]    Compiling rustversion v1.0.18
[INFO] [stderr]    Compiling heck v0.5.0
[INFO] [stderr]    Compiling maplit v1.0.2
[INFO] [stderr]    Compiling strum v0.26.3
[INFO] [stderr]    Compiling either v1.13.0
[INFO] [stderr]    Compiling num-traits v0.2.19
[INFO] [stderr]    Compiling itertools v0.13.0
[INFO] [stderr]    Compiling quote v1.0.37
[INFO] [stderr]    Compiling getrandom v0.2.15
[INFO] [stderr]    Compiling syn v2.0.90
[INFO] [stderr]    Compiling rand_core v0.6.4
[INFO] [stderr]    Compiling num-integer v0.1.46
[INFO] [stderr]    Compiling num-complex v0.4.6
[INFO] [stderr]    Compiling num-bigint v0.4.6
[INFO] [stderr]    Compiling num-iter v0.1.45
[INFO] [stderr]    Compiling num-rational v0.4.2
[INFO] [stderr]    Compiling num v0.4.3
[INFO] [stderr]    Compiling zerocopy-derive v0.7.35
[INFO] [stderr]    Compiling strum_macros v0.26.4
[INFO] [stderr]    Compiling zerocopy v0.7.35
[INFO] [stderr]    Compiling ppv-lite86 v0.2.20
[INFO] [stderr]    Compiling rand_chacha v0.3.1
[INFO] [stderr]    Compiling rand v0.8.5
[INFO] [stderr]    Compiling graphviz_dot_builder v0.1.3
[INFO] [stderr]    Compiling autour_core v0.1.11
[INFO] [stderr]    Compiling graph_process_manager_core v0.1.10
[INFO] [stderr]    Compiling graph_process_manager_loggers v0.1.15
[INFO] [stderr]    Compiling autour_process v0.1.7 (/opt/rustwide/workdir)
[INFO] [stdout] warning: unused `Result` that must be used
[INFO] [stdout]    --> src/autana/loggers/glog/drawer.rs:105:9
[INFO] [stdout]     |
[INFO] [stdout] 105 | /         context.nfa.to_dot(false,&as_hashset,&context.printer)
[INFO] [stdout] 106 | |             .print_dot(&[temp_folder.to_string()],
[INFO] [stdout] 107 | |                        &nfa_name,
[INFO] [stdout] 108 | |                        &GraphVizOutputFormat::png);
[INFO] [stdout]     | |__________________________________________________^
[INFO] [stdout]     |
[INFO] [stdout]     = note: this `Result` may be an `Err` variant, which should be handled
[INFO] [stdout]     = note: `#[warn(unused_must_use)]` on by default
[INFO] [stdout] help: use `let _ = ...` to ignore the resulting value
[INFO] [stdout]     |
[INFO] [stdout] 105 |         let _ = context.nfa.to_dot(false,&as_hashset,&context.printer)
[INFO] [stdout]     |         +++++++
[INFO] [stdout] 
[INFO] [stdout] 
[INFO] [stderr]     Finished `dev` profile [unoptimized + debuginfo] target(s) in 23.37s
[INFO] running `Command { std: "docker" "inspect" "4a068d674b463eb6c05e275e4b27644092bcb3e99a1bd3b3b03c257c9e578549", kill_on_drop: false }`
[INFO] running `Command { std: "docker" "rm" "-f" "4a068d674b463eb6c05e275e4b27644092bcb3e99a1bd3b3b03c257c9e578549", kill_on_drop: false }`
[INFO] [stdout] 4a068d674b463eb6c05e275e4b27644092bcb3e99a1bd3b3b03c257c9e578549
[INFO] running `Command { std: "docker" "create" "-v" "/var/lib/crater-agent-workspace/builds/worker-7-tc1/target:/opt/rustwide/target:rw,Z" "-v" "/var/lib/crater-agent-workspace/builds/worker-7-tc1/source:/opt/rustwide/workdir:ro,Z" "-v" "/var/lib/crater-agent-workspace/cargo-home:/opt/rustwide/cargo-home:ro,Z" "-v" "/var/lib/crater-agent-workspace/rustup-home:/opt/rustwide/rustup-home:ro,Z" "-e" "SOURCE_DIR=/opt/rustwide/workdir" "-e" "CARGO_TARGET_DIR=/opt/rustwide/target" "-e" "CARGO_INCREMENTAL=0" "-e" "RUST_BACKTRACE=full" "-e" "RUSTFLAGS=--cap-lints=warn" "-e" "RUSTDOCFLAGS=--cap-lints=warn" "-e" "CARGO_HOME=/opt/rustwide/cargo-home" "-e" "RUSTUP_HOME=/opt/rustwide/rustup-home" "-w" "/opt/rustwide/workdir" "-m" "1610612736" "--user" "0:0" "--network" "none" "ghcr.io/rust-lang/crates-build-env/linux@sha256:f3a9d4ad9d972b27faf3965f35b62e55ba32bbce8f20bc8fe909558a86702fde" "/opt/rustwide/cargo-home/bin/cargo" "+1.83.0" "test" "--frozen" "--no-run" "--message-format=json", kill_on_drop: false }`
[INFO] [stdout] 504f2d1a8b3353866a73b2c9a342840d446f4153aff9bc51913f84f4e1e0ae2f
[INFO] running `Command { std: "docker" "start" "-a" "504f2d1a8b3353866a73b2c9a342840d446f4153aff9bc51913f84f4e1e0ae2f", kill_on_drop: false }`
[INFO] [stderr]    Compiling autour_process v0.1.7 (/opt/rustwide/workdir)
[INFO] [stdout] warning: unused `Result` that must be used
[INFO] [stdout]    --> src/autana/loggers/glog/drawer.rs:105:9
[INFO] [stdout]     |
[INFO] [stdout] 105 | /         context.nfa.to_dot(false,&as_hashset,&context.printer)
[INFO] [stdout] 106 | |             .print_dot(&[temp_folder.to_string()],
[INFO] [stdout] 107 | |                        &nfa_name,
[INFO] [stdout] 108 | |                        &GraphVizOutputFormat::png);
[INFO] [stdout]     | |__________________________________________________^
[INFO] [stdout]     |
[INFO] [stdout]     = note: this `Result` may be an `Err` variant, which should be handled
[INFO] [stdout]     = note: `#[warn(unused_must_use)]` on by default
[INFO] [stdout] help: use `let _ = ...` to ignore the resulting value
[INFO] [stdout]     |
[INFO] [stdout] 105 |         let _ = context.nfa.to_dot(false,&as_hashset,&context.printer)
[INFO] [stdout]     |         +++++++
[INFO] [stdout] 
[INFO] [stdout] 
[INFO] [stdout] warning: constant `SYNTAX_WILDCARD_HASHTAG` is never used
[INFO] [stdout]   --> src/tests/printer.rs:43:7
[INFO] [stdout]    |
[INFO] [stdout] 43 | const SYNTAX_WILDCARD_HASHTAG : &str = "#";
[INFO] [stdout]    |       ^^^^^^^^^^^^^^^^^^^^^^^
[INFO] [stdout]    |
[INFO] [stdout]    = note: `#[warn(dead_code)]` on by default
[INFO] [stdout] 
[INFO] [stdout] 
[INFO] [stdout] warning: constant `SYNTAX_CONCATENATION_EMPTY` is never used
[INFO] [stdout]   --> src/tests/printer.rs:45:7
[INFO] [stdout]    |
[INFO] [stdout] 45 | const SYNTAX_CONCATENATION_EMPTY : &str = "";
[INFO] [stdout]    |       ^^^^^^^^^^^^^^^^^^^^^^^^^^
[INFO] [stdout] 
[INFO] [stdout] 
[INFO] [stdout] warning: unused `Result` that must be used
[INFO] [stdout]    --> src/autana/loggers/glog/drawer.rs:105:9
[INFO] [stdout]     |
[INFO] [stdout] 105 | /         context.nfa.to_dot(false,&as_hashset,&context.printer)
[INFO] [stdout] 106 | |             .print_dot(&[temp_folder.to_string()],
[INFO] [stdout] 107 | |                        &nfa_name,
[INFO] [stdout] 108 | |                        &GraphVizOutputFormat::png);
[INFO] [stdout]     | |__________________________________________________^
[INFO] [stdout]     |
[INFO] [stdout]     = note: this `Result` may be an `Err` variant, which should be handled
[INFO] [stdout]     = note: `#[warn(unused_must_use)]` on by default
[INFO] [stdout] help: use `let _ = ...` to ignore the resulting value
[INFO] [stdout]     |
[INFO] [stdout] 105 |         let _ = context.nfa.to_dot(false,&as_hashset,&context.printer)
[INFO] [stdout]     |         +++++++
[INFO] [stdout] 
[INFO] [stdout] 
[INFO] [stderr]     Finished `test` profile [unoptimized + debuginfo] target(s) in 1.71s
[INFO] running `Command { std: "docker" "inspect" "504f2d1a8b3353866a73b2c9a342840d446f4153aff9bc51913f84f4e1e0ae2f", kill_on_drop: false }`
[INFO] running `Command { std: "docker" "rm" "-f" "504f2d1a8b3353866a73b2c9a342840d446f4153aff9bc51913f84f4e1e0ae2f", kill_on_drop: false }`
[INFO] [stdout] 504f2d1a8b3353866a73b2c9a342840d446f4153aff9bc51913f84f4e1e0ae2f
[INFO] running `Command { std: "docker" "create" "-v" "/var/lib/crater-agent-workspace/builds/worker-7-tc1/target:/opt/rustwide/target:rw,Z" "-v" "/var/lib/crater-agent-workspace/builds/worker-7-tc1/source:/opt/rustwide/workdir:ro,Z" "-v" "/var/lib/crater-agent-workspace/cargo-home:/opt/rustwide/cargo-home:ro,Z" "-v" "/var/lib/crater-agent-workspace/rustup-home:/opt/rustwide/rustup-home:ro,Z" "-e" "SOURCE_DIR=/opt/rustwide/workdir" "-e" "CARGO_TARGET_DIR=/opt/rustwide/target" "-e" "CARGO_INCREMENTAL=0" "-e" "RUST_BACKTRACE=full" "-e" "RUSTFLAGS=--cap-lints=warn" "-e" "RUSTDOCFLAGS=--cap-lints=warn" "-e" "CARGO_HOME=/opt/rustwide/cargo-home" "-e" "RUSTUP_HOME=/opt/rustwide/rustup-home" "-w" "/opt/rustwide/workdir" "-m" "1610612736" "--user" "0:0" "--network" "none" "ghcr.io/rust-lang/crates-build-env/linux@sha256:f3a9d4ad9d972b27faf3965f35b62e55ba32bbce8f20bc8fe909558a86702fde" "/opt/rustwide/cargo-home/bin/cargo" "+1.83.0" "test" "--frozen", kill_on_drop: false }`
[INFO] [stdout] ab01291d9827c25ada020710a3f1c41235ffdcea10a7431c7913da1233faa559
[INFO] running `Command { std: "docker" "start" "-a" "ab01291d9827c25ada020710a3f1c41235ffdcea10a7431c7913da1233faa559", kill_on_drop: false }`
[INFO] [stderr] warning: unused `Result` that must be used
[INFO] [stderr]    --> src/autana/loggers/glog/drawer.rs:105:9
[INFO] [stderr]     |
[INFO] [stderr] 105 | /         context.nfa.to_dot(false,&as_hashset,&context.printer)
[INFO] [stderr] 106 | |             .print_dot(&[temp_folder.to_string()],
[INFO] [stderr] 107 | |                        &nfa_name,
[INFO] [stderr] 108 | |                        &GraphVizOutputFormat::png);
[INFO] [stderr]     | |__________________________________________________^
[INFO] [stderr]     |
[INFO] [stderr]     = note: this `Result` may be an `Err` variant, which should be handled
[INFO] [stderr]     = note: `#[warn(unused_must_use)]` on by default
[INFO] [stderr] help: use `let _ = ...` to ignore the resulting value
[INFO] [stderr]     |
[INFO] [stderr] 105 |         let _ = context.nfa.to_dot(false,&as_hashset,&context.printer)
[INFO] [stderr]     |         +++++++
[INFO] [stderr] 
[INFO] [stderr] warning: `autour_process` (lib) generated 1 warning
[INFO] [stderr] warning: constant `SYNTAX_WILDCARD_HASHTAG` is never used
[INFO] [stderr]   --> src/tests/printer.rs:43:7
[INFO] [stderr]    |
[INFO] [stderr] 43 | const SYNTAX_WILDCARD_HASHTAG : &str = "#";
[INFO] [stderr]    |       ^^^^^^^^^^^^^^^^^^^^^^^
[INFO] [stderr]    |
[INFO] [stderr]    = note: `#[warn(dead_code)]` on by default
[INFO] [stderr] 
[INFO] [stderr] warning: constant `SYNTAX_CONCATENATION_EMPTY` is never used
[INFO] [stderr]   --> src/tests/printer.rs:45:7
[INFO] [stderr]    |
[INFO] [stderr] 45 | const SYNTAX_CONCATENATION_EMPTY : &str = "";
[INFO] [stderr]    |       ^^^^^^^^^^^^^^^^^^^^^^^^^^
[INFO] [stderr] 
[INFO] [stderr] warning: `autour_process` (lib test) generated 3 warnings (1 duplicate)
[INFO] [stderr]     Finished `test` profile [unoptimized + debuginfo] target(s) in 0.09s
[INFO] [stderr]      Running unittests src/lib.rs (/opt/rustwide/target/debug/deps/autour_process-d2c1a57d3c304b50)
[INFO] [stdout] 
[INFO] [stdout] running 1 test
[INFO] [stdout] test tests::nfa::tests ... FAILED
[INFO] [stdout] 
[INFO] [stdout] failures:
[INFO] [stdout] 
[INFO] [stdout] ---- tests::nfa::tests stdout ----
[INFO] [stdout] thread 'tests::nfa::tests' panicked at /opt/rustwide/cargo-home/registry/src/index.crates.io-6f17d22bba15001f/graphviz_dot_builder-0.1.3/src/graph/print.rs:60:60:
[INFO] [stdout] called `Result::unwrap()` on an `Err` value: Os { code: 2, kind: NotFound, message: "No such file or directory" }
[INFO] [stdout] stack backtrace:
[INFO] [stdout]    0:     0x6464ed83289a - std::backtrace_rs::backtrace::libunwind::trace::h5a5b8284f2d0c266
[INFO] [stdout]                                at /rustc/90b35a6239c3d8bdabc530a6a0816f7ff89a0aaf/library/std/src/../../backtrace/src/backtrace/libunwind.rs:116:5
[INFO] [stdout]    1:     0x6464ed83289a - std::backtrace_rs::backtrace::trace_unsynchronized::h76d4f1c9b0b875e3
[INFO] [stdout]                                at /rustc/90b35a6239c3d8bdabc530a6a0816f7ff89a0aaf/library/std/src/../../backtrace/src/backtrace/mod.rs:66:5
[INFO] [stdout]    2:     0x6464ed83289a - std::sys::backtrace::_print_fmt::hc4546b8364a537c6
[INFO] [stdout]                                at /rustc/90b35a6239c3d8bdabc530a6a0816f7ff89a0aaf/library/std/src/sys/backtrace.rs:66:9
[INFO] [stdout]    3:     0x6464ed83289a - <std::sys::backtrace::BacktraceLock::print::DisplayBacktrace as core::fmt::Display>::fmt::h5b6bd5631a6d1f6b
[INFO] [stdout]                                at /rustc/90b35a6239c3d8bdabc530a6a0816f7ff89a0aaf/library/std/src/sys/backtrace.rs:39:26
[INFO] [stdout]    4:     0x6464ed859593 - core::fmt::rt::Argument::fmt::h270f6602a2b96f62
[INFO] [stdout]                                at /rustc/90b35a6239c3d8bdabc530a6a0816f7ff89a0aaf/library/core/src/fmt/rt.rs:177:76
[INFO] [stdout]    5:     0x6464ed859593 - core::fmt::write::h7550c97b06c86515
[INFO] [stdout]                                at /rustc/90b35a6239c3d8bdabc530a6a0816f7ff89a0aaf/library/core/src/fmt/mod.rs:1186:21
[INFO] [stdout]    6:     0x6464ed82fa63 - std::io::Write::write_fmt::h509ff860e5956e5e
[INFO] [stdout]                                at /rustc/90b35a6239c3d8bdabc530a6a0816f7ff89a0aaf/library/std/src/io/mod.rs:1839:15
[INFO] [stdout]    7:     0x6464ed8326e2 - std::sys::backtrace::BacktraceLock::print::h2395ccd2c84ba3aa
[INFO] [stdout]                                at /rustc/90b35a6239c3d8bdabc530a6a0816f7ff89a0aaf/library/std/src/sys/backtrace.rs:42:9
[INFO] [stdout]    8:     0x6464ed833cfa - std::panicking::default_hook::{{closure}}::he19d4c7230e07961
[INFO] [stdout]                                at /rustc/90b35a6239c3d8bdabc530a6a0816f7ff89a0aaf/library/std/src/panicking.rs:268:22
[INFO] [stdout]    9:     0x6464ed833b04 - std::panicking::default_hook::hf614597d3c67bbdb
[INFO] [stdout]                                at /rustc/90b35a6239c3d8bdabc530a6a0816f7ff89a0aaf/library/std/src/panicking.rs:292:9
[INFO] [stdout]   10:     0x6464ed78d989 - <alloc::boxed::Box<F,A> as core::ops::function::Fn<Args>>::call::h39b51ce4599c23d1
[INFO] [stdout]                                at /rustc/90b35a6239c3d8bdabc530a6a0816f7ff89a0aaf/library/alloc/src/boxed.rs:2468:9
[INFO] [stdout]   11:     0x6464ed78d989 - test::test_main::{{closure}}::he977ae839a582784
[INFO] [stdout]                                at /rustc/90b35a6239c3d8bdabc530a6a0816f7ff89a0aaf/library/test/src/lib.rs:133:21
[INFO] [stdout]   12:     0x6464ed834398 - <alloc::boxed::Box<F,A> as core::ops::function::Fn<Args>>::call::h9455091b6b06f9fb
[INFO] [stdout]                                at /rustc/90b35a6239c3d8bdabc530a6a0816f7ff89a0aaf/library/alloc/src/boxed.rs:2468:9
[INFO] [stdout]   13:     0x6464ed834398 - std::panicking::rust_panic_with_hook::h8942133a8b252070
[INFO] [stdout]                                at /rustc/90b35a6239c3d8bdabc530a6a0816f7ff89a0aaf/library/std/src/panicking.rs:809:13
[INFO] [stdout]   14:     0x6464ed83415a - std::panicking::begin_panic_handler::{{closure}}::hb5f5963570096b29
[INFO] [stdout]                                at /rustc/90b35a6239c3d8bdabc530a6a0816f7ff89a0aaf/library/std/src/panicking.rs:674:13
[INFO] [stdout]   15:     0x6464ed832d79 - std::sys::backtrace::__rust_end_short_backtrace::h6208cedc1922feda
[INFO] [stdout]                                at /rustc/90b35a6239c3d8bdabc530a6a0816f7ff89a0aaf/library/std/src/sys/backtrace.rs:170:18
[INFO] [stdout]   16:     0x6464ed833dec - rust_begin_unwind
[INFO] [stdout]                                at /rustc/90b35a6239c3d8bdabc530a6a0816f7ff89a0aaf/library/std/src/panicking.rs:665:5
[INFO] [stdout]   17:     0x6464ed71a0d0 - core::panicking::panic_fmt::h0c3082644d1bf418
[INFO] [stdout]                                at /rustc/90b35a6239c3d8bdabc530a6a0816f7ff89a0aaf/library/core/src/panicking.rs:74:14
[INFO] [stdout]   18:     0x6464ed71a576 - core::result::unwrap_failed::hd20b4aa073bda1e2
[INFO] [stdout]                                at /rustc/90b35a6239c3d8bdabc530a6a0816f7ff89a0aaf/library/core/src/result.rs:1700:5
[INFO] [stdout]   19:     0x6464ed7c78ba - core::result::Result<T,E>::unwrap::h77647d041b5886ed
[INFO] [stdout]                                at /rustc/90b35a6239c3d8bdabc530a6a0816f7ff89a0aaf/library/core/src/result.rs:1104:23
[INFO] [stdout]   20:     0x6464ed7c78ba - graphviz_dot_builder::graph::print::<impl graphviz_dot_builder::traits::DotPrintable for graphviz_dot_builder::graph::graph::GraphVizDiGraph>::print_dot::h9848cfb2cacfacc4
[INFO] [stdout]                                at /opt/rustwide/cargo-home/registry/src/index.crates.io-6f17d22bba15001f/graphviz_dot_builder-0.1.3/src/graph/print.rs:60:28
[INFO] [stdout]   21:     0x6464ed740569 - <autour_process::autana::loggers::glog::drawer::NfaWordAnalysisProcessDrawer as graph_process_manager_loggers::graphviz::drawer::GraphVizProcessDrawer<autour_process::autana::conf::NfaWordAnalysisConfig<Printer>>>::make_node_gvitem_as_gvcluster::hd6cd4724bbf2cc9c
[INFO] [stdout]                                at /opt/rustwide/workdir/src/autana/loggers/glog/drawer.rs:105:9
[INFO] [stdout]   22:     0x6464ed74f150 - graph_process_manager_loggers::graphviz::implem::<impl graph_process_manager_core::manager::logger::AbstractProcessLogger<Conf> for graph_process_manager_loggers::graphviz::logger::GenericGraphVizLogger<Conf>>::log_new_node::h168fbbae9eaf4e22
[INFO] [stdout]                                at /opt/rustwide/cargo-home/registry/src/index.crates.io-6f17d22bba15001f/graph_process_manager_loggers-0.1.15/src/graphviz/implem.rs:151:34
[INFO] [stdout]   23:     0x6464ed747e33 - graph_process_manager_core::manager::manager::GenericProcessManager<Conf>::loggers_new_node::h064c22f663bc273e
[INFO] [stdout]                                at /opt/rustwide/cargo-home/registry/src/index.crates.io-6f17d22bba15001f/graph_process_manager_core-0.1.10/src/manager/manager.rs:323:13
[INFO] [stdout]   24:     0x6464ed746fc5 - graph_process_manager_core::manager::manager::GenericProcessManager<Conf>::start_process::h4b1369e75f4e85d1
[INFO] [stdout]                                at /opt/rustwide/cargo-home/registry/src/index.crates.io-6f17d22bba15001f/graph_process_manager_core-0.1.10/src/manager/manager.rs:95:9
[INFO] [stdout]   25:     0x6464ed73452e - autour_process::tests::ana::ana_test::h80e11962461ecbf7
[INFO] [stdout]                                at /opt/rustwide/workdir/src/tests/ana.rs:74:18
[INFO] [stdout]   26:     0x6464ed734f1c - autour_process::tests::nfa::tests::h6cde8212757c8d59
[INFO] [stdout]                                at /opt/rustwide/workdir/src/tests/nfa.rs:58:5
[INFO] [stdout]   27:     0x6464ed7347e7 - autour_process::tests::nfa::tests::{{closure}}::h9be9231c7d9fa0ba
[INFO] [stdout]                                at /opt/rustwide/workdir/src/tests/nfa.rs:42:11
[INFO] [stdout]   28:     0x6464ed749c36 - core::ops::function::FnOnce::call_once::h4c3bdc503da13487
[INFO] [stdout]                                at /rustc/90b35a6239c3d8bdabc530a6a0816f7ff89a0aaf/library/core/src/ops/function.rs:250:5
[INFO] [stdout]   29:     0x6464ed79234b - core::ops::function::FnOnce::call_once::h109cf8051a59b34e
[INFO] [stdout]                                at /rustc/90b35a6239c3d8bdabc530a6a0816f7ff89a0aaf/library/core/src/ops/function.rs:250:5
[INFO] [stdout]   30:     0x6464ed79234b - test::__rust_begin_short_backtrace::hf4fff89d377446ba
[INFO] [stdout]                                at /rustc/90b35a6239c3d8bdabc530a6a0816f7ff89a0aaf/library/test/src/lib.rs:621:18
[INFO] [stdout]   31:     0x6464ed791b87 - test::run_test_in_process::{{closure}}::h0e39181dd7ee5a43
[INFO] [stdout]                                at /rustc/90b35a6239c3d8bdabc530a6a0816f7ff89a0aaf/library/test/src/lib.rs:644:60
[INFO] [stdout]   32:     0x6464ed791b87 - <core::panic::unwind_safe::AssertUnwindSafe<F> as core::ops::function::FnOnce<()>>::call_once::hc5a66a30f0bdfd1f
[INFO] [stdout]                                at /rustc/90b35a6239c3d8bdabc530a6a0816f7ff89a0aaf/library/core/src/panic/unwind_safe.rs:272:9
[INFO] [stdout]   33:     0x6464ed791b87 - std::panicking::try::do_call::h873b7cf639554a5e
[INFO] [stdout]                                at /rustc/90b35a6239c3d8bdabc530a6a0816f7ff89a0aaf/library/std/src/panicking.rs:557:40
[INFO] [stdout]   34:     0x6464ed791b87 - std::panicking::try::hdb19862fad9c8bd1
[INFO] [stdout]                                at /rustc/90b35a6239c3d8bdabc530a6a0816f7ff89a0aaf/library/std/src/panicking.rs:520:19
[INFO] [stdout]   35:     0x6464ed791b87 - std::panic::catch_unwind::h281fe732d236d260
[INFO] [stdout]                                at /rustc/90b35a6239c3d8bdabc530a6a0816f7ff89a0aaf/library/std/src/panic.rs:358:14
[INFO] [stdout]   36:     0x6464ed791b87 - test::run_test_in_process::h949b6df8457ed338
[INFO] [stdout]                                at /rustc/90b35a6239c3d8bdabc530a6a0816f7ff89a0aaf/library/test/src/lib.rs:644:27
[INFO] [stdout]   37:     0x6464ed791b87 - test::run_test::{{closure}}::h52c556a6d4740e10
[INFO] [stdout]                                at /rustc/90b35a6239c3d8bdabc530a6a0816f7ff89a0aaf/library/test/src/lib.rs:565:43
[INFO] [stdout]   38:     0x6464ed756e64 - test::run_test::{{closure}}::h4237f6381c45ccb9
[INFO] [stdout]                                at /rustc/90b35a6239c3d8bdabc530a6a0816f7ff89a0aaf/library/test/src/lib.rs:595:41
[INFO] [stdout]   39:     0x6464ed756e64 - std::sys::backtrace::__rust_begin_short_backtrace::h505c97a579eca628
[INFO] [stdout]                                at /rustc/90b35a6239c3d8bdabc530a6a0816f7ff89a0aaf/library/std/src/sys/backtrace.rs:154:18
[INFO] [stdout]   40:     0x6464ed75a52e - std::thread::Builder::spawn_unchecked_::{{closure}}::{{closure}}::h9e86b2e2bc107ea3
[INFO] [stdout]                                at /rustc/90b35a6239c3d8bdabc530a6a0816f7ff89a0aaf/library/std/src/thread/mod.rs:538:17
[INFO] [stdout]   41:     0x6464ed75a52e - <core::panic::unwind_safe::AssertUnwindSafe<F> as core::ops::function::FnOnce<()>>::call_once::h8b06ddb275ff4a25
[INFO] [stdout]                                at /rustc/90b35a6239c3d8bdabc530a6a0816f7ff89a0aaf/library/core/src/panic/unwind_safe.rs:272:9
[INFO] [stdout]   42:     0x6464ed75a52e - std::panicking::try::do_call::hb26ecd7cd9a9355d
[INFO] [stdout]                                at /rustc/90b35a6239c3d8bdabc530a6a0816f7ff89a0aaf/library/std/src/panicking.rs:557:40
[INFO] [stdout]   43:     0x6464ed75a52e - std::panicking::try::h8ddeca9d705f9069
[INFO] [stdout]                                at /rustc/90b35a6239c3d8bdabc530a6a0816f7ff89a0aaf/library/std/src/panicking.rs:520:19
[INFO] [stdout]   44:     0x6464ed75a52e - std::panic::catch_unwind::h49e1c33078844c46
[INFO] [stdout]                                at /rustc/90b35a6239c3d8bdabc530a6a0816f7ff89a0aaf/library/std/src/panic.rs:358:14
[INFO] [stdout]   45:     0x6464ed75a52e - std::thread::Builder::spawn_unchecked_::{{closure}}::h6073db6ff56ad35d
[INFO] [stdout]                                at /rustc/90b35a6239c3d8bdabc530a6a0816f7ff89a0aaf/library/std/src/thread/mod.rs:537:30
[INFO] [stdout]   46:     0x6464ed75a52e - core::ops::function::FnOnce::call_once{{vtable.shim}}::h2c5a5f3779c774f1
[INFO] [stdout]                                at /rustc/90b35a6239c3d8bdabc530a6a0816f7ff89a0aaf/library/core/src/ops/function.rs:250:5
[INFO] [stdout]   47:     0x6464ed838bdb - <alloc::boxed::Box<F,A> as core::ops::function::FnOnce<Args>>::call_once::hf75717d9f28faebf
[INFO] [stdout]                                at /rustc/90b35a6239c3d8bdabc530a6a0816f7ff89a0aaf/library/alloc/src/boxed.rs:2454:9
[INFO] [stdout]   48:     0x6464ed838bdb - <alloc::boxed::Box<F,A> as core::ops::function::FnOnce<Args>>::call_once::h7bd883a5f3c5f3c1
[INFO] [stdout]                                at /rustc/90b35a6239c3d8bdabc530a6a0816f7ff89a0aaf/library/alloc/src/boxed.rs:2454:9
[INFO] [stdout]   49:     0x6464ed838bdb - std::sys::pal::unix::thread::Thread::new::thread_start::hcc78f3943333fa94
[INFO] [stdout]                                at /rustc/90b35a6239c3d8bdabc530a6a0816f7ff89a0aaf/library/std/src/sys/pal/unix/thread.rs:105:17
[INFO] [stdout]   50:     0x721058e62ac3 - <unknown>
[INFO] [stdout]   51:     0x721058ef3a04 - clone
[INFO] [stdout]   52:                0x0 - <unknown>
[INFO] [stdout] 
[INFO] [stdout] 
[INFO] [stdout] failures:
[INFO] [stdout]     tests::nfa::tests
[INFO] [stdout] 
[INFO] [stdout] test result: FAILED. 0 passed; 1 failed; 0 ignored; 0 measured; 0 filtered out; finished in 0.07s
[INFO] [stdout] 
[INFO] [stderr] error: test failed, to rerun pass `--lib`
[INFO] running `Command { std: "docker" "inspect" "ab01291d9827c25ada020710a3f1c41235ffdcea10a7431c7913da1233faa559", kill_on_drop: false }`
[INFO] running `Command { std: "docker" "rm" "-f" "ab01291d9827c25ada020710a3f1c41235ffdcea10a7431c7913da1233faa559", kill_on_drop: false }`
[INFO] [stdout] ab01291d9827c25ada020710a3f1c41235ffdcea10a7431c7913da1233faa559
