[INFO] fetching crate automapper 0.0.2...
[INFO] testing automapper-0.0.2 against 1.83.0 for beta-1.84.0-4-retry
[INFO] extracting crate automapper 0.0.2 into /workspace/builds/worker-2-tc1/source
[INFO] validating manifest of crates.io crate automapper 0.0.2 on toolchain 1.83.0
[INFO] running `Command { std: CARGO_HOME="/workspace/cargo-home" RUSTUP_HOME="/workspace/rustup-home" "/workspace/cargo-home/bin/cargo" "+1.83.0" "metadata" "--manifest-path" "Cargo.toml" "--no-deps", kill_on_drop: false }`
[INFO] started tweaking crates.io crate automapper 0.0.2
[INFO] finished tweaking crates.io crate automapper 0.0.2
[INFO] tweaked toml for crates.io crate automapper 0.0.2 written to /workspace/builds/worker-2-tc1/source/Cargo.toml
[INFO] running `Command { std: CARGO_HOME="/workspace/cargo-home" RUSTUP_HOME="/workspace/rustup-home" "/workspace/cargo-home/bin/cargo" "+1.83.0" "generate-lockfile" "--manifest-path" "Cargo.toml", kill_on_drop: false }`
[INFO] [stderr]     Updating crates.io index
[INFO] [stderr]      Locking 49 packages to latest compatible versions
[INFO] running `Command { std: CARGO_HOME="/workspace/cargo-home" RUSTUP_HOME="/workspace/rustup-home" "/workspace/cargo-home/bin/cargo" "+1.83.0" "fetch" "--manifest-path" "Cargo.toml", kill_on_drop: false }`
[INFO] [stderr]  Downloading crates ...
[INFO] [stderr]   Downloaded rustdoc-types v0.32.2
[INFO] [stderr]   Downloaded cargo-manifest v0.16.1
[INFO] [stderr]   Downloaded cargo-platform v0.1.9
[INFO] [stderr]   Downloaded automapper-proc v0.0.1
[INFO] [stderr]   Downloaded rustdoc-json v0.9.3
[INFO] running `Command { std: "docker" "create" "-v" "/var/lib/crater-agent-workspace/builds/worker-2-tc1/target:/opt/rustwide/target:rw,Z" "-v" "/var/lib/crater-agent-workspace/builds/worker-2-tc1/source:/opt/rustwide/workdir:ro,Z" "-v" "/var/lib/crater-agent-workspace/cargo-home:/opt/rustwide/cargo-home:ro,Z" "-v" "/var/lib/crater-agent-workspace/rustup-home:/opt/rustwide/rustup-home:ro,Z" "-e" "SOURCE_DIR=/opt/rustwide/workdir" "-e" "CARGO_TARGET_DIR=/opt/rustwide/target" "-e" "CARGO_HOME=/opt/rustwide/cargo-home" "-e" "RUSTUP_HOME=/opt/rustwide/rustup-home" "-w" "/opt/rustwide/workdir" "-m" "1610612736" "--user" "0:0" "--network" "none" "ghcr.io/rust-lang/crates-build-env/linux@sha256:f3a9d4ad9d972b27faf3965f35b62e55ba32bbce8f20bc8fe909558a86702fde" "/opt/rustwide/cargo-home/bin/cargo" "+1.83.0" "metadata" "--no-deps" "--format-version=1", kill_on_drop: false }`
[INFO] [stdout] 0327add63f0a2bf81ff383f0288bc7d64d01af9ee7bef17132ce81e5074b761f
[INFO] running `Command { std: "docker" "start" "-a" "0327add63f0a2bf81ff383f0288bc7d64d01af9ee7bef17132ce81e5074b761f", kill_on_drop: false }`
[INFO] running `Command { std: "docker" "inspect" "0327add63f0a2bf81ff383f0288bc7d64d01af9ee7bef17132ce81e5074b761f", kill_on_drop: false }`
[INFO] running `Command { std: "docker" "rm" "-f" "0327add63f0a2bf81ff383f0288bc7d64d01af9ee7bef17132ce81e5074b761f", kill_on_drop: false }`
[INFO] [stdout] 0327add63f0a2bf81ff383f0288bc7d64d01af9ee7bef17132ce81e5074b761f
[INFO] running `Command { std: "docker" "create" "-v" "/var/lib/crater-agent-workspace/builds/worker-2-tc1/target:/opt/rustwide/target:rw,Z" "-v" "/var/lib/crater-agent-workspace/builds/worker-2-tc1/source:/opt/rustwide/workdir:ro,Z" "-v" "/var/lib/crater-agent-workspace/cargo-home:/opt/rustwide/cargo-home:ro,Z" "-v" "/var/lib/crater-agent-workspace/rustup-home:/opt/rustwide/rustup-home:ro,Z" "-e" "SOURCE_DIR=/opt/rustwide/workdir" "-e" "CARGO_TARGET_DIR=/opt/rustwide/target" "-e" "CARGO_INCREMENTAL=0" "-e" "RUST_BACKTRACE=full" "-e" "RUSTFLAGS=--cap-lints=warn" "-e" "RUSTDOCFLAGS=--cap-lints=warn" "-e" "CARGO_HOME=/opt/rustwide/cargo-home" "-e" "RUSTUP_HOME=/opt/rustwide/rustup-home" "-w" "/opt/rustwide/workdir" "-m" "1610612736" "--user" "0:0" "--network" "none" "ghcr.io/rust-lang/crates-build-env/linux@sha256:f3a9d4ad9d972b27faf3965f35b62e55ba32bbce8f20bc8fe909558a86702fde" "/opt/rustwide/cargo-home/bin/cargo" "+1.83.0" "build" "--frozen" "--message-format=json", kill_on_drop: false }`
[INFO] [stdout] b4ac35067819d7f7b0b93b3b8ee62a96d726efc4c53251d5d8e37c9b1d99d27d
[INFO] running `Command { std: "docker" "start" "-a" "b4ac35067819d7f7b0b93b3b8ee62a96d726efc4c53251d5d8e37c9b1d99d27d", kill_on_drop: false }`
[INFO] [stderr]    Compiling hashbrown v0.15.2
[INFO] [stderr]    Compiling equivalent v1.0.1
[INFO] [stderr]    Compiling semver v1.0.24
[INFO] [stderr]    Compiling camino v1.1.9
[INFO] [stderr]    Compiling winnow v0.6.20
[INFO] [stderr]    Compiling serde_json v1.0.133
[INFO] [stderr]    Compiling syn v1.0.109
[INFO] [stderr]    Compiling itoa v1.0.14
[INFO] [stderr]    Compiling memchr v2.7.4
[INFO] [stderr]    Compiling ryu v1.0.18
[INFO] [stderr]    Compiling once_cell v1.20.2
[INFO] [stderr]    Compiling serde v1.0.216
[INFO] [stderr]    Compiling thiserror v1.0.69
[INFO] [stderr]    Compiling pin-project-lite v0.2.15
[INFO] [stderr]    Compiling anyhow v1.0.94
[INFO] [stderr]    Compiling syn v2.0.90
[INFO] [stderr]    Compiling same-file v1.0.6
[INFO] [stderr]    Compiling walkdir v2.5.0
[INFO] [stderr]    Compiling tracing-core v0.1.33
[INFO] [stderr]    Compiling indexmap v2.7.0
[INFO] [stderr]    Compiling derivative v2.2.0
[INFO] [stderr]    Compiling serde_derive v1.0.216
[INFO] [stderr]    Compiling thiserror-impl v1.0.69
[INFO] [stderr]    Compiling tracing-attributes v0.1.28
[INFO] [stderr]    Compiling tracing v0.1.41
[INFO] [stderr]    Compiling serde_spanned v0.6.8
[INFO] [stderr]    Compiling toml_datetime v0.6.8
[INFO] [stderr]    Compiling cargo-platform v0.1.9
[INFO] [stderr]    Compiling rustdoc-types v0.32.2
[INFO] [stderr]    Compiling toml_edit v0.22.22
[INFO] [stderr]    Compiling cargo_metadata v0.18.1
[INFO] [stderr]    Compiling toml v0.8.19
[INFO] [stderr]    Compiling cargo-manifest v0.16.1
[INFO] [stderr]    Compiling rustdoc-json v0.9.3
[INFO] [stderr]    Compiling automapper-proc v0.0.1
[INFO] [stderr]    Compiling automapper v0.0.2 (/opt/rustwide/workdir)
[INFO] [stderr]     Finished `dev` profile [unoptimized + debuginfo] target(s) in 38.10s
[INFO] running `Command { std: "docker" "inspect" "b4ac35067819d7f7b0b93b3b8ee62a96d726efc4c53251d5d8e37c9b1d99d27d", kill_on_drop: false }`
[INFO] running `Command { std: "docker" "rm" "-f" "b4ac35067819d7f7b0b93b3b8ee62a96d726efc4c53251d5d8e37c9b1d99d27d", kill_on_drop: false }`
[INFO] [stdout] b4ac35067819d7f7b0b93b3b8ee62a96d726efc4c53251d5d8e37c9b1d99d27d
[INFO] running `Command { std: "docker" "create" "-v" "/var/lib/crater-agent-workspace/builds/worker-2-tc1/target:/opt/rustwide/target:rw,Z" "-v" "/var/lib/crater-agent-workspace/builds/worker-2-tc1/source:/opt/rustwide/workdir:ro,Z" "-v" "/var/lib/crater-agent-workspace/cargo-home:/opt/rustwide/cargo-home:ro,Z" "-v" "/var/lib/crater-agent-workspace/rustup-home:/opt/rustwide/rustup-home:ro,Z" "-e" "SOURCE_DIR=/opt/rustwide/workdir" "-e" "CARGO_TARGET_DIR=/opt/rustwide/target" "-e" "CARGO_INCREMENTAL=0" "-e" "RUST_BACKTRACE=full" "-e" "RUSTFLAGS=--cap-lints=warn" "-e" "RUSTDOCFLAGS=--cap-lints=warn" "-e" "CARGO_HOME=/opt/rustwide/cargo-home" "-e" "RUSTUP_HOME=/opt/rustwide/rustup-home" "-w" "/opt/rustwide/workdir" "-m" "1610612736" "--user" "0:0" "--network" "none" "ghcr.io/rust-lang/crates-build-env/linux@sha256:f3a9d4ad9d972b27faf3965f35b62e55ba32bbce8f20bc8fe909558a86702fde" "/opt/rustwide/cargo-home/bin/cargo" "+1.83.0" "test" "--frozen" "--no-run" "--message-format=json", kill_on_drop: false }`
[INFO] [stdout] b08e86912e401b3c17eea24e01091a585348e6445c859e1b98416b34ae601971
[INFO] running `Command { std: "docker" "start" "-a" "b08e86912e401b3c17eea24e01091a585348e6445c859e1b98416b34ae601971", kill_on_drop: false }`
[INFO] [stderr]    Compiling automapper v0.0.2 (/opt/rustwide/workdir)
[INFO] [stderr]     Finished `test` profile [unoptimized + debuginfo] target(s) in 0.56s
[INFO] running `Command { std: "docker" "inspect" "b08e86912e401b3c17eea24e01091a585348e6445c859e1b98416b34ae601971", kill_on_drop: false }`
[INFO] running `Command { std: "docker" "rm" "-f" "b08e86912e401b3c17eea24e01091a585348e6445c859e1b98416b34ae601971", kill_on_drop: false }`
[INFO] [stdout] b08e86912e401b3c17eea24e01091a585348e6445c859e1b98416b34ae601971
[INFO] running `Command { std: "docker" "create" "-v" "/var/lib/crater-agent-workspace/builds/worker-2-tc1/target:/opt/rustwide/target:rw,Z" "-v" "/var/lib/crater-agent-workspace/builds/worker-2-tc1/source:/opt/rustwide/workdir:ro,Z" "-v" "/var/lib/crater-agent-workspace/cargo-home:/opt/rustwide/cargo-home:ro,Z" "-v" "/var/lib/crater-agent-workspace/rustup-home:/opt/rustwide/rustup-home:ro,Z" "-e" "SOURCE_DIR=/opt/rustwide/workdir" "-e" "CARGO_TARGET_DIR=/opt/rustwide/target" "-e" "CARGO_INCREMENTAL=0" "-e" "RUST_BACKTRACE=full" "-e" "RUSTFLAGS=--cap-lints=warn" "-e" "RUSTDOCFLAGS=--cap-lints=warn" "-e" "CARGO_HOME=/opt/rustwide/cargo-home" "-e" "RUSTUP_HOME=/opt/rustwide/rustup-home" "-w" "/opt/rustwide/workdir" "-m" "1610612736" "--user" "0:0" "--network" "none" "ghcr.io/rust-lang/crates-build-env/linux@sha256:f3a9d4ad9d972b27faf3965f35b62e55ba32bbce8f20bc8fe909558a86702fde" "/opt/rustwide/cargo-home/bin/cargo" "+1.83.0" "test" "--frozen", kill_on_drop: false }`
[INFO] [stdout] 2a2e39065817d6d1f1fd4dc538817db8a9737584ecdaf2e4c802ba84a597352d
[INFO] running `Command { std: "docker" "start" "-a" "2a2e39065817d6d1f1fd4dc538817db8a9737584ecdaf2e4c802ba84a597352d", kill_on_drop: false }`
[INFO] [stderr]     Finished `test` profile [unoptimized + debuginfo] target(s) in 0.06s
[INFO] [stderr]      Running unittests src/lib.rs (/opt/rustwide/target/debug/deps/automapper-d14c4bfa400fff34)
[INFO] [stderr]    Doc-tests automapper
[INFO] [stdout] 
[INFO] [stdout] running 0 tests
[INFO] [stdout] 
[INFO] [stdout] test result: ok. 0 passed; 0 failed; 0 ignored; 0 measured; 0 filtered out; finished in 0.00s
[INFO] [stdout] 
[INFO] [stderr] warning: unknown attribute `norun`
[INFO] [stderr]   --> src/lib.rs:11:1
[INFO] [stderr]    |
[INFO] [stderr] 11 | / /// This trait is the opposite of `AutoMapsTo`.
[INFO] [stderr] 12 | | /// This is automatically implemented for any type that implements `AutoMapsTo`.
[INFO] [stderr] 13 | | ///
[INFO] [stderr] 14 | | /// For any type where you can do
[INFO] [stderr] ...  |
[INFO] [stderr] 21 | | /// let dest = DestType::map_from(source);
[INFO] [stderr] 22 | | /// ```
[INFO] [stderr]    | |_______^
[INFO] [stderr]    |
[INFO] [stderr]    = help: use `no_run` to compile, but not run, the code sample during testing
[INFO] [stderr]    = help: this code block may be skipped during testing, because unknown attributes are treated as markers for code samples written in other programming languages, unless it is also explicitly marked as `rust`
[INFO] [stderr]    = note: `#[warn(rustdoc::invalid_codeblock_attributes)]` on by default
[INFO] [stderr] 
[INFO] [stderr] warning: 1 warning emitted
[INFO] [stderr] 
[INFO] [stdout] 
[INFO] [stdout] running 3 tests
[INFO] [stdout] test src/../README.md - (line 37) - compile ... FAILED
[INFO] [stdout] test src/../README.md - (line 50) - compile ... FAILED
[INFO] [stdout] test src/../README.md - (line 20) ... ok
[INFO] [stdout] 
[INFO] [stdout] failures:
[INFO] [stdout] 
[INFO] [stdout] ---- src/../README.md - (line 37) stdout ----
[INFO] [stdout] rustdoc.json does not exist at "/opt/rustwide/workdir/rustdoc.json", run the cli generate this.
[INFO] [stdout] error[E0412]: cannot find type `DestStruct` in this scope
[INFO] [stdout]  --> src/../README.md:39:32
[INFO] [stdout]   |
[INFO] [stdout] 5 | automapper::map!(SourceStruct, DestStruct);
[INFO] [stdout]   |                                ^^^^^^^^^^ not found in this scope
[INFO] [stdout] 
[INFO] [stdout] error[E0412]: cannot find type `SourceStruct` in this scope
[INFO] [stdout]  --> src/../README.md:39:18
[INFO] [stdout]   |
[INFO] [stdout] 5 | automapper::map!(SourceStruct, DestStruct);
[INFO] [stdout]   |                  ^^^^^^^^^^^^ not found in this scope
[INFO] [stdout] 
[INFO] [stdout] error[E0425]: cannot find value `rustdoc_path` in this scope
[INFO] [stdout]  --> src/../README.md:39:1
[INFO] [stdout]   |
[INFO] [stdout] 5 | automapper::map!(SourceStruct, DestStruct);
[INFO] [stdout]   | ^^^^^^^^^^^^^^^^^^^^^^^^^^^^^^^^^^^^^^^^^^ not found in this scope
[INFO] [stdout]   |
[INFO] [stdout]   = note: this error originates in the macro `::automapper::impl_map_fn` which comes from the expansion of the macro `automapper::map` (in Nightly builds, run with -Z macro-backtrace for more info)
[INFO] [stdout] 
[INFO] [stdout] error[E0422]: cannot find struct, variant or union type `SourceStruct` in this scope
[INFO] [stdout]  --> src/../README.md:42:13
[INFO] [stdout]   |
[INFO] [stdout] 8 | let input = SourceStruct { .. };
[INFO] [stdout]   |             ^^^^^^^^^^^^ not found in this scope
[INFO] [stdout] 
[INFO] [stdout] error[E0412]: cannot find type `DestStruct` in this scope
[INFO] [stdout]   --> src/../README.md:45:13
[INFO] [stdout]    |
[INFO] [stdout] 11 | let output: DestStruct = input.map_into(); // using AutoMapsTo trait
[INFO] [stdout]    |             ^^^^^^^^^^ not found in this scope
[INFO] [stdout] 
[INFO] [stdout] error[E0797]: base expression required after `..`
[INFO] [stdout]  --> src/../README.md:42:30
[INFO] [stdout]   |
[INFO] [stdout] 8 | let input = SourceStruct { .. };
[INFO] [stdout]   |                              ^
[INFO] [stdout]   |
[INFO] [stdout] help: add a base expression here
[INFO] [stdout]   |
[INFO] [stdout] 8 | let input = SourceStruct { ../* expr */ };
[INFO] [stdout]   |                              ++++++++++
[INFO] [stdout] 
[INFO] [stdout] error[E0433]: failed to resolve: use of undeclared type `DestStruct`
[INFO] [stdout]   --> src/../README.md:44:14
[INFO] [stdout]    |
[INFO] [stdout] 10 | let output = DestStruct::map_from(input); // using AutoMapsFrom trait
[INFO] [stdout]    |              ^^^^^^^^^^ use of undeclared type `DestStruct`
[INFO] [stdout] 
[INFO] [stdout] error[E0425]: cannot find function `__map` in this scope
[INFO] [stdout]  --> src/../README.md:39:1
[INFO] [stdout]   |
[INFO] [stdout] 5 | automapper::map!(SourceStruct, DestStruct);
[INFO] [stdout]   | ^^^^^^^^^^^^^^^^^^^^^^^^^^^^^^^^^^^^^^^^^^ help: try calling `__map` as a method: `self.__map()`
[INFO] [stdout]   |
[INFO] [stdout]   = note: this error originates in the macro `automapper::map` (in Nightly builds, run with -Z macro-backtrace for more info)
[INFO] [stdout] 
[INFO] [stdout] error: aborting due to 8 previous errors
[INFO] [stdout] 
[INFO] [stdout] Some errors have detailed explanations: E0412, E0422, E0425, E0433, E0797.
[INFO] [stdout] For more information about an error, try `rustc --explain E0412`.
[INFO] [stdout] Couldn't compile the test.
[INFO] [stdout] ---- src/../README.md - (line 50) stdout ----
[INFO] [stdout] rustdoc.json does not exist at "/opt/rustwide/workdir/rustdoc.json", run the cli generate this.
[INFO] [stdout] error[E0425]: cannot find value `rustdoc_path` in this scope
[INFO] [stdout]  --> src/../README.md:52:1
[INFO] [stdout]   |
[INFO] [stdout] 5 | / automapper::impl_map_fn!{
[INFO] [stdout] 6 | |    fn convert_to(SourceStruct -> DestStruct);
[INFO] [stdout] 7 | | }
[INFO] [stdout]   | |_^ not found in this scope
[INFO] [stdout]   |
[INFO] [stdout]   = note: this error originates in the macro `automapper::impl_map_fn` (in Nightly builds, run with -Z macro-backtrace for more info)
[INFO] [stdout] 
[INFO] [stdout] error[E0422]: cannot find struct, variant or union type `SourceStruct` in this scope
[INFO] [stdout]   --> src/../README.md:59:13
[INFO] [stdout]    |
[INFO] [stdout] 12 | let input = SourceStruct { .. };
[INFO] [stdout]    |             ^^^^^^^^^^^^ not found in this scope
[INFO] [stdout] 
[INFO] [stdout] error[E0797]: base expression required after `..`
[INFO] [stdout]   --> src/../README.md:59:30
[INFO] [stdout]    |
[INFO] [stdout] 12 | let input = SourceStruct { .. };
[INFO] [stdout]    |                              ^
[INFO] [stdout]    |
[INFO] [stdout] help: add a base expression here
[INFO] [stdout]    |
[INFO] [stdout] 12 | let input = SourceStruct { ../* expr */ };
[INFO] [stdout]    |                              ++++++++++
[INFO] [stdout] 
[INFO] [stdout] error[E0425]: cannot find function `convert_to` in this scope
[INFO] [stdout]   --> src/../README.md:60:14
[INFO] [stdout]    |
[INFO] [stdout] 13 | let output = convert_to(input);
[INFO] [stdout]    |              ^^^^^^^^^^ not found in this scope
[INFO] [stdout] 
[INFO] [stdout] error: aborting due to 4 previous errors
[INFO] [stdout] 
[INFO] [stdout] Some errors have detailed explanations: E0422, E0425, E0797.
[INFO] [stdout] For more information about an error, try `rustc --explain E0422`.
[INFO] [stdout] Couldn't compile the test.
[INFO] [stdout] 
[INFO] [stdout] failures:
[INFO] [stdout]     src/../README.md - (line 37)
[INFO] [stdout]     src/../README.md - (line 50)
[INFO] [stdout] 
[INFO] [stdout] test result: FAILED. 1 passed; 2 failed; 0 ignored; 0 measured; 0 filtered out; finished in 0.42s
[INFO] [stdout] 
[INFO] [stderr] error: doctest failed, to rerun pass `--doc`
[INFO] running `Command { std: "docker" "inspect" "2a2e39065817d6d1f1fd4dc538817db8a9737584ecdaf2e4c802ba84a597352d", kill_on_drop: false }`
[INFO] running `Command { std: "docker" "rm" "-f" "2a2e39065817d6d1f1fd4dc538817db8a9737584ecdaf2e4c802ba84a597352d", kill_on_drop: false }`
[INFO] [stdout] 2a2e39065817d6d1f1fd4dc538817db8a9737584ecdaf2e4c802ba84a597352d
