[INFO] fetching crate autodiff_derive 0.1.1...
[INFO] testing autodiff_derive-0.1.1 against 1.83.0 for beta-1.84.0-4-retry
[INFO] extracting crate autodiff_derive 0.1.1 into /workspace/builds/worker-0-tc1/source
[INFO] validating manifest of crates.io crate autodiff_derive 0.1.1 on toolchain 1.83.0
[INFO] running `Command { std: CARGO_HOME="/workspace/cargo-home" RUSTUP_HOME="/workspace/rustup-home" "/workspace/cargo-home/bin/cargo" "+1.83.0" "metadata" "--manifest-path" "Cargo.toml" "--no-deps", kill_on_drop: false }`
[INFO] started tweaking crates.io crate autodiff_derive 0.1.1
[INFO] finished tweaking crates.io crate autodiff_derive 0.1.1
[INFO] tweaked toml for crates.io crate autodiff_derive 0.1.1 written to /workspace/builds/worker-0-tc1/source/Cargo.toml
[INFO] running `Command { std: CARGO_HOME="/workspace/cargo-home" RUSTUP_HOME="/workspace/rustup-home" "/workspace/cargo-home/bin/cargo" "+1.83.0" "generate-lockfile" "--manifest-path" "Cargo.toml", kill_on_drop: false }`
[INFO] [stderr]     Updating crates.io index
[INFO] [stderr]      Locking 4 packages to latest compatible versions
[INFO] [stderr]       Adding quote v0.6.13 (available: v1.0.37)
[INFO] [stderr]       Adding syn v0.15.44 (available: v2.0.90)
[INFO] running `Command { std: CARGO_HOME="/workspace/cargo-home" RUSTUP_HOME="/workspace/rustup-home" "/workspace/cargo-home/bin/cargo" "+1.83.0" "fetch" "--manifest-path" "Cargo.toml", kill_on_drop: false }`
[INFO] running `Command { std: "docker" "create" "-v" "/var/lib/crater-agent-workspace/builds/worker-0-tc1/target:/opt/rustwide/target:rw,Z" "-v" "/var/lib/crater-agent-workspace/builds/worker-0-tc1/source:/opt/rustwide/workdir:ro,Z" "-v" "/var/lib/crater-agent-workspace/cargo-home:/opt/rustwide/cargo-home:ro,Z" "-v" "/var/lib/crater-agent-workspace/rustup-home:/opt/rustwide/rustup-home:ro,Z" "-e" "SOURCE_DIR=/opt/rustwide/workdir" "-e" "CARGO_TARGET_DIR=/opt/rustwide/target" "-e" "CARGO_HOME=/opt/rustwide/cargo-home" "-e" "RUSTUP_HOME=/opt/rustwide/rustup-home" "-w" "/opt/rustwide/workdir" "-m" "1610612736" "--user" "0:0" "--network" "none" "ghcr.io/rust-lang/crates-build-env/linux@sha256:f3a9d4ad9d972b27faf3965f35b62e55ba32bbce8f20bc8fe909558a86702fde" "/opt/rustwide/cargo-home/bin/cargo" "+1.83.0" "metadata" "--no-deps" "--format-version=1", kill_on_drop: false }`
[INFO] [stdout] d0524e23e0da8408e2fb09b63b5b4c4f10bc7b1f4e03352bb373e01598758fd4
[INFO] running `Command { std: "docker" "start" "-a" "d0524e23e0da8408e2fb09b63b5b4c4f10bc7b1f4e03352bb373e01598758fd4", kill_on_drop: false }`
[INFO] running `Command { std: "docker" "inspect" "d0524e23e0da8408e2fb09b63b5b4c4f10bc7b1f4e03352bb373e01598758fd4", kill_on_drop: false }`
[INFO] running `Command { std: "docker" "rm" "-f" "d0524e23e0da8408e2fb09b63b5b4c4f10bc7b1f4e03352bb373e01598758fd4", kill_on_drop: false }`
[INFO] [stdout] d0524e23e0da8408e2fb09b63b5b4c4f10bc7b1f4e03352bb373e01598758fd4
[INFO] running `Command { std: "docker" "create" "-v" "/var/lib/crater-agent-workspace/builds/worker-0-tc1/target:/opt/rustwide/target:rw,Z" "-v" "/var/lib/crater-agent-workspace/builds/worker-0-tc1/source:/opt/rustwide/workdir:ro,Z" "-v" "/var/lib/crater-agent-workspace/cargo-home:/opt/rustwide/cargo-home:ro,Z" "-v" "/var/lib/crater-agent-workspace/rustup-home:/opt/rustwide/rustup-home:ro,Z" "-e" "SOURCE_DIR=/opt/rustwide/workdir" "-e" "CARGO_TARGET_DIR=/opt/rustwide/target" "-e" "CARGO_INCREMENTAL=0" "-e" "RUST_BACKTRACE=full" "-e" "RUSTFLAGS=--cap-lints=warn" "-e" "RUSTDOCFLAGS=--cap-lints=warn" "-e" "CARGO_HOME=/opt/rustwide/cargo-home" "-e" "RUSTUP_HOME=/opt/rustwide/rustup-home" "-w" "/opt/rustwide/workdir" "-m" "1610612736" "--user" "0:0" "--network" "none" "ghcr.io/rust-lang/crates-build-env/linux@sha256:f3a9d4ad9d972b27faf3965f35b62e55ba32bbce8f20bc8fe909558a86702fde" "/opt/rustwide/cargo-home/bin/cargo" "+1.83.0" "build" "--frozen" "--message-format=json", kill_on_drop: false }`
[INFO] [stdout] b55abb1fd2a544afe0a7af15402d0c329aa3cb97e41b854185d8ad4cf285d7ec
[INFO] running `Command { std: "docker" "start" "-a" "b55abb1fd2a544afe0a7af15402d0c329aa3cb97e41b854185d8ad4cf285d7ec", kill_on_drop: false }`
[INFO] [stderr]    Compiling proc-macro2 v0.4.30
[INFO] [stderr]    Compiling unicode-xid v0.1.0
[INFO] [stderr]    Compiling syn v0.15.44
[INFO] [stderr]    Compiling quote v0.6.13
[INFO] [stderr]    Compiling autodiff_derive v0.1.1 (/opt/rustwide/workdir)
[INFO] [stderr]     Finished `dev` profile [unoptimized + debuginfo] target(s) in 4.27s
[INFO] running `Command { std: "docker" "inspect" "b55abb1fd2a544afe0a7af15402d0c329aa3cb97e41b854185d8ad4cf285d7ec", kill_on_drop: false }`
[INFO] running `Command { std: "docker" "rm" "-f" "b55abb1fd2a544afe0a7af15402d0c329aa3cb97e41b854185d8ad4cf285d7ec", kill_on_drop: false }`
[INFO] [stdout] b55abb1fd2a544afe0a7af15402d0c329aa3cb97e41b854185d8ad4cf285d7ec
[INFO] running `Command { std: "docker" "create" "-v" "/var/lib/crater-agent-workspace/builds/worker-0-tc1/target:/opt/rustwide/target:rw,Z" "-v" "/var/lib/crater-agent-workspace/builds/worker-0-tc1/source:/opt/rustwide/workdir:ro,Z" "-v" "/var/lib/crater-agent-workspace/cargo-home:/opt/rustwide/cargo-home:ro,Z" "-v" "/var/lib/crater-agent-workspace/rustup-home:/opt/rustwide/rustup-home:ro,Z" "-e" "SOURCE_DIR=/opt/rustwide/workdir" "-e" "CARGO_TARGET_DIR=/opt/rustwide/target" "-e" "CARGO_INCREMENTAL=0" "-e" "RUST_BACKTRACE=full" "-e" "RUSTFLAGS=--cap-lints=warn" "-e" "RUSTDOCFLAGS=--cap-lints=warn" "-e" "CARGO_HOME=/opt/rustwide/cargo-home" "-e" "RUSTUP_HOME=/opt/rustwide/rustup-home" "-w" "/opt/rustwide/workdir" "-m" "1610612736" "--user" "0:0" "--network" "none" "ghcr.io/rust-lang/crates-build-env/linux@sha256:f3a9d4ad9d972b27faf3965f35b62e55ba32bbce8f20bc8fe909558a86702fde" "/opt/rustwide/cargo-home/bin/cargo" "+1.83.0" "test" "--frozen" "--no-run" "--message-format=json", kill_on_drop: false }`
[INFO] [stdout] 3f0858c3860af95fcb26de419a90b4a446f3e38f12c961ab29c390eea600b912
[INFO] running `Command { std: "docker" "start" "-a" "3f0858c3860af95fcb26de419a90b4a446f3e38f12c961ab29c390eea600b912", kill_on_drop: false }`
[INFO] [stderr]    Compiling autodiff_derive v0.1.1 (/opt/rustwide/workdir)
[INFO] [stderr]     Finished `test` profile [unoptimized + debuginfo] target(s) in 0.80s
[INFO] running `Command { std: "docker" "inspect" "3f0858c3860af95fcb26de419a90b4a446f3e38f12c961ab29c390eea600b912", kill_on_drop: false }`
[INFO] running `Command { std: "docker" "rm" "-f" "3f0858c3860af95fcb26de419a90b4a446f3e38f12c961ab29c390eea600b912", kill_on_drop: false }`
[INFO] [stdout] 3f0858c3860af95fcb26de419a90b4a446f3e38f12c961ab29c390eea600b912
[INFO] running `Command { std: "docker" "create" "-v" "/var/lib/crater-agent-workspace/builds/worker-0-tc1/target:/opt/rustwide/target:rw,Z" "-v" "/var/lib/crater-agent-workspace/builds/worker-0-tc1/source:/opt/rustwide/workdir:ro,Z" "-v" "/var/lib/crater-agent-workspace/cargo-home:/opt/rustwide/cargo-home:ro,Z" "-v" "/var/lib/crater-agent-workspace/rustup-home:/opt/rustwide/rustup-home:ro,Z" "-e" "SOURCE_DIR=/opt/rustwide/workdir" "-e" "CARGO_TARGET_DIR=/opt/rustwide/target" "-e" "CARGO_INCREMENTAL=0" "-e" "RUST_BACKTRACE=full" "-e" "RUSTFLAGS=--cap-lints=warn" "-e" "RUSTDOCFLAGS=--cap-lints=warn" "-e" "CARGO_HOME=/opt/rustwide/cargo-home" "-e" "RUSTUP_HOME=/opt/rustwide/rustup-home" "-w" "/opt/rustwide/workdir" "-m" "1610612736" "--user" "0:0" "--network" "none" "ghcr.io/rust-lang/crates-build-env/linux@sha256:f3a9d4ad9d972b27faf3965f35b62e55ba32bbce8f20bc8fe909558a86702fde" "/opt/rustwide/cargo-home/bin/cargo" "+1.83.0" "test" "--frozen", kill_on_drop: false }`
[INFO] [stdout] 964aeada50784138b1cfe7a2685df9601c8844dacd859a125f8fff7c7e85b9ac
[INFO] running `Command { std: "docker" "start" "-a" "964aeada50784138b1cfe7a2685df9601c8844dacd859a125f8fff7c7e85b9ac", kill_on_drop: false }`
[INFO] [stderr]     Finished `test` profile [unoptimized + debuginfo] target(s) in 0.02s
[INFO] [stderr]      Running unittests src/lib.rs (/opt/rustwide/target/debug/deps/autodiff_derive-ddba2ccaed4205d9)
[INFO] [stdout] 
[INFO] [stdout] running 0 tests
[INFO] [stdout] 
[INFO] [stdout] test result: ok. 0 passed; 0 failed; 0 ignored; 0 measured; 0 filtered out; finished in 0.00s
[INFO] [stdout] 
[INFO] [stderr]    Doc-tests autodiff_derive
[INFO] [stdout] 
[INFO] [stdout] running 2 tests
[INFO] [stdout] test src/lib.rs - funccompose (line 116) ... FAILED
[INFO] [stdout] test src/lib.rs - simple_forward_diffable (line 12) ... FAILED
[INFO] [stdout] 
[INFO] [stdout] failures:
[INFO] [stdout] 
[INFO] [stdout] ---- src/lib.rs - funccompose (line 116) stdout ----
[INFO] [stdout] error: expected one of `!`, `(`, `+`, `::`, `<`, `>`, or `as`, found `...`
[INFO] [stdout]  --> src/lib.rs:118:8
[INFO] [stdout]   |
[INFO] [stdout] 4 | impl<Gs..., InnerInput, InnerOutput, InnerGrad, OuterInput, OuterOutput, OuterGrad, Grad, Inner> FuncCompose<StaticArgs, Inner> for T<Gs...>
[INFO] [stdout]   |        ^^^ expected one of 7 possible tokens
[INFO] [stdout] 
[INFO] [stdout] error: aborting due to 1 previous error
[INFO] [stdout] 
[INFO] [stdout] Couldn't compile the test.
[INFO] [stdout] ---- src/lib.rs - simple_forward_diffable (line 12) stdout ----
[INFO] [stdout] error[E0433]: failed to resolve: use of undeclared crate or module `autodiff`
[INFO] [stdout]  --> src/lib.rs:14:46
[INFO] [stdout]   |
[INFO] [stdout] 4 | impl<S, SelfInput, SelfOutput, SelfGradient> autodiff::autodiffable::ForwardDiffable<S> for T
[INFO] [stdout]   |                                              ^^^^^^^^ use of undeclared crate or module `autodiff`
[INFO] [stdout] 
[INFO] [stdout] error[E0433]: failed to resolve: use of undeclared crate or module `autodiff`
[INFO] [stdout]  --> src/lib.rs:16:11
[INFO] [stdout]   |
[INFO] [stdout] 6 |     Self: autodiff::autodiffable::AutoDiffable<S, Input = SelfInput, Output = SelfOutput>,
[INFO] [stdout]   |           ^^^^^^^^ use of undeclared crate or module `autodiff`
[INFO] [stdout] 
[INFO] [stdout] error[E0433]: failed to resolve: use of undeclared crate or module `autodiff`
[INFO] [stdout]  --> src/lib.rs:17:16
[INFO] [stdout]   |
[INFO] [stdout] 7 |     SelfInput: autodiff::gradienttype::GradientType<SelfOutput, GradientType = SelfGradient>,
[INFO] [stdout]   |                ^^^^^^^^ use of undeclared crate or module `autodiff`
[INFO] [stdout] 
[INFO] [stdout] error[E0433]: failed to resolve: use of undeclared crate or module `autodiff`
[INFO] [stdout]  --> src/lib.rs:18:19
[INFO] [stdout]   |
[INFO] [stdout] 8 |     SelfGradient: autodiff::forward::ForwardMul<SelfInput, SelfInput, ResultGrad = SelfOutput>,
[INFO] [stdout]   |                   ^^^^^^^^ use of undeclared crate or module `autodiff`
[INFO] [stdout] 
[INFO] [stdout] error[E0412]: cannot find type `T` in this scope
[INFO] [stdout]  --> src/lib.rs:14:93
[INFO] [stdout]   |
[INFO] [stdout] 4 | impl<S, SelfInput, SelfOutput, SelfGradient> autodiff::autodiffable::ForwardDiffable<S> for T
[INFO] [stdout]   |      - similarly named type parameter `S` defined here                                      ^ help: a type parameter with a similar name exists: `S`
[INFO] [stdout] 
[INFO] [stdout] error: aborting due to 5 previous errors
[INFO] [stdout] 
[INFO] [stdout] Some errors have detailed explanations: E0412, E0433.
[INFO] [stdout] For more information about an error, try `rustc --explain E0412`.
[INFO] [stdout] Couldn't compile the test.
[INFO] [stdout] 
[INFO] [stdout] failures:
[INFO] [stdout]     src/lib.rs - funccompose (line 116)
[INFO] [stdout]     src/lib.rs - simple_forward_diffable (line 12)
[INFO] [stdout] 
[INFO] [stdout] test result: FAILED. 0 passed; 2 failed; 0 ignored; 0 measured; 0 filtered out; finished in 0.15s
[INFO] [stdout] 
[INFO] [stderr] error: doctest failed, to rerun pass `--doc`
[INFO] running `Command { std: "docker" "inspect" "964aeada50784138b1cfe7a2685df9601c8844dacd859a125f8fff7c7e85b9ac", kill_on_drop: false }`
[INFO] running `Command { std: "docker" "rm" "-f" "964aeada50784138b1cfe7a2685df9601c8844dacd859a125f8fff7c7e85b9ac", kill_on_drop: false }`
[INFO] [stdout] 964aeada50784138b1cfe7a2685df9601c8844dacd859a125f8fff7c7e85b9ac
