[INFO] fetching crate aula_near_x_calc 0.1.0...
[INFO] testing aula_near_x_calc-0.1.0 against 1.83.0 for beta-1.84.0-4-retry
[INFO] extracting crate aula_near_x_calc 0.1.0 into /workspace/builds/worker-5-tc1/source
[INFO] validating manifest of crates.io crate aula_near_x_calc 0.1.0 on toolchain 1.83.0
[INFO] running `Command { std: CARGO_HOME="/workspace/cargo-home" RUSTUP_HOME="/workspace/rustup-home" "/workspace/cargo-home/bin/cargo" "+1.83.0" "metadata" "--manifest-path" "Cargo.toml" "--no-deps", kill_on_drop: false }`
[INFO] started tweaking crates.io crate aula_near_x_calc 0.1.0
[INFO] finished tweaking crates.io crate aula_near_x_calc 0.1.0
[INFO] tweaked toml for crates.io crate aula_near_x_calc 0.1.0 written to /workspace/builds/worker-5-tc1/source/Cargo.toml
[INFO] running `Command { std: CARGO_HOME="/workspace/cargo-home" RUSTUP_HOME="/workspace/rustup-home" "/workspace/cargo-home/bin/cargo" "+1.83.0" "generate-lockfile" "--manifest-path" "Cargo.toml", kill_on_drop: false }`
[INFO] running `Command { std: CARGO_HOME="/workspace/cargo-home" RUSTUP_HOME="/workspace/rustup-home" "/workspace/cargo-home/bin/cargo" "+1.83.0" "fetch" "--manifest-path" "Cargo.toml", kill_on_drop: false }`
[INFO] running `Command { std: "docker" "create" "-v" "/var/lib/crater-agent-workspace/builds/worker-5-tc1/target:/opt/rustwide/target:rw,Z" "-v" "/var/lib/crater-agent-workspace/builds/worker-5-tc1/source:/opt/rustwide/workdir:ro,Z" "-v" "/var/lib/crater-agent-workspace/cargo-home:/opt/rustwide/cargo-home:ro,Z" "-v" "/var/lib/crater-agent-workspace/rustup-home:/opt/rustwide/rustup-home:ro,Z" "-e" "SOURCE_DIR=/opt/rustwide/workdir" "-e" "CARGO_TARGET_DIR=/opt/rustwide/target" "-e" "CARGO_HOME=/opt/rustwide/cargo-home" "-e" "RUSTUP_HOME=/opt/rustwide/rustup-home" "-w" "/opt/rustwide/workdir" "-m" "1610612736" "--user" "0:0" "--network" "none" "ghcr.io/rust-lang/crates-build-env/linux@sha256:f3a9d4ad9d972b27faf3965f35b62e55ba32bbce8f20bc8fe909558a86702fde" "/opt/rustwide/cargo-home/bin/cargo" "+1.83.0" "metadata" "--no-deps" "--format-version=1", kill_on_drop: false }`
[INFO] [stdout] 3d9d7225f373b6c3f4d2fba0a98bed153aaa2b7e814643dfe631870ae6410d88
[INFO] running `Command { std: "docker" "start" "-a" "3d9d7225f373b6c3f4d2fba0a98bed153aaa2b7e814643dfe631870ae6410d88", kill_on_drop: false }`
[INFO] running `Command { std: "docker" "inspect" "3d9d7225f373b6c3f4d2fba0a98bed153aaa2b7e814643dfe631870ae6410d88", kill_on_drop: false }`
[INFO] running `Command { std: "docker" "rm" "-f" "3d9d7225f373b6c3f4d2fba0a98bed153aaa2b7e814643dfe631870ae6410d88", kill_on_drop: false }`
[INFO] [stdout] 3d9d7225f373b6c3f4d2fba0a98bed153aaa2b7e814643dfe631870ae6410d88
[INFO] running `Command { std: "docker" "create" "-v" "/var/lib/crater-agent-workspace/builds/worker-5-tc1/target:/opt/rustwide/target:rw,Z" "-v" "/var/lib/crater-agent-workspace/builds/worker-5-tc1/source:/opt/rustwide/workdir:ro,Z" "-v" "/var/lib/crater-agent-workspace/cargo-home:/opt/rustwide/cargo-home:ro,Z" "-v" "/var/lib/crater-agent-workspace/rustup-home:/opt/rustwide/rustup-home:ro,Z" "-e" "SOURCE_DIR=/opt/rustwide/workdir" "-e" "CARGO_TARGET_DIR=/opt/rustwide/target" "-e" "CARGO_INCREMENTAL=0" "-e" "RUST_BACKTRACE=full" "-e" "RUSTFLAGS=--cap-lints=warn" "-e" "RUSTDOCFLAGS=--cap-lints=warn" "-e" "CARGO_HOME=/opt/rustwide/cargo-home" "-e" "RUSTUP_HOME=/opt/rustwide/rustup-home" "-w" "/opt/rustwide/workdir" "-m" "1610612736" "--user" "0:0" "--network" "none" "ghcr.io/rust-lang/crates-build-env/linux@sha256:f3a9d4ad9d972b27faf3965f35b62e55ba32bbce8f20bc8fe909558a86702fde" "/opt/rustwide/cargo-home/bin/cargo" "+1.83.0" "build" "--frozen" "--message-format=json", kill_on_drop: false }`
[INFO] [stdout] 147ec4a19fff8f5221abd0adfba7452306fd9babc63857ed0036697b1e9e30cf
[INFO] running `Command { std: "docker" "start" "-a" "147ec4a19fff8f5221abd0adfba7452306fd9babc63857ed0036697b1e9e30cf", kill_on_drop: false }`
[INFO] [stderr]    Compiling aula_near_x_calc v0.1.0 (/opt/rustwide/workdir)
[INFO] [stderr]     Finished `dev` profile [unoptimized + debuginfo] target(s) in 0.20s
[INFO] running `Command { std: "docker" "inspect" "147ec4a19fff8f5221abd0adfba7452306fd9babc63857ed0036697b1e9e30cf", kill_on_drop: false }`
[INFO] running `Command { std: "docker" "rm" "-f" "147ec4a19fff8f5221abd0adfba7452306fd9babc63857ed0036697b1e9e30cf", kill_on_drop: false }`
[INFO] [stdout] 147ec4a19fff8f5221abd0adfba7452306fd9babc63857ed0036697b1e9e30cf
[INFO] running `Command { std: "docker" "create" "-v" "/var/lib/crater-agent-workspace/builds/worker-5-tc1/target:/opt/rustwide/target:rw,Z" "-v" "/var/lib/crater-agent-workspace/builds/worker-5-tc1/source:/opt/rustwide/workdir:ro,Z" "-v" "/var/lib/crater-agent-workspace/cargo-home:/opt/rustwide/cargo-home:ro,Z" "-v" "/var/lib/crater-agent-workspace/rustup-home:/opt/rustwide/rustup-home:ro,Z" "-e" "SOURCE_DIR=/opt/rustwide/workdir" "-e" "CARGO_TARGET_DIR=/opt/rustwide/target" "-e" "CARGO_INCREMENTAL=0" "-e" "RUST_BACKTRACE=full" "-e" "RUSTFLAGS=--cap-lints=warn" "-e" "RUSTDOCFLAGS=--cap-lints=warn" "-e" "CARGO_HOME=/opt/rustwide/cargo-home" "-e" "RUSTUP_HOME=/opt/rustwide/rustup-home" "-w" "/opt/rustwide/workdir" "-m" "1610612736" "--user" "0:0" "--network" "none" "ghcr.io/rust-lang/crates-build-env/linux@sha256:f3a9d4ad9d972b27faf3965f35b62e55ba32bbce8f20bc8fe909558a86702fde" "/opt/rustwide/cargo-home/bin/cargo" "+1.83.0" "test" "--frozen" "--no-run" "--message-format=json", kill_on_drop: false }`
[INFO] [stdout] c9a9ace8d76a1e362c0a8e990dbc93aecf41d8eec3ed10b37439fe038201c3ff
[INFO] running `Command { std: "docker" "start" "-a" "c9a9ace8d76a1e362c0a8e990dbc93aecf41d8eec3ed10b37439fe038201c3ff", kill_on_drop: false }`
[INFO] [stderr]    Compiling aula_near_x_calc v0.1.0 (/opt/rustwide/workdir)
[INFO] [stderr]     Finished `test` profile [unoptimized + debuginfo] target(s) in 0.52s
[INFO] running `Command { std: "docker" "inspect" "c9a9ace8d76a1e362c0a8e990dbc93aecf41d8eec3ed10b37439fe038201c3ff", kill_on_drop: false }`
[INFO] running `Command { std: "docker" "rm" "-f" "c9a9ace8d76a1e362c0a8e990dbc93aecf41d8eec3ed10b37439fe038201c3ff", kill_on_drop: false }`
[INFO] [stdout] c9a9ace8d76a1e362c0a8e990dbc93aecf41d8eec3ed10b37439fe038201c3ff
[INFO] running `Command { std: "docker" "create" "-v" "/var/lib/crater-agent-workspace/builds/worker-5-tc1/target:/opt/rustwide/target:rw,Z" "-v" "/var/lib/crater-agent-workspace/builds/worker-5-tc1/source:/opt/rustwide/workdir:ro,Z" "-v" "/var/lib/crater-agent-workspace/cargo-home:/opt/rustwide/cargo-home:ro,Z" "-v" "/var/lib/crater-agent-workspace/rustup-home:/opt/rustwide/rustup-home:ro,Z" "-e" "SOURCE_DIR=/opt/rustwide/workdir" "-e" "CARGO_TARGET_DIR=/opt/rustwide/target" "-e" "CARGO_INCREMENTAL=0" "-e" "RUST_BACKTRACE=full" "-e" "RUSTFLAGS=--cap-lints=warn" "-e" "RUSTDOCFLAGS=--cap-lints=warn" "-e" "CARGO_HOME=/opt/rustwide/cargo-home" "-e" "RUSTUP_HOME=/opt/rustwide/rustup-home" "-w" "/opt/rustwide/workdir" "-m" "1610612736" "--user" "0:0" "--network" "none" "ghcr.io/rust-lang/crates-build-env/linux@sha256:f3a9d4ad9d972b27faf3965f35b62e55ba32bbce8f20bc8fe909558a86702fde" "/opt/rustwide/cargo-home/bin/cargo" "+1.83.0" "test" "--frozen", kill_on_drop: false }`
[INFO] [stdout] 0011db036f066e3bd93f251aeddd69a362271144c2b8835829a6bc9dea789daf
[INFO] running `Command { std: "docker" "start" "-a" "0011db036f066e3bd93f251aeddd69a362271144c2b8835829a6bc9dea789daf", kill_on_drop: false }`
[INFO] [stderr]     Finished `test` profile [unoptimized + debuginfo] target(s) in 0.02s
[INFO] [stderr]      Running unittests src/lib.rs (/opt/rustwide/target/debug/deps/aula_near_x_calc-e57c9bb436281cac)
[INFO] [stdout] 
[INFO] [stdout] running 4 tests
[INFO] [stdout] test test::test_sub_failed2 ... ok
[INFO] [stdout] test test::test_sum ... ok
[INFO] [stdout] test test::test_sub ... ok
[INFO] [stdout] test test::test_sub_failed ... ok
[INFO] [stdout] 
[INFO] [stdout] test result: ok. 4 passed; 0 failed; 0 ignored; 0 measured; 0 filtered out; finished in 0.01s
[INFO] [stdout] 
[INFO] [stderr]    Doc-tests aula_near_x_calc
[INFO] [stdout] 
[INFO] [stdout] running 2 tests
[INFO] [stdout] test src/lib.rs - calc_with_1::sub_less_one (line 25) ... FAILED
[INFO] [stdout] test src/lib.rs - calc_with_1::sum_plus_one (line 7) ... FAILED
[INFO] [stdout] 
[INFO] [stdout] failures:
[INFO] [stdout] 
[INFO] [stdout] ---- src/lib.rs - calc_with_1::sub_less_one (line 25) stdout ----
[INFO] [stdout] error[E0432]: unresolved import `calc_near_x`
[INFO] [stdout]  --> src/lib.rs:26:5
[INFO] [stdout]   |
[INFO] [stdout] 3 | use calc_near_x;
[INFO] [stdout]   |     ^^^^^^^^^^^ no external crate `calc_near_x`
[INFO] [stdout] 
[INFO] [stdout] error: aborting due to 1 previous error
[INFO] [stdout] 
[INFO] [stdout] For more information about this error, try `rustc --explain E0432`.
[INFO] [stdout] Couldn't compile the test.
[INFO] [stdout] ---- src/lib.rs - calc_with_1::sum_plus_one (line 7) stdout ----
[INFO] [stdout] error[E0433]: failed to resolve: use of undeclared crate or module `calc_near_x`
[INFO] [stdout]  --> src/lib.rs:8:5
[INFO] [stdout]   |
[INFO] [stdout] 3 | use calc_near_x::calc_with_1::sum_plus_one;
[INFO] [stdout]   |     ^^^^^^^^^^^ use of undeclared crate or module `calc_near_x`
[INFO] [stdout] 
[INFO] [stdout] error: aborting due to 1 previous error
[INFO] [stdout] 
[INFO] [stdout] For more information about this error, try `rustc --explain E0433`.
[INFO] [stdout] Couldn't compile the test.
[INFO] [stdout] 
[INFO] [stdout] failures:
[INFO] [stdout]     src/lib.rs - calc_with_1::sub_less_one (line 25)
[INFO] [stdout]     src/lib.rs - calc_with_1::sum_plus_one (line 7)
[INFO] [stdout] 
[INFO] [stdout] test result: FAILED. 0 passed; 2 failed; 0 ignored; 0 measured; 0 filtered out; finished in 0.12s
[INFO] [stdout] 
[INFO] [stderr] error: doctest failed, to rerun pass `--doc`
[INFO] running `Command { std: "docker" "inspect" "0011db036f066e3bd93f251aeddd69a362271144c2b8835829a6bc9dea789daf", kill_on_drop: false }`
[INFO] running `Command { std: "docker" "rm" "-f" "0011db036f066e3bd93f251aeddd69a362271144c2b8835829a6bc9dea789daf", kill_on_drop: false }`
[INFO] [stdout] 0011db036f066e3bd93f251aeddd69a362271144c2b8835829a6bc9dea789daf
