[INFO] fetching crate augurs-outlier 0.7.0...
[INFO] testing augurs-outlier-0.7.0 against beta-2024-12-08 for beta-1.84.0-4-retry
[INFO] extracting crate augurs-outlier 0.7.0 into /workspace/builds/worker-0-tc2/source
[INFO] validating manifest of crates.io crate augurs-outlier 0.7.0 on toolchain beta-2024-12-08
[INFO] running `Command { std: CARGO_HOME="/workspace/cargo-home" RUSTUP_HOME="/workspace/rustup-home" "/workspace/cargo-home/bin/cargo" "+beta-2024-12-08" "metadata" "--manifest-path" "Cargo.toml" "--no-deps", kill_on_drop: false }`
[INFO] started tweaking crates.io crate augurs-outlier 0.7.0
[INFO] finished tweaking crates.io crate augurs-outlier 0.7.0
[INFO] tweaked toml for crates.io crate augurs-outlier 0.7.0 written to /workspace/builds/worker-0-tc2/source/Cargo.toml
[INFO] running `Command { std: CARGO_HOME="/workspace/cargo-home" RUSTUP_HOME="/workspace/rustup-home" "/workspace/cargo-home/bin/cargo" "+beta-2024-12-08" "generate-lockfile" "--manifest-path" "Cargo.toml", kill_on_drop: false }`
[INFO] [stderr]     Updating crates.io index
[INFO] [stderr]      Locking 58 packages to latest compatible versions
[INFO] [stderr]       Adding rv v0.17.0 (available: v0.18.0)
[INFO] running `Command { std: CARGO_HOME="/workspace/cargo-home" RUSTUP_HOME="/workspace/rustup-home" "/workspace/cargo-home/bin/cargo" "+beta-2024-12-08" "fetch" "--manifest-path" "Cargo.toml", kill_on_drop: false }`
[INFO] running `Command { std: "docker" "create" "-v" "/var/lib/crater-agent-workspace/builds/worker-0-tc2/target:/opt/rustwide/target:rw,Z" "-v" "/var/lib/crater-agent-workspace/builds/worker-0-tc2/source:/opt/rustwide/workdir:ro,Z" "-v" "/var/lib/crater-agent-workspace/cargo-home:/opt/rustwide/cargo-home:ro,Z" "-v" "/var/lib/crater-agent-workspace/rustup-home:/opt/rustwide/rustup-home:ro,Z" "-e" "SOURCE_DIR=/opt/rustwide/workdir" "-e" "CARGO_TARGET_DIR=/opt/rustwide/target" "-e" "CARGO_HOME=/opt/rustwide/cargo-home" "-e" "RUSTUP_HOME=/opt/rustwide/rustup-home" "-w" "/opt/rustwide/workdir" "-m" "1610612736" "--user" "0:0" "--network" "none" "ghcr.io/rust-lang/crates-build-env/linux@sha256:f3a9d4ad9d972b27faf3965f35b62e55ba32bbce8f20bc8fe909558a86702fde" "/opt/rustwide/cargo-home/bin/cargo" "+beta-2024-12-08" "metadata" "--no-deps" "--format-version=1", kill_on_drop: false }`
[INFO] [stdout] 7e5962ec5b023d03d0c1a60cb0d3f6f5abee0da766c02db0953f3c6ad3598587
[INFO] running `Command { std: "docker" "start" "-a" "7e5962ec5b023d03d0c1a60cb0d3f6f5abee0da766c02db0953f3c6ad3598587", kill_on_drop: false }`
[INFO] running `Command { std: "docker" "inspect" "7e5962ec5b023d03d0c1a60cb0d3f6f5abee0da766c02db0953f3c6ad3598587", kill_on_drop: false }`
[INFO] running `Command { std: "docker" "rm" "-f" "7e5962ec5b023d03d0c1a60cb0d3f6f5abee0da766c02db0953f3c6ad3598587", kill_on_drop: false }`
[INFO] [stdout] 7e5962ec5b023d03d0c1a60cb0d3f6f5abee0da766c02db0953f3c6ad3598587
[INFO] running `Command { std: "docker" "create" "-v" "/var/lib/crater-agent-workspace/builds/worker-0-tc2/target:/opt/rustwide/target:rw,Z" "-v" "/var/lib/crater-agent-workspace/builds/worker-0-tc2/source:/opt/rustwide/workdir:ro,Z" "-v" "/var/lib/crater-agent-workspace/cargo-home:/opt/rustwide/cargo-home:ro,Z" "-v" "/var/lib/crater-agent-workspace/rustup-home:/opt/rustwide/rustup-home:ro,Z" "-e" "SOURCE_DIR=/opt/rustwide/workdir" "-e" "CARGO_TARGET_DIR=/opt/rustwide/target" "-e" "CARGO_INCREMENTAL=0" "-e" "RUST_BACKTRACE=full" "-e" "RUSTFLAGS=--cap-lints=warn" "-e" "RUSTDOCFLAGS=--cap-lints=warn" "-e" "CARGO_HOME=/opt/rustwide/cargo-home" "-e" "RUSTUP_HOME=/opt/rustwide/rustup-home" "-w" "/opt/rustwide/workdir" "-m" "1610612736" "--user" "0:0" "--network" "none" "ghcr.io/rust-lang/crates-build-env/linux@sha256:f3a9d4ad9d972b27faf3965f35b62e55ba32bbce8f20bc8fe909558a86702fde" "/opt/rustwide/cargo-home/bin/cargo" "+beta-2024-12-08" "build" "--frozen" "--message-format=json", kill_on_drop: false }`
[INFO] [stdout] 3d06ca77a05018d1bec7963c55ff3616301876814e27b93c01f529e3a167c7c0
[INFO] running `Command { std: "docker" "start" "-a" "3d06ca77a05018d1bec7963c55ff3616301876814e27b93c01f529e3a167c7c0", kill_on_drop: false }`
[INFO] [stderr]    Compiling libm v0.2.11
[INFO] [stderr]    Compiling syn v2.0.90
[INFO] [stderr]    Compiling libc v0.2.168
[INFO] [stderr]    Compiling byteorder v1.5.0
[INFO] [stderr]    Compiling foldhash v0.1.3
[INFO] [stderr]    Compiling either v1.13.0
[INFO] [stderr]    Compiling equivalent v1.0.1
[INFO] [stderr]    Compiling allocator-api2 v0.2.21
[INFO] [stderr]    Compiling doc-comment v0.3.3
[INFO] [stderr]    Compiling thiserror v2.0.7
[INFO] [stderr]    Compiling tinyvec_macros v0.1.1
[INFO] [stderr]    Compiling rustc-hash v2.1.0
[INFO] [stderr]    Compiling num-traits v0.2.19
[INFO] [stderr]    Compiling tracing-core v0.1.33
[INFO] [stderr]    Compiling roots v0.0.8
[INFO] [stderr]    Compiling tinyvec v1.8.0
[INFO] [stderr]    Compiling itertools v0.12.1
[INFO] [stderr]    Compiling itertools v0.13.0
[INFO] [stderr]    Compiling hashbrown v0.15.2
[INFO] [stderr]    Compiling special v0.10.3
[INFO] [stderr]    Compiling lru v0.12.5
[INFO] [stderr]    Compiling getrandom v0.2.15
[INFO] [stderr]    Compiling rand_core v0.6.4
[INFO] [stderr]    Compiling num-integer v0.1.46
[INFO] [stderr]    Compiling num-complex v0.4.6
[INFO] [stderr]    Compiling num-bigint v0.4.6
[INFO] [stderr]    Compiling num-iter v0.1.45
[INFO] [stderr]    Compiling num-rational v0.4.2
[INFO] [stderr]    Compiling num v0.4.3
[INFO] [stderr]    Compiling zerocopy-derive v0.7.35
[INFO] [stderr]    Compiling tracing-attributes v0.1.28
[INFO] [stderr]    Compiling thiserror-impl v2.0.7
[INFO] [stderr]    Compiling zerocopy v0.7.35
[INFO] [stderr]    Compiling tracing v0.1.41
[INFO] [stderr]    Compiling ppv-lite86 v0.2.20
[INFO] [stderr]    Compiling rand_chacha v0.3.1
[INFO] [stderr]    Compiling rand v0.8.5
[INFO] [stderr]    Compiling rand_distr v0.4.3
[INFO] [stderr]    Compiling rv v0.17.0
[INFO] [stderr]    Compiling augurs-outlier v0.7.0 (/opt/rustwide/workdir)
[INFO] [stderr]     Finished `dev` profile [unoptimized + debuginfo] target(s) in 14.58s
[INFO] running `Command { std: "docker" "inspect" "3d06ca77a05018d1bec7963c55ff3616301876814e27b93c01f529e3a167c7c0", kill_on_drop: false }`
[INFO] running `Command { std: "docker" "rm" "-f" "3d06ca77a05018d1bec7963c55ff3616301876814e27b93c01f529e3a167c7c0", kill_on_drop: false }`
[INFO] [stdout] 3d06ca77a05018d1bec7963c55ff3616301876814e27b93c01f529e3a167c7c0
[INFO] running `Command { std: "docker" "create" "-v" "/var/lib/crater-agent-workspace/builds/worker-0-tc2/target:/opt/rustwide/target:rw,Z" "-v" "/var/lib/crater-agent-workspace/builds/worker-0-tc2/source:/opt/rustwide/workdir:ro,Z" "-v" "/var/lib/crater-agent-workspace/cargo-home:/opt/rustwide/cargo-home:ro,Z" "-v" "/var/lib/crater-agent-workspace/rustup-home:/opt/rustwide/rustup-home:ro,Z" "-e" "SOURCE_DIR=/opt/rustwide/workdir" "-e" "CARGO_TARGET_DIR=/opt/rustwide/target" "-e" "CARGO_INCREMENTAL=0" "-e" "RUST_BACKTRACE=full" "-e" "RUSTFLAGS=--cap-lints=warn" "-e" "RUSTDOCFLAGS=--cap-lints=warn" "-e" "CARGO_HOME=/opt/rustwide/cargo-home" "-e" "RUSTUP_HOME=/opt/rustwide/rustup-home" "-w" "/opt/rustwide/workdir" "-m" "1610612736" "--user" "0:0" "--network" "none" "ghcr.io/rust-lang/crates-build-env/linux@sha256:f3a9d4ad9d972b27faf3965f35b62e55ba32bbce8f20bc8fe909558a86702fde" "/opt/rustwide/cargo-home/bin/cargo" "+beta-2024-12-08" "test" "--frozen" "--no-run" "--message-format=json", kill_on_drop: false }`
[INFO] [stdout] defcae12ca147cbb27dfc9a43fec705f4875d4cd95fcfd8ce4e7020aa6f61316
[INFO] running `Command { std: "docker" "start" "-a" "defcae12ca147cbb27dfc9a43fec705f4875d4cd95fcfd8ce4e7020aa6f61316", kill_on_drop: false }`
[INFO] [stderr]    Compiling serde v1.0.216
[INFO] [stderr]    Compiling serde_json v1.0.133
[INFO] [stderr]    Compiling augurs-outlier v0.7.0 (/opt/rustwide/workdir)
[INFO] [stderr]     Finished `test` profile [unoptimized + debuginfo] target(s) in 6.75s
[INFO] running `Command { std: "docker" "inspect" "defcae12ca147cbb27dfc9a43fec705f4875d4cd95fcfd8ce4e7020aa6f61316", kill_on_drop: false }`
[INFO] running `Command { std: "docker" "rm" "-f" "defcae12ca147cbb27dfc9a43fec705f4875d4cd95fcfd8ce4e7020aa6f61316", kill_on_drop: false }`
[INFO] [stdout] defcae12ca147cbb27dfc9a43fec705f4875d4cd95fcfd8ce4e7020aa6f61316
[INFO] running `Command { std: "docker" "create" "-v" "/var/lib/crater-agent-workspace/builds/worker-0-tc2/target:/opt/rustwide/target:rw,Z" "-v" "/var/lib/crater-agent-workspace/builds/worker-0-tc2/source:/opt/rustwide/workdir:ro,Z" "-v" "/var/lib/crater-agent-workspace/cargo-home:/opt/rustwide/cargo-home:ro,Z" "-v" "/var/lib/crater-agent-workspace/rustup-home:/opt/rustwide/rustup-home:ro,Z" "-e" "SOURCE_DIR=/opt/rustwide/workdir" "-e" "CARGO_TARGET_DIR=/opt/rustwide/target" "-e" "CARGO_INCREMENTAL=0" "-e" "RUST_BACKTRACE=full" "-e" "RUSTFLAGS=--cap-lints=warn" "-e" "RUSTDOCFLAGS=--cap-lints=warn" "-e" "CARGO_HOME=/opt/rustwide/cargo-home" "-e" "RUSTUP_HOME=/opt/rustwide/rustup-home" "-w" "/opt/rustwide/workdir" "-m" "1610612736" "--user" "0:0" "--network" "none" "ghcr.io/rust-lang/crates-build-env/linux@sha256:f3a9d4ad9d972b27faf3965f35b62e55ba32bbce8f20bc8fe909558a86702fde" "/opt/rustwide/cargo-home/bin/cargo" "+beta-2024-12-08" "test" "--frozen", kill_on_drop: false }`
[INFO] [stdout] fb42dcc4d13f2afe5f8b383700a2a8d88327f69296adedbe020d310f5d939d85
[INFO] running `Command { std: "docker" "start" "-a" "fb42dcc4d13f2afe5f8b383700a2a8d88327f69296adedbe020d310f5d939d85", kill_on_drop: false }`
[INFO] [stderr]     Finished `test` profile [unoptimized + debuginfo] target(s) in 0.06s
[INFO] [stderr]      Running unittests src/lib.rs (/opt/rustwide/target/debug/deps/augurs_outlier-3ffc7ecbadca35e9)
[INFO] [stdout] 
[INFO] [stdout] running 14 tests
[INFO] [stdout] test dbscan::tests::test_synthetic ... ok
[INFO] [stdout] test dbscan::tests::test_realistic ... ok
[INFO] [stdout] test dbscan::tests::test_no_cluster_band_two_series ... ok
[INFO] [stdout] test mad::test::beta_hdi ... ok
[INFO] [stdout] test dbscan::tests::test_tiny ... ok
[INFO] [stdout] test dbscan::tests::test_missing_data_at_start ... ok
[INFO] [stdout] test mad::test::thd_median ... ok
[INFO] [stdout] test mad::test::calculate_mad ... ok
[INFO] [stdout] test mad::test::thd_nanmedian ... ok
[INFO] [stdout] test dbscan::tests::test_no_cluster_band_small_eps ... ok
[INFO] [stdout] test mad::test::run ... ok
[INFO] [stdout] test mad::test::thd_quantile ... ok
[INFO] [stdout] test mad::test::calculate_mad_missing_one ... ok
[INFO] [stdout] test mad::test::calculate_mad_multimodal ... ok
[INFO] [stdout] 
[INFO] [stdout] test result: ok. 14 passed; 0 failed; 0 ignored; 0 measured; 0 filtered out; finished in 0.02s
[INFO] [stdout] 
[INFO] [stderr]    Doc-tests augurs_outlier
[INFO] [stdout] 
[INFO] [stdout] running 1 test
[INFO] [stdout] test src/lib.rs - (line 12) ... FAILED
[INFO] [stdout] 
[INFO] [stdout] failures:
[INFO] [stdout] 
[INFO] [stdout] ---- src/lib.rs - (line 12) stdout ----
[INFO] [stdout] error[E0433]: failed to resolve: use of undeclared crate or module `augurs`
[INFO] [stdout]  --> src/lib.rs:13:5
[INFO] [stdout]   |
[INFO] [stdout] 3 | use augurs::outlier::{OutlierDetector, DbscanDetector};
[INFO] [stdout]   |     ^^^^^^ use of undeclared crate or module `augurs`
[INFO] [stdout] 
[INFO] [stdout] error: aborting due to 1 previous error
[INFO] [stdout] 
[INFO] [stdout] For more information about this error, try `rustc --explain E0433`.
[INFO] [stdout] Couldn't compile the test.
[INFO] [stdout] 
[INFO] [stdout] failures:
[INFO] [stdout]     src/lib.rs - (line 12)
[INFO] [stdout] 
[INFO] [stdout] test result: FAILED. 0 passed; 1 failed; 0 ignored; 0 measured; 0 filtered out; finished in 0.06s
[INFO] [stdout] 
[INFO] [stderr] error: doctest failed, to rerun pass `--doc`
[INFO] running `Command { std: "docker" "inspect" "fb42dcc4d13f2afe5f8b383700a2a8d88327f69296adedbe020d310f5d939d85", kill_on_drop: false }`
[INFO] running `Command { std: "docker" "rm" "-f" "fb42dcc4d13f2afe5f8b383700a2a8d88327f69296adedbe020d310f5d939d85", kill_on_drop: false }`
[INFO] [stdout] fb42dcc4d13f2afe5f8b383700a2a8d88327f69296adedbe020d310f5d939d85
