[INFO] fetching crate augurs-dtw 0.7.0...
[INFO] testing augurs-dtw-0.7.0 against 1.83.0 for beta-1.84.0-4-retry
[INFO] extracting crate augurs-dtw 0.7.0 into /workspace/builds/worker-2-tc1/source
[INFO] validating manifest of crates.io crate augurs-dtw 0.7.0 on toolchain 1.83.0
[INFO] running `Command { std: CARGO_HOME="/workspace/cargo-home" RUSTUP_HOME="/workspace/rustup-home" "/workspace/cargo-home/bin/cargo" "+1.83.0" "metadata" "--manifest-path" "Cargo.toml" "--no-deps", kill_on_drop: false }`
[INFO] started tweaking crates.io crate augurs-dtw 0.7.0
[INFO] finished tweaking crates.io crate augurs-dtw 0.7.0
[INFO] tweaked toml for crates.io crate augurs-dtw 0.7.0 written to /workspace/builds/worker-2-tc1/source/Cargo.toml
[INFO] running `Command { std: CARGO_HOME="/workspace/cargo-home" RUSTUP_HOME="/workspace/rustup-home" "/workspace/cargo-home/bin/cargo" "+1.83.0" "generate-lockfile" "--manifest-path" "Cargo.toml", kill_on_drop: false }`
[INFO] [stderr]     Updating crates.io index
[INFO] [stderr]      Locking 75 packages to latest compatible versions
[INFO] running `Command { std: CARGO_HOME="/workspace/cargo-home" RUSTUP_HOME="/workspace/rustup-home" "/workspace/cargo-home/bin/cargo" "+1.83.0" "fetch" "--manifest-path" "Cargo.toml", kill_on_drop: false }`
[INFO] [stderr]  Downloading crates ...
[INFO] [stderr]   Downloaded augurs-core v0.7.0
[INFO] running `Command { std: "docker" "create" "-v" "/var/lib/crater-agent-workspace/builds/worker-2-tc1/target:/opt/rustwide/target:rw,Z" "-v" "/var/lib/crater-agent-workspace/builds/worker-2-tc1/source:/opt/rustwide/workdir:ro,Z" "-v" "/var/lib/crater-agent-workspace/cargo-home:/opt/rustwide/cargo-home:ro,Z" "-v" "/var/lib/crater-agent-workspace/rustup-home:/opt/rustwide/rustup-home:ro,Z" "-e" "SOURCE_DIR=/opt/rustwide/workdir" "-e" "CARGO_TARGET_DIR=/opt/rustwide/target" "-e" "CARGO_HOME=/opt/rustwide/cargo-home" "-e" "RUSTUP_HOME=/opt/rustwide/rustup-home" "-w" "/opt/rustwide/workdir" "-m" "1610612736" "--user" "0:0" "--network" "none" "ghcr.io/rust-lang/crates-build-env/linux@sha256:f3a9d4ad9d972b27faf3965f35b62e55ba32bbce8f20bc8fe909558a86702fde" "/opt/rustwide/cargo-home/bin/cargo" "+1.83.0" "metadata" "--no-deps" "--format-version=1", kill_on_drop: false }`
[INFO] [stdout] 35fcf9c1cce97cd23c5ab6f650cb73eb20ca87e86ba1900e0198881ba239b5eb
[INFO] running `Command { std: "docker" "start" "-a" "35fcf9c1cce97cd23c5ab6f650cb73eb20ca87e86ba1900e0198881ba239b5eb", kill_on_drop: false }`
[INFO] running `Command { std: "docker" "inspect" "35fcf9c1cce97cd23c5ab6f650cb73eb20ca87e86ba1900e0198881ba239b5eb", kill_on_drop: false }`
[INFO] running `Command { std: "docker" "rm" "-f" "35fcf9c1cce97cd23c5ab6f650cb73eb20ca87e86ba1900e0198881ba239b5eb", kill_on_drop: false }`
[INFO] [stdout] 35fcf9c1cce97cd23c5ab6f650cb73eb20ca87e86ba1900e0198881ba239b5eb
[INFO] running `Command { std: "docker" "create" "-v" "/var/lib/crater-agent-workspace/builds/worker-2-tc1/target:/opt/rustwide/target:rw,Z" "-v" "/var/lib/crater-agent-workspace/builds/worker-2-tc1/source:/opt/rustwide/workdir:ro,Z" "-v" "/var/lib/crater-agent-workspace/cargo-home:/opt/rustwide/cargo-home:ro,Z" "-v" "/var/lib/crater-agent-workspace/rustup-home:/opt/rustwide/rustup-home:ro,Z" "-e" "SOURCE_DIR=/opt/rustwide/workdir" "-e" "CARGO_TARGET_DIR=/opt/rustwide/target" "-e" "CARGO_INCREMENTAL=0" "-e" "RUST_BACKTRACE=full" "-e" "RUSTFLAGS=--cap-lints=warn" "-e" "RUSTDOCFLAGS=--cap-lints=warn" "-e" "CARGO_HOME=/opt/rustwide/cargo-home" "-e" "RUSTUP_HOME=/opt/rustwide/rustup-home" "-w" "/opt/rustwide/workdir" "-m" "1610612736" "--user" "0:0" "--network" "none" "ghcr.io/rust-lang/crates-build-env/linux@sha256:f3a9d4ad9d972b27faf3965f35b62e55ba32bbce8f20bc8fe909558a86702fde" "/opt/rustwide/cargo-home/bin/cargo" "+1.83.0" "build" "--frozen" "--message-format=json", kill_on_drop: false }`
[INFO] [stdout] 486da67296581a4d6fa79199b3913ad1b197b6cc1f7276742be90b3d0d405f34
[INFO] running `Command { std: "docker" "start" "-a" "486da67296581a4d6fa79199b3913ad1b197b6cc1f7276742be90b3d0d405f34", kill_on_drop: false }`
[INFO] [stderr]    Compiling proc-macro2 v1.0.92
[INFO] [stderr]    Compiling unicode-ident v1.0.14
[INFO] [stderr]    Compiling once_cell v1.20.2
[INFO] [stderr]    Compiling pin-project-lite v0.2.15
[INFO] [stderr]    Compiling augurs-core v0.7.0
[INFO] [stderr]    Compiling tracing-core v0.1.33
[INFO] [stderr]    Compiling quote v1.0.37
[INFO] [stderr]    Compiling syn v2.0.90
[INFO] [stderr]    Compiling tracing-attributes v0.1.28
[INFO] [stderr]    Compiling tracing v0.1.41
[INFO] [stderr]    Compiling augurs-dtw v0.7.0 (/opt/rustwide/workdir)
[INFO] [stderr]     Finished `dev` profile [unoptimized + debuginfo] target(s) in 10.54s
[INFO] running `Command { std: "docker" "inspect" "486da67296581a4d6fa79199b3913ad1b197b6cc1f7276742be90b3d0d405f34", kill_on_drop: false }`
[INFO] running `Command { std: "docker" "rm" "-f" "486da67296581a4d6fa79199b3913ad1b197b6cc1f7276742be90b3d0d405f34", kill_on_drop: false }`
[INFO] [stdout] 486da67296581a4d6fa79199b3913ad1b197b6cc1f7276742be90b3d0d405f34
[INFO] running `Command { std: "docker" "create" "-v" "/var/lib/crater-agent-workspace/builds/worker-2-tc1/target:/opt/rustwide/target:rw,Z" "-v" "/var/lib/crater-agent-workspace/builds/worker-2-tc1/source:/opt/rustwide/workdir:ro,Z" "-v" "/var/lib/crater-agent-workspace/cargo-home:/opt/rustwide/cargo-home:ro,Z" "-v" "/var/lib/crater-agent-workspace/rustup-home:/opt/rustwide/rustup-home:ro,Z" "-e" "SOURCE_DIR=/opt/rustwide/workdir" "-e" "CARGO_TARGET_DIR=/opt/rustwide/target" "-e" "CARGO_INCREMENTAL=0" "-e" "RUST_BACKTRACE=full" "-e" "RUSTFLAGS=--cap-lints=warn" "-e" "RUSTDOCFLAGS=--cap-lints=warn" "-e" "CARGO_HOME=/opt/rustwide/cargo-home" "-e" "RUSTUP_HOME=/opt/rustwide/rustup-home" "-w" "/opt/rustwide/workdir" "-m" "1610612736" "--user" "0:0" "--network" "none" "ghcr.io/rust-lang/crates-build-env/linux@sha256:f3a9d4ad9d972b27faf3965f35b62e55ba32bbce8f20bc8fe909558a86702fde" "/opt/rustwide/cargo-home/bin/cargo" "+1.83.0" "test" "--frozen" "--no-run" "--message-format=json", kill_on_drop: false }`
[INFO] [stdout] 31285aca156cb61fc4967c81e222fe602c7ce4b90323e8d03b14cb32af5815f4
[INFO] running `Command { std: "docker" "start" "-a" "31285aca156cb61fc4967c81e222fe602c7ce4b90323e8d03b14cb32af5815f4", kill_on_drop: false }`
[INFO] [stderr]    Compiling crossbeam-utils v0.8.20
[INFO] [stderr]    Compiling serde v1.0.216
[INFO] [stderr]    Compiling autocfg v1.4.0
[INFO] [stderr]    Compiling either v1.13.0
[INFO] [stderr]    Compiling rayon-core v1.12.1
[INFO] [stderr]    Compiling serde_json v1.0.133
[INFO] [stderr]    Compiling libc v0.2.168
[INFO] [stderr]    Compiling syn v2.0.90
[INFO] [stderr]    Compiling cfg-if v1.0.0
[INFO] [stderr]    Compiling memchr v2.7.4
[INFO] [stderr]    Compiling half v2.4.1
[INFO] [stderr]    Compiling itoa v1.0.14
[INFO] [stderr]    Compiling clap_lex v0.7.4
[INFO] [stderr]    Compiling plotters-backend v0.3.7
[INFO] [stderr]    Compiling ryu v1.0.18
[INFO] [stderr]    Compiling anstyle v1.0.10
[INFO] [stderr]    Compiling num-traits v0.2.19
[INFO] [stderr]    Compiling regex-syntax v0.8.5
[INFO] [stderr]    Compiling ciborium-io v0.2.2
[INFO] [stderr]    Compiling clap_builder v4.5.23
[INFO] [stderr]    Compiling ciborium-ll v0.2.2
[INFO] [stderr]    Compiling plotters-svg v0.3.7
[INFO] [stderr]    Compiling crossbeam-epoch v0.9.18
[INFO] [stderr]    Compiling itertools v0.10.5
[INFO] [stderr]    Compiling crossbeam-deque v0.8.5
[INFO] [stderr]    Compiling same-file v1.0.6
[INFO] [stderr]    Compiling cast v0.3.0
[INFO] [stderr]    Compiling walkdir v2.5.0
[INFO] [stderr]    Compiling is-terminal v0.4.13
[INFO] [stderr]    Compiling plotters v0.3.7
[INFO] [stderr]    Compiling rayon v1.10.0
[INFO] [stderr]    Compiling regex-automata v0.4.9
[INFO] [stderr]    Compiling oorandom v11.1.4
[INFO] [stderr]    Compiling anes v0.1.6
[INFO] [stderr]    Compiling criterion-plot v0.5.0
[INFO] [stderr]    Compiling clap v4.5.23
[INFO] [stderr]    Compiling itertools v0.13.0
[INFO] [stderr]    Compiling regex v1.11.1
[INFO] [stderr]    Compiling serde_derive v1.0.216
[INFO] [stderr]    Compiling tracing-attributes v0.1.28
[INFO] [stderr]    Compiling tracing v0.1.41
[INFO] [stderr]    Compiling augurs-dtw v0.7.0 (/opt/rustwide/workdir)
[INFO] [stderr]    Compiling ciborium v0.2.2
[INFO] [stderr]    Compiling tinytemplate v1.2.1
[INFO] [stderr]    Compiling criterion v0.5.1
[INFO] [stderr]     Finished `test` profile [unoptimized + debuginfo] target(s) in 40.50s
[INFO] running `Command { std: "docker" "inspect" "31285aca156cb61fc4967c81e222fe602c7ce4b90323e8d03b14cb32af5815f4", kill_on_drop: false }`
[INFO] running `Command { std: "docker" "rm" "-f" "31285aca156cb61fc4967c81e222fe602c7ce4b90323e8d03b14cb32af5815f4", kill_on_drop: false }`
[INFO] [stdout] 31285aca156cb61fc4967c81e222fe602c7ce4b90323e8d03b14cb32af5815f4
[INFO] running `Command { std: "docker" "create" "-v" "/var/lib/crater-agent-workspace/builds/worker-2-tc1/target:/opt/rustwide/target:rw,Z" "-v" "/var/lib/crater-agent-workspace/builds/worker-2-tc1/source:/opt/rustwide/workdir:ro,Z" "-v" "/var/lib/crater-agent-workspace/cargo-home:/opt/rustwide/cargo-home:ro,Z" "-v" "/var/lib/crater-agent-workspace/rustup-home:/opt/rustwide/rustup-home:ro,Z" "-e" "SOURCE_DIR=/opt/rustwide/workdir" "-e" "CARGO_TARGET_DIR=/opt/rustwide/target" "-e" "CARGO_INCREMENTAL=0" "-e" "RUST_BACKTRACE=full" "-e" "RUSTFLAGS=--cap-lints=warn" "-e" "RUSTDOCFLAGS=--cap-lints=warn" "-e" "CARGO_HOME=/opt/rustwide/cargo-home" "-e" "RUSTUP_HOME=/opt/rustwide/rustup-home" "-w" "/opt/rustwide/workdir" "-m" "1610612736" "--user" "0:0" "--network" "none" "ghcr.io/rust-lang/crates-build-env/linux@sha256:f3a9d4ad9d972b27faf3965f35b62e55ba32bbce8f20bc8fe909558a86702fde" "/opt/rustwide/cargo-home/bin/cargo" "+1.83.0" "test" "--frozen", kill_on_drop: false }`
[INFO] [stdout] eebbef3279efd6433be4b55218ab81b4c9337637aaff00971bce03970d102d6a
[INFO] running `Command { std: "docker" "start" "-a" "eebbef3279efd6433be4b55218ab81b4c9337637aaff00971bce03970d102d6a", kill_on_drop: false }`
[INFO] [stderr]     Finished `test` profile [unoptimized + debuginfo] target(s) in 0.11s
[INFO] [stderr]      Running unittests src/lib.rs (/opt/rustwide/target/debug/deps/augurs_dtw-a40760b5788c53cc)
[INFO] [stdout] 
[INFO] [stdout] running 9 tests
[INFO] [stdout] test test::different_lengths ... ok
[INFO] [stdout] test test::distance_matrix_odd_lengths_window_max_distance ... ok
[INFO] [stdout] test test::euclidean ... ok
[INFO] [stdout] test test::identical ... ok
[INFO] [stdout] test test::manhattan ... ok
[INFO] [stdout] test test::distance_matrix ... ok
[INFO] [stdout] test test::max_distance ... ok
[INFO] [stdout] test test::distance_matrix_odd_lengths ... ok
[INFO] [stdout] test test::empty ... ok
[INFO] [stdout] 
[INFO] [stdout] test result: ok. 9 passed; 0 failed; 0 ignored; 0 measured; 0 filtered out; finished in 0.02s
[INFO] [stdout] 
[INFO] [stderr]    Doc-tests augurs_dtw
[INFO] [stdout] 
[INFO] [stdout] running 5 tests
[INFO] [stdout] test src/../README.md - (line 26) ... FAILED
[INFO] [stdout] test src/lib.rs - Dtw<T>::distance (line 250) ... ok
[INFO] [stdout] test src/lib.rs - Dtw<T>::distance_matrix (line 459) ... ok
[INFO] [stdout] test src/lib.rs - Dtw<T>::distance (line 240) ... ok
[INFO] [stdout] test src/lib.rs - Dtw (line 101) ... ok
[INFO] [stdout] 
[INFO] [stdout] failures:
[INFO] [stdout] 
[INFO] [stdout] ---- src/../README.md - (line 26) stdout ----
[INFO] [stdout] error[E0433]: failed to resolve: use of undeclared crate or module `augurs`
[INFO] [stdout]  --> src/../README.md:27:5
[INFO] [stdout]   |
[INFO] [stdout] 3 | use augurs::dtw::Dtw;
[INFO] [stdout]   |     ^^^^^^ use of undeclared crate or module `augurs`
[INFO] [stdout] 
[INFO] [stdout] error: aborting due to 1 previous error
[INFO] [stdout] 
[INFO] [stdout] For more information about this error, try `rustc --explain E0433`.
[INFO] [stdout] Couldn't compile the test.
[INFO] [stdout] 
[INFO] [stdout] failures:
[INFO] [stdout]     src/../README.md - (line 26)
[INFO] [stdout] 
[INFO] [stdout] test result: FAILED. 4 passed; 1 failed; 0 ignored; 0 measured; 0 filtered out; finished in 1.04s
[INFO] [stdout] 
[INFO] [stderr] error: doctest failed, to rerun pass `--doc`
[INFO] running `Command { std: "docker" "inspect" "eebbef3279efd6433be4b55218ab81b4c9337637aaff00971bce03970d102d6a", kill_on_drop: false }`
[INFO] running `Command { std: "docker" "rm" "-f" "eebbef3279efd6433be4b55218ab81b4c9337637aaff00971bce03970d102d6a", kill_on_drop: false }`
[INFO] [stdout] eebbef3279efd6433be4b55218ab81b4c9337637aaff00971bce03970d102d6a
