[INFO] fetching crate audio_overlay 0.1.5...
[INFO] testing audio_overlay-0.1.5 against 1.83.0 for beta-1.84.0-4-retry
[INFO] extracting crate audio_overlay 0.1.5 into /workspace/builds/worker-4-tc1/source
[INFO] validating manifest of crates.io crate audio_overlay 0.1.5 on toolchain 1.83.0
[INFO] running `Command { std: CARGO_HOME="/workspace/cargo-home" RUSTUP_HOME="/workspace/rustup-home" "/workspace/cargo-home/bin/cargo" "+1.83.0" "metadata" "--manifest-path" "Cargo.toml" "--no-deps", kill_on_drop: false }`
[INFO] started tweaking crates.io crate audio_overlay 0.1.5
[INFO] finished tweaking crates.io crate audio_overlay 0.1.5
[INFO] tweaked toml for crates.io crate audio_overlay 0.1.5 written to /workspace/builds/worker-4-tc1/source/Cargo.toml
[INFO] running `Command { std: CARGO_HOME="/workspace/cargo-home" RUSTUP_HOME="/workspace/rustup-home" "/workspace/cargo-home/bin/cargo" "+1.83.0" "generate-lockfile" "--manifest-path" "Cargo.toml", kill_on_drop: false }`
[INFO] [stderr]     Blocking waiting for file lock on package cache
[INFO] running `Command { std: CARGO_HOME="/workspace/cargo-home" RUSTUP_HOME="/workspace/rustup-home" "/workspace/cargo-home/bin/cargo" "+1.83.0" "fetch" "--manifest-path" "Cargo.toml", kill_on_drop: false }`
[INFO] running `Command { std: "docker" "create" "-v" "/var/lib/crater-agent-workspace/builds/worker-4-tc1/target:/opt/rustwide/target:rw,Z" "-v" "/var/lib/crater-agent-workspace/builds/worker-4-tc1/source:/opt/rustwide/workdir:ro,Z" "-v" "/var/lib/crater-agent-workspace/cargo-home:/opt/rustwide/cargo-home:ro,Z" "-v" "/var/lib/crater-agent-workspace/rustup-home:/opt/rustwide/rustup-home:ro,Z" "-e" "SOURCE_DIR=/opt/rustwide/workdir" "-e" "CARGO_TARGET_DIR=/opt/rustwide/target" "-e" "CARGO_HOME=/opt/rustwide/cargo-home" "-e" "RUSTUP_HOME=/opt/rustwide/rustup-home" "-w" "/opt/rustwide/workdir" "-m" "1610612736" "--user" "0:0" "--network" "none" "ghcr.io/rust-lang/crates-build-env/linux@sha256:f3a9d4ad9d972b27faf3965f35b62e55ba32bbce8f20bc8fe909558a86702fde" "/opt/rustwide/cargo-home/bin/cargo" "+1.83.0" "metadata" "--no-deps" "--format-version=1", kill_on_drop: false }`
[INFO] [stdout] 82b1811d76fd5d22061def5a785ed749ad265205d0dd36c795897979e782f382
[INFO] running `Command { std: "docker" "start" "-a" "82b1811d76fd5d22061def5a785ed749ad265205d0dd36c795897979e782f382", kill_on_drop: false }`
[INFO] running `Command { std: "docker" "inspect" "82b1811d76fd5d22061def5a785ed749ad265205d0dd36c795897979e782f382", kill_on_drop: false }`
[INFO] running `Command { std: "docker" "rm" "-f" "82b1811d76fd5d22061def5a785ed749ad265205d0dd36c795897979e782f382", kill_on_drop: false }`
[INFO] [stdout] 82b1811d76fd5d22061def5a785ed749ad265205d0dd36c795897979e782f382
[INFO] running `Command { std: "docker" "create" "-v" "/var/lib/crater-agent-workspace/builds/worker-4-tc1/target:/opt/rustwide/target:rw,Z" "-v" "/var/lib/crater-agent-workspace/builds/worker-4-tc1/source:/opt/rustwide/workdir:ro,Z" "-v" "/var/lib/crater-agent-workspace/cargo-home:/opt/rustwide/cargo-home:ro,Z" "-v" "/var/lib/crater-agent-workspace/rustup-home:/opt/rustwide/rustup-home:ro,Z" "-e" "SOURCE_DIR=/opt/rustwide/workdir" "-e" "CARGO_TARGET_DIR=/opt/rustwide/target" "-e" "CARGO_INCREMENTAL=0" "-e" "RUST_BACKTRACE=full" "-e" "RUSTFLAGS=--cap-lints=warn" "-e" "RUSTDOCFLAGS=--cap-lints=warn" "-e" "CARGO_HOME=/opt/rustwide/cargo-home" "-e" "RUSTUP_HOME=/opt/rustwide/rustup-home" "-w" "/opt/rustwide/workdir" "-m" "1610612736" "--user" "0:0" "--network" "none" "ghcr.io/rust-lang/crates-build-env/linux@sha256:f3a9d4ad9d972b27faf3965f35b62e55ba32bbce8f20bc8fe909558a86702fde" "/opt/rustwide/cargo-home/bin/cargo" "+1.83.0" "build" "--frozen" "--message-format=json", kill_on_drop: false }`
[INFO] [stdout] daab14e07d517b1dfe3ec7d72fa3a8f6a6e55a8b00d8da60b3dfc397bcf246ea
[INFO] running `Command { std: "docker" "start" "-a" "daab14e07d517b1dfe3ec7d72fa3a8f6a6e55a8b00d8da60b3dfc397bcf246ea", kill_on_drop: false }`
[INFO] [stderr]    Compiling audio_overlay v0.1.5 (/opt/rustwide/workdir)
[INFO] [stderr]     Finished `dev` profile [unoptimized + debuginfo] target(s) in 0.19s
[INFO] running `Command { std: "docker" "inspect" "daab14e07d517b1dfe3ec7d72fa3a8f6a6e55a8b00d8da60b3dfc397bcf246ea", kill_on_drop: false }`
[INFO] running `Command { std: "docker" "rm" "-f" "daab14e07d517b1dfe3ec7d72fa3a8f6a6e55a8b00d8da60b3dfc397bcf246ea", kill_on_drop: false }`
[INFO] [stdout] daab14e07d517b1dfe3ec7d72fa3a8f6a6e55a8b00d8da60b3dfc397bcf246ea
[INFO] running `Command { std: "docker" "create" "-v" "/var/lib/crater-agent-workspace/builds/worker-4-tc1/target:/opt/rustwide/target:rw,Z" "-v" "/var/lib/crater-agent-workspace/builds/worker-4-tc1/source:/opt/rustwide/workdir:ro,Z" "-v" "/var/lib/crater-agent-workspace/cargo-home:/opt/rustwide/cargo-home:ro,Z" "-v" "/var/lib/crater-agent-workspace/rustup-home:/opt/rustwide/rustup-home:ro,Z" "-e" "SOURCE_DIR=/opt/rustwide/workdir" "-e" "CARGO_TARGET_DIR=/opt/rustwide/target" "-e" "CARGO_INCREMENTAL=0" "-e" "RUST_BACKTRACE=full" "-e" "RUSTFLAGS=--cap-lints=warn" "-e" "RUSTDOCFLAGS=--cap-lints=warn" "-e" "CARGO_HOME=/opt/rustwide/cargo-home" "-e" "RUSTUP_HOME=/opt/rustwide/rustup-home" "-w" "/opt/rustwide/workdir" "-m" "1610612736" "--user" "0:0" "--network" "none" "ghcr.io/rust-lang/crates-build-env/linux@sha256:f3a9d4ad9d972b27faf3965f35b62e55ba32bbce8f20bc8fe909558a86702fde" "/opt/rustwide/cargo-home/bin/cargo" "+1.83.0" "test" "--frozen" "--no-run" "--message-format=json", kill_on_drop: false }`
[INFO] [stdout] c32fc2d86141bd48b439e51760d37ad846bfd2ce978c32bff1b2bf711af823d8
[INFO] running `Command { std: "docker" "start" "-a" "c32fc2d86141bd48b439e51760d37ad846bfd2ce978c32bff1b2bf711af823d8", kill_on_drop: false }`
[INFO] [stderr]    Compiling audio_overlay v0.1.5 (/opt/rustwide/workdir)
[INFO] [stderr]     Finished `test` profile [unoptimized + debuginfo] target(s) in 0.40s
[INFO] running `Command { std: "docker" "inspect" "c32fc2d86141bd48b439e51760d37ad846bfd2ce978c32bff1b2bf711af823d8", kill_on_drop: false }`
[INFO] running `Command { std: "docker" "rm" "-f" "c32fc2d86141bd48b439e51760d37ad846bfd2ce978c32bff1b2bf711af823d8", kill_on_drop: false }`
[INFO] [stdout] c32fc2d86141bd48b439e51760d37ad846bfd2ce978c32bff1b2bf711af823d8
[INFO] running `Command { std: "docker" "create" "-v" "/var/lib/crater-agent-workspace/builds/worker-4-tc1/target:/opt/rustwide/target:rw,Z" "-v" "/var/lib/crater-agent-workspace/builds/worker-4-tc1/source:/opt/rustwide/workdir:ro,Z" "-v" "/var/lib/crater-agent-workspace/cargo-home:/opt/rustwide/cargo-home:ro,Z" "-v" "/var/lib/crater-agent-workspace/rustup-home:/opt/rustwide/rustup-home:ro,Z" "-e" "SOURCE_DIR=/opt/rustwide/workdir" "-e" "CARGO_TARGET_DIR=/opt/rustwide/target" "-e" "CARGO_INCREMENTAL=0" "-e" "RUST_BACKTRACE=full" "-e" "RUSTFLAGS=--cap-lints=warn" "-e" "RUSTDOCFLAGS=--cap-lints=warn" "-e" "CARGO_HOME=/opt/rustwide/cargo-home" "-e" "RUSTUP_HOME=/opt/rustwide/rustup-home" "-w" "/opt/rustwide/workdir" "-m" "1610612736" "--user" "0:0" "--network" "none" "ghcr.io/rust-lang/crates-build-env/linux@sha256:f3a9d4ad9d972b27faf3965f35b62e55ba32bbce8f20bc8fe909558a86702fde" "/opt/rustwide/cargo-home/bin/cargo" "+1.83.0" "test" "--frozen", kill_on_drop: false }`
[INFO] [stdout] 9209a8c90aa7da615dc00f06a209e30183184017aad63d24ea50475b96af7617
[INFO] running `Command { std: "docker" "start" "-a" "9209a8c90aa7da615dc00f06a209e30183184017aad63d24ea50475b96af7617", kill_on_drop: false }`
[INFO] [stderr]     Finished `test` profile [unoptimized + debuginfo] target(s) in 0.02s
[INFO] [stderr]      Running unittests src/lib.rs (/opt/rustwide/target/debug/deps/audio_overlay-46c1563f5135dc35)
[INFO] [stdout] 
[INFO] [stdout] running 0 tests
[INFO] [stderr]    Doc-tests audio_overlay
[INFO] [stdout] 
[INFO] [stdout] test result: ok. 0 passed; 0 failed; 0 ignored; 0 measured; 0 filtered out; finished in 0.00s
[INFO] [stdout] 
[INFO] [stdout] 
[INFO] [stdout] running 1 test
[INFO] [stdout] test src/lib.rs - (line 7) ... FAILED
[INFO] [stdout] 
[INFO] [stdout] failures:
[INFO] [stdout] 
[INFO] [stdout] ---- src/lib.rs - (line 7) stdout ----
[INFO] [stdout] error[E0433]: failed to resolve: use of undeclared crate or module `rodio`
[INFO] [stdout]  --> src/lib.rs:11:5
[INFO] [stdout]   |
[INFO] [stdout] 7 | use rodio::buffer::SamplesBuffer;
[INFO] [stdout]   |     ^^^^^ use of undeclared crate or module `rodio`
[INFO] [stdout] 
[INFO] [stdout] error[E0432]: unresolved import `hound`
[INFO] [stdout]  --> src/lib.rs:10:5
[INFO] [stdout]   |
[INFO] [stdout] 6 | use hound::WavReader;
[INFO] [stdout]   |     ^^^^^ use of undeclared crate or module `hound`
[INFO] [stdout] 
[INFO] [stdout] error[E0432]: unresolved import `rodio`
[INFO] [stdout]  --> src/lib.rs:12:5
[INFO] [stdout]   |
[INFO] [stdout] 8 | use rodio::{OutputStream, Sink};
[INFO] [stdout]   |     ^^^^^ use of undeclared crate or module `rodio`
[INFO] [stdout] 
[INFO] [stdout] error: aborting due to 3 previous errors
[INFO] [stdout] 
[INFO] [stdout] Some errors have detailed explanations: E0432, E0433.
[INFO] [stdout] For more information about an error, try `rustc --explain E0432`.
[INFO] [stdout] Couldn't compile the test.
[INFO] [stdout] 
[INFO] [stdout] failures:
[INFO] [stdout]     src/lib.rs - (line 7)
[INFO] [stdout] 
[INFO] [stdout] test result: FAILED. 0 passed; 1 failed; 0 ignored; 0 measured; 0 filtered out; finished in 0.06s
[INFO] [stdout] 
[INFO] [stderr] error: doctest failed, to rerun pass `--doc`
[INFO] running `Command { std: "docker" "inspect" "9209a8c90aa7da615dc00f06a209e30183184017aad63d24ea50475b96af7617", kill_on_drop: false }`
[INFO] running `Command { std: "docker" "rm" "-f" "9209a8c90aa7da615dc00f06a209e30183184017aad63d24ea50475b96af7617", kill_on_drop: false }`
[INFO] [stdout] 9209a8c90aa7da615dc00f06a209e30183184017aad63d24ea50475b96af7617
