[INFO] fetching crate ata_x86 0.1.1...
[INFO] testing ata_x86-0.1.1 against 1.83.0 for beta-1.84.0-4-retry
[INFO] extracting crate ata_x86 0.1.1 into /workspace/builds/worker-7-tc1/source
[INFO] validating manifest of crates.io crate ata_x86 0.1.1 on toolchain 1.83.0
[INFO] running `Command { std: CARGO_HOME="/workspace/cargo-home" RUSTUP_HOME="/workspace/rustup-home" "/workspace/cargo-home/bin/cargo" "+1.83.0" "metadata" "--manifest-path" "Cargo.toml" "--no-deps", kill_on_drop: false }`
[INFO] removed /workspace/builds/worker-7-tc1/source/rust-toolchain
[INFO] started tweaking crates.io crate ata_x86 0.1.1
[INFO] finished tweaking crates.io crate ata_x86 0.1.1
[INFO] tweaked toml for crates.io crate ata_x86 0.1.1 written to /workspace/builds/worker-7-tc1/source/Cargo.toml
[INFO] running `Command { std: CARGO_HOME="/workspace/cargo-home" RUSTUP_HOME="/workspace/rustup-home" "/workspace/cargo-home/bin/cargo" "+1.83.0" "generate-lockfile" "--manifest-path" "Cargo.toml", kill_on_drop: false }`
[INFO] [stderr]     Updating crates.io index
[INFO] [stderr]      Locking 12 packages to latest compatible versions
[INFO] running `Command { std: CARGO_HOME="/workspace/cargo-home" RUSTUP_HOME="/workspace/rustup-home" "/workspace/cargo-home/bin/cargo" "+1.83.0" "fetch" "--manifest-path" "Cargo.toml", kill_on_drop: false }`
[INFO] running `Command { std: "docker" "create" "-v" "/var/lib/crater-agent-workspace/builds/worker-7-tc1/target:/opt/rustwide/target:rw,Z" "-v" "/var/lib/crater-agent-workspace/builds/worker-7-tc1/source:/opt/rustwide/workdir:ro,Z" "-v" "/var/lib/crater-agent-workspace/cargo-home:/opt/rustwide/cargo-home:ro,Z" "-v" "/var/lib/crater-agent-workspace/rustup-home:/opt/rustwide/rustup-home:ro,Z" "-e" "SOURCE_DIR=/opt/rustwide/workdir" "-e" "CARGO_TARGET_DIR=/opt/rustwide/target" "-e" "CARGO_HOME=/opt/rustwide/cargo-home" "-e" "RUSTUP_HOME=/opt/rustwide/rustup-home" "-w" "/opt/rustwide/workdir" "-m" "1610612736" "--user" "0:0" "--network" "none" "ghcr.io/rust-lang/crates-build-env/linux@sha256:f3a9d4ad9d972b27faf3965f35b62e55ba32bbce8f20bc8fe909558a86702fde" "/opt/rustwide/cargo-home/bin/cargo" "+1.83.0" "metadata" "--no-deps" "--format-version=1", kill_on_drop: false }`
[INFO] [stdout] 6aa82b1cb16d0fa78f0b6ac45cc44a3edfe58fc3ebc67ae948fe154b45703d35
[INFO] running `Command { std: "docker" "start" "-a" "6aa82b1cb16d0fa78f0b6ac45cc44a3edfe58fc3ebc67ae948fe154b45703d35", kill_on_drop: false }`
[INFO] running `Command { std: "docker" "inspect" "6aa82b1cb16d0fa78f0b6ac45cc44a3edfe58fc3ebc67ae948fe154b45703d35", kill_on_drop: false }`
[INFO] running `Command { std: "docker" "rm" "-f" "6aa82b1cb16d0fa78f0b6ac45cc44a3edfe58fc3ebc67ae948fe154b45703d35", kill_on_drop: false }`
[INFO] [stdout] 6aa82b1cb16d0fa78f0b6ac45cc44a3edfe58fc3ebc67ae948fe154b45703d35
[INFO] running `Command { std: "docker" "create" "-v" "/var/lib/crater-agent-workspace/builds/worker-7-tc1/target:/opt/rustwide/target:rw,Z" "-v" "/var/lib/crater-agent-workspace/builds/worker-7-tc1/source:/opt/rustwide/workdir:ro,Z" "-v" "/var/lib/crater-agent-workspace/cargo-home:/opt/rustwide/cargo-home:ro,Z" "-v" "/var/lib/crater-agent-workspace/rustup-home:/opt/rustwide/rustup-home:ro,Z" "-e" "SOURCE_DIR=/opt/rustwide/workdir" "-e" "CARGO_TARGET_DIR=/opt/rustwide/target" "-e" "CARGO_INCREMENTAL=0" "-e" "RUST_BACKTRACE=full" "-e" "RUSTFLAGS=--cap-lints=warn" "-e" "RUSTDOCFLAGS=--cap-lints=warn" "-e" "CARGO_HOME=/opt/rustwide/cargo-home" "-e" "RUSTUP_HOME=/opt/rustwide/rustup-home" "-w" "/opt/rustwide/workdir" "-m" "1610612736" "--user" "0:0" "--network" "none" "ghcr.io/rust-lang/crates-build-env/linux@sha256:f3a9d4ad9d972b27faf3965f35b62e55ba32bbce8f20bc8fe909558a86702fde" "/opt/rustwide/cargo-home/bin/cargo" "+1.83.0" "build" "--frozen" "--message-format=json", kill_on_drop: false }`
[INFO] [stdout] 3ae0476ae5e6ec2b719068fec061b1f233bc09350e57273ec6ec519bdf4b27bb
[INFO] running `Command { std: "docker" "start" "-a" "3ae0476ae5e6ec2b719068fec061b1f233bc09350e57273ec6ec519bdf4b27bb", kill_on_drop: false }`
[INFO] [stderr]    Compiling autocfg v1.4.0
[INFO] [stderr]    Compiling scopeguard v1.2.0
[INFO] [stderr]    Compiling serde v1.0.216
[INFO] [stderr]    Compiling bit_field v0.10.2
[INFO] [stderr]    Compiling lock_api v0.4.12
[INFO] [stderr]    Compiling spin v0.9.8
[INFO] [stderr]    Compiling lazy_static v1.5.0
[INFO] [stderr]    Compiling ata_x86 v0.1.1 (/opt/rustwide/workdir)
[INFO] [stderr]     Finished `dev` profile [unoptimized + debuginfo] target(s) in 4.31s
[INFO] running `Command { std: "docker" "inspect" "3ae0476ae5e6ec2b719068fec061b1f233bc09350e57273ec6ec519bdf4b27bb", kill_on_drop: false }`
[INFO] running `Command { std: "docker" "rm" "-f" "3ae0476ae5e6ec2b719068fec061b1f233bc09350e57273ec6ec519bdf4b27bb", kill_on_drop: false }`
[INFO] [stdout] 3ae0476ae5e6ec2b719068fec061b1f233bc09350e57273ec6ec519bdf4b27bb
[INFO] running `Command { std: "docker" "create" "-v" "/var/lib/crater-agent-workspace/builds/worker-7-tc1/target:/opt/rustwide/target:rw,Z" "-v" "/var/lib/crater-agent-workspace/builds/worker-7-tc1/source:/opt/rustwide/workdir:ro,Z" "-v" "/var/lib/crater-agent-workspace/cargo-home:/opt/rustwide/cargo-home:ro,Z" "-v" "/var/lib/crater-agent-workspace/rustup-home:/opt/rustwide/rustup-home:ro,Z" "-e" "SOURCE_DIR=/opt/rustwide/workdir" "-e" "CARGO_TARGET_DIR=/opt/rustwide/target" "-e" "CARGO_INCREMENTAL=0" "-e" "RUST_BACKTRACE=full" "-e" "RUSTFLAGS=--cap-lints=warn" "-e" "RUSTDOCFLAGS=--cap-lints=warn" "-e" "CARGO_HOME=/opt/rustwide/cargo-home" "-e" "RUSTUP_HOME=/opt/rustwide/rustup-home" "-w" "/opt/rustwide/workdir" "-m" "1610612736" "--user" "0:0" "--network" "none" "ghcr.io/rust-lang/crates-build-env/linux@sha256:f3a9d4ad9d972b27faf3965f35b62e55ba32bbce8f20bc8fe909558a86702fde" "/opt/rustwide/cargo-home/bin/cargo" "+1.83.0" "test" "--frozen" "--no-run" "--message-format=json", kill_on_drop: false }`
[INFO] [stdout] 762204d6a028999f527da0dffbd3f424e3f95b6cf2616af153ff605d12492194
[INFO] running `Command { std: "docker" "start" "-a" "762204d6a028999f527da0dffbd3f424e3f95b6cf2616af153ff605d12492194", kill_on_drop: false }`
[INFO] [stderr]    Compiling ata_x86 v0.1.1 (/opt/rustwide/workdir)
[INFO] [stderr]     Finished `test` profile [unoptimized + debuginfo] target(s) in 0.50s
[INFO] running `Command { std: "docker" "inspect" "762204d6a028999f527da0dffbd3f424e3f95b6cf2616af153ff605d12492194", kill_on_drop: false }`
[INFO] running `Command { std: "docker" "rm" "-f" "762204d6a028999f527da0dffbd3f424e3f95b6cf2616af153ff605d12492194", kill_on_drop: false }`
[INFO] [stdout] 762204d6a028999f527da0dffbd3f424e3f95b6cf2616af153ff605d12492194
[INFO] running `Command { std: "docker" "create" "-v" "/var/lib/crater-agent-workspace/builds/worker-7-tc1/target:/opt/rustwide/target:rw,Z" "-v" "/var/lib/crater-agent-workspace/builds/worker-7-tc1/source:/opt/rustwide/workdir:ro,Z" "-v" "/var/lib/crater-agent-workspace/cargo-home:/opt/rustwide/cargo-home:ro,Z" "-v" "/var/lib/crater-agent-workspace/rustup-home:/opt/rustwide/rustup-home:ro,Z" "-e" "SOURCE_DIR=/opt/rustwide/workdir" "-e" "CARGO_TARGET_DIR=/opt/rustwide/target" "-e" "CARGO_INCREMENTAL=0" "-e" "RUST_BACKTRACE=full" "-e" "RUSTFLAGS=--cap-lints=warn" "-e" "RUSTDOCFLAGS=--cap-lints=warn" "-e" "CARGO_HOME=/opt/rustwide/cargo-home" "-e" "RUSTUP_HOME=/opt/rustwide/rustup-home" "-w" "/opt/rustwide/workdir" "-m" "1610612736" "--user" "0:0" "--network" "none" "ghcr.io/rust-lang/crates-build-env/linux@sha256:f3a9d4ad9d972b27faf3965f35b62e55ba32bbce8f20bc8fe909558a86702fde" "/opt/rustwide/cargo-home/bin/cargo" "+1.83.0" "test" "--frozen", kill_on_drop: false }`
[INFO] [stdout] d38d59cff440a332e33e54d319a984abe3e62ec34964fa4df0f4a80443112f94
[INFO] running `Command { std: "docker" "start" "-a" "d38d59cff440a332e33e54d319a984abe3e62ec34964fa4df0f4a80443112f94", kill_on_drop: false }`
[INFO] [stderr]     Finished `test` profile [unoptimized + debuginfo] target(s) in 0.02s
[INFO] [stderr]      Running unittests src/lib.rs (/opt/rustwide/target/debug/deps/ata_x86-499c2f15fe7e28a2)
[INFO] [stdout] 
[INFO] [stdout] running 0 tests
[INFO] [stdout] 
[INFO] [stderr]    Doc-tests ata_x86
[INFO] [stdout] test result: ok. 0 passed; 0 failed; 0 ignored; 0 measured; 0 filtered out; finished in 0.00s
[INFO] [stdout] 
[INFO] [stdout] 
[INFO] [stdout] running 2 tests
[INFO] [stdout] test src/lib.rs - Bus::write (line 255) ... FAILED
[INFO] [stdout] test src/lib.rs - Bus::read (line 223) ... FAILED
[INFO] [stdout] 
[INFO] [stdout] failures:
[INFO] [stdout] 
[INFO] [stdout] ---- src/lib.rs - Bus::write (line 255) stdout ----
[INFO] [stdout] error[E0432]: unresolved import `x86_ata`
[INFO] [stdout]  --> src/lib.rs:258:9
[INFO] [stdout]   |
[INFO] [stdout] 5 |     use x86_ata::{init, ATA_BLOCK_SIZE, write};
[INFO] [stdout]   |         ^^^^^^^ use of undeclared crate or module `x86_ata`
[INFO] [stdout]   |
[INFO] [stdout] help: there is a crate or module with a similar name
[INFO] [stdout]   |
[INFO] [stdout] 5 |     use ata_x86::{init, ATA_BLOCK_SIZE, write};
[INFO] [stdout]   |         ~~~~~~~
[INFO] [stdout] 
[INFO] [stdout] error: aborting due to 1 previous error
[INFO] [stdout] 
[INFO] [stdout] For more information about this error, try `rustc --explain E0432`.
[INFO] [stdout] Couldn't compile the test.
[INFO] [stdout] ---- src/lib.rs - Bus::read (line 223) stdout ----
[INFO] [stdout] error[E0432]: unresolved import `x86_ata`
[INFO] [stdout]  --> src/lib.rs:226:9
[INFO] [stdout]   |
[INFO] [stdout] 5 |     use x86_ata::{init, ATA_BLOCK_SIZE, read};
[INFO] [stdout]   |         ^^^^^^^ use of undeclared crate or module `x86_ata`
[INFO] [stdout]   |
[INFO] [stdout] help: there is a crate or module with a similar name
[INFO] [stdout]   |
[INFO] [stdout] 5 |     use ata_x86::{init, ATA_BLOCK_SIZE, read};
[INFO] [stdout]   |         ~~~~~~~
[INFO] [stdout] 
[INFO] [stdout] error: aborting due to 1 previous error
[INFO] [stdout] 
[INFO] [stdout] For more information about this error, try `rustc --explain E0432`.
[INFO] [stdout] Couldn't compile the test.
[INFO] [stdout] 
[INFO] [stdout] failures:
[INFO] [stdout]     src/lib.rs - Bus::read (line 223)
[INFO] [stdout]     src/lib.rs - Bus::write (line 255)
[INFO] [stdout] 
[INFO] [stdout] test result: FAILED. 0 passed; 2 failed; 0 ignored; 0 measured; 0 filtered out; finished in 0.10s
[INFO] [stdout] 
[INFO] [stderr] error: doctest failed, to rerun pass `--doc`
[INFO] running `Command { std: "docker" "inspect" "d38d59cff440a332e33e54d319a984abe3e62ec34964fa4df0f4a80443112f94", kill_on_drop: false }`
[INFO] running `Command { std: "docker" "rm" "-f" "d38d59cff440a332e33e54d319a984abe3e62ec34964fa4df0f4a80443112f94", kill_on_drop: false }`
[INFO] [stdout] d38d59cff440a332e33e54d319a984abe3e62ec34964fa4df0f4a80443112f94
