[INFO] fetching crate asynchronix 0.2.4...
[INFO] testing asynchronix-0.2.4 against beta-2024-12-08 for beta-1.84.0-4-retry
[INFO] extracting crate asynchronix 0.2.4 into /workspace/builds/worker-3-tc2/source
[INFO] validating manifest of crates.io crate asynchronix 0.2.4 on toolchain beta-2024-12-08
[INFO] running `Command { std: CARGO_HOME="/workspace/cargo-home" RUSTUP_HOME="/workspace/rustup-home" "/workspace/cargo-home/bin/cargo" "+beta-2024-12-08" "metadata" "--manifest-path" "Cargo.toml" "--no-deps", kill_on_drop: false }`
[INFO] started tweaking crates.io crate asynchronix 0.2.4
[INFO] removed 0 missing examples
[INFO] removed 0 missing tests
[INFO] finished tweaking crates.io crate asynchronix 0.2.4
[INFO] tweaked toml for crates.io crate asynchronix 0.2.4 written to /workspace/builds/worker-3-tc2/source/Cargo.toml
[INFO] crate crates.io crate asynchronix 0.2.4 already has a lockfile, it will not be regenerated
[INFO] running `Command { std: CARGO_HOME="/workspace/cargo-home" RUSTUP_HOME="/workspace/rustup-home" "/workspace/cargo-home/bin/cargo" "+beta-2024-12-08" "fetch" "--manifest-path" "Cargo.toml", kill_on_drop: false }`
[INFO] running `Command { std: "docker" "create" "-v" "/var/lib/crater-agent-workspace/builds/worker-3-tc2/target:/opt/rustwide/target:rw,Z" "-v" "/var/lib/crater-agent-workspace/builds/worker-3-tc2/source:/opt/rustwide/workdir:ro,Z" "-v" "/var/lib/crater-agent-workspace/cargo-home:/opt/rustwide/cargo-home:ro,Z" "-v" "/var/lib/crater-agent-workspace/rustup-home:/opt/rustwide/rustup-home:ro,Z" "-e" "SOURCE_DIR=/opt/rustwide/workdir" "-e" "CARGO_TARGET_DIR=/opt/rustwide/target" "-e" "CARGO_HOME=/opt/rustwide/cargo-home" "-e" "RUSTUP_HOME=/opt/rustwide/rustup-home" "-w" "/opt/rustwide/workdir" "-m" "1610612736" "--user" "0:0" "--network" "none" "ghcr.io/rust-lang/crates-build-env/linux@sha256:f3a9d4ad9d972b27faf3965f35b62e55ba32bbce8f20bc8fe909558a86702fde" "/opt/rustwide/cargo-home/bin/cargo" "+beta-2024-12-08" "metadata" "--no-deps" "--format-version=1", kill_on_drop: false }`
[INFO] [stdout] 8ee91cbeea850ac0253cddd82136d3bb9734e75b35e9aa8bfc48328adf58662f
[INFO] running `Command { std: "docker" "start" "-a" "8ee91cbeea850ac0253cddd82136d3bb9734e75b35e9aa8bfc48328adf58662f", kill_on_drop: false }`
[INFO] running `Command { std: "docker" "inspect" "8ee91cbeea850ac0253cddd82136d3bb9734e75b35e9aa8bfc48328adf58662f", kill_on_drop: false }`
[INFO] running `Command { std: "docker" "rm" "-f" "8ee91cbeea850ac0253cddd82136d3bb9734e75b35e9aa8bfc48328adf58662f", kill_on_drop: false }`
[INFO] [stdout] 8ee91cbeea850ac0253cddd82136d3bb9734e75b35e9aa8bfc48328adf58662f
[INFO] running `Command { std: "docker" "create" "-v" "/var/lib/crater-agent-workspace/builds/worker-3-tc2/target:/opt/rustwide/target:rw,Z" "-v" "/var/lib/crater-agent-workspace/builds/worker-3-tc2/source:/opt/rustwide/workdir:ro,Z" "-v" "/var/lib/crater-agent-workspace/cargo-home:/opt/rustwide/cargo-home:ro,Z" "-v" "/var/lib/crater-agent-workspace/rustup-home:/opt/rustwide/rustup-home:ro,Z" "-e" "SOURCE_DIR=/opt/rustwide/workdir" "-e" "CARGO_TARGET_DIR=/opt/rustwide/target" "-e" "CARGO_INCREMENTAL=0" "-e" "RUST_BACKTRACE=full" "-e" "RUSTFLAGS=--cap-lints=warn" "-e" "RUSTDOCFLAGS=--cap-lints=warn" "-e" "CARGO_HOME=/opt/rustwide/cargo-home" "-e" "RUSTUP_HOME=/opt/rustwide/rustup-home" "-w" "/opt/rustwide/workdir" "-m" "1610612736" "--user" "0:0" "--network" "none" "ghcr.io/rust-lang/crates-build-env/linux@sha256:f3a9d4ad9d972b27faf3965f35b62e55ba32bbce8f20bc8fe909558a86702fde" "/opt/rustwide/cargo-home/bin/cargo" "+beta-2024-12-08" "build" "--frozen" "--message-format=json", kill_on_drop: false }`
[INFO] [stdout] e8caa7424c893e9e5549543fbdbd19038a304061f2a56f5262fc1ee72c5f9876
[INFO] running `Command { std: "docker" "start" "-a" "e8caa7424c893e9e5549543fbdbd19038a304061f2a56f5262fc1ee72c5f9876", kill_on_drop: false }`
[INFO] [stderr]    Compiling crossbeam-utils v0.8.20
[INFO] [stderr]    Compiling libc v0.2.164
[INFO] [stderr]    Compiling autocfg v1.4.0
[INFO] [stderr]    Compiling recycle-box v0.2.0
[INFO] [stderr]    Compiling diatomic-waker v0.1.0
[INFO] [stderr]    Compiling async-event v0.1.0
[INFO] [stderr]    Compiling pin-project-lite v0.2.15
[INFO] [stderr]    Compiling futures-task v0.3.31
[INFO] [stderr]    Compiling multishot v0.3.2
[INFO] [stderr]    Compiling spin_sleep v1.2.1
[INFO] [stderr]    Compiling slab v0.4.9
[INFO] [stderr]    Compiling st3 v0.4.1
[INFO] [stderr]    Compiling num_cpus v1.16.0
[INFO] [stderr]    Compiling asynchronix v0.2.4 (/opt/rustwide/workdir)
[INFO] [stderr]     Finished `dev` profile [unoptimized + debuginfo] target(s) in 5.32s
[INFO] running `Command { std: "docker" "inspect" "e8caa7424c893e9e5549543fbdbd19038a304061f2a56f5262fc1ee72c5f9876", kill_on_drop: false }`
[INFO] running `Command { std: "docker" "rm" "-f" "e8caa7424c893e9e5549543fbdbd19038a304061f2a56f5262fc1ee72c5f9876", kill_on_drop: false }`
[INFO] [stdout] e8caa7424c893e9e5549543fbdbd19038a304061f2a56f5262fc1ee72c5f9876
[INFO] running `Command { std: "docker" "create" "-v" "/var/lib/crater-agent-workspace/builds/worker-3-tc2/target:/opt/rustwide/target:rw,Z" "-v" "/var/lib/crater-agent-workspace/builds/worker-3-tc2/source:/opt/rustwide/workdir:ro,Z" "-v" "/var/lib/crater-agent-workspace/cargo-home:/opt/rustwide/cargo-home:ro,Z" "-v" "/var/lib/crater-agent-workspace/rustup-home:/opt/rustwide/rustup-home:ro,Z" "-e" "SOURCE_DIR=/opt/rustwide/workdir" "-e" "CARGO_TARGET_DIR=/opt/rustwide/target" "-e" "CARGO_INCREMENTAL=0" "-e" "RUST_BACKTRACE=full" "-e" "RUSTFLAGS=--cap-lints=warn" "-e" "RUSTDOCFLAGS=--cap-lints=warn" "-e" "CARGO_HOME=/opt/rustwide/cargo-home" "-e" "RUSTUP_HOME=/opt/rustwide/rustup-home" "-w" "/opt/rustwide/workdir" "-m" "1610612736" "--user" "0:0" "--network" "none" "ghcr.io/rust-lang/crates-build-env/linux@sha256:f3a9d4ad9d972b27faf3965f35b62e55ba32bbce8f20bc8fe909558a86702fde" "/opt/rustwide/cargo-home/bin/cargo" "+beta-2024-12-08" "test" "--frozen" "--no-run" "--message-format=json", kill_on_drop: false }`
[INFO] [stdout] 0832d7c915eed6ff1023e5f00ffa6b9afb96183e91ee46aec7375a6df76be4b6
[INFO] running `Command { std: "docker" "start" "-a" "0832d7c915eed6ff1023e5f00ffa6b9afb96183e91ee46aec7375a6df76be4b6", kill_on_drop: false }`
[INFO] [stderr]    Compiling proc-macro2 v1.0.89
[INFO] [stderr]    Compiling unicode-ident v1.0.13
[INFO] [stderr]    Compiling futures-core v0.3.31
[INFO] [stderr]    Compiling pin-utils v0.1.0
[INFO] [stderr]    Compiling futures-channel v0.3.31
[INFO] [stderr]    Compiling quote v1.0.37
[INFO] [stderr]    Compiling syn v2.0.87
[INFO] [stderr]    Compiling futures-macro v0.3.31
[INFO] [stderr]    Compiling futures-util v0.3.31
[INFO] [stderr]    Compiling futures-executor v0.3.31
[INFO] [stderr]    Compiling asynchronix v0.2.4 (/opt/rustwide/workdir)
[INFO] [stderr]     Finished `test` profile [unoptimized + debuginfo] target(s) in 18.61s
[INFO] running `Command { std: "docker" "inspect" "0832d7c915eed6ff1023e5f00ffa6b9afb96183e91ee46aec7375a6df76be4b6", kill_on_drop: false }`
[INFO] running `Command { std: "docker" "rm" "-f" "0832d7c915eed6ff1023e5f00ffa6b9afb96183e91ee46aec7375a6df76be4b6", kill_on_drop: false }`
[INFO] [stdout] 0832d7c915eed6ff1023e5f00ffa6b9afb96183e91ee46aec7375a6df76be4b6
[INFO] running `Command { std: "docker" "create" "-v" "/var/lib/crater-agent-workspace/builds/worker-3-tc2/target:/opt/rustwide/target:rw,Z" "-v" "/var/lib/crater-agent-workspace/builds/worker-3-tc2/source:/opt/rustwide/workdir:ro,Z" "-v" "/var/lib/crater-agent-workspace/cargo-home:/opt/rustwide/cargo-home:ro,Z" "-v" "/var/lib/crater-agent-workspace/rustup-home:/opt/rustwide/rustup-home:ro,Z" "-e" "SOURCE_DIR=/opt/rustwide/workdir" "-e" "CARGO_TARGET_DIR=/opt/rustwide/target" "-e" "CARGO_INCREMENTAL=0" "-e" "RUST_BACKTRACE=full" "-e" "RUSTFLAGS=--cap-lints=warn" "-e" "RUSTDOCFLAGS=--cap-lints=warn" "-e" "CARGO_HOME=/opt/rustwide/cargo-home" "-e" "RUSTUP_HOME=/opt/rustwide/rustup-home" "-w" "/opt/rustwide/workdir" "-m" "1610612736" "--user" "0:0" "--network" "none" "ghcr.io/rust-lang/crates-build-env/linux@sha256:f3a9d4ad9d972b27faf3965f35b62e55ba32bbce8f20bc8fe909558a86702fde" "/opt/rustwide/cargo-home/bin/cargo" "+beta-2024-12-08" "test" "--frozen", kill_on_drop: false }`
[INFO] [stdout] b8792bc3cafb73180f02d0c911da37c29eb6f179f9d546b0ccb4e8d32a84cff9
[INFO] running `Command { std: "docker" "start" "-a" "b8792bc3cafb73180f02d0c911da37c29eb6f179f9d546b0ccb4e8d32a84cff9", kill_on_drop: false }`
[INFO] [stderr]     Finished `test` profile [unoptimized + debuginfo] target(s) in 0.05s
[INFO] [stderr]      Running unittests src/lib.rs (/opt/rustwide/target/debug/deps/asynchronix-a2066ee81a02139c)
[INFO] [stdout] 
[INFO] [stdout] running 61 tests
[INFO] [stdout] test channel::queue::tests::queue_closed_by_consumer ... ok
[INFO] [stdout] test channel::queue::tests::queue_closed_by_sender ... ok
[INFO] [stdout] test executor::task::tests::general::task_cancel_completed ... ok
[INFO] [stdout] test executor::task::tests::general::task_cancel_scheduled ... ok
[INFO] [stdout] test executor::task::tests::general::task_cancel_unscheduled ... ok
[INFO] [stdout] test executor::task::tests::general::task_drop_cycle ... ok
[INFO] [stdout] test executor::task::tests::general::task_cancel_mt ... ok
[INFO] [stdout] test executor::task::tests::general::task_drop_promise_scheduled ... ok
[INFO] [stdout] test executor::task::tests::general::task_drop_promise_mt ... ok
[INFO] [stdout] test executor::task::tests::general::task_drop_promise_unscheduled ... ok
[INFO] [stdout] test executor::task::tests::general::task_drop_runnable_mt ... ok
[INFO] [stdout] test executor::task::tests::general::task_multiple_wake ... ok
[INFO] [stdout] test executor::task::tests::general::task_drop_runnable ... ok
[INFO] [stdout] test executor::task::tests::general::task_schedule ... ok
[INFO] [stdout] test executor::task::tests::general::task_schedule_and_forget ... ok
[INFO] [stdout] test executor::task::tests::general::task_schedule_mt ... ok
[INFO] [stdout] test executor::task::tests::general::task_multiple_wake_mt ... ok
[INFO] [stdout] test executor::task::tests::general::task_wake ... ok
[INFO] [stdout] test executor::task::tests::general::task_wake_and_forget ... ok
[INFO] [stdout] test executor::task::tests::general::task_will_wake ... ok
[INFO] [stdout] test executor::task::tests::general::task_wake_mt ... ok
[INFO] [stdout] test executor::tests::executor_deadlock_st ... ok
[INFO] [stdout] test executor::tests::executor_deadlock ... ok
[INFO] [stdout] test executor::tests::executor_drop_cycle ... ok
[INFO] [stdout] test macros::scoped_thread_local::tests::scoped_local_key_set ... ok
[INFO] [stdout] test macros::scoped_thread_local::tests::scoped_local_key_smoke ... ok
[INFO] [stdout] test macros::scoped_thread_local::tests::scoped_local_key_unset ... ok
[INFO] [stdout] test model::ports::broadcaster::tests::broadcast_event_smoke ... ok
[INFO] [stdout] test macros::scoped_thread_local::tests::scoped_local_key_panic_resets ... ok
[INFO] [stdout] test time::monotonic_time::tests::time_add_duration_extreme ... ok
[INFO] [stdout] test time::monotonic_time::tests::time_add_duration_overflow - should panic ... ok
[INFO] [stdout] test time::monotonic_time::tests::time_add_duration_smoke ... ok
[INFO] [stdout] test time::monotonic_time::tests::time_add_duration_with_carry ... ok
[INFO] [stdout] test time::monotonic_time::tests::time_duration_since_extreme ... ok
[INFO] [stdout] test model::ports::broadcaster::tests::broadcast_query_smoke ... ok
[INFO] [stdout] test time::monotonic_time::tests::time_duration_since_invalid ... ok
[INFO] [stdout] test time::monotonic_time::tests::time_duration_with_carry ... ok
[INFO] [stdout] test time::monotonic_time::tests::time_equality ... ok
[INFO] [stdout] test time::monotonic_time::tests::time_from_system_smoke ... ok
[INFO] [stdout] test time::monotonic_time::tests::time_invalid - should panic ... ok
[INFO] [stdout] test time::monotonic_time::tests::time_ordering ... ok
[INFO] [stdout] test time::monotonic_time::tests::time_duration_since_smoke ... ok
[INFO] [stdout] test time::monotonic_time::tests::time_sub_duration_overflow - should panic ... ok
[INFO] [stdout] test time::monotonic_time::tests::time_sub_duration_smoke ... ok
[INFO] [stdout] test time::monotonic_time::tests::time_sub_duration_with_carry ... ok
[INFO] [stdout] test time::monotonic_time::tests::time_sub_duration_extreme ... ok
[INFO] [stdout] test util::priority_queue::tests::priority_smoke ... ok
[INFO] [stdout] test util::rng::tests::rng_gen_bounded_chi2 ... ok
[INFO] [stdout] test util::slot::tests::slot_multi_threaded_drop_writer ... ok
[INFO] [stdout] test util::slot::tests::slot_multi_threaded_write ... ok
[INFO] [stdout] test util::slot::tests::slot_single_threaded_drop_reader ... ok
[INFO] [stdout] test util::slot::tests::slot_single_threaded_drop_writer ... ok
[INFO] [stdout] test util::slot::tests::slot_single_threaded_write ... ok
[INFO] [stdout] test util::spsc_queue::tests::spsc_queue_basic ... ok
[INFO] [stdout] test util::bit::tests::find_bit_fuzz ... ok
[INFO] [stdout] test channel::queue::tests::queue_mpsc_capacity_one ... ok
[INFO] [stdout] test channel::queue::tests::queue_mpsc_capacity_three ... ok
[INFO] [stdout] test channel::queue::tests::queue_mpsc_capacity_two ... ok
[INFO] [stdout] test channel::queue::tests::queue_spsc_capacity_three ... ok
[INFO] [stdout] test channel::queue::tests::queue_spsc_capacity_two ... ok
[INFO] [stdout] test channel::queue::tests::queue_spsc_capacity_one ... ok
[INFO] [stdout] 
[INFO] [stdout] test result: ok. 61 passed; 0 failed; 0 ignored; 0 measured; 0 filtered out; finished in 2.08s
[INFO] [stdout] 
[INFO] [stderr]      Running tests/tests.rs (/opt/rustwide/target/debug/deps/integration-f2935fa60da53b59)
[INFO] [stdout] 
[INFO] [stdout] running 12 tests
[INFO] [stdout] test simulation_scheduling::simulation_schedule_events ... ok
[INFO] [stdout] test model_scheduling::model_schedule_event ... ok
[INFO] [stdout] test simulation_scheduling::simulation_schedule_keyed_events ... ok
[INFO] [stdout] test model_scheduling::model_cancel_periodic_event ... ok
[INFO] [stdout] test simulation_scheduling::simulation_schedule_periodic_keyed_events ... ok
[INFO] [stdout] test model_scheduling::model_schedule_periodic_event ... ok
[INFO] [stdout] test simulation_scheduling::simulation_schedule_periodic_events ... ok
[INFO] [stdout] test model_scheduling::model_cancel_same_time_keyed_event ... ok
[INFO] [stdout] test model_scheduling::model_cancel_future_keyed_event ... ok
[INFO] [stdout] test simulation_scheduling::simulation_system_clock_from_instant ... FAILED
[INFO] [stdout] test simulation_scheduling::simulation_auto_system_clock ... ok
[INFO] [stdout] test simulation_scheduling::simulation_system_clock_from_system_time ... ok
[INFO] [stdout] 
[INFO] [stdout] failures:
[INFO] [stdout] 
[INFO] [stdout] ---- simulation_scheduling::simulation_system_clock_from_instant stdout ----
[INFO] [stdout] thread 'simulation_scheduling::simulation_system_clock_from_instant' panicked at tests/simulation_scheduling.rs:303:13:
[INFO] [stdout] Expected t = 0.300000s +/- 0.000500s, measured t = 0.301347s
[INFO] [stdout] stack backtrace:
[INFO] [stdout]    0:     0x5f6385b63d5a - std::backtrace_rs::backtrace::libunwind::trace::h8810477743020387
[INFO] [stdout]                                at /rustc/202008a1b8de96d2e5b6bc02d379db03a877d34d/library/std/src/../../backtrace/src/backtrace/libunwind.rs:116:5
[INFO] [stdout]    1:     0x5f6385b63d5a - std::backtrace_rs::backtrace::trace_unsynchronized::h3aa55355dd6c54a6
[INFO] [stdout]                                at /rustc/202008a1b8de96d2e5b6bc02d379db03a877d34d/library/std/src/../../backtrace/src/backtrace/mod.rs:66:5
[INFO] [stdout]    2:     0x5f6385b63d5a - std::sys::backtrace::_print_fmt::h8588b0f62410823f
[INFO] [stdout]                                at /rustc/202008a1b8de96d2e5b6bc02d379db03a877d34d/library/std/src/sys/backtrace.rs:66:9
[INFO] [stdout]    3:     0x5f6385b63d5a - <std::sys::backtrace::BacktraceLock::print::DisplayBacktrace as core::fmt::Display>::fmt::h98c26ac25ffe89bb
[INFO] [stdout]                                at /rustc/202008a1b8de96d2e5b6bc02d379db03a877d34d/library/std/src/sys/backtrace.rs:39:26
[INFO] [stdout]    4:     0x5f6385b89c03 - core::fmt::rt::Argument::fmt::hf95377f4aebd453b
[INFO] [stdout]                                at /rustc/202008a1b8de96d2e5b6bc02d379db03a877d34d/library/core/src/fmt/rt.rs:177:76
[INFO] [stdout]    5:     0x5f6385b89c03 - core::fmt::write::h0dd5f6e2238c7982
[INFO] [stdout]                                at /rustc/202008a1b8de96d2e5b6bc02d379db03a877d34d/library/core/src/fmt/mod.rs:1189:21
[INFO] [stdout]    6:     0x5f6385b60ba3 - std::io::Write::write_fmt::h03bb0ca26e6faf8c
[INFO] [stdout]                                at /rustc/202008a1b8de96d2e5b6bc02d379db03a877d34d/library/std/src/io/mod.rs:1884:15
[INFO] [stdout]    7:     0x5f6385b63ba2 - std::sys::backtrace::BacktraceLock::print::h5c19c1c038ee186d
[INFO] [stdout]                                at /rustc/202008a1b8de96d2e5b6bc02d379db03a877d34d/library/std/src/sys/backtrace.rs:42:9
[INFO] [stdout]    8:     0x5f6385b651dd - std::panicking::default_hook::{{closure}}::h77172f079a1fcb13
[INFO] [stdout]                                at /rustc/202008a1b8de96d2e5b6bc02d379db03a877d34d/library/std/src/panicking.rs:268:22
[INFO] [stdout]    9:     0x5f6385b64fe7 - std::panicking::default_hook::he5f8e3b203ccddba
[INFO] [stdout]                                at /rustc/202008a1b8de96d2e5b6bc02d379db03a877d34d/library/std/src/panicking.rs:292:9
[INFO] [stdout]   10:     0x5f6385af05b7 - <alloc::boxed::Box<F,A> as core::ops::function::Fn<Args>>::call::h7a3c7b4a1ae77f2f
[INFO] [stdout]                                at /rustc/202008a1b8de96d2e5b6bc02d379db03a877d34d/library/alloc/src/boxed.rs:1986:9
[INFO] [stdout]   11:     0x5f6385af05b7 - test::test_main::{{closure}}::hf0d3b69ae9b353d1
[INFO] [stdout]                                at /rustc/202008a1b8de96d2e5b6bc02d379db03a877d34d/library/test/src/lib.rs:134:21
[INFO] [stdout]   12:     0x5f6385b65888 - <alloc::boxed::Box<F,A> as core::ops::function::Fn<Args>>::call::h6332e82e7b189abd
[INFO] [stdout]                                at /rustc/202008a1b8de96d2e5b6bc02d379db03a877d34d/library/alloc/src/boxed.rs:1986:9
[INFO] [stdout]   13:     0x5f6385b65888 - std::panicking::rust_panic_with_hook::h53863d4e9018df39
[INFO] [stdout]                                at /rustc/202008a1b8de96d2e5b6bc02d379db03a877d34d/library/std/src/panicking.rs:809:13
[INFO] [stdout]   14:     0x5f6385b6564a - std::panicking::begin_panic_handler::{{closure}}::h67280e6fa0757873
[INFO] [stdout]                                at /rustc/202008a1b8de96d2e5b6bc02d379db03a877d34d/library/std/src/panicking.rs:674:13
[INFO] [stdout]   15:     0x5f6385b64239 - std::sys::backtrace::__rust_end_short_backtrace::h1dac3f54d6fbbeb2
[INFO] [stdout]                                at /rustc/202008a1b8de96d2e5b6bc02d379db03a877d34d/library/std/src/sys/backtrace.rs:170:18
[INFO] [stdout]   16:     0x5f6385b652dc - rust_begin_unwind
[INFO] [stdout]                                at /rustc/202008a1b8de96d2e5b6bc02d379db03a877d34d/library/std/src/panicking.rs:665:5
[INFO] [stdout]   17:     0x5f63859dfab0 - core::panicking::panic_fmt::h6792bd1b2bf01041
[INFO] [stdout]                                at /rustc/202008a1b8de96d2e5b6bc02d379db03a877d34d/library/core/src/panicking.rs:76:14
[INFO] [stdout]   18:     0x5f6385a96a06 - integration::simulation_scheduling::simulation_system_clock_from_instant::hbc57aa1d206b658d
[INFO] [stdout]                                at /opt/rustwide/workdir/tests/simulation_scheduling.rs:303:13
[INFO] [stdout]   19:     0x5f6385a95d77 - integration::simulation_scheduling::simulation_system_clock_from_instant::{{closure}}::h60871ce9eb7aebe4
[INFO] [stdout]                                at /opt/rustwide/workdir/tests/simulation_scheduling.rs:264:42
[INFO] [stdout]   20:     0x5f6385a1cf86 - core::ops::function::FnOnce::call_once::h335586be6fc287d0
[INFO] [stdout]                                at /rustc/202008a1b8de96d2e5b6bc02d379db03a877d34d/library/core/src/ops/function.rs:250:5
[INFO] [stdout]   21:     0x5f6385af50db - core::ops::function::FnOnce::call_once::h871bf86719ec9aa4
[INFO] [stdout]                                at /rustc/202008a1b8de96d2e5b6bc02d379db03a877d34d/library/core/src/ops/function.rs:250:5
[INFO] [stdout]   22:     0x5f6385af50db - test::__rust_begin_short_backtrace::h2167df1e2b7d76fd
[INFO] [stdout]                                at /rustc/202008a1b8de96d2e5b6bc02d379db03a877d34d/library/test/src/lib.rs:632:18
[INFO] [stdout]   23:     0x5f6385af4ac8 - test::run_test_in_process::{{closure}}::h15d92f75a3adfb79
[INFO] [stdout]                                at /rustc/202008a1b8de96d2e5b6bc02d379db03a877d34d/library/test/src/lib.rs:655:60
[INFO] [stdout]   24:     0x5f6385af4ac8 - <core::panic::unwind_safe::AssertUnwindSafe<F> as core::ops::function::FnOnce<()>>::call_once::hb6c8955835a8dbbb
[INFO] [stdout]                                at /rustc/202008a1b8de96d2e5b6bc02d379db03a877d34d/library/core/src/panic/unwind_safe.rs:272:9
[INFO] [stdout]   25:     0x5f6385af4ac8 - std::panicking::try::do_call::hc79d0fc888a0bd30
[INFO] [stdout]                                at /rustc/202008a1b8de96d2e5b6bc02d379db03a877d34d/library/std/src/panicking.rs:557:40
[INFO] [stdout]   26:     0x5f6385af4ac8 - std::panicking::try::hb8a7878e3a8589d6
[INFO] [stdout]                                at /rustc/202008a1b8de96d2e5b6bc02d379db03a877d34d/library/std/src/panicking.rs:520:19
[INFO] [stdout]   27:     0x5f6385af4ac8 - std::panic::catch_unwind::hb8e4600ff0ff5cfa
[INFO] [stdout]                                at /rustc/202008a1b8de96d2e5b6bc02d379db03a877d34d/library/std/src/panic.rs:358:14
[INFO] [stdout]   28:     0x5f6385af4ac8 - test::run_test_in_process::hc2900b0b18688dd6
[INFO] [stdout]                                at /rustc/202008a1b8de96d2e5b6bc02d379db03a877d34d/library/test/src/lib.rs:655:27
[INFO] [stdout]   29:     0x5f6385af4ac8 - test::run_test::{{closure}}::hac2a9cb07be3d48d
[INFO] [stdout]                                at /rustc/202008a1b8de96d2e5b6bc02d379db03a877d34d/library/test/src/lib.rs:576:43
[INFO] [stdout]   30:     0x5f6385ab856a - test::run_test::{{closure}}::h4a5b729e66a38cd8
[INFO] [stdout]                                at /rustc/202008a1b8de96d2e5b6bc02d379db03a877d34d/library/test/src/lib.rs:606:41
[INFO] [stdout]   31:     0x5f6385ab856a - std::sys::backtrace::__rust_begin_short_backtrace::h0496fb742492f573
[INFO] [stdout]                                at /rustc/202008a1b8de96d2e5b6bc02d379db03a877d34d/library/std/src/sys/backtrace.rs:154:18
[INFO] [stdout]   32:     0x5f6385abbee4 - std::thread::Builder::spawn_unchecked_::{{closure}}::{{closure}}::hbb6d257c550a54bd
[INFO] [stdout]                                at /rustc/202008a1b8de96d2e5b6bc02d379db03a877d34d/library/std/src/thread/mod.rs:561:17
[INFO] [stdout]   33:     0x5f6385abbee4 - <core::panic::unwind_safe::AssertUnwindSafe<F> as core::ops::function::FnOnce<()>>::call_once::h46696fe4a6832328
[INFO] [stdout]                                at /rustc/202008a1b8de96d2e5b6bc02d379db03a877d34d/library/core/src/panic/unwind_safe.rs:272:9
[INFO] [stdout]   34:     0x5f6385abbee4 - std::panicking::try::do_call::h2625a51b667bfb64
[INFO] [stdout]                                at /rustc/202008a1b8de96d2e5b6bc02d379db03a877d34d/library/std/src/panicking.rs:557:40
[INFO] [stdout]   35:     0x5f6385abbee4 - std::panicking::try::hb956a59a1973aa4c
[INFO] [stdout]                                at /rustc/202008a1b8de96d2e5b6bc02d379db03a877d34d/library/std/src/panicking.rs:520:19
[INFO] [stdout]   36:     0x5f6385abbee4 - std::panic::catch_unwind::h64f3b9d1067ef6a0
[INFO] [stdout]                                at /rustc/202008a1b8de96d2e5b6bc02d379db03a877d34d/library/std/src/panic.rs:358:14
[INFO] [stdout]   37:     0x5f6385abbee4 - std::thread::Builder::spawn_unchecked_::{{closure}}::h42b2841295b6c0b2
[INFO] [stdout]                                at /rustc/202008a1b8de96d2e5b6bc02d379db03a877d34d/library/std/src/thread/mod.rs:559:30
[INFO] [stdout]   38:     0x5f6385abbee4 - core::ops::function::FnOnce::call_once{{vtable.shim}}::h6127de71b8124639
[INFO] [stdout]                                at /rustc/202008a1b8de96d2e5b6bc02d379db03a877d34d/library/core/src/ops/function.rs:250:5
[INFO] [stdout]   39:     0x5f6385b698db - <alloc::boxed::Box<F,A> as core::ops::function::FnOnce<Args>>::call_once::h42f0ba71002a1b2c
[INFO] [stdout]                                at /rustc/202008a1b8de96d2e5b6bc02d379db03a877d34d/library/alloc/src/boxed.rs:1972:9
[INFO] [stdout]   40:     0x5f6385b698db - <alloc::boxed::Box<F,A> as core::ops::function::FnOnce<Args>>::call_once::had9e47d7a3dcecb8
[INFO] [stdout]                                at /rustc/202008a1b8de96d2e5b6bc02d379db03a877d34d/library/alloc/src/boxed.rs:1972:9
[INFO] [stdout]   41:     0x5f6385b698db - std::sys::pal::unix::thread::Thread::new::thread_start::h48cf765408f6f5f2
[INFO] [stdout]                                at /rustc/202008a1b8de96d2e5b6bc02d379db03a877d34d/library/std/src/sys/pal/unix/thread.rs:105:17
[INFO] [stdout]   42:     0x7f81b6f7aac3 - <unknown>
[INFO] [stdout]   43:     0x7f81b700ba04 - clone
[INFO] [stdout]   44:                0x0 - <unknown>
[INFO] [stdout] 
[INFO] [stdout] 
[INFO] [stdout] failures:
[INFO] [stdout]     simulation_scheduling::simulation_system_clock_from_instant
[INFO] [stdout] 
[INFO] [stdout] test result: FAILED. 11 passed; 1 failed; 0 ignored; 0 measured; 0 filtered out; finished in 0.84s
[INFO] [stdout] 
[INFO] [stderr] error: test failed, to rerun pass `--test integration`
[INFO] running `Command { std: "docker" "inspect" "b8792bc3cafb73180f02d0c911da37c29eb6f179f9d546b0ccb4e8d32a84cff9", kill_on_drop: false }`
[INFO] running `Command { std: "docker" "rm" "-f" "b8792bc3cafb73180f02d0c911da37c29eb6f179f9d546b0ccb4e8d32a84cff9", kill_on_drop: false }`
[INFO] [stdout] b8792bc3cafb73180f02d0c911da37c29eb6f179f9d546b0ccb4e8d32a84cff9
