[INFO] fetching crate async-session 3.0.0...
[INFO] testing async-session-3.0.0 against beta-2024-12-08 for beta-1.84.0-4-retry
[INFO] extracting crate async-session 3.0.0 into /workspace/builds/worker-3-tc2/source
[INFO] validating manifest of crates.io crate async-session 3.0.0 on toolchain beta-2024-12-08
[INFO] running `Command { std: CARGO_HOME="/workspace/cargo-home" RUSTUP_HOME="/workspace/rustup-home" "/workspace/cargo-home/bin/cargo" "+beta-2024-12-08" "metadata" "--manifest-path" "Cargo.toml" "--no-deps", kill_on_drop: false }`
[INFO] started tweaking crates.io crate async-session 3.0.0
[INFO] finished tweaking crates.io crate async-session 3.0.0
[INFO] tweaked toml for crates.io crate async-session 3.0.0 written to /workspace/builds/worker-3-tc2/source/Cargo.toml
[INFO] running `Command { std: CARGO_HOME="/workspace/cargo-home" RUSTUP_HOME="/workspace/rustup-home" "/workspace/cargo-home/bin/cargo" "+beta-2024-12-08" "generate-lockfile" "--manifest-path" "Cargo.toml", kill_on_drop: false }`
[INFO] [stderr]     Updating crates.io index
[INFO] [stderr]      Locking 113 packages to latest compatible versions
[INFO] [stderr]       Adding async-lock v2.8.0 (available: v3.4.0)
[INFO] [stderr]       Adding base64 v0.13.1 (available: v0.22.1)
[INFO] [stderr]       Adding blake3 v0.3.8 (available: v1.5.5)
[INFO] [stderr]       Adding hmac v0.11.0 (available: v0.12.1)
[INFO] [stderr]       Adding sha2 v0.9.9 (available: v0.10.8)
[INFO] [stderr]       Adding subtle v2.4.1 (available: v2.6.1)
[INFO] running `Command { std: CARGO_HOME="/workspace/cargo-home" RUSTUP_HOME="/workspace/rustup-home" "/workspace/cargo-home/bin/cargo" "+beta-2024-12-08" "fetch" "--manifest-path" "Cargo.toml", kill_on_drop: false }`
[INFO] running `Command { std: "docker" "create" "-v" "/var/lib/crater-agent-workspace/builds/worker-3-tc2/target:/opt/rustwide/target:rw,Z" "-v" "/var/lib/crater-agent-workspace/builds/worker-3-tc2/source:/opt/rustwide/workdir:ro,Z" "-v" "/var/lib/crater-agent-workspace/cargo-home:/opt/rustwide/cargo-home:ro,Z" "-v" "/var/lib/crater-agent-workspace/rustup-home:/opt/rustwide/rustup-home:ro,Z" "-e" "SOURCE_DIR=/opt/rustwide/workdir" "-e" "CARGO_TARGET_DIR=/opt/rustwide/target" "-e" "CARGO_HOME=/opt/rustwide/cargo-home" "-e" "RUSTUP_HOME=/opt/rustwide/rustup-home" "-w" "/opt/rustwide/workdir" "-m" "1610612736" "--user" "0:0" "--network" "none" "ghcr.io/rust-lang/crates-build-env/linux@sha256:f3a9d4ad9d972b27faf3965f35b62e55ba32bbce8f20bc8fe909558a86702fde" "/opt/rustwide/cargo-home/bin/cargo" "+beta-2024-12-08" "metadata" "--no-deps" "--format-version=1", kill_on_drop: false }`
[INFO] [stdout] f0b3b5d3e6e8f4cff8edd47cf99897c54f1989683bc2b31b602f849542e5ba9c
[INFO] running `Command { std: "docker" "start" "-a" "f0b3b5d3e6e8f4cff8edd47cf99897c54f1989683bc2b31b602f849542e5ba9c", kill_on_drop: false }`
[INFO] running `Command { std: "docker" "inspect" "f0b3b5d3e6e8f4cff8edd47cf99897c54f1989683bc2b31b602f849542e5ba9c", kill_on_drop: false }`
[INFO] running `Command { std: "docker" "rm" "-f" "f0b3b5d3e6e8f4cff8edd47cf99897c54f1989683bc2b31b602f849542e5ba9c", kill_on_drop: false }`
[INFO] [stdout] f0b3b5d3e6e8f4cff8edd47cf99897c54f1989683bc2b31b602f849542e5ba9c
[INFO] running `Command { std: "docker" "create" "-v" "/var/lib/crater-agent-workspace/builds/worker-3-tc2/target:/opt/rustwide/target:rw,Z" "-v" "/var/lib/crater-agent-workspace/builds/worker-3-tc2/source:/opt/rustwide/workdir:ro,Z" "-v" "/var/lib/crater-agent-workspace/cargo-home:/opt/rustwide/cargo-home:ro,Z" "-v" "/var/lib/crater-agent-workspace/rustup-home:/opt/rustwide/rustup-home:ro,Z" "-e" "SOURCE_DIR=/opt/rustwide/workdir" "-e" "CARGO_TARGET_DIR=/opt/rustwide/target" "-e" "CARGO_INCREMENTAL=0" "-e" "RUST_BACKTRACE=full" "-e" "RUSTFLAGS=--cap-lints=warn" "-e" "RUSTDOCFLAGS=--cap-lints=warn" "-e" "CARGO_HOME=/opt/rustwide/cargo-home" "-e" "RUSTUP_HOME=/opt/rustwide/rustup-home" "-w" "/opt/rustwide/workdir" "-m" "1610612736" "--user" "0:0" "--network" "none" "ghcr.io/rust-lang/crates-build-env/linux@sha256:f3a9d4ad9d972b27faf3965f35b62e55ba32bbce8f20bc8fe909558a86702fde" "/opt/rustwide/cargo-home/bin/cargo" "+beta-2024-12-08" "build" "--frozen" "--message-format=json", kill_on_drop: false }`
[INFO] [stdout] e60aad770ac48e0ba6e2d197adb254776e2c08c66a556558dfdfc11037723ad0
[INFO] running `Command { std: "docker" "start" "-a" "e60aad770ac48e0ba6e2d197adb254776e2c08c66a556558dfdfc11037723ad0", kill_on_drop: false }`
[INFO] [stderr]    Compiling libc v0.2.168
[INFO] [stderr]    Compiling serde v1.0.216
[INFO] [stderr]    Compiling subtle v2.4.1
[INFO] [stderr]    Compiling num-traits v0.2.19
[INFO] [stderr]    Compiling arrayvec v0.5.2
[INFO] [stderr]    Compiling value-bag v1.10.0
[INFO] [stderr]    Compiling cfg-if v0.1.10
[INFO] [stderr]    Compiling blake3 v0.3.8
[INFO] [stderr]    Compiling constant_time_eq v0.1.5
[INFO] [stderr]    Compiling async-lock v2.8.0
[INFO] [stderr]    Compiling syn v2.0.90
[INFO] [stderr]    Compiling block-buffer v0.9.0
[INFO] [stderr]    Compiling crypto-mac v0.11.1
[INFO] [stderr]    Compiling crypto-mac v0.8.0
[INFO] [stderr]    Compiling sha2 v0.9.9
[INFO] [stderr]    Compiling hmac v0.11.0
[INFO] [stderr]    Compiling log v0.4.22
[INFO] [stderr]    Compiling getrandom v0.2.15
[INFO] [stderr]    Compiling rand_core v0.6.4
[INFO] [stderr]    Compiling zerocopy-derive v0.7.35
[INFO] [stderr]    Compiling serde_derive v1.0.216
[INFO] [stderr]    Compiling async-trait v0.1.83
[INFO] [stderr]    Compiling zerocopy v0.7.35
[INFO] [stderr]    Compiling ppv-lite86 v0.2.20
[INFO] [stderr]    Compiling rand_chacha v0.3.1
[INFO] [stderr]    Compiling rand v0.8.5
[INFO] [stderr]    Compiling serde_json v1.0.133
[INFO] [stderr]    Compiling bincode v1.3.3
[INFO] [stderr]    Compiling chrono v0.4.39
[INFO] [stderr]    Compiling async-session v3.0.0 (/opt/rustwide/workdir)
[INFO] [stderr]     Finished `dev` profile [unoptimized + debuginfo] target(s) in 13.59s
[INFO] running `Command { std: "docker" "inspect" "e60aad770ac48e0ba6e2d197adb254776e2c08c66a556558dfdfc11037723ad0", kill_on_drop: false }`
[INFO] running `Command { std: "docker" "rm" "-f" "e60aad770ac48e0ba6e2d197adb254776e2c08c66a556558dfdfc11037723ad0", kill_on_drop: false }`
[INFO] [stdout] e60aad770ac48e0ba6e2d197adb254776e2c08c66a556558dfdfc11037723ad0
[INFO] running `Command { std: "docker" "create" "-v" "/var/lib/crater-agent-workspace/builds/worker-3-tc2/target:/opt/rustwide/target:rw,Z" "-v" "/var/lib/crater-agent-workspace/builds/worker-3-tc2/source:/opt/rustwide/workdir:ro,Z" "-v" "/var/lib/crater-agent-workspace/cargo-home:/opt/rustwide/cargo-home:ro,Z" "-v" "/var/lib/crater-agent-workspace/rustup-home:/opt/rustwide/rustup-home:ro,Z" "-e" "SOURCE_DIR=/opt/rustwide/workdir" "-e" "CARGO_TARGET_DIR=/opt/rustwide/target" "-e" "CARGO_INCREMENTAL=0" "-e" "RUST_BACKTRACE=full" "-e" "RUSTFLAGS=--cap-lints=warn" "-e" "RUSTDOCFLAGS=--cap-lints=warn" "-e" "CARGO_HOME=/opt/rustwide/cargo-home" "-e" "RUSTUP_HOME=/opt/rustwide/rustup-home" "-w" "/opt/rustwide/workdir" "-m" "1610612736" "--user" "0:0" "--network" "none" "ghcr.io/rust-lang/crates-build-env/linux@sha256:f3a9d4ad9d972b27faf3965f35b62e55ba32bbce8f20bc8fe909558a86702fde" "/opt/rustwide/cargo-home/bin/cargo" "+beta-2024-12-08" "test" "--frozen" "--no-run" "--message-format=json", kill_on_drop: false }`
[INFO] [stdout] 6ca8831d6711f009b5ff2bcc063e89e280a1ef34a48d21652ec448f8ac59b794
[INFO] running `Command { std: "docker" "start" "-a" "6ca8831d6711f009b5ff2bcc063e89e280a1ef34a48d21652ec448f8ac59b794", kill_on_drop: false }`
[INFO] [stderr]    Compiling crossbeam-utils v0.8.20
[INFO] [stderr]    Compiling parking v2.2.1
[INFO] [stderr]    Compiling rustix v0.38.42
[INFO] [stderr]    Compiling tracing-core v0.1.33
[INFO] [stderr]    Compiling linux-raw-sys v0.4.14
[INFO] [stderr]    Compiling async-task v4.7.1
[INFO] [stderr]    Compiling piper v0.2.4
[INFO] [stderr]    Compiling async-attributes v1.1.2
[INFO] [stderr]    Compiling kv-log-macro v1.0.7
[INFO] [stderr]    Compiling futures-lite v2.5.0
[INFO] [stderr]    Compiling tracing v0.1.41
[INFO] [stderr]    Compiling concurrent-queue v2.5.0
[INFO] [stderr]    Compiling event-listener v5.3.1
[INFO] [stderr]    Compiling async-executor v1.13.1
[INFO] [stderr]    Compiling async-channel v1.9.0
[INFO] [stderr]    Compiling event-listener-strategy v0.5.3
[INFO] [stderr]    Compiling async-lock v3.4.0
[INFO] [stderr]    Compiling async-channel v2.3.1
[INFO] [stderr]    Compiling blocking v1.6.1
[INFO] [stderr]    Compiling polling v3.7.4
[INFO] [stderr]    Compiling async-io v2.4.0
[INFO] [stderr]    Compiling async-global-executor v2.4.1
[INFO] [stderr]    Compiling async-std v1.13.0
[INFO] [stderr]    Compiling async-session v3.0.0 (/opt/rustwide/workdir)
[INFO] [stderr]     Finished `test` profile [unoptimized + debuginfo] target(s) in 11.90s
[INFO] running `Command { std: "docker" "inspect" "6ca8831d6711f009b5ff2bcc063e89e280a1ef34a48d21652ec448f8ac59b794", kill_on_drop: false }`
[INFO] running `Command { std: "docker" "rm" "-f" "6ca8831d6711f009b5ff2bcc063e89e280a1ef34a48d21652ec448f8ac59b794", kill_on_drop: false }`
[INFO] [stdout] 6ca8831d6711f009b5ff2bcc063e89e280a1ef34a48d21652ec448f8ac59b794
[INFO] running `Command { std: "docker" "create" "-v" "/var/lib/crater-agent-workspace/builds/worker-3-tc2/target:/opt/rustwide/target:rw,Z" "-v" "/var/lib/crater-agent-workspace/builds/worker-3-tc2/source:/opt/rustwide/workdir:ro,Z" "-v" "/var/lib/crater-agent-workspace/cargo-home:/opt/rustwide/cargo-home:ro,Z" "-v" "/var/lib/crater-agent-workspace/rustup-home:/opt/rustwide/rustup-home:ro,Z" "-e" "SOURCE_DIR=/opt/rustwide/workdir" "-e" "CARGO_TARGET_DIR=/opt/rustwide/target" "-e" "CARGO_INCREMENTAL=0" "-e" "RUST_BACKTRACE=full" "-e" "RUSTFLAGS=--cap-lints=warn" "-e" "RUSTDOCFLAGS=--cap-lints=warn" "-e" "CARGO_HOME=/opt/rustwide/cargo-home" "-e" "RUSTUP_HOME=/opt/rustwide/rustup-home" "-w" "/opt/rustwide/workdir" "-m" "1610612736" "--user" "0:0" "--network" "none" "ghcr.io/rust-lang/crates-build-env/linux@sha256:f3a9d4ad9d972b27faf3965f35b62e55ba32bbce8f20bc8fe909558a86702fde" "/opt/rustwide/cargo-home/bin/cargo" "+beta-2024-12-08" "test" "--frozen", kill_on_drop: false }`
[INFO] [stdout] 0813b9fefa93adb25324e1ac11de6b7fee5922e54cf47eb648fcce57fd6e6c7e
[INFO] running `Command { std: "docker" "start" "-a" "0813b9fefa93adb25324e1ac11de6b7fee5922e54cf47eb648fcce57fd6e6c7e", kill_on_drop: false }`
[INFO] [stderr]     Finished `test` profile [unoptimized + debuginfo] target(s) in 0.11s
[INFO] [stderr]      Running unittests src/lib.rs (/opt/rustwide/target/debug/deps/async_session-623b33465ec36de0)
[INFO] [stdout] 
[INFO] [stdout] running 10 tests
[INFO] [stdout] test memory_store::tests::creating_a_new_session_with_no_expiry ... ok
[INFO] [stdout] test cookie_store::tests::updating_a_session ... ok
[INFO] [stdout] test memory_store::tests::destroying_a_single_session ... ok
[INFO] [stdout] test cookie_store::tests::creating_a_new_session_with_no_expiry ... ok
[INFO] [stdout] test memory_store::tests::clearing_the_whole_store ... ok
[INFO] [stdout] test memory_store::tests::updating_a_session ... ok
[INFO] [stdout] test memory_store::tests::creating_a_new_session_with_expiry ... ok
[INFO] [stdout] test cookie_store::tests::creating_a_new_session_with_expiry ... ok
[INFO] [stdout] test memory_store::tests::updating_a_session_extending_expiry ... ok
[INFO] [stdout] test cookie_store::tests::updating_a_session_extending_expiry ... ok
[INFO] [stdout] 
[INFO] [stdout] test result: ok. 10 passed; 0 failed; 0 ignored; 0 measured; 0 filtered out; finished in 3.03s
[INFO] [stdout] 
[INFO] [stderr]      Running tests/test.rs (/opt/rustwide/target/debug/deps/test-28bb1b496267a403)
[INFO] [stdout] 
[INFO] [stdout] running 0 tests
[INFO] [stdout] 
[INFO] [stdout] test result: ok. 0 passed; 0 failed; 0 ignored; 0 measured; 0 filtered out; finished in 0.00s
[INFO] [stdout] 
[INFO] [stderr]    Doc-tests async_session
[INFO] [stdout] 
[INFO] [stdout] running 25 tests
[INFO] [stdout] test src/session.rs - session::Session::insert (line 200) ... ok
[INFO] [stdout] test src/session.rs - session::Session::insert_raw (line 221) ... ok
[INFO] [stdout] test src/session.rs - session::Session::into_cookie_value (line 520) ... FAILED
[INFO] [stdout] test src/session.rs - session::Session::data_changed (line 453) ... FAILED
[INFO] [stdout] test src/session.rs - session::Session::regenerate (line 307) ... FAILED
[INFO] [stdout] test src/session.rs - session::Session::new (line 102) ... FAILED
[INFO] [stdout] test src/session.rs - session::Session::id_from_cookie_value (line 130) ... FAILED
[INFO] [stdout] test src/session.rs - session::Session::get (line 240) ... ok
[INFO] [stdout] test src/session.rs - session::Session::reset_data_changed (line 477) ... FAILED
[INFO] [stdout] test src/session.rs - session::Session::get_raw (line 257) ... ok
[INFO] [stdout] test src/session.rs - session::Session::set_cookie_value (line 332) ... FAILED
[INFO] [stdout] test src/session.rs - session::Session::validate (line 427) ... FAILED
[INFO] [stdout] test src/session.rs - session::Session (line 28) ... FAILED
[INFO] [stdout] test src/session.rs - session::Session::expiry (line 349) ... ok
[INFO] [stdout] test src/session.rs - session::Session::len (line 291) ... ok
[INFO] [stdout] test src/memory_store.rs - memory_store::MemoryStore::count (line 90) ... ok
[INFO] [stdout] test src/session.rs - session::Session::remove (line 272) ... ok
[INFO] [stdout] test src/session.rs - session::Session::expires_in (line 499) ... ok
[INFO] [stdout] test src/session.rs - session::Session::id (line 183) ... ok
[INFO] [stdout] test src/session.rs - session::Session::destroy (line 150) ... ok
[INFO] [stdout] test src/session.rs - session::Session::is_destroyed (line 166) ... ok
[INFO] [stdout] test src/lib.rs - (line 10) ... ok
[INFO] [stdout] test src/session.rs - session::Session::expire_in (line 383) ... ok
[INFO] [stdout] test src/session.rs - session::Session::set_expiry (line 366) ... ok
[INFO] [stdout] test src/session.rs - session::Session::is_expired (line 402) ... ok
[INFO] [stdout] 
[INFO] [stdout] failures:
[INFO] [stdout] 
[INFO] [stdout] ---- src/session.rs - session::Session::into_cookie_value (line 520) stdout ----
[INFO] [stdout] error: linking with `cc` failed: exit status: 1
[INFO] [stdout]   |
[INFO] [stdout]   = note: LC_ALL="C" PATH="/opt/rustwide/rustup-home/toolchains/beta-2024-12-08-x86_64-unknown-linux-gnu/lib/rustlib/x86_64-unknown-linux-gnu/bin:/opt/rustwide/cargo-home/bin:/usr/local/sbin:/usr/local/bin:/usr/sbin:/usr/bin:/sbin:/bin" VSLANG="1033" "cc" "-m64" "/tmp/rustcmnFqno/symbols.o" "/tmp/rustdoctestJbkcpH/rust_out.rust_out.9242fac72db2cd11-cgu.0.rcgu.o" "/tmp/rustdoctestJbkcpH/rust_out.2hl2tb9xdtge7mguxzn2q1kvi.rcgu.o" "-Wl,--as-needed" "-Wl,-Bstatic" "/opt/rustwide/target/debug/deps/libasync_std-f7b326ebb8789830.rlib" "/opt/rustwide/target/debug/deps/libasync_global_executor-95c70267cd1f10bf.rlib" "/opt/rustwide/target/debug/deps/libblocking-9507b7e339b41839.rlib" "/opt/rustwide/target/debug/deps/libpiper-c3cc957ff8aa90c1.rlib" "/opt/rustwide/target/debug/deps/libatomic_waker-6cd29d6269b9677d.rlib" "/opt/rustwide/target/debug/deps/libasync_channel-be9ceeb66a6487bc.rlib" "/opt/rustwide/target/debug/deps/libasync_executor-479a5d6d27b544fd.rlib" "/opt/rustwide/target/debug/deps/libasync_task-31a78d450c373624.rlib" "/opt/rustwide/target/debug/deps/libonce_cell-0a05695a483fa658.rlib" "/opt/rustwide/target/debug/deps/libasync_io-593428cf56ba9aae.rlib" "/opt/rustwide/target/debug/deps/libslab-1467acbaaf6df1c2.rlib" "/opt/rustwide/target/debug/deps/libpolling-c3cb2c05afd78e0e.rlib" "/opt/rustwide/target/debug/deps/libtracing-3b40298be3b56d58.rlib" "/opt/rustwide/target/debug/deps/libtracing_core-5cef29913e713fec.rlib" "/opt/rustwide/target/debug/deps/librustix-5c0e449ad80578b7.rlib" "/opt/rustwide/target/debug/deps/libbitflags-e303ea873600dc51.rlib" "/opt/rustwide/target/debug/deps/liblinux_raw_sys-af28905e61ad43ed.rlib" "/opt/rustwide/target/debug/deps/libfutures_lite-4a71dcdb78d02eb4.rlib" "/opt/rustwide/target/debug/deps/libfastrand-97c3159d7ee7d95b.rlib" "/opt/rustwide/target/debug/deps/libfutures_io-21bfb1226bcc61eb.rlib" "/opt/rustwide/target/debug/deps/libasync_channel-98bdfd34b45db17a.rlib" "/opt/rustwide/target/debug/deps/libconcurrent_queue-f8d777aa8d77c59d.rlib" "/opt/rustwide/target/debug/deps/libcrossbeam_utils-0d72a2b2b371b2bb.rlib" "/opt/rustwide/target/debug/deps/libasync_lock-bcf38bbdfabaff54.rlib" "/opt/rustwide/target/debug/deps/libevent_listener_strategy-09e2a1e06d821079.rlib" "/opt/rustwide/target/debug/deps/libevent_listener-9f01ea9faf839b56.rlib" "/opt/rustwide/target/debug/deps/libparking-d55d0bf803eccf7e.rlib" "/opt/rustwide/target/debug/deps/libpin_project_lite-7402bb5815a515fa.rlib" "/opt/rustwide/target/debug/deps/libfutures_core-155b59cd655dda41.rlib" "/opt/rustwide/target/debug/deps/libkv_log_macro-f598e9abdde8418a.rlib" "/opt/rustwide/target/debug/deps/libasync_session-788afd1f2deffc6d.rlib" "/opt/rustwide/target/debug/deps/libbincode-f8988b7cf9e039a7.rlib" "/opt/rustwide/target/debug/deps/libsha2-ae3acffce84e2ef0.rlib" "/opt/rustwide/target/debug/deps/libcpufeatures-13f0d802b744a919.rlib" "/opt/rustwide/target/debug/deps/libopaque_debug-c90d164c19f6e835.rlib" "/opt/rustwide/target/debug/deps/libblock_buffer-2cb434d3f63394c1.rlib" "/opt/rustwide/target/debug/deps/libserde_json-73acd63c3d6ce3d7.rlib" "/opt/rustwide/target/debug/deps/libmemchr-412d53cbfea52259.rlib" "/opt/rustwide/target/debug/deps/libitoa-87633a66effadcdd.rlib" "/opt/rustwide/target/debug/deps/libryu-6e02dac7c3b6be75.rlib" "/opt/rustwide/target/debug/deps/liblog-20d7c893cfb6cee4.rlib" "/opt/rustwide/target/debug/deps/libvalue_bag-9766a5720850a253.rlib" "/opt/rustwide/target/debug/deps/libhmac-149e561f7319c9ea.rlib" "/opt/rustwide/target/debug/deps/libcrypto_mac-066e2d19cce14a5f.rlib" "/opt/rustwide/target/debug/deps/libblake3-a6def863334d9112.rlib" "/opt/rustwide/target/debug/deps/libconstant_time_eq-ad62baf7b795d7e9.rlib" "/opt/rustwide/target/debug/deps/libcfg_if-66a9116f556de7cb.rlib" "/opt/rustwide/target/debug/deps/libarrayvec-a4b14eddff996ae9.rlib" "/opt/rustwide/target/debug/deps/libdigest-b9edba3ca9fdea29.rlib" "/opt/rustwide/target/debug/deps/libcrypto_mac-a8263ae70923e683.rlib" "/opt/rustwide/target/debug/deps/libsubtle-7a0923624edc433d.rlib" "/opt/rustwide/target/debug/deps/libgeneric_array-1232896da930c2c2.rlib" "/opt/rustwide/target/debug/deps/libtypenum-b40ba058056b0bf8.rlib" "/opt/rustwide/target/debug/deps/libarrayref-12272975890ee977.rlib" "/opt/rustwide/target/debug/deps/libbase64-fca76a9e376e88b4.rlib" "/opt/rustwide/target/debug/deps/librand-9f59dceb33d34c09.rlib" "/opt/rustwide/target/debug/deps/librand_chacha-14a3693aa7709d91.rlib" "/opt/rustwide/target/debug/deps/libppv_lite86-1727f4bf8fca2853.rlib" "/opt/rustwide/target/debug/deps/libzerocopy-b0c7dc5c464a14c0.rlib" "/opt/rustwide/target/debug/deps/libbyteorder-1330d4a483bc0841.rlib" "/opt/rustwide/target/debug/deps/librand_core-a3baf49d196d5c8c.rlib" "/opt/rustwide/target/debug/deps/libgetrandom-0a6cb97dd26f99dc.rlib" "/opt/rustwide/target/debug/deps/liblibc-e0480a2464fed25f.rlib" "/opt/rustwide/target/debug/deps/libcfg_if-a3e7e701fcd1f47b.rlib" "/opt/rustwide/target/debug/deps/libchrono-7cdadeadf875ec6f.rlib" "/opt/rustwide/target/debug/deps/libnum_traits-979fb6df5b693003.rlib" "/opt/rustwide/target/debug/deps/libiana_time_zone-aa61143ae82ec891.rlib" "/opt/rustwide/target/debug/deps/libserde-8cd4f7a8b918c712.rlib" "/opt/rustwide/target/debug/deps/libasync_lock-5f1cc440a90cedfc.rlib" "/opt/rustwide/target/debug/deps/libevent_listener-76e2a18e8ad83b9d.rlib" "/opt/rustwide/target/debug/deps/libanyhow-b6ac5cb3191c5e3f.rlib" "/opt/rustwide/rustup-home/toolchains/beta-2024-12-08-x86_64-unknown-linux-gnu/lib/rustlib/x86_64-unknown-linux-gnu/lib/libstd-02dc84f49135b6b8.rlib" "/opt/rustwide/rustup-home/toolchains/beta-2024-12-08-x86_64-unknown-linux-gnu/lib/rustlib/x86_64-unknown-linux-gnu/lib/libpanic_unwind-a8f45b397fae3f81.rlib" "/opt/rustwide/rustup-home/toolchains/beta-2024-12-08-x86_64-unknown-linux-gnu/lib/rustlib/x86_64-unknown-linux-gnu/lib/libobject-089607133c180609.rlib" "/opt/rustwide/rustup-home/toolchains/beta-2024-12-08-x86_64-unknown-linux-gnu/lib/rustlib/x86_64-unknown-linux-gnu/lib/libmemchr-fc89f091bcd86cbb.rlib" "/opt/rustwide/rustup-home/toolchains/beta-2024-12-08-x86_64-unknown-linux-gnu/lib/rustlib/x86_64-unknown-linux-gnu/lib/libaddr2line-5a60949f01c7340c.rlib" "/opt/rustwide/rustup-home/toolchains/beta-2024-12-08-x86_64-unknown-linux-gnu/lib/rustlib/x86_64-unknown-linux-gnu/lib/libgimli-d29e6a55ca253c8c.rlib" "/opt/rustwide/rustup-home/toolchains/beta-2024-12-08-x86_64-unknown-linux-gnu/lib/rustlib/x86_64-unknown-linux-gnu/lib/librustc_demangle-273c078d5f65de7a.rlib" "/opt/rustwide/rustup-home/toolchains/beta-2024-12-08-x86_64-unknown-linux-gnu/lib/rustlib/x86_64-unknown-linux-gnu/lib/libstd_detect-413c950ffbdd4454.rlib" "/opt/rustwide/rustup-home/toolchains/beta-2024-12-08-x86_64-unknown-linux-gnu/lib/rustlib/x86_64-unknown-linux-gnu/lib/libhashbrown-1853c0976a1d88a6.rlib" "/opt/rustwide/rustup-home/toolchains/beta-2024-12-08-x86_64-unknown-linux-gnu/lib/rustlib/x86_64-unknown-linux-gnu/lib/librustc_std_workspace_alloc-ccb3384ddacb0f9e.rlib" "/opt/rustwide/rustup-home/toolchains/beta-2024-12-08-x86_64-unknown-linux-gnu/lib/rustlib/x86_64-unknown-linux-gnu/lib/libminiz_oxide-0b901dfb0ca849e0.rlib" "/opt/rustwide/rustup-home/toolchains/beta-2024-12-08-x86_64-unknown-linux-gnu/lib/rustlib/x86_64-unknown-linux-gnu/lib/libadler-eebeb8d7c64543ad.rlib" "/opt/rustwide/rustup-home/toolchains/beta-2024-12-08-x86_64-unknown-linux-gnu/lib/rustlib/x86_64-unknown-linux-gnu/lib/libunwind-4723ef81d6079867.rlib" "/opt/rustwide/rustup-home/toolchains/beta-2024-12-08-x86_64-unknown-linux-gnu/lib/rustlib/x86_64-unknown-linux-gnu/lib/libcfg_if-54442f8b422f5a54.rlib" "/opt/rustwide/rustup-home/toolchains/beta-2024-12-08-x86_64-unknown-linux-gnu/lib/rustlib/x86_64-unknown-linux-gnu/lib/liblibc-e0bbe034b5282553.rlib" "/opt/rustwide/rustup-home/toolchains/beta-2024-12-08-x86_64-unknown-linux-gnu/lib/rustlib/x86_64-unknown-linux-gnu/lib/liballoc-d0febb68c1c37b90.rlib" "/opt/rustwide/rustup-home/toolchains/beta-2024-12-08-x86_64-unknown-linux-gnu/lib/rustlib/x86_64-unknown-linux-gnu/lib/librustc_std_workspace_core-4cf833632aafa84c.rlib" "/opt/rustwide/rustup-home/toolchains/beta-2024-12-08-x86_64-unknown-linux-gnu/lib/rustlib/x86_64-unknown-linux-gnu/lib/libcore-65c2c6d2d6ae570b.rlib" "/opt/rustwide/rustup-home/toolchains/beta-2024-12-08-x86_64-unknown-linux-gnu/lib/rustlib/x86_64-unknown-linux-gnu/lib/libcompiler_builtins-97929cee0dcfe424.rlib" "-Wl,-Bdynamic" "-lgcc_s" "-lutil" "-lrt" "-lpthread" "-lm" "-ldl" "-lc" "-Wl,--eh-frame-hdr" "-Wl,-z,noexecstack" "-L" "/opt/rustwide/target/debug/build/blake3-58a01b96c0678074/out" "-L" "/opt/rustwide/rustup-home/toolchains/beta-2024-12-08-x86_64-unknown-linux-gnu/lib/rustlib/x86_64-unknown-linux-gnu/lib" "-o" "/tmp/rustdoctestJbkcpH/rust_out" "-Wl,--gc-sections" "-pie" "-Wl,-z,relro,-z,now" "-nodefaultlibs"
[INFO] [stdout]   = note: collect2: fatal error: ld terminated with signal 9 [Killed]
[INFO] [stdout]           compilation terminated.
[INFO] [stdout]           
[INFO] [stdout] 
[INFO] [stdout] error: aborting due to 1 previous error
[INFO] [stdout] 
[INFO] [stdout] Couldn't compile the test.
[INFO] [stdout] ---- src/session.rs - session::Session::data_changed (line 453) stdout ----
[INFO] [stdout] error: linking with `cc` failed: exit status: 1
[INFO] [stdout]   |
[INFO] [stdout]   = note: LC_ALL="C" PATH="/opt/rustwide/rustup-home/toolchains/beta-2024-12-08-x86_64-unknown-linux-gnu/lib/rustlib/x86_64-unknown-linux-gnu/bin:/opt/rustwide/cargo-home/bin:/usr/local/sbin:/usr/local/bin:/usr/sbin:/usr/bin:/sbin:/bin" VSLANG="1033" "cc" "-m64" "/tmp/rustcHABUEO/symbols.o" "/tmp/rustdoctestp9u7J4/rust_out.rust_out.9242fac72db2cd11-cgu.0.rcgu.o" "/tmp/rustdoctestp9u7J4/rust_out.2hl2tb9xdtge7mguxzn2q1kvi.rcgu.o" "-Wl,--as-needed" "-Wl,-Bstatic" "/opt/rustwide/target/debug/deps/libasync_std-f7b326ebb8789830.rlib" "/opt/rustwide/target/debug/deps/libasync_global_executor-95c70267cd1f10bf.rlib" "/opt/rustwide/target/debug/deps/libblocking-9507b7e339b41839.rlib" "/opt/rustwide/target/debug/deps/libpiper-c3cc957ff8aa90c1.rlib" "/opt/rustwide/target/debug/deps/libatomic_waker-6cd29d6269b9677d.rlib" "/opt/rustwide/target/debug/deps/libasync_channel-be9ceeb66a6487bc.rlib" "/opt/rustwide/target/debug/deps/libasync_executor-479a5d6d27b544fd.rlib" "/opt/rustwide/target/debug/deps/libasync_task-31a78d450c373624.rlib" "/opt/rustwide/target/debug/deps/libonce_cell-0a05695a483fa658.rlib" "/opt/rustwide/target/debug/deps/libasync_io-593428cf56ba9aae.rlib" "/opt/rustwide/target/debug/deps/libslab-1467acbaaf6df1c2.rlib" "/opt/rustwide/target/debug/deps/libpolling-c3cb2c05afd78e0e.rlib" "/opt/rustwide/target/debug/deps/libtracing-3b40298be3b56d58.rlib" "/opt/rustwide/target/debug/deps/libtracing_core-5cef29913e713fec.rlib" "/opt/rustwide/target/debug/deps/librustix-5c0e449ad80578b7.rlib" "/opt/rustwide/target/debug/deps/libbitflags-e303ea873600dc51.rlib" "/opt/rustwide/target/debug/deps/liblinux_raw_sys-af28905e61ad43ed.rlib" "/opt/rustwide/target/debug/deps/libfutures_lite-4a71dcdb78d02eb4.rlib" "/opt/rustwide/target/debug/deps/libfastrand-97c3159d7ee7d95b.rlib" "/opt/rustwide/target/debug/deps/libfutures_io-21bfb1226bcc61eb.rlib" "/opt/rustwide/target/debug/deps/libasync_channel-98bdfd34b45db17a.rlib" "/opt/rustwide/target/debug/deps/libconcurrent_queue-f8d777aa8d77c59d.rlib" "/opt/rustwide/target/debug/deps/libcrossbeam_utils-0d72a2b2b371b2bb.rlib" "/opt/rustwide/target/debug/deps/libasync_lock-bcf38bbdfabaff54.rlib" "/opt/rustwide/target/debug/deps/libevent_listener_strategy-09e2a1e06d821079.rlib" "/opt/rustwide/target/debug/deps/libevent_listener-9f01ea9faf839b56.rlib" "/opt/rustwide/target/debug/deps/libparking-d55d0bf803eccf7e.rlib" "/opt/rustwide/target/debug/deps/libpin_project_lite-7402bb5815a515fa.rlib" "/opt/rustwide/target/debug/deps/libfutures_core-155b59cd655dda41.rlib" "/opt/rustwide/target/debug/deps/libkv_log_macro-f598e9abdde8418a.rlib" "/opt/rustwide/target/debug/deps/libasync_session-788afd1f2deffc6d.rlib" "/opt/rustwide/target/debug/deps/libbincode-f8988b7cf9e039a7.rlib" "/opt/rustwide/target/debug/deps/libsha2-ae3acffce84e2ef0.rlib" "/opt/rustwide/target/debug/deps/libcpufeatures-13f0d802b744a919.rlib" "/opt/rustwide/target/debug/deps/libopaque_debug-c90d164c19f6e835.rlib" "/opt/rustwide/target/debug/deps/libblock_buffer-2cb434d3f63394c1.rlib" "/opt/rustwide/target/debug/deps/libserde_json-73acd63c3d6ce3d7.rlib" "/opt/rustwide/target/debug/deps/libmemchr-412d53cbfea52259.rlib" "/opt/rustwide/target/debug/deps/libitoa-87633a66effadcdd.rlib" "/opt/rustwide/target/debug/deps/libryu-6e02dac7c3b6be75.rlib" "/opt/rustwide/target/debug/deps/liblog-20d7c893cfb6cee4.rlib" "/opt/rustwide/target/debug/deps/libvalue_bag-9766a5720850a253.rlib" "/opt/rustwide/target/debug/deps/libhmac-149e561f7319c9ea.rlib" "/opt/rustwide/target/debug/deps/libcrypto_mac-066e2d19cce14a5f.rlib" "/opt/rustwide/target/debug/deps/libblake3-a6def863334d9112.rlib" "/opt/rustwide/target/debug/deps/libconstant_time_eq-ad62baf7b795d7e9.rlib" "/opt/rustwide/target/debug/deps/libcfg_if-66a9116f556de7cb.rlib" "/opt/rustwide/target/debug/deps/libarrayvec-a4b14eddff996ae9.rlib" "/opt/rustwide/target/debug/deps/libdigest-b9edba3ca9fdea29.rlib" "/opt/rustwide/target/debug/deps/libcrypto_mac-a8263ae70923e683.rlib" "/opt/rustwide/target/debug/deps/libsubtle-7a0923624edc433d.rlib" "/opt/rustwide/target/debug/deps/libgeneric_array-1232896da930c2c2.rlib" "/opt/rustwide/target/debug/deps/libtypenum-b40ba058056b0bf8.rlib" "/opt/rustwide/target/debug/deps/libarrayref-12272975890ee977.rlib" "/opt/rustwide/target/debug/deps/libbase64-fca76a9e376e88b4.rlib" "/opt/rustwide/target/debug/deps/librand-9f59dceb33d34c09.rlib" "/opt/rustwide/target/debug/deps/librand_chacha-14a3693aa7709d91.rlib" "/opt/rustwide/target/debug/deps/libppv_lite86-1727f4bf8fca2853.rlib" "/opt/rustwide/target/debug/deps/libzerocopy-b0c7dc5c464a14c0.rlib" "/opt/rustwide/target/debug/deps/libbyteorder-1330d4a483bc0841.rlib" "/opt/rustwide/target/debug/deps/librand_core-a3baf49d196d5c8c.rlib" "/opt/rustwide/target/debug/deps/libgetrandom-0a6cb97dd26f99dc.rlib" "/opt/rustwide/target/debug/deps/liblibc-e0480a2464fed25f.rlib" "/opt/rustwide/target/debug/deps/libcfg_if-a3e7e701fcd1f47b.rlib" "/opt/rustwide/target/debug/deps/libchrono-7cdadeadf875ec6f.rlib" "/opt/rustwide/target/debug/deps/libnum_traits-979fb6df5b693003.rlib" "/opt/rustwide/target/debug/deps/libiana_time_zone-aa61143ae82ec891.rlib" "/opt/rustwide/target/debug/deps/libserde-8cd4f7a8b918c712.rlib" "/opt/rustwide/target/debug/deps/libasync_lock-5f1cc440a90cedfc.rlib" "/opt/rustwide/target/debug/deps/libevent_listener-76e2a18e8ad83b9d.rlib" "/opt/rustwide/target/debug/deps/libanyhow-b6ac5cb3191c5e3f.rlib" "/opt/rustwide/rustup-home/toolchains/beta-2024-12-08-x86_64-unknown-linux-gnu/lib/rustlib/x86_64-unknown-linux-gnu/lib/libstd-02dc84f49135b6b8.rlib" "/opt/rustwide/rustup-home/toolchains/beta-2024-12-08-x86_64-unknown-linux-gnu/lib/rustlib/x86_64-unknown-linux-gnu/lib/libpanic_unwind-a8f45b397fae3f81.rlib" "/opt/rustwide/rustup-home/toolchains/beta-2024-12-08-x86_64-unknown-linux-gnu/lib/rustlib/x86_64-unknown-linux-gnu/lib/libobject-089607133c180609.rlib" "/opt/rustwide/rustup-home/toolchains/beta-2024-12-08-x86_64-unknown-linux-gnu/lib/rustlib/x86_64-unknown-linux-gnu/lib/libmemchr-fc89f091bcd86cbb.rlib" "/opt/rustwide/rustup-home/toolchains/beta-2024-12-08-x86_64-unknown-linux-gnu/lib/rustlib/x86_64-unknown-linux-gnu/lib/libaddr2line-5a60949f01c7340c.rlib" "/opt/rustwide/rustup-home/toolchains/beta-2024-12-08-x86_64-unknown-linux-gnu/lib/rustlib/x86_64-unknown-linux-gnu/lib/libgimli-d29e6a55ca253c8c.rlib" "/opt/rustwide/rustup-home/toolchains/beta-2024-12-08-x86_64-unknown-linux-gnu/lib/rustlib/x86_64-unknown-linux-gnu/lib/librustc_demangle-273c078d5f65de7a.rlib" "/opt/rustwide/rustup-home/toolchains/beta-2024-12-08-x86_64-unknown-linux-gnu/lib/rustlib/x86_64-unknown-linux-gnu/lib/libstd_detect-413c950ffbdd4454.rlib" "/opt/rustwide/rustup-home/toolchains/beta-2024-12-08-x86_64-unknown-linux-gnu/lib/rustlib/x86_64-unknown-linux-gnu/lib/libhashbrown-1853c0976a1d88a6.rlib" "/opt/rustwide/rustup-home/toolchains/beta-2024-12-08-x86_64-unknown-linux-gnu/lib/rustlib/x86_64-unknown-linux-gnu/lib/librustc_std_workspace_alloc-ccb3384ddacb0f9e.rlib" "/opt/rustwide/rustup-home/toolchains/beta-2024-12-08-x86_64-unknown-linux-gnu/lib/rustlib/x86_64-unknown-linux-gnu/lib/libminiz_oxide-0b901dfb0ca849e0.rlib" "/opt/rustwide/rustup-home/toolchains/beta-2024-12-08-x86_64-unknown-linux-gnu/lib/rustlib/x86_64-unknown-linux-gnu/lib/libadler-eebeb8d7c64543ad.rlib" "/opt/rustwide/rustup-home/toolchains/beta-2024-12-08-x86_64-unknown-linux-gnu/lib/rustlib/x86_64-unknown-linux-gnu/lib/libunwind-4723ef81d6079867.rlib" "/opt/rustwide/rustup-home/toolchains/beta-2024-12-08-x86_64-unknown-linux-gnu/lib/rustlib/x86_64-unknown-linux-gnu/lib/libcfg_if-54442f8b422f5a54.rlib" "/opt/rustwide/rustup-home/toolchains/beta-2024-12-08-x86_64-unknown-linux-gnu/lib/rustlib/x86_64-unknown-linux-gnu/lib/liblibc-e0bbe034b5282553.rlib" "/opt/rustwide/rustup-home/toolchains/beta-2024-12-08-x86_64-unknown-linux-gnu/lib/rustlib/x86_64-unknown-linux-gnu/lib/liballoc-d0febb68c1c37b90.rlib" "/opt/rustwide/rustup-home/toolchains/beta-2024-12-08-x86_64-unknown-linux-gnu/lib/rustlib/x86_64-unknown-linux-gnu/lib/librustc_std_workspace_core-4cf833632aafa84c.rlib" "/opt/rustwide/rustup-home/toolchains/beta-2024-12-08-x86_64-unknown-linux-gnu/lib/rustlib/x86_64-unknown-linux-gnu/lib/libcore-65c2c6d2d6ae570b.rlib" "/opt/rustwide/rustup-home/toolchains/beta-2024-12-08-x86_64-unknown-linux-gnu/lib/rustlib/x86_64-unknown-linux-gnu/lib/libcompiler_builtins-97929cee0dcfe424.rlib" "-Wl,-Bdynamic" "-lgcc_s" "-lutil" "-lrt" "-lpthread" "-lm" "-ldl" "-lc" "-Wl,--eh-frame-hdr" "-Wl,-z,noexecstack" "-L" "/opt/rustwide/target/debug/build/blake3-58a01b96c0678074/out" "-L" "/opt/rustwide/rustup-home/toolchains/beta-2024-12-08-x86_64-unknown-linux-gnu/lib/rustlib/x86_64-unknown-linux-gnu/lib" "-o" "/tmp/rustdoctestp9u7J4/rust_out" "-Wl,--gc-sections" "-pie" "-Wl,-z,relro,-z,now" "-nodefaultlibs"
[INFO] [stdout]   = note: collect2: fatal error: ld terminated with signal 9 [Killed]
[INFO] [stdout]           compilation terminated.
[INFO] [stdout]           
[INFO] [stdout] 
[INFO] [stdout] error: aborting due to 1 previous error
[INFO] [stdout] 
[INFO] [stdout] Couldn't compile the test.
[INFO] [stdout] ---- src/session.rs - session::Session::regenerate (line 307) stdout ----
[INFO] [stdout] Couldn't compile the test.
[INFO] [stdout] ---- src/session.rs - session::Session::new (line 102) stdout ----
[INFO] [stdout] Couldn't compile the test.
[INFO] [stdout] ---- src/session.rs - session::Session::id_from_cookie_value (line 130) stdout ----
[INFO] [stdout] error: linking with `cc` failed: exit status: 1
[INFO] [stdout]   |
[INFO] [stdout]   = note: LC_ALL="C" PATH="/opt/rustwide/rustup-home/toolchains/beta-2024-12-08-x86_64-unknown-linux-gnu/lib/rustlib/x86_64-unknown-linux-gnu/bin:/opt/rustwide/cargo-home/bin:/usr/local/sbin:/usr/local/bin:/usr/sbin:/usr/bin:/sbin:/bin" VSLANG="1033" "cc" "-m64" "/tmp/rustctCXyy5/symbols.o" "/tmp/rustdoctestZpcqr3/rust_out.rust_out.9242fac72db2cd11-cgu.0.rcgu.o" "/tmp/rustdoctestZpcqr3/rust_out.2hl2tb9xdtge7mguxzn2q1kvi.rcgu.o" "-Wl,--as-needed" "-Wl,-Bstatic" "/opt/rustwide/target/debug/deps/libasync_std-f7b326ebb8789830.rlib" "/opt/rustwide/target/debug/deps/libasync_global_executor-95c70267cd1f10bf.rlib" "/opt/rustwide/target/debug/deps/libblocking-9507b7e339b41839.rlib" "/opt/rustwide/target/debug/deps/libpiper-c3cc957ff8aa90c1.rlib" "/opt/rustwide/target/debug/deps/libatomic_waker-6cd29d6269b9677d.rlib" "/opt/rustwide/target/debug/deps/libasync_channel-be9ceeb66a6487bc.rlib" "/opt/rustwide/target/debug/deps/libasync_executor-479a5d6d27b544fd.rlib" "/opt/rustwide/target/debug/deps/libasync_task-31a78d450c373624.rlib" "/opt/rustwide/target/debug/deps/libonce_cell-0a05695a483fa658.rlib" "/opt/rustwide/target/debug/deps/libasync_io-593428cf56ba9aae.rlib" "/opt/rustwide/target/debug/deps/libslab-1467acbaaf6df1c2.rlib" "/opt/rustwide/target/debug/deps/libpolling-c3cb2c05afd78e0e.rlib" "/opt/rustwide/target/debug/deps/libtracing-3b40298be3b56d58.rlib" "/opt/rustwide/target/debug/deps/libtracing_core-5cef29913e713fec.rlib" "/opt/rustwide/target/debug/deps/librustix-5c0e449ad80578b7.rlib" "/opt/rustwide/target/debug/deps/libbitflags-e303ea873600dc51.rlib" "/opt/rustwide/target/debug/deps/liblinux_raw_sys-af28905e61ad43ed.rlib" "/opt/rustwide/target/debug/deps/libfutures_lite-4a71dcdb78d02eb4.rlib" "/opt/rustwide/target/debug/deps/libfastrand-97c3159d7ee7d95b.rlib" "/opt/rustwide/target/debug/deps/libfutures_io-21bfb1226bcc61eb.rlib" "/opt/rustwide/target/debug/deps/libasync_channel-98bdfd34b45db17a.rlib" "/opt/rustwide/target/debug/deps/libconcurrent_queue-f8d777aa8d77c59d.rlib" "/opt/rustwide/target/debug/deps/libcrossbeam_utils-0d72a2b2b371b2bb.rlib" "/opt/rustwide/target/debug/deps/libasync_lock-bcf38bbdfabaff54.rlib" "/opt/rustwide/target/debug/deps/libevent_listener_strategy-09e2a1e06d821079.rlib" "/opt/rustwide/target/debug/deps/libevent_listener-9f01ea9faf839b56.rlib" "/opt/rustwide/target/debug/deps/libparking-d55d0bf803eccf7e.rlib" "/opt/rustwide/target/debug/deps/libpin_project_lite-7402bb5815a515fa.rlib" "/opt/rustwide/target/debug/deps/libfutures_core-155b59cd655dda41.rlib" "/opt/rustwide/target/debug/deps/libkv_log_macro-f598e9abdde8418a.rlib" "/opt/rustwide/target/debug/deps/libasync_session-788afd1f2deffc6d.rlib" "/opt/rustwide/target/debug/deps/libbincode-f8988b7cf9e039a7.rlib" "/opt/rustwide/target/debug/deps/libsha2-ae3acffce84e2ef0.rlib" "/opt/rustwide/target/debug/deps/libcpufeatures-13f0d802b744a919.rlib" "/opt/rustwide/target/debug/deps/libopaque_debug-c90d164c19f6e835.rlib" "/opt/rustwide/target/debug/deps/libblock_buffer-2cb434d3f63394c1.rlib" "/opt/rustwide/target/debug/deps/libserde_json-73acd63c3d6ce3d7.rlib" "/opt/rustwide/target/debug/deps/libmemchr-412d53cbfea52259.rlib" "/opt/rustwide/target/debug/deps/libitoa-87633a66effadcdd.rlib" "/opt/rustwide/target/debug/deps/libryu-6e02dac7c3b6be75.rlib" "/opt/rustwide/target/debug/deps/liblog-20d7c893cfb6cee4.rlib" "/opt/rustwide/target/debug/deps/libvalue_bag-9766a5720850a253.rlib" "/opt/rustwide/target/debug/deps/libhmac-149e561f7319c9ea.rlib" "/opt/rustwide/target/debug/deps/libcrypto_mac-066e2d19cce14a5f.rlib" "/opt/rustwide/target/debug/deps/libblake3-a6def863334d9112.rlib" "/opt/rustwide/target/debug/deps/libconstant_time_eq-ad62baf7b795d7e9.rlib" "/opt/rustwide/target/debug/deps/libcfg_if-66a9116f556de7cb.rlib" "/opt/rustwide/target/debug/deps/libarrayvec-a4b14eddff996ae9.rlib" "/opt/rustwide/target/debug/deps/libdigest-b9edba3ca9fdea29.rlib" "/opt/rustwide/target/debug/deps/libcrypto_mac-a8263ae70923e683.rlib" "/opt/rustwide/target/debug/deps/libsubtle-7a0923624edc433d.rlib" "/opt/rustwide/target/debug/deps/libgeneric_array-1232896da930c2c2.rlib" "/opt/rustwide/target/debug/deps/libtypenum-b40ba058056b0bf8.rlib" "/opt/rustwide/target/debug/deps/libarrayref-12272975890ee977.rlib" "/opt/rustwide/target/debug/deps/libbase64-fca76a9e376e88b4.rlib" "/opt/rustwide/target/debug/deps/librand-9f59dceb33d34c09.rlib" "/opt/rustwide/target/debug/deps/librand_chacha-14a3693aa7709d91.rlib" "/opt/rustwide/target/debug/deps/libppv_lite86-1727f4bf8fca2853.rlib" "/opt/rustwide/target/debug/deps/libzerocopy-b0c7dc5c464a14c0.rlib" "/opt/rustwide/target/debug/deps/libbyteorder-1330d4a483bc0841.rlib" "/opt/rustwide/target/debug/deps/librand_core-a3baf49d196d5c8c.rlib" "/opt/rustwide/target/debug/deps/libgetrandom-0a6cb97dd26f99dc.rlib" "/opt/rustwide/target/debug/deps/liblibc-e0480a2464fed25f.rlib" "/opt/rustwide/target/debug/deps/libcfg_if-a3e7e701fcd1f47b.rlib" "/opt/rustwide/target/debug/deps/libchrono-7cdadeadf875ec6f.rlib" "/opt/rustwide/target/debug/deps/libnum_traits-979fb6df5b693003.rlib" "/opt/rustwide/target/debug/deps/libiana_time_zone-aa61143ae82ec891.rlib" "/opt/rustwide/target/debug/deps/libserde-8cd4f7a8b918c712.rlib" "/opt/rustwide/target/debug/deps/libasync_lock-5f1cc440a90cedfc.rlib" "/opt/rustwide/target/debug/deps/libevent_listener-76e2a18e8ad83b9d.rlib" "/opt/rustwide/target/debug/deps/libanyhow-b6ac5cb3191c5e3f.rlib" "/opt/rustwide/rustup-home/toolchains/beta-2024-12-08-x86_64-unknown-linux-gnu/lib/rustlib/x86_64-unknown-linux-gnu/lib/libstd-02dc84f49135b6b8.rlib" "/opt/rustwide/rustup-home/toolchains/beta-2024-12-08-x86_64-unknown-linux-gnu/lib/rustlib/x86_64-unknown-linux-gnu/lib/libpanic_unwind-a8f45b397fae3f81.rlib" "/opt/rustwide/rustup-home/toolchains/beta-2024-12-08-x86_64-unknown-linux-gnu/lib/rustlib/x86_64-unknown-linux-gnu/lib/libobject-089607133c180609.rlib" "/opt/rustwide/rustup-home/toolchains/beta-2024-12-08-x86_64-unknown-linux-gnu/lib/rustlib/x86_64-unknown-linux-gnu/lib/libmemchr-fc89f091bcd86cbb.rlib" "/opt/rustwide/rustup-home/toolchains/beta-2024-12-08-x86_64-unknown-linux-gnu/lib/rustlib/x86_64-unknown-linux-gnu/lib/libaddr2line-5a60949f01c7340c.rlib" "/opt/rustwide/rustup-home/toolchains/beta-2024-12-08-x86_64-unknown-linux-gnu/lib/rustlib/x86_64-unknown-linux-gnu/lib/libgimli-d29e6a55ca253c8c.rlib" "/opt/rustwide/rustup-home/toolchains/beta-2024-12-08-x86_64-unknown-linux-gnu/lib/rustlib/x86_64-unknown-linux-gnu/lib/librustc_demangle-273c078d5f65de7a.rlib" "/opt/rustwide/rustup-home/toolchains/beta-2024-12-08-x86_64-unknown-linux-gnu/lib/rustlib/x86_64-unknown-linux-gnu/lib/libstd_detect-413c950ffbdd4454.rlib" "/opt/rustwide/rustup-home/toolchains/beta-2024-12-08-x86_64-unknown-linux-gnu/lib/rustlib/x86_64-unknown-linux-gnu/lib/libhashbrown-1853c0976a1d88a6.rlib" "/opt/rustwide/rustup-home/toolchains/beta-2024-12-08-x86_64-unknown-linux-gnu/lib/rustlib/x86_64-unknown-linux-gnu/lib/librustc_std_workspace_alloc-ccb3384ddacb0f9e.rlib" "/opt/rustwide/rustup-home/toolchains/beta-2024-12-08-x86_64-unknown-linux-gnu/lib/rustlib/x86_64-unknown-linux-gnu/lib/libminiz_oxide-0b901dfb0ca849e0.rlib" "/opt/rustwide/rustup-home/toolchains/beta-2024-12-08-x86_64-unknown-linux-gnu/lib/rustlib/x86_64-unknown-linux-gnu/lib/libadler-eebeb8d7c64543ad.rlib" "/opt/rustwide/rustup-home/toolchains/beta-2024-12-08-x86_64-unknown-linux-gnu/lib/rustlib/x86_64-unknown-linux-gnu/lib/libunwind-4723ef81d6079867.rlib" "/opt/rustwide/rustup-home/toolchains/beta-2024-12-08-x86_64-unknown-linux-gnu/lib/rustlib/x86_64-unknown-linux-gnu/lib/libcfg_if-54442f8b422f5a54.rlib" "/opt/rustwide/rustup-home/toolchains/beta-2024-12-08-x86_64-unknown-linux-gnu/lib/rustlib/x86_64-unknown-linux-gnu/lib/liblibc-e0bbe034b5282553.rlib" "/opt/rustwide/rustup-home/toolchains/beta-2024-12-08-x86_64-unknown-linux-gnu/lib/rustlib/x86_64-unknown-linux-gnu/lib/liballoc-d0febb68c1c37b90.rlib" "/opt/rustwide/rustup-home/toolchains/beta-2024-12-08-x86_64-unknown-linux-gnu/lib/rustlib/x86_64-unknown-linux-gnu/lib/librustc_std_workspace_core-4cf833632aafa84c.rlib" "/opt/rustwide/rustup-home/toolchains/beta-2024-12-08-x86_64-unknown-linux-gnu/lib/rustlib/x86_64-unknown-linux-gnu/lib/libcore-65c2c6d2d6ae570b.rlib" "/opt/rustwide/rustup-home/toolchains/beta-2024-12-08-x86_64-unknown-linux-gnu/lib/rustlib/x86_64-unknown-linux-gnu/lib/libcompiler_builtins-97929cee0dcfe424.rlib" "-Wl,-Bdynamic" "-lgcc_s" "-lutil" "-lrt" "-lpthread" "-lm" "-ldl" "-lc" "-Wl,--eh-frame-hdr" "-Wl,-z,noexecstack" "-L" "/opt/rustwide/target/debug/build/blake3-58a01b96c0678074/out" "-L" "/opt/rustwide/rustup-home/toolchains/beta-2024-12-08-x86_64-unknown-linux-gnu/lib/rustlib/x86_64-unknown-linux-gnu/lib" "-o" "/tmp/rustdoctestZpcqr3/rust_out" "-Wl,--gc-sections" "-pie" "-Wl,-z,relro,-z,now" "-nodefaultlibs"
[INFO] [stdout]   = note: collect2: fatal error: ld terminated with signal 9 [Killed]
[INFO] [stdout]           compilation terminated.
[INFO] [stdout]           
[INFO] [stdout] 
[INFO] [stdout] error: aborting due to 1 previous error
[INFO] [stdout] 
[INFO] [stdout] Couldn't compile the test.
[INFO] [stdout] ---- src/session.rs - session::Session::reset_data_changed (line 477) stdout ----
[INFO] [stdout] Couldn't compile the test.
[INFO] [stdout] ---- src/session.rs - session::Session::set_cookie_value (line 332) stdout ----
[INFO] [stdout] Couldn't compile the test.
[INFO] [stdout] ---- src/session.rs - session::Session::validate (line 427) stdout ----
[INFO] [stdout] Couldn't compile the test.
[INFO] [stdout] ---- src/session.rs - session::Session (line 28) stdout ----
[INFO] [stdout] error: linking with `cc` failed: exit status: 1
[INFO] [stdout]   |
[INFO] [stdout]   = note: LC_ALL="C" PATH="/opt/rustwide/rustup-home/toolchains/beta-2024-12-08-x86_64-unknown-linux-gnu/lib/rustlib/x86_64-unknown-linux-gnu/bin:/opt/rustwide/cargo-home/bin:/usr/local/sbin:/usr/local/bin:/usr/sbin:/usr/bin:/sbin:/bin" VSLANG="1033" "cc" "-m64" "/tmp/rustcTh6zsX/symbols.o" "/tmp/rustdoctestotV7Ch/rust_out.rust_out.9242fac72db2cd11-cgu.0.rcgu.o" "/tmp/rustdoctestotV7Ch/rust_out.2hl2tb9xdtge7mguxzn2q1kvi.rcgu.o" "-Wl,--as-needed" "-Wl,-Bstatic" "/opt/rustwide/target/debug/deps/libasync_std-f7b326ebb8789830.rlib" "/opt/rustwide/target/debug/deps/libasync_global_executor-95c70267cd1f10bf.rlib" "/opt/rustwide/target/debug/deps/libblocking-9507b7e339b41839.rlib" "/opt/rustwide/target/debug/deps/libpiper-c3cc957ff8aa90c1.rlib" "/opt/rustwide/target/debug/deps/libatomic_waker-6cd29d6269b9677d.rlib" "/opt/rustwide/target/debug/deps/libasync_channel-be9ceeb66a6487bc.rlib" "/opt/rustwide/target/debug/deps/libasync_executor-479a5d6d27b544fd.rlib" "/opt/rustwide/target/debug/deps/libasync_task-31a78d450c373624.rlib" "/opt/rustwide/target/debug/deps/libonce_cell-0a05695a483fa658.rlib" "/opt/rustwide/target/debug/deps/libasync_io-593428cf56ba9aae.rlib" "/opt/rustwide/target/debug/deps/libslab-1467acbaaf6df1c2.rlib" "/opt/rustwide/target/debug/deps/libpolling-c3cb2c05afd78e0e.rlib" "/opt/rustwide/target/debug/deps/libtracing-3b40298be3b56d58.rlib" "/opt/rustwide/target/debug/deps/libtracing_core-5cef29913e713fec.rlib" "/opt/rustwide/target/debug/deps/librustix-5c0e449ad80578b7.rlib" "/opt/rustwide/target/debug/deps/libbitflags-e303ea873600dc51.rlib" "/opt/rustwide/target/debug/deps/liblinux_raw_sys-af28905e61ad43ed.rlib" "/opt/rustwide/target/debug/deps/libfutures_lite-4a71dcdb78d02eb4.rlib" "/opt/rustwide/target/debug/deps/libfastrand-97c3159d7ee7d95b.rlib" "/opt/rustwide/target/debug/deps/libfutures_io-21bfb1226bcc61eb.rlib" "/opt/rustwide/target/debug/deps/libasync_channel-98bdfd34b45db17a.rlib" "/opt/rustwide/target/debug/deps/libconcurrent_queue-f8d777aa8d77c59d.rlib" "/opt/rustwide/target/debug/deps/libcrossbeam_utils-0d72a2b2b371b2bb.rlib" "/opt/rustwide/target/debug/deps/libasync_lock-bcf38bbdfabaff54.rlib" "/opt/rustwide/target/debug/deps/libevent_listener_strategy-09e2a1e06d821079.rlib" "/opt/rustwide/target/debug/deps/libevent_listener-9f01ea9faf839b56.rlib" "/opt/rustwide/target/debug/deps/libparking-d55d0bf803eccf7e.rlib" "/opt/rustwide/target/debug/deps/libpin_project_lite-7402bb5815a515fa.rlib" "/opt/rustwide/target/debug/deps/libfutures_core-155b59cd655dda41.rlib" "/opt/rustwide/target/debug/deps/libkv_log_macro-f598e9abdde8418a.rlib" "/opt/rustwide/target/debug/deps/libasync_session-788afd1f2deffc6d.rlib" "/opt/rustwide/target/debug/deps/libbincode-f8988b7cf9e039a7.rlib" "/opt/rustwide/target/debug/deps/libsha2-ae3acffce84e2ef0.rlib" "/opt/rustwide/target/debug/deps/libcpufeatures-13f0d802b744a919.rlib" "/opt/rustwide/target/debug/deps/libopaque_debug-c90d164c19f6e835.rlib" "/opt/rustwide/target/debug/deps/libblock_buffer-2cb434d3f63394c1.rlib" "/opt/rustwide/target/debug/deps/libserde_json-73acd63c3d6ce3d7.rlib" "/opt/rustwide/target/debug/deps/libmemchr-412d53cbfea52259.rlib" "/opt/rustwide/target/debug/deps/libitoa-87633a66effadcdd.rlib" "/opt/rustwide/target/debug/deps/libryu-6e02dac7c3b6be75.rlib" "/opt/rustwide/target/debug/deps/liblog-20d7c893cfb6cee4.rlib" "/opt/rustwide/target/debug/deps/libvalue_bag-9766a5720850a253.rlib" "/opt/rustwide/target/debug/deps/libhmac-149e561f7319c9ea.rlib" "/opt/rustwide/target/debug/deps/libcrypto_mac-066e2d19cce14a5f.rlib" "/opt/rustwide/target/debug/deps/libblake3-a6def863334d9112.rlib" "/opt/rustwide/target/debug/deps/libconstant_time_eq-ad62baf7b795d7e9.rlib" "/opt/rustwide/target/debug/deps/libcfg_if-66a9116f556de7cb.rlib" "/opt/rustwide/target/debug/deps/libarrayvec-a4b14eddff996ae9.rlib" "/opt/rustwide/target/debug/deps/libdigest-b9edba3ca9fdea29.rlib" "/opt/rustwide/target/debug/deps/libcrypto_mac-a8263ae70923e683.rlib" "/opt/rustwide/target/debug/deps/libsubtle-7a0923624edc433d.rlib" "/opt/rustwide/target/debug/deps/libgeneric_array-1232896da930c2c2.rlib" "/opt/rustwide/target/debug/deps/libtypenum-b40ba058056b0bf8.rlib" "/opt/rustwide/target/debug/deps/libarrayref-12272975890ee977.rlib" "/opt/rustwide/target/debug/deps/libbase64-fca76a9e376e88b4.rlib" "/opt/rustwide/target/debug/deps/librand-9f59dceb33d34c09.rlib" "/opt/rustwide/target/debug/deps/librand_chacha-14a3693aa7709d91.rlib" "/opt/rustwide/target/debug/deps/libppv_lite86-1727f4bf8fca2853.rlib" "/opt/rustwide/target/debug/deps/libzerocopy-b0c7dc5c464a14c0.rlib" "/opt/rustwide/target/debug/deps/libbyteorder-1330d4a483bc0841.rlib" "/opt/rustwide/target/debug/deps/librand_core-a3baf49d196d5c8c.rlib" "/opt/rustwide/target/debug/deps/libgetrandom-0a6cb97dd26f99dc.rlib" "/opt/rustwide/target/debug/deps/liblibc-e0480a2464fed25f.rlib" "/opt/rustwide/target/debug/deps/libcfg_if-a3e7e701fcd1f47b.rlib" "/opt/rustwide/target/debug/deps/libchrono-7cdadeadf875ec6f.rlib" "/opt/rustwide/target/debug/deps/libnum_traits-979fb6df5b693003.rlib" "/opt/rustwide/target/debug/deps/libiana_time_zone-aa61143ae82ec891.rlib" "/opt/rustwide/target/debug/deps/libserde-8cd4f7a8b918c712.rlib" "/opt/rustwide/target/debug/deps/libasync_lock-5f1cc440a90cedfc.rlib" "/opt/rustwide/target/debug/deps/libevent_listener-76e2a18e8ad83b9d.rlib" "/opt/rustwide/target/debug/deps/libanyhow-b6ac5cb3191c5e3f.rlib" "/opt/rustwide/rustup-home/toolchains/beta-2024-12-08-x86_64-unknown-linux-gnu/lib/rustlib/x86_64-unknown-linux-gnu/lib/libstd-02dc84f49135b6b8.rlib" "/opt/rustwide/rustup-home/toolchains/beta-2024-12-08-x86_64-unknown-linux-gnu/lib/rustlib/x86_64-unknown-linux-gnu/lib/libpanic_unwind-a8f45b397fae3f81.rlib" "/opt/rustwide/rustup-home/toolchains/beta-2024-12-08-x86_64-unknown-linux-gnu/lib/rustlib/x86_64-unknown-linux-gnu/lib/libobject-089607133c180609.rlib" "/opt/rustwide/rustup-home/toolchains/beta-2024-12-08-x86_64-unknown-linux-gnu/lib/rustlib/x86_64-unknown-linux-gnu/lib/libmemchr-fc89f091bcd86cbb.rlib" "/opt/rustwide/rustup-home/toolchains/beta-2024-12-08-x86_64-unknown-linux-gnu/lib/rustlib/x86_64-unknown-linux-gnu/lib/libaddr2line-5a60949f01c7340c.rlib" "/opt/rustwide/rustup-home/toolchains/beta-2024-12-08-x86_64-unknown-linux-gnu/lib/rustlib/x86_64-unknown-linux-gnu/lib/libgimli-d29e6a55ca253c8c.rlib" "/opt/rustwide/rustup-home/toolchains/beta-2024-12-08-x86_64-unknown-linux-gnu/lib/rustlib/x86_64-unknown-linux-gnu/lib/librustc_demangle-273c078d5f65de7a.rlib" "/opt/rustwide/rustup-home/toolchains/beta-2024-12-08-x86_64-unknown-linux-gnu/lib/rustlib/x86_64-unknown-linux-gnu/lib/libstd_detect-413c950ffbdd4454.rlib" "/opt/rustwide/rustup-home/toolchains/beta-2024-12-08-x86_64-unknown-linux-gnu/lib/rustlib/x86_64-unknown-linux-gnu/lib/libhashbrown-1853c0976a1d88a6.rlib" "/opt/rustwide/rustup-home/toolchains/beta-2024-12-08-x86_64-unknown-linux-gnu/lib/rustlib/x86_64-unknown-linux-gnu/lib/librustc_std_workspace_alloc-ccb3384ddacb0f9e.rlib" "/opt/rustwide/rustup-home/toolchains/beta-2024-12-08-x86_64-unknown-linux-gnu/lib/rustlib/x86_64-unknown-linux-gnu/lib/libminiz_oxide-0b901dfb0ca849e0.rlib" "/opt/rustwide/rustup-home/toolchains/beta-2024-12-08-x86_64-unknown-linux-gnu/lib/rustlib/x86_64-unknown-linux-gnu/lib/libadler-eebeb8d7c64543ad.rlib" "/opt/rustwide/rustup-home/toolchains/beta-2024-12-08-x86_64-unknown-linux-gnu/lib/rustlib/x86_64-unknown-linux-gnu/lib/libunwind-4723ef81d6079867.rlib" "/opt/rustwide/rustup-home/toolchains/beta-2024-12-08-x86_64-unknown-linux-gnu/lib/rustlib/x86_64-unknown-linux-gnu/lib/libcfg_if-54442f8b422f5a54.rlib" "/opt/rustwide/rustup-home/toolchains/beta-2024-12-08-x86_64-unknown-linux-gnu/lib/rustlib/x86_64-unknown-linux-gnu/lib/liblibc-e0bbe034b5282553.rlib" "/opt/rustwide/rustup-home/toolchains/beta-2024-12-08-x86_64-unknown-linux-gnu/lib/rustlib/x86_64-unknown-linux-gnu/lib/liballoc-d0febb68c1c37b90.rlib" "/opt/rustwide/rustup-home/toolchains/beta-2024-12-08-x86_64-unknown-linux-gnu/lib/rustlib/x86_64-unknown-linux-gnu/lib/librustc_std_workspace_core-4cf833632aafa84c.rlib" "/opt/rustwide/rustup-home/toolchains/beta-2024-12-08-x86_64-unknown-linux-gnu/lib/rustlib/x86_64-unknown-linux-gnu/lib/libcore-65c2c6d2d6ae570b.rlib" "/opt/rustwide/rustup-home/toolchains/beta-2024-12-08-x86_64-unknown-linux-gnu/lib/rustlib/x86_64-unknown-linux-gnu/lib/libcompiler_builtins-97929cee0dcfe424.rlib" "-Wl,-Bdynamic" "-lgcc_s" "-lutil" "-lrt" "-lpthread" "-lm" "-ldl" "-lc" "-Wl,--eh-frame-hdr" "-Wl,-z,noexecstack" "-L" "/opt/rustwide/target/debug/build/blake3-58a01b96c0678074/out" "-L" "/opt/rustwide/rustup-home/toolchains/beta-2024-12-08-x86_64-unknown-linux-gnu/lib/rustlib/x86_64-unknown-linux-gnu/lib" "-o" "/tmp/rustdoctestotV7Ch/rust_out" "-Wl,--gc-sections" "-pie" "-Wl,-z,relro,-z,now" "-nodefaultlibs"
[INFO] [stdout]   = note: collect2: fatal error: ld terminated with signal 9 [Killed]
[INFO] [stdout]           compilation terminated.
[INFO] [stdout]           
[INFO] [stdout] 
[INFO] [stdout] error: aborting due to 1 previous error
[INFO] [stdout] 
[INFO] [stdout] Couldn't compile the test.
[INFO] [stdout] 
[INFO] [stdout] failures:
[INFO] [stdout]     src/session.rs - session::Session (line 28)
[INFO] [stdout]     src/session.rs - session::Session::data_changed (line 453)
[INFO] [stdout]     src/session.rs - session::Session::id_from_cookie_value (line 130)
[INFO] [stdout]     src/session.rs - session::Session::into_cookie_value (line 520)
[INFO] [stdout]     src/session.rs - session::Session::new (line 102)
[INFO] [stdout]     src/session.rs - session::Session::regenerate (line 307)
[INFO] [stdout]     src/session.rs - session::Session::reset_data_changed (line 477)
[INFO] [stdout]     src/session.rs - session::Session::set_cookie_value (line 332)
[INFO] [stdout]     src/session.rs - session::Session::validate (line 427)
[INFO] [stdout] 
[INFO] [stdout] test result: FAILED. 16 passed; 9 failed; 0 ignored; 0 measured; 0 filtered out; finished in 7.26s
[INFO] [stdout] 
[INFO] [stderr] error: doctest failed, to rerun pass `--doc`
[INFO] running `Command { std: "docker" "inspect" "0813b9fefa93adb25324e1ac11de6b7fee5922e54cf47eb648fcce57fd6e6c7e", kill_on_drop: false }`
[INFO] running `Command { std: "docker" "rm" "-f" "0813b9fefa93adb25324e1ac11de6b7fee5922e54cf47eb648fcce57fd6e6c7e", kill_on_drop: false }`
[INFO] [stdout] 0813b9fefa93adb25324e1ac11de6b7fee5922e54cf47eb648fcce57fd6e6c7e
