[INFO] fetching crate async-resol-vbus 0.1.0...
[INFO] testing async-resol-vbus-0.1.0 against beta-2024-12-08 for beta-1.84.0-4-retry
[INFO] extracting crate async-resol-vbus 0.1.0 into /workspace/builds/worker-7-tc2/source
[INFO] validating manifest of crates.io crate async-resol-vbus 0.1.0 on toolchain beta-2024-12-08
[INFO] running `Command { std: CARGO_HOME="/workspace/cargo-home" RUSTUP_HOME="/workspace/rustup-home" "/workspace/cargo-home/bin/cargo" "+beta-2024-12-08" "metadata" "--manifest-path" "Cargo.toml" "--no-deps", kill_on_drop: false }`
[INFO] started tweaking crates.io crate async-resol-vbus 0.1.0
[INFO] finished tweaking crates.io crate async-resol-vbus 0.1.0
[INFO] tweaked toml for crates.io crate async-resol-vbus 0.1.0 written to /workspace/builds/worker-7-tc2/source/Cargo.toml
[INFO] crate crates.io crate async-resol-vbus 0.1.0 already has a lockfile, it will not be regenerated
[INFO] running `Command { std: CARGO_HOME="/workspace/cargo-home" RUSTUP_HOME="/workspace/rustup-home" "/workspace/cargo-home/bin/cargo" "+beta-2024-12-08" "fetch" "--manifest-path" "Cargo.toml", kill_on_drop: false }`
[INFO] running `Command { std: "docker" "create" "-v" "/var/lib/crater-agent-workspace/builds/worker-7-tc2/target:/opt/rustwide/target:rw,Z" "-v" "/var/lib/crater-agent-workspace/builds/worker-7-tc2/source:/opt/rustwide/workdir:ro,Z" "-v" "/var/lib/crater-agent-workspace/cargo-home:/opt/rustwide/cargo-home:ro,Z" "-v" "/var/lib/crater-agent-workspace/rustup-home:/opt/rustwide/rustup-home:ro,Z" "-e" "SOURCE_DIR=/opt/rustwide/workdir" "-e" "CARGO_TARGET_DIR=/opt/rustwide/target" "-e" "CARGO_HOME=/opt/rustwide/cargo-home" "-e" "RUSTUP_HOME=/opt/rustwide/rustup-home" "-w" "/opt/rustwide/workdir" "-m" "1610612736" "--user" "0:0" "--network" "none" "ghcr.io/rust-lang/crates-build-env/linux@sha256:f3a9d4ad9d972b27faf3965f35b62e55ba32bbce8f20bc8fe909558a86702fde" "/opt/rustwide/cargo-home/bin/cargo" "+beta-2024-12-08" "metadata" "--no-deps" "--format-version=1", kill_on_drop: false }`
[INFO] [stdout] eb0bc88939072d717df657937803388fa714b2d169bf39c540f16f192d7c4c5e
[INFO] running `Command { std: "docker" "start" "-a" "eb0bc88939072d717df657937803388fa714b2d169bf39c540f16f192d7c4c5e", kill_on_drop: false }`
[INFO] running `Command { std: "docker" "inspect" "eb0bc88939072d717df657937803388fa714b2d169bf39c540f16f192d7c4c5e", kill_on_drop: false }`
[INFO] running `Command { std: "docker" "rm" "-f" "eb0bc88939072d717df657937803388fa714b2d169bf39c540f16f192d7c4c5e", kill_on_drop: false }`
[INFO] [stdout] eb0bc88939072d717df657937803388fa714b2d169bf39c540f16f192d7c4c5e
[INFO] running `Command { std: "docker" "create" "-v" "/var/lib/crater-agent-workspace/builds/worker-7-tc2/target:/opt/rustwide/target:rw,Z" "-v" "/var/lib/crater-agent-workspace/builds/worker-7-tc2/source:/opt/rustwide/workdir:ro,Z" "-v" "/var/lib/crater-agent-workspace/cargo-home:/opt/rustwide/cargo-home:ro,Z" "-v" "/var/lib/crater-agent-workspace/rustup-home:/opt/rustwide/rustup-home:ro,Z" "-e" "SOURCE_DIR=/opt/rustwide/workdir" "-e" "CARGO_TARGET_DIR=/opt/rustwide/target" "-e" "CARGO_INCREMENTAL=0" "-e" "RUST_BACKTRACE=full" "-e" "RUSTFLAGS=--cap-lints=warn" "-e" "RUSTDOCFLAGS=--cap-lints=warn" "-e" "CARGO_HOME=/opt/rustwide/cargo-home" "-e" "RUSTUP_HOME=/opt/rustwide/rustup-home" "-w" "/opt/rustwide/workdir" "-m" "1610612736" "--user" "0:0" "--network" "none" "ghcr.io/rust-lang/crates-build-env/linux@sha256:f3a9d4ad9d972b27faf3965f35b62e55ba32bbce8f20bc8fe909558a86702fde" "/opt/rustwide/cargo-home/bin/cargo" "+beta-2024-12-08" "build" "--frozen" "--message-format=json", kill_on_drop: false }`
[INFO] [stdout] 9b5107f52bc3b8ef93220be6029bb31e971a9c2d6ed537a10c2425b225958eaf
[INFO] running `Command { std: "docker" "start" "-a" "9b5107f52bc3b8ef93220be6029bb31e971a9c2d6ed537a10c2425b225958eaf", kill_on_drop: false }`
[INFO] [stderr]    Compiling autocfg v1.0.0
[INFO] [stderr]    Compiling libc v0.2.68
[INFO] [stderr]    Compiling cfg-if v0.1.10
[INFO] [stderr]    Compiling maybe-uninit v2.0.0
[INFO] [stderr]    Compiling log v0.4.8
[INFO] [stderr]    Compiling lazy_static v1.4.0
[INFO] [stderr]    Compiling memchr v2.3.3
[INFO] [stderr]    Compiling slab v0.4.2
[INFO] [stderr]    Compiling byteorder v1.3.4
[INFO] [stderr]    Compiling scopeguard v1.1.0
[INFO] [stderr]    Compiling once_cell v1.3.1
[INFO] [stderr]    Compiling futures-core v0.3.4
[INFO] [stderr]    Compiling futures-timer v2.0.2
[INFO] [stderr]    Compiling pin-project-lite v0.1.4
[INFO] [stderr]    Compiling pin-utils v0.1.0-alpha.4
[INFO] [stderr]    Compiling futures-io v0.3.4
[INFO] [stderr]    Compiling crossbeam-utils v0.7.2
[INFO] [stderr]    Compiling memoffset v0.5.4
[INFO] [stderr]    Compiling num-traits v0.2.11
[INFO] [stderr]    Compiling crossbeam-epoch v0.8.2
[INFO] [stderr]    Compiling num-integer v0.1.42
[INFO] [stderr]    Compiling kv-log-macro v1.0.4
[INFO] [stderr]    Compiling iovec v0.1.4
[INFO] [stderr]    Compiling net2 v0.2.33
[INFO] [stderr]    Compiling time v0.1.42
[INFO] [stderr]    Compiling async-task v1.3.1
[INFO] [stderr]    Compiling num_cpus v1.12.0
[INFO] [stderr]    Compiling crossbeam-channel v0.4.2
[INFO] [stderr]    Compiling crossbeam-deque v0.7.3
[INFO] [stderr]    Compiling mio v0.6.21
[INFO] [stderr]    Compiling chrono v0.4.11
[INFO] [stderr]    Compiling mio-uds v0.6.7
[INFO] [stderr]    Compiling async-std v1.5.0
[INFO] [stderr]    Compiling resol-vbus v0.2.0
[INFO] [stderr]    Compiling async-resol-vbus v0.1.0 (/opt/rustwide/workdir)
[INFO] [stderr]     Finished `dev` profile [unoptimized + debuginfo] target(s) in 9.09s
[INFO] running `Command { std: "docker" "inspect" "9b5107f52bc3b8ef93220be6029bb31e971a9c2d6ed537a10c2425b225958eaf", kill_on_drop: false }`
[INFO] running `Command { std: "docker" "rm" "-f" "9b5107f52bc3b8ef93220be6029bb31e971a9c2d6ed537a10c2425b225958eaf", kill_on_drop: false }`
[INFO] [stdout] 9b5107f52bc3b8ef93220be6029bb31e971a9c2d6ed537a10c2425b225958eaf
[INFO] running `Command { std: "docker" "create" "-v" "/var/lib/crater-agent-workspace/builds/worker-7-tc2/target:/opt/rustwide/target:rw,Z" "-v" "/var/lib/crater-agent-workspace/builds/worker-7-tc2/source:/opt/rustwide/workdir:ro,Z" "-v" "/var/lib/crater-agent-workspace/cargo-home:/opt/rustwide/cargo-home:ro,Z" "-v" "/var/lib/crater-agent-workspace/rustup-home:/opt/rustwide/rustup-home:ro,Z" "-e" "SOURCE_DIR=/opt/rustwide/workdir" "-e" "CARGO_TARGET_DIR=/opt/rustwide/target" "-e" "CARGO_INCREMENTAL=0" "-e" "RUST_BACKTRACE=full" "-e" "RUSTFLAGS=--cap-lints=warn" "-e" "RUSTDOCFLAGS=--cap-lints=warn" "-e" "CARGO_HOME=/opt/rustwide/cargo-home" "-e" "RUSTUP_HOME=/opt/rustwide/rustup-home" "-w" "/opt/rustwide/workdir" "-m" "1610612736" "--user" "0:0" "--network" "none" "ghcr.io/rust-lang/crates-build-env/linux@sha256:f3a9d4ad9d972b27faf3965f35b62e55ba32bbce8f20bc8fe909558a86702fde" "/opt/rustwide/cargo-home/bin/cargo" "+beta-2024-12-08" "test" "--frozen" "--no-run" "--message-format=json", kill_on_drop: false }`
[INFO] [stdout] 07948503d5bfa223055919db0081752f1ba5073dff1ca119776d4dd547a5b842
[INFO] running `Command { std: "docker" "start" "-a" "07948503d5bfa223055919db0081752f1ba5073dff1ca119776d4dd547a5b842", kill_on_drop: false }`
[INFO] [stderr]    Compiling async-resol-vbus v0.1.0 (/opt/rustwide/workdir)
[INFO] [stdout] warning: missing documentation for a method
[INFO] [stdout]    --> src/live_data_stream.rs:534:5
[INFO] [stdout]     |
[INFO] [stdout] 534 |     pub fn writer_ref(&self) -> &W {
[INFO] [stdout]     |     ^^^^^^^^^^^^^^^^^^^^^^^^^^^^^^
[INFO] [stdout]     |
[INFO] [stdout] note: the lint level is defined here
[INFO] [stdout]    --> src/lib.rs:74:9
[INFO] [stdout]     |
[INFO] [stdout] 74  | #![deny(warnings)]
[INFO] [stdout]     |         ^^^^^^^^
[INFO] [stdout]     = note: `#[warn(missing_docs)]` implied by `#[warn(warnings)]`
[INFO] [stdout] 
[INFO] [stdout] 
[INFO] [stderr]     Finished `test` profile [unoptimized + debuginfo] target(s) in 3.04s
[INFO] running `Command { std: "docker" "inspect" "07948503d5bfa223055919db0081752f1ba5073dff1ca119776d4dd547a5b842", kill_on_drop: false }`
[INFO] running `Command { std: "docker" "rm" "-f" "07948503d5bfa223055919db0081752f1ba5073dff1ca119776d4dd547a5b842", kill_on_drop: false }`
[INFO] [stdout] 07948503d5bfa223055919db0081752f1ba5073dff1ca119776d4dd547a5b842
[INFO] running `Command { std: "docker" "create" "-v" "/var/lib/crater-agent-workspace/builds/worker-7-tc2/target:/opt/rustwide/target:rw,Z" "-v" "/var/lib/crater-agent-workspace/builds/worker-7-tc2/source:/opt/rustwide/workdir:ro,Z" "-v" "/var/lib/crater-agent-workspace/cargo-home:/opt/rustwide/cargo-home:ro,Z" "-v" "/var/lib/crater-agent-workspace/rustup-home:/opt/rustwide/rustup-home:ro,Z" "-e" "SOURCE_DIR=/opt/rustwide/workdir" "-e" "CARGO_TARGET_DIR=/opt/rustwide/target" "-e" "CARGO_INCREMENTAL=0" "-e" "RUST_BACKTRACE=full" "-e" "RUSTFLAGS=--cap-lints=warn" "-e" "RUSTDOCFLAGS=--cap-lints=warn" "-e" "CARGO_HOME=/opt/rustwide/cargo-home" "-e" "RUSTUP_HOME=/opt/rustwide/rustup-home" "-w" "/opt/rustwide/workdir" "-m" "1610612736" "--user" "0:0" "--network" "none" "ghcr.io/rust-lang/crates-build-env/linux@sha256:f3a9d4ad9d972b27faf3965f35b62e55ba32bbce8f20bc8fe909558a86702fde" "/opt/rustwide/cargo-home/bin/cargo" "+beta-2024-12-08" "test" "--frozen", kill_on_drop: false }`
[INFO] [stdout] 144b619dae39ffc0c5fb050759430ade6125d519ca2d06d56071e9a233dbd35c
[INFO] running `Command { std: "docker" "start" "-a" "144b619dae39ffc0c5fb050759430ade6125d519ca2d06d56071e9a233dbd35c", kill_on_drop: false }`
[INFO] [stderr] warning: missing documentation for a method
[INFO] [stderr]    --> src/live_data_stream.rs:534:5
[INFO] [stderr]     |
[INFO] [stderr] 534 |     pub fn writer_ref(&self) -> &W {
[INFO] [stderr]     |     ^^^^^^^^^^^^^^^^^^^^^^^^^^^^^^
[INFO] [stderr]     |
[INFO] [stderr] note: the lint level is defined here
[INFO] [stderr]    --> src/lib.rs:74:9
[INFO] [stderr]     |
[INFO] [stderr] 74  | #![deny(warnings)]
[INFO] [stderr]     |         ^^^^^^^^
[INFO] [stderr]     = note: `#[warn(missing_docs)]` implied by `#[warn(warnings)]`
[INFO] [stderr] 
[INFO] [stderr] warning: `async-resol-vbus` (lib test) generated 1 warning
[INFO] [stderr]     Finished `test` profile [unoptimized + debuginfo] target(s) in 0.04s
[INFO] [stderr]      Running unittests src/lib.rs (/opt/rustwide/target/debug/deps/async_resol_vbus-4d1a04062a94294e)
[INFO] [stdout] 
[INFO] [stdout] running 14 tests
[INFO] [stdout] test device_discovery::tests::test ... FAILED
[INFO] [stdout] test live_data_stream::tests::test_get_value_by_index ... ok
[INFO] [stdout] test live_data_stream::tests::test_get_caps1 ... ok
[INFO] [stdout] test live_data_stream::tests::test_release_bus ... ok
[INFO] [stdout] test device_information::tests::test ... FAILED
[INFO] [stdout] test live_data_stream::tests::test_get_value_index_by_id_hash ... ok
[INFO] [stdout] test live_data_stream::tests::test_begin_bulk_value_transaction ... ok
[INFO] [stdout] test live_data_stream::tests::test_commit_value_transaction ... ok
[INFO] [stdout] test live_data_stream::tests::test_rollback_value_transaction ... ok
[INFO] [stdout] test live_data_stream::tests::test_set_bulk_value_by_index ... ok
[INFO] [stdout] test live_data_stream::tests::test_wait_for_free_bus ... ok
[INFO] [stdout] test tcp_client_handshake::tests::test ... FAILED
[INFO] [stdout] test live_data_stream::tests::test_get_value_id_hash_by_index ... ok
[INFO] [stdout] test live_data_stream::tests::test_set_value_by_index ... ok
[INFO] [stdout] 
[INFO] [stdout] failures:
[INFO] [stdout] 
[INFO] [stdout] ---- device_discovery::tests::test stdout ----
[INFO] [stdout] Error: Error { message: "Invalid argument (os error 22)" }
[INFO] [stdout] 
[INFO] [stdout] ---- device_information::tests::test stdout ----
[INFO] [stdout] Error: Error { message: "Invalid argument (os error 22)" }
[INFO] [stdout] 
[INFO] [stdout] ---- tcp_client_handshake::tests::test stdout ----
[INFO] [stdout] Error: Error { message: "Invalid argument (os error 22)" }
[INFO] [stdout] 
[INFO] [stdout] 
[INFO] [stdout] failures:
[INFO] [stdout]     device_discovery::tests::test
[INFO] [stdout]     device_information::tests::test
[INFO] [stdout]     tcp_client_handshake::tests::test
[INFO] [stdout] 
[INFO] [stdout] test result: FAILED. 11 passed; 3 failed; 0 ignored; 0 measured; 0 filtered out; finished in 0.01s
[INFO] [stdout] 
[INFO] [stderr] error: test failed, to rerun pass `--lib`
[INFO] running `Command { std: "docker" "inspect" "144b619dae39ffc0c5fb050759430ade6125d519ca2d06d56071e9a233dbd35c", kill_on_drop: false }`
[INFO] running `Command { std: "docker" "rm" "-f" "144b619dae39ffc0c5fb050759430ade6125d519ca2d06d56071e9a233dbd35c", kill_on_drop: false }`
[INFO] [stdout] 144b619dae39ffc0c5fb050759430ade6125d519ca2d06d56071e9a233dbd35c
