[INFO] fetching crate async-nats-tokio-rustls-deps 0.24.0-ALPHA.1...
[INFO] testing async-nats-tokio-rustls-deps-0.24.0-ALPHA.1 against 1.83.0 for beta-1.84.0-4-retry
[INFO] extracting crate async-nats-tokio-rustls-deps 0.24.0-ALPHA.1 into /workspace/builds/worker-0-tc1/source
[INFO] validating manifest of crates.io crate async-nats-tokio-rustls-deps 0.24.0-ALPHA.1 on toolchain 1.83.0
[INFO] running `Command { std: CARGO_HOME="/workspace/cargo-home" RUSTUP_HOME="/workspace/rustup-home" "/workspace/cargo-home/bin/cargo" "+1.83.0" "metadata" "--manifest-path" "Cargo.toml" "--no-deps", kill_on_drop: false }`
[INFO] started tweaking crates.io crate async-nats-tokio-rustls-deps 0.24.0-ALPHA.1
[INFO] finished tweaking crates.io crate async-nats-tokio-rustls-deps 0.24.0-ALPHA.1
[INFO] tweaked toml for crates.io crate async-nats-tokio-rustls-deps 0.24.0-ALPHA.1 written to /workspace/builds/worker-0-tc1/source/Cargo.toml
[INFO] running `Command { std: CARGO_HOME="/workspace/cargo-home" RUSTUP_HOME="/workspace/rustup-home" "/workspace/cargo-home/bin/cargo" "+1.83.0" "generate-lockfile" "--manifest-path" "Cargo.toml", kill_on_drop: false }`
[INFO] [stderr]     Updating crates.io index
[INFO] [stderr]      Locking 61 packages to latest compatible versions
[INFO] [stderr]       Adding rustls v0.21.12 (available: v0.23.20)
[INFO] [stderr]       Adding rustls-pemfile v1.0.4 (available: v2.2.0)
[INFO] [stderr]       Adding webpki-roots v0.22.6 (available: v0.26.7)
[INFO] running `Command { std: CARGO_HOME="/workspace/cargo-home" RUSTUP_HOME="/workspace/rustup-home" "/workspace/cargo-home/bin/cargo" "+1.83.0" "fetch" "--manifest-path" "Cargo.toml", kill_on_drop: false }`
[INFO] running `Command { std: "docker" "create" "-v" "/var/lib/crater-agent-workspace/builds/worker-0-tc1/target:/opt/rustwide/target:rw,Z" "-v" "/var/lib/crater-agent-workspace/builds/worker-0-tc1/source:/opt/rustwide/workdir:ro,Z" "-v" "/var/lib/crater-agent-workspace/cargo-home:/opt/rustwide/cargo-home:ro,Z" "-v" "/var/lib/crater-agent-workspace/rustup-home:/opt/rustwide/rustup-home:ro,Z" "-e" "SOURCE_DIR=/opt/rustwide/workdir" "-e" "CARGO_TARGET_DIR=/opt/rustwide/target" "-e" "CARGO_HOME=/opt/rustwide/cargo-home" "-e" "RUSTUP_HOME=/opt/rustwide/rustup-home" "-w" "/opt/rustwide/workdir" "-m" "1610612736" "--user" "0:0" "--network" "none" "ghcr.io/rust-lang/crates-build-env/linux@sha256:f3a9d4ad9d972b27faf3965f35b62e55ba32bbce8f20bc8fe909558a86702fde" "/opt/rustwide/cargo-home/bin/cargo" "+1.83.0" "metadata" "--no-deps" "--format-version=1", kill_on_drop: false }`
[INFO] [stdout] 09b5d5186cce08e95f4c1e9f480d862b7d2f2af16b129e78ba525f6b04b72939
[INFO] running `Command { std: "docker" "start" "-a" "09b5d5186cce08e95f4c1e9f480d862b7d2f2af16b129e78ba525f6b04b72939", kill_on_drop: false }`
[INFO] running `Command { std: "docker" "inspect" "09b5d5186cce08e95f4c1e9f480d862b7d2f2af16b129e78ba525f6b04b72939", kill_on_drop: false }`
[INFO] running `Command { std: "docker" "rm" "-f" "09b5d5186cce08e95f4c1e9f480d862b7d2f2af16b129e78ba525f6b04b72939", kill_on_drop: false }`
[INFO] [stdout] 09b5d5186cce08e95f4c1e9f480d862b7d2f2af16b129e78ba525f6b04b72939
[INFO] running `Command { std: "docker" "create" "-v" "/var/lib/crater-agent-workspace/builds/worker-0-tc1/target:/opt/rustwide/target:rw,Z" "-v" "/var/lib/crater-agent-workspace/builds/worker-0-tc1/source:/opt/rustwide/workdir:ro,Z" "-v" "/var/lib/crater-agent-workspace/cargo-home:/opt/rustwide/cargo-home:ro,Z" "-v" "/var/lib/crater-agent-workspace/rustup-home:/opt/rustwide/rustup-home:ro,Z" "-e" "SOURCE_DIR=/opt/rustwide/workdir" "-e" "CARGO_TARGET_DIR=/opt/rustwide/target" "-e" "CARGO_INCREMENTAL=0" "-e" "RUST_BACKTRACE=full" "-e" "RUSTFLAGS=--cap-lints=warn" "-e" "RUSTDOCFLAGS=--cap-lints=warn" "-e" "CARGO_HOME=/opt/rustwide/cargo-home" "-e" "RUSTUP_HOME=/opt/rustwide/rustup-home" "-w" "/opt/rustwide/workdir" "-m" "1610612736" "--user" "0:0" "--network" "none" "ghcr.io/rust-lang/crates-build-env/linux@sha256:f3a9d4ad9d972b27faf3965f35b62e55ba32bbce8f20bc8fe909558a86702fde" "/opt/rustwide/cargo-home/bin/cargo" "+1.83.0" "build" "--frozen" "--message-format=json", kill_on_drop: false }`
[INFO] [stdout] aa07bff8746a1d36890d8271fb02e423fb4af2b5ce33b8d82e45d97b0ad9431d
[INFO] running `Command { std: "docker" "start" "-a" "aa07bff8746a1d36890d8271fb02e423fb4af2b5ce33b8d82e45d97b0ad9431d", kill_on_drop: false }`
[INFO] [stderr]    Compiling ring v0.17.8
[INFO] [stderr]    Compiling getrandom v0.2.15
[INFO] [stderr]    Compiling untrusted v0.9.0
[INFO] [stderr]    Compiling spin v0.9.8
[INFO] [stderr]    Compiling parking_lot_core v0.9.10
[INFO] [stderr]    Compiling smallvec v1.13.2
[INFO] [stderr]    Compiling scopeguard v1.2.0
[INFO] [stderr]    Compiling rustls v0.21.12
[INFO] [stderr]    Compiling signal-hook-registry v1.4.2
[INFO] [stderr]    Compiling lock_api v0.4.12
[INFO] [stderr]    Compiling syn v2.0.90
[INFO] [stderr]    Compiling parking_lot v0.12.3
[INFO] [stderr]    Compiling tokio-macros v2.4.0
[INFO] [stderr]    Compiling tokio v1.42.0
[INFO] [stderr]    Compiling sct v0.7.1
[INFO] [stderr]    Compiling rustls-webpki v0.101.7
[INFO] [stderr]    Compiling webpki v0.22.4
[INFO] [stderr]    Compiling async-nats-tokio-rustls-deps v0.24.0-ALPHA.1 (/opt/rustwide/workdir)
[INFO] [stderr]     Finished `dev` profile [unoptimized + debuginfo] target(s) in 17.04s
[INFO] running `Command { std: "docker" "inspect" "aa07bff8746a1d36890d8271fb02e423fb4af2b5ce33b8d82e45d97b0ad9431d", kill_on_drop: false }`
[INFO] running `Command { std: "docker" "rm" "-f" "aa07bff8746a1d36890d8271fb02e423fb4af2b5ce33b8d82e45d97b0ad9431d", kill_on_drop: false }`
[INFO] [stdout] aa07bff8746a1d36890d8271fb02e423fb4af2b5ce33b8d82e45d97b0ad9431d
[INFO] running `Command { std: "docker" "create" "-v" "/var/lib/crater-agent-workspace/builds/worker-0-tc1/target:/opt/rustwide/target:rw,Z" "-v" "/var/lib/crater-agent-workspace/builds/worker-0-tc1/source:/opt/rustwide/workdir:ro,Z" "-v" "/var/lib/crater-agent-workspace/cargo-home:/opt/rustwide/cargo-home:ro,Z" "-v" "/var/lib/crater-agent-workspace/rustup-home:/opt/rustwide/rustup-home:ro,Z" "-e" "SOURCE_DIR=/opt/rustwide/workdir" "-e" "CARGO_TARGET_DIR=/opt/rustwide/target" "-e" "CARGO_INCREMENTAL=0" "-e" "RUST_BACKTRACE=full" "-e" "RUSTFLAGS=--cap-lints=warn" "-e" "RUSTDOCFLAGS=--cap-lints=warn" "-e" "CARGO_HOME=/opt/rustwide/cargo-home" "-e" "RUSTUP_HOME=/opt/rustwide/rustup-home" "-w" "/opt/rustwide/workdir" "-m" "1610612736" "--user" "0:0" "--network" "none" "ghcr.io/rust-lang/crates-build-env/linux@sha256:f3a9d4ad9d972b27faf3965f35b62e55ba32bbce8f20bc8fe909558a86702fde" "/opt/rustwide/cargo-home/bin/cargo" "+1.83.0" "test" "--frozen" "--no-run" "--message-format=json", kill_on_drop: false }`
[INFO] [stdout] f81ab398c9eb887e8a1b87b7efbd6144203df18c3e9b3ca72615de9a7368b4bd
[INFO] running `Command { std: "docker" "start" "-a" "f81ab398c9eb887e8a1b87b7efbd6144203df18c3e9b3ca72615de9a7368b4bd", kill_on_drop: false }`
[INFO] [stderr]    Compiling base64 v0.21.7
[INFO] [stderr]    Compiling futures-core v0.3.31
[INFO] [stderr]    Compiling lazy_static v1.5.0
[INFO] [stderr]    Compiling futures-macro v0.3.31
[INFO] [stderr]    Compiling webpki-roots v0.22.6
[INFO] [stderr]    Compiling rustls-pemfile v1.0.4
[INFO] [stderr]    Compiling futures-util v0.3.31
[INFO] [stderr]    Compiling async-nats-tokio-rustls-deps v0.24.0-ALPHA.1 (/opt/rustwide/workdir)
[INFO] [stdout] warning: use of deprecated method `rustls::RootCertStore::add_server_trust_anchors`: Please use `add_trust_anchors` instead
[INFO] [stdout]    --> tests/test.rs:115:16
[INFO] [stdout]     |
[INFO] [stdout] 115 |     root_store.add_server_trust_anchors(chain.iter().map(|cert| {
[INFO] [stdout]     |                ^^^^^^^^^^^^^^^^^^^^^^^^
[INFO] [stdout]     |
[INFO] [stdout]     = note: `#[warn(deprecated)]` on by default
[INFO] [stdout] 
[INFO] [stdout] 
[INFO] [stdout] warning: use of deprecated method `rustls::RootCertStore::add_server_trust_anchors`: Please use `add_trust_anchors` instead
[INFO] [stdout]   --> tests/utils.rs:30:32
[INFO] [stdout]    |
[INFO] [stdout] 30 |         client_root_cert_store.add_server_trust_anchors(certs.iter().map(|cert| {
[INFO] [stdout]    |                                ^^^^^^^^^^^^^^^^^^^^^^^^
[INFO] [stdout]    |
[INFO] [stdout]    = note: `#[warn(deprecated)]` on by default
[INFO] [stdout] 
[INFO] [stdout] 
[INFO] [stdout] warning: use of deprecated method `async_nats_tokio_rustls_deps::rustls::RootCertStore::add_server_trust_anchors`: Please use `add_trust_anchors` instead
[INFO] [stdout]   --> tests/badssl.rs:37:16
[INFO] [stdout]    |
[INFO] [stdout] 37 |     root_store.add_server_trust_anchors(webpki_roots::TLS_SERVER_ROOTS.0.iter().map(|ta| {
[INFO] [stdout]    |                ^^^^^^^^^^^^^^^^^^^^^^^^
[INFO] [stdout]    |
[INFO] [stdout]    = note: `#[warn(deprecated)]` on by default
[INFO] [stdout] 
[INFO] [stdout] 
[INFO] [stdout] warning: use of deprecated method `async_nats_tokio_rustls_deps::rustls::RootCertStore::add_server_trust_anchors`: Please use `add_trust_anchors` instead
[INFO] [stdout]   --> tests/badssl.rs:75:16
[INFO] [stdout]    |
[INFO] [stdout] 75 |     root_store.add_server_trust_anchors(webpki_roots::TLS_SERVER_ROOTS.0.iter().map(|ta| {
[INFO] [stdout]    |                ^^^^^^^^^^^^^^^^^^^^^^^^
[INFO] [stdout] 
[INFO] [stdout] 
[INFO] [stdout] warning: use of deprecated method `rustls::RootCertStore::add_server_trust_anchors`: Please use `add_trust_anchors` instead
[INFO] [stdout]    --> tests/test.rs:141:16
[INFO] [stdout]     |
[INFO] [stdout] 141 |     root_store.add_server_trust_anchors(chain.iter().map(|cert| {
[INFO] [stdout]     |                ^^^^^^^^^^^^^^^^^^^^^^^^
[INFO] [stdout] 
[INFO] [stdout] 
[INFO] [stdout] warning: use of deprecated method `rustls::RootCertStore::add_server_trust_anchors`: Please use `add_trust_anchors` instead
[INFO] [stdout]   --> tests/utils.rs:30:32
[INFO] [stdout]    |
[INFO] [stdout] 30 |         client_root_cert_store.add_server_trust_anchors(certs.iter().map(|cert| {
[INFO] [stdout]    |                                ^^^^^^^^^^^^^^^^^^^^^^^^
[INFO] [stdout] 
[INFO] [stdout] 
[INFO] [stdout] warning: use of deprecated method `rustls::RootCertStore::add_server_trust_anchors`: Please use `add_trust_anchors` instead
[INFO] [stdout]   --> src/common/../../tests/utils.rs:30:32
[INFO] [stdout]    |
[INFO] [stdout] 30 |         client_root_cert_store.add_server_trust_anchors(certs.iter().map(|cert| {
[INFO] [stdout]    |                                ^^^^^^^^^^^^^^^^^^^^^^^^
[INFO] [stdout]    |
[INFO] [stdout]    = note: `#[warn(deprecated)]` on by default
[INFO] [stdout] 
[INFO] [stdout] 
[INFO] [stderr]     Finished `test` profile [unoptimized + debuginfo] target(s) in 8.43s
[INFO] running `Command { std: "docker" "inspect" "f81ab398c9eb887e8a1b87b7efbd6144203df18c3e9b3ca72615de9a7368b4bd", kill_on_drop: false }`
[INFO] running `Command { std: "docker" "rm" "-f" "f81ab398c9eb887e8a1b87b7efbd6144203df18c3e9b3ca72615de9a7368b4bd", kill_on_drop: false }`
[INFO] [stdout] f81ab398c9eb887e8a1b87b7efbd6144203df18c3e9b3ca72615de9a7368b4bd
[INFO] running `Command { std: "docker" "create" "-v" "/var/lib/crater-agent-workspace/builds/worker-0-tc1/target:/opt/rustwide/target:rw,Z" "-v" "/var/lib/crater-agent-workspace/builds/worker-0-tc1/source:/opt/rustwide/workdir:ro,Z" "-v" "/var/lib/crater-agent-workspace/cargo-home:/opt/rustwide/cargo-home:ro,Z" "-v" "/var/lib/crater-agent-workspace/rustup-home:/opt/rustwide/rustup-home:ro,Z" "-e" "SOURCE_DIR=/opt/rustwide/workdir" "-e" "CARGO_TARGET_DIR=/opt/rustwide/target" "-e" "CARGO_INCREMENTAL=0" "-e" "RUST_BACKTRACE=full" "-e" "RUSTFLAGS=--cap-lints=warn" "-e" "RUSTDOCFLAGS=--cap-lints=warn" "-e" "CARGO_HOME=/opt/rustwide/cargo-home" "-e" "RUSTUP_HOME=/opt/rustwide/rustup-home" "-w" "/opt/rustwide/workdir" "-m" "1610612736" "--user" "0:0" "--network" "none" "ghcr.io/rust-lang/crates-build-env/linux@sha256:f3a9d4ad9d972b27faf3965f35b62e55ba32bbce8f20bc8fe909558a86702fde" "/opt/rustwide/cargo-home/bin/cargo" "+1.83.0" "test" "--frozen", kill_on_drop: false }`
[INFO] [stdout] a12b95e2614dcf16c3158c235314cc77218789cd7292c4913c4099002e071e37
[INFO] running `Command { std: "docker" "start" "-a" "a12b95e2614dcf16c3158c235314cc77218789cd7292c4913c4099002e071e37", kill_on_drop: false }`
[INFO] [stderr] warning: use of deprecated method `rustls::RootCertStore::add_server_trust_anchors`: Please use `add_trust_anchors` instead
[INFO] [stderr]   --> src/common/../../tests/utils.rs:30:32
[INFO] [stderr]    |
[INFO] [stderr] 30 |         client_root_cert_store.add_server_trust_anchors(certs.iter().map(|cert| {
[INFO] [stderr]    |                                ^^^^^^^^^^^^^^^^^^^^^^^^
[INFO] [stderr]    |
[INFO] [stderr]    = note: `#[warn(deprecated)]` on by default
[INFO] [stderr] 
[INFO] [stderr] warning: `async-nats-tokio-rustls-deps` (lib test) generated 1 warning
[INFO] [stderr] warning: use of deprecated method `rustls::RootCertStore::add_server_trust_anchors`: Please use `add_trust_anchors` instead
[INFO] [stderr]    --> tests/test.rs:115:16
[INFO] [stderr]     |
[INFO] [stderr] 115 |     root_store.add_server_trust_anchors(chain.iter().map(|cert| {
[INFO] [stderr]     |                ^^^^^^^^^^^^^^^^^^^^^^^^
[INFO] [stderr]     |
[INFO] [stderr]     = note: `#[warn(deprecated)]` on by default
[INFO] [stderr] 
[INFO] [stderr] warning: use of deprecated method `rustls::RootCertStore::add_server_trust_anchors`: Please use `add_trust_anchors` instead
[INFO] [stderr]    --> tests/test.rs:141:16
[INFO] [stderr]     |
[INFO] [stderr] 141 |     root_store.add_server_trust_anchors(chain.iter().map(|cert| {
[INFO] [stderr]     |                ^^^^^^^^^^^^^^^^^^^^^^^^
[INFO] [stderr] 
[INFO] [stderr] warning: use of deprecated method `rustls::RootCertStore::add_server_trust_anchors`: Please use `add_trust_anchors` instead
[INFO] [stderr]   --> tests/utils.rs:30:32
[INFO] [stderr]    |
[INFO] [stderr] 30 |         client_root_cert_store.add_server_trust_anchors(certs.iter().map(|cert| {
[INFO] [stderr]    |                                ^^^^^^^^^^^^^^^^^^^^^^^^
[INFO] [stderr] 
[INFO] [stderr] warning: use of deprecated method `rustls::RootCertStore::add_server_trust_anchors`: Please use `add_trust_anchors` instead
[INFO] [stderr]   --> tests/utils.rs:30:32
[INFO] [stderr]    |
[INFO] [stderr] 30 |         client_root_cert_store.add_server_trust_anchors(certs.iter().map(|cert| {
[INFO] [stderr]    |                                ^^^^^^^^^^^^^^^^^^^^^^^^
[INFO] [stderr]    |
[INFO] [stderr]    = note: `#[warn(deprecated)]` on by default
[INFO] [stderr] 
[INFO] [stderr] warning: use of deprecated method `async_nats_tokio_rustls_deps::rustls::RootCertStore::add_server_trust_anchors`: Please use `add_trust_anchors` instead
[INFO] [stderr]   --> tests/badssl.rs:37:16
[INFO] [stderr]    |
[INFO] [stderr] 37 |     root_store.add_server_trust_anchors(webpki_roots::TLS_SERVER_ROOTS.0.iter().map(|ta| {
[INFO] [stderr]    |                ^^^^^^^^^^^^^^^^^^^^^^^^
[INFO] [stderr]    |
[INFO] [stderr]    = note: `#[warn(deprecated)]` on by default
[INFO] [stderr] 
[INFO] [stderr] warning: use of deprecated method `async_nats_tokio_rustls_deps::rustls::RootCertStore::add_server_trust_anchors`: Please use `add_trust_anchors` instead
[INFO] [stderr]   --> tests/badssl.rs:75:16
[INFO] [stderr]    |
[INFO] [stderr] 75 |     root_store.add_server_trust_anchors(webpki_roots::TLS_SERVER_ROOTS.0.iter().map(|ta| {
[INFO] [stderr]    |                ^^^^^^^^^^^^^^^^^^^^^^^^
[INFO] [stderr] 
[INFO] [stderr] warning: `async-nats-tokio-rustls-deps` (test "test") generated 3 warnings
[INFO] [stderr] warning: `async-nats-tokio-rustls-deps` (test "utils") generated 1 warning
[INFO] [stderr] warning: `async-nats-tokio-rustls-deps` (test "badssl") generated 2 warnings
[INFO] [stderr]     Finished `test` profile [unoptimized + debuginfo] target(s) in 0.08s
[INFO] [stderr]      Running unittests src/lib.rs (/opt/rustwide/target/debug/deps/async_nats_tokio_rustls_deps-d0c8381d393a7bda)
[INFO] [stdout] 
[INFO] [stdout] running 7 tests
[INFO] [stdout] test common::test_stream::stream_handshake_eof ... ok
[INFO] [stdout] test common::test_stream::stream_good ... FAILED
[INFO] [stdout] test common::test_stream::stream_eof ... FAILED
[INFO] [stdout] test common::test_stream::stream_bad ... FAILED
[INFO] [stdout] test common::test_stream::stream_buffered_handshake ... FAILED
[INFO] [stdout] test common::test_stream::stream_handshake ... FAILED
[INFO] [stdout] test common::test_stream::stream_handshake_regression_issues_77 ... FAILED
[INFO] [stdout] 
[INFO] [stdout] failures:
[INFO] [stdout] 
[INFO] [stdout] ---- common::test_stream::stream_good stdout ----
[INFO] [stdout] Error: Custom { kind: InvalidData, error: InvalidCertificate(Expired) }
[INFO] [stdout] 
[INFO] [stdout] ---- common::test_stream::stream_eof stdout ----
[INFO] [stdout] Error: Custom { kind: InvalidData, error: InvalidCertificate(Expired) }
[INFO] [stdout] 
[INFO] [stdout] ---- common::test_stream::stream_bad stdout ----
[INFO] [stdout] Error: Custom { kind: InvalidData, error: InvalidCertificate(Expired) }
[INFO] [stdout] 
[INFO] [stdout] ---- common::test_stream::stream_buffered_handshake stdout ----
[INFO] [stdout] Error: Custom { kind: InvalidData, error: InvalidCertificate(Expired) }
[INFO] [stdout] 
[INFO] [stdout] ---- common::test_stream::stream_handshake stdout ----
[INFO] [stdout] Error: Custom { kind: InvalidData, error: InvalidCertificate(Expired) }
[INFO] [stdout] 
[INFO] [stdout] ---- common::test_stream::stream_handshake_regression_issues_77 stdout ----
[INFO] [stdout] thread 'common::test_stream::stream_handshake_regression_issues_77' panicked at src/common/test_stream.rs:254:5:
[INFO] [stdout] assertion `left == right` failed
[INFO] [stdout]   left: Ready(Err(InvalidData))
[INFO] [stdout]  right: Ready(Err(UnexpectedEof))
[INFO] [stdout] stack backtrace:
[INFO] [stdout]    0:     0x58f8679a9f7a - std::backtrace_rs::backtrace::libunwind::trace::h5a5b8284f2d0c266
[INFO] [stdout]                                at /rustc/90b35a6239c3d8bdabc530a6a0816f7ff89a0aaf/library/std/src/../../backtrace/src/backtrace/libunwind.rs:116:5
[INFO] [stdout]    1:     0x58f8679a9f7a - std::backtrace_rs::backtrace::trace_unsynchronized::h76d4f1c9b0b875e3
[INFO] [stdout]                                at /rustc/90b35a6239c3d8bdabc530a6a0816f7ff89a0aaf/library/std/src/../../backtrace/src/backtrace/mod.rs:66:5
[INFO] [stdout]    2:     0x58f8679a9f7a - std::sys::backtrace::_print_fmt::hc4546b8364a537c6
[INFO] [stdout]                                at /rustc/90b35a6239c3d8bdabc530a6a0816f7ff89a0aaf/library/std/src/sys/backtrace.rs:66:9
[INFO] [stdout]    3:     0x58f8679a9f7a - <std::sys::backtrace::BacktraceLock::print::DisplayBacktrace as core::fmt::Display>::fmt::h5b6bd5631a6d1f6b
[INFO] [stdout]                                at /rustc/90b35a6239c3d8bdabc530a6a0816f7ff89a0aaf/library/std/src/sys/backtrace.rs:39:26
[INFO] [stdout]    4:     0x58f8679d1c43 - core::fmt::rt::Argument::fmt::h270f6602a2b96f62
[INFO] [stdout]                                at /rustc/90b35a6239c3d8bdabc530a6a0816f7ff89a0aaf/library/core/src/fmt/rt.rs:177:76
[INFO] [stdout]    5:     0x58f8679d1c43 - core::fmt::write::h7550c97b06c86515
[INFO] [stdout]                                at /rustc/90b35a6239c3d8bdabc530a6a0816f7ff89a0aaf/library/core/src/fmt/mod.rs:1186:21
[INFO] [stdout]    6:     0x58f8679a6f43 - std::io::Write::write_fmt::h509ff860e5956e5e
[INFO] [stdout]                                at /rustc/90b35a6239c3d8bdabc530a6a0816f7ff89a0aaf/library/std/src/io/mod.rs:1839:15
[INFO] [stdout]    7:     0x58f8679a9dc2 - std::sys::backtrace::BacktraceLock::print::h2395ccd2c84ba3aa
[INFO] [stdout]                                at /rustc/90b35a6239c3d8bdabc530a6a0816f7ff89a0aaf/library/std/src/sys/backtrace.rs:42:9
[INFO] [stdout]    8:     0x58f8679ab3da - std::panicking::default_hook::{{closure}}::he19d4c7230e07961
[INFO] [stdout]                                at /rustc/90b35a6239c3d8bdabc530a6a0816f7ff89a0aaf/library/std/src/panicking.rs:268:22
[INFO] [stdout]    9:     0x58f8679ab1e4 - std::panicking::default_hook::hf614597d3c67bbdb
[INFO] [stdout]                                at /rustc/90b35a6239c3d8bdabc530a6a0816f7ff89a0aaf/library/std/src/panicking.rs:292:9
[INFO] [stdout]   10:     0x58f8677380a9 - <alloc::boxed::Box<F,A> as core::ops::function::Fn<Args>>::call::h39b51ce4599c23d1
[INFO] [stdout]                                at /rustc/90b35a6239c3d8bdabc530a6a0816f7ff89a0aaf/library/alloc/src/boxed.rs:2468:9
[INFO] [stdout]   11:     0x58f8677380a9 - test::test_main::{{closure}}::he977ae839a582784
[INFO] [stdout]                                at /rustc/90b35a6239c3d8bdabc530a6a0816f7ff89a0aaf/library/test/src/lib.rs:133:21
[INFO] [stdout]   12:     0x58f8679aba78 - <alloc::boxed::Box<F,A> as core::ops::function::Fn<Args>>::call::h9455091b6b06f9fb
[INFO] [stdout]                                at /rustc/90b35a6239c3d8bdabc530a6a0816f7ff89a0aaf/library/alloc/src/boxed.rs:2468:9
[INFO] [stdout]   13:     0x58f8679aba78 - std::panicking::rust_panic_with_hook::h8942133a8b252070
[INFO] [stdout]                                at /rustc/90b35a6239c3d8bdabc530a6a0816f7ff89a0aaf/library/std/src/panicking.rs:809:13
[INFO] [stdout]   14:     0x58f8679ab83a - std::panicking::begin_panic_handler::{{closure}}::hb5f5963570096b29
[INFO] [stdout]                                at /rustc/90b35a6239c3d8bdabc530a6a0816f7ff89a0aaf/library/std/src/panicking.rs:674:13
[INFO] [stdout]   15:     0x58f8679aa459 - std::sys::backtrace::__rust_end_short_backtrace::h6208cedc1922feda
[INFO] [stdout]                                at /rustc/90b35a6239c3d8bdabc530a6a0816f7ff89a0aaf/library/std/src/sys/backtrace.rs:170:18
[INFO] [stdout]   16:     0x58f8679ab4cc - rust_begin_unwind
[INFO] [stdout]                                at /rustc/90b35a6239c3d8bdabc530a6a0816f7ff89a0aaf/library/std/src/panicking.rs:665:5
[INFO] [stdout]   17:     0x58f8676bec30 - core::panicking::panic_fmt::h0c3082644d1bf418
[INFO] [stdout]                                at /rustc/90b35a6239c3d8bdabc530a6a0816f7ff89a0aaf/library/core/src/panicking.rs:74:14
[INFO] [stdout]   18:     0x58f8676bf095 - core::panicking::assert_failed_inner::h2ddf1fcc067fa858
[INFO] [stdout]   19:     0x58f8676e42c1 - core::panicking::assert_failed::h091ecfff814f9cd5
[INFO] [stdout]                                at /rustc/90b35a6239c3d8bdabc530a6a0816f7ff89a0aaf/library/core/src/panicking.rs:367:5
[INFO] [stdout]   20:     0x58f8676d1214 - async_nats_tokio_rustls_deps::common::test_stream::stream_handshake_regression_issues_77::{{closure}}::hb52a8027fcb70f35
[INFO] [stdout]                                at /opt/rustwide/workdir/src/common/test_stream.rs:254:5
[INFO] [stdout]   21:     0x58f8676dfa45 - <core::pin::Pin<P> as core::future::future::Future>::poll::h6e8cd4c2a653b414
[INFO] [stdout]                                at /rustc/90b35a6239c3d8bdabc530a6a0816f7ff89a0aaf/library/core/src/future/future.rs:123:9
[INFO] [stdout]   22:     0x58f8676df9bd - <core::pin::Pin<P> as core::future::future::Future>::poll::h37389fd4f61f4407
[INFO] [stdout]                                at /rustc/90b35a6239c3d8bdabc530a6a0816f7ff89a0aaf/library/core/src/future/future.rs:123:9
[INFO] [stdout]   23:     0x58f8676ee6ff - tokio::runtime::scheduler::current_thread::CoreGuard::block_on::{{closure}}::{{closure}}::{{closure}}::h8363b9b29d05b3a7
[INFO] [stdout]                                at /opt/rustwide/cargo-home/registry/src/index.crates.io-6f17d22bba15001f/tokio-1.42.0/src/runtime/scheduler/current_thread/mod.rs:729:57
[INFO] [stdout]   24:     0x58f8676ee406 - tokio::runtime::coop::with_budget::h7407be7ab2280124
[INFO] [stdout]                                at /opt/rustwide/cargo-home/registry/src/index.crates.io-6f17d22bba15001f/tokio-1.42.0/src/runtime/coop.rs:107:5
[INFO] [stdout]   25:     0x58f8676ee406 - tokio::runtime::coop::budget::hff7c063eec702f23
[INFO] [stdout]                                at /opt/rustwide/cargo-home/registry/src/index.crates.io-6f17d22bba15001f/tokio-1.42.0/src/runtime/coop.rs:73:5
[INFO] [stdout]   26:     0x58f8676ee406 - tokio::runtime::scheduler::current_thread::CoreGuard::block_on::{{closure}}::{{closure}}::h3f2901430c4b1f01
[INFO] [stdout]                                at /opt/rustwide/cargo-home/registry/src/index.crates.io-6f17d22bba15001f/tokio-1.42.0/src/runtime/scheduler/current_thread/mod.rs:729:25
[INFO] [stdout]   27:     0x58f8676ebd2a - tokio::runtime::scheduler::current_thread::Context::enter::h491675a05c05bd29
[INFO] [stdout]                                at /opt/rustwide/cargo-home/registry/src/index.crates.io-6f17d22bba15001f/tokio-1.42.0/src/runtime/scheduler/current_thread/mod.rs:428:19
[INFO] [stdout]   28:     0x58f8676ed2de - tokio::runtime::scheduler::current_thread::CoreGuard::block_on::{{closure}}::h1a7d6ae3877682d2
[INFO] [stdout]                                at /opt/rustwide/cargo-home/registry/src/index.crates.io-6f17d22bba15001f/tokio-1.42.0/src/runtime/scheduler/current_thread/mod.rs:728:36
[INFO] [stdout]   29:     0x58f8676ecfbb - tokio::runtime::scheduler::current_thread::CoreGuard::enter::{{closure}}::ha1c6880f618fddd2
[INFO] [stdout]                                at /opt/rustwide/cargo-home/registry/src/index.crates.io-6f17d22bba15001f/tokio-1.42.0/src/runtime/scheduler/current_thread/mod.rs:807:68
[INFO] [stdout]   30:     0x58f8676e737a - tokio::runtime::context::scoped::Scoped<T>::set::h638e92fb93ef0201
[INFO] [stdout]                                at /opt/rustwide/cargo-home/registry/src/index.crates.io-6f17d22bba15001f/tokio-1.42.0/src/runtime/context/scoped.rs:40:9
[INFO] [stdout]   31:     0x58f8676f025a - tokio::runtime::context::set_scheduler::{{closure}}::h8a4702564d58c639
[INFO] [stdout]                                at /opt/rustwide/cargo-home/registry/src/index.crates.io-6f17d22bba15001f/tokio-1.42.0/src/runtime/context.rs:180:26
[INFO] [stdout]   32:     0x58f8676e2a01 - std::thread::local::LocalKey<T>::try_with::he93f432b534bb23b
[INFO] [stdout]                                at /rustc/90b35a6239c3d8bdabc530a6a0816f7ff89a0aaf/library/std/src/thread/local.rs:283:12
[INFO] [stdout]   33:     0x58f8676e1a8d - std::thread::local::LocalKey<T>::with::hdf694fb28e0e3bd4
[INFO] [stdout]                                at /rustc/90b35a6239c3d8bdabc530a6a0816f7ff89a0aaf/library/std/src/thread/local.rs:260:9
[INFO] [stdout]   34:     0x58f8676f0201 - tokio::runtime::context::set_scheduler::hb369691c14ebc5e4
[INFO] [stdout]                                at /opt/rustwide/cargo-home/registry/src/index.crates.io-6f17d22bba15001f/tokio-1.42.0/src/runtime/context.rs:180:9
[INFO] [stdout]   35:     0x58f8676ec8a9 - tokio::runtime::scheduler::current_thread::CoreGuard::enter::h7e1f0a25c3c24167
[INFO] [stdout]                                at /opt/rustwide/cargo-home/registry/src/index.crates.io-6f17d22bba15001f/tokio-1.42.0/src/runtime/scheduler/current_thread/mod.rs:807:27
[INFO] [stdout]   36:     0x58f8676ed053 - tokio::runtime::scheduler::current_thread::CoreGuard::block_on::h5b9551a1a842f82d
[INFO] [stdout]                                at /opt/rustwide/cargo-home/registry/src/index.crates.io-6f17d22bba15001f/tokio-1.42.0/src/runtime/scheduler/current_thread/mod.rs:716:19
[INFO] [stdout]   37:     0x58f8676eab10 - tokio::runtime::scheduler::current_thread::CurrentThread::block_on::{{closure}}::h15be3fbf337667be
[INFO] [stdout]                                at /opt/rustwide/cargo-home/registry/src/index.crates.io-6f17d22bba15001f/tokio-1.42.0/src/runtime/scheduler/current_thread/mod.rs:196:28
[INFO] [stdout]   38:     0x58f8676e7876 - tokio::runtime::context::runtime::enter_runtime::h52c9d5b53edd4a28
[INFO] [stdout]                                at /opt/rustwide/cargo-home/registry/src/index.crates.io-6f17d22bba15001f/tokio-1.42.0/src/runtime/context/runtime.rs:65:16
[INFO] [stdout]   39:     0x58f8676ea801 - tokio::runtime::scheduler::current_thread::CurrentThread::block_on::h0b964dd904fd2179
[INFO] [stdout]                                at /opt/rustwide/cargo-home/registry/src/index.crates.io-6f17d22bba15001f/tokio-1.42.0/src/runtime/scheduler/current_thread/mod.rs:184:9
[INFO] [stdout]   40:     0x58f8676df1f9 - tokio::runtime::runtime::Runtime::block_on_inner::h4cf22b32bb8b6a09
[INFO] [stdout]                                at /opt/rustwide/cargo-home/registry/src/index.crates.io-6f17d22bba15001f/tokio-1.42.0/src/runtime/runtime.rs:368:47
[INFO] [stdout]   41:     0x58f8676df550 - tokio::runtime::runtime::Runtime::block_on::hcb69ed6477916625
[INFO] [stdout]                                at /opt/rustwide/cargo-home/registry/src/index.crates.io-6f17d22bba15001f/tokio-1.42.0/src/runtime/runtime.rs:342:13
[INFO] [stdout]   42:     0x58f8676d0f59 - async_nats_tokio_rustls_deps::common::test_stream::stream_handshake_regression_issues_77::hbacb6d698d8739b4
[INFO] [stdout]                                at /opt/rustwide/workdir/src/common/test_stream.rs:259:5
[INFO] [stdout]   43:     0x58f8676d0e27 - async_nats_tokio_rustls_deps::common::test_stream::stream_handshake_regression_issues_77::{{closure}}::h904a264f077e9542
[INFO] [stdout]                                at /opt/rustwide/workdir/src/common/test_stream.rs:246:53
[INFO] [stdout]   44:     0x58f8676dd426 - core::ops::function::FnOnce::call_once::ha7ab0851195254e1
[INFO] [stdout]                                at /rustc/90b35a6239c3d8bdabc530a6a0816f7ff89a0aaf/library/core/src/ops/function.rs:250:5
[INFO] [stdout]   45:     0x58f86773ca6b - core::ops::function::FnOnce::call_once::h109cf8051a59b34e
[INFO] [stdout]                                at /rustc/90b35a6239c3d8bdabc530a6a0816f7ff89a0aaf/library/core/src/ops/function.rs:250:5
[INFO] [stdout]   46:     0x58f86773ca6b - test::__rust_begin_short_backtrace::hf4fff89d377446ba
[INFO] [stdout]                                at /rustc/90b35a6239c3d8bdabc530a6a0816f7ff89a0aaf/library/test/src/lib.rs:621:18
[INFO] [stdout]   47:     0x58f86773c2a7 - test::run_test_in_process::{{closure}}::h0e39181dd7ee5a43
[INFO] [stdout]                                at /rustc/90b35a6239c3d8bdabc530a6a0816f7ff89a0aaf/library/test/src/lib.rs:644:60
[INFO] [stdout]   48:     0x58f86773c2a7 - <core::panic::unwind_safe::AssertUnwindSafe<F> as core::ops::function::FnOnce<()>>::call_once::hc5a66a30f0bdfd1f
[INFO] [stdout]                                at /rustc/90b35a6239c3d8bdabc530a6a0816f7ff89a0aaf/library/core/src/panic/unwind_safe.rs:272:9
[INFO] [stdout]   49:     0x58f86773c2a7 - std::panicking::try::do_call::h873b7cf639554a5e
[INFO] [stdout]                                at /rustc/90b35a6239c3d8bdabc530a6a0816f7ff89a0aaf/library/std/src/panicking.rs:557:40
[INFO] [stdout]   50:     0x58f86773c2a7 - std::panicking::try::hdb19862fad9c8bd1
[INFO] [stdout]                                at /rustc/90b35a6239c3d8bdabc530a6a0816f7ff89a0aaf/library/std/src/panicking.rs:520:19
[INFO] [stdout]   51:     0x58f86773c2a7 - std::panic::catch_unwind::h281fe732d236d260
[INFO] [stdout]                                at /rustc/90b35a6239c3d8bdabc530a6a0816f7ff89a0aaf/library/std/src/panic.rs:358:14
[INFO] [stdout]   52:     0x58f86773c2a7 - test::run_test_in_process::h949b6df8457ed338
[INFO] [stdout]                                at /rustc/90b35a6239c3d8bdabc530a6a0816f7ff89a0aaf/library/test/src/lib.rs:644:27
[INFO] [stdout]   53:     0x58f86773c2a7 - test::run_test::{{closure}}::h52c556a6d4740e10
[INFO] [stdout]                                at /rustc/90b35a6239c3d8bdabc530a6a0816f7ff89a0aaf/library/test/src/lib.rs:565:43
[INFO] [stdout]   54:     0x58f867701584 - test::run_test::{{closure}}::h4237f6381c45ccb9
[INFO] [stdout]                                at /rustc/90b35a6239c3d8bdabc530a6a0816f7ff89a0aaf/library/test/src/lib.rs:595:41
[INFO] [stdout]   55:     0x58f867701584 - std::sys::backtrace::__rust_begin_short_backtrace::h505c97a579eca628
[INFO] [stdout]                                at /rustc/90b35a6239c3d8bdabc530a6a0816f7ff89a0aaf/library/std/src/sys/backtrace.rs:154:18
[INFO] [stdout]   56:     0x58f867704c4e - std::thread::Builder::spawn_unchecked_::{{closure}}::{{closure}}::h9e86b2e2bc107ea3
[INFO] [stdout]                                at /rustc/90b35a6239c3d8bdabc530a6a0816f7ff89a0aaf/library/std/src/thread/mod.rs:538:17
[INFO] [stdout]   57:     0x58f867704c4e - <core::panic::unwind_safe::AssertUnwindSafe<F> as core::ops::function::FnOnce<()>>::call_once::h8b06ddb275ff4a25
[INFO] [stdout]                                at /rustc/90b35a6239c3d8bdabc530a6a0816f7ff89a0aaf/library/core/src/panic/unwind_safe.rs:272:9
[INFO] [stdout]   58:     0x58f867704c4e - std::panicking::try::do_call::hb26ecd7cd9a9355d
[INFO] [stdout]                                at /rustc/90b35a6239c3d8bdabc530a6a0816f7ff89a0aaf/library/std/src/panicking.rs:557:40
[INFO] [stdout]   59:     0x58f867704c4e - std::panicking::try::h8ddeca9d705f9069
[INFO] [stdout]                                at /rustc/90b35a6239c3d8bdabc530a6a0816f7ff89a0aaf/library/std/src/panicking.rs:520:19
[INFO] [stdout]   60:     0x58f867704c4e - std::panic::catch_unwind::h49e1c33078844c46
[INFO] [stdout]                                at /rustc/90b35a6239c3d8bdabc530a6a0816f7ff89a0aaf/library/std/src/panic.rs:358:14
[INFO] [stdout]   61:     0x58f867704c4e - std::thread::Builder::spawn_unchecked_::{{closure}}::h6073db6ff56ad35d
[INFO] [stdout]                                at /rustc/90b35a6239c3d8bdabc530a6a0816f7ff89a0aaf/library/std/src/thread/mod.rs:537:30
[INFO] [stdout]   62:     0x58f867704c4e - core::ops::function::FnOnce::call_once{{vtable.shim}}::h2c5a5f3779c774f1
[INFO] [stdout]                                at /rustc/90b35a6239c3d8bdabc530a6a0816f7ff89a0aaf/library/core/src/ops/function.rs:250:5
[INFO] [stdout]   63:     0x58f8679afa5b - <alloc::boxed::Box<F,A> as core::ops::function::FnOnce<Args>>::call_once::hf75717d9f28faebf
[INFO] [stdout]                                at /rustc/90b35a6239c3d8bdabc530a6a0816f7ff89a0aaf/library/alloc/src/boxed.rs:2454:9
[INFO] [stdout]   64:     0x58f8679afa5b - <alloc::boxed::Box<F,A> as core::ops::function::FnOnce<Args>>::call_once::h7bd883a5f3c5f3c1
[INFO] [stdout]                                at /rustc/90b35a6239c3d8bdabc530a6a0816f7ff89a0aaf/library/alloc/src/boxed.rs:2454:9
[INFO] [stdout]   65:     0x58f8679afa5b - std::sys::pal::unix::thread::Thread::new::thread_start::hcc78f3943333fa94
[INFO] [stdout]                                at /rustc/90b35a6239c3d8bdabc530a6a0816f7ff89a0aaf/library/std/src/sys/pal/unix/thread.rs:105:17
[INFO] [stdout]   66:     0x7089a1f60ac3 - <unknown>
[INFO] [stdout]   67:     0x7089a1ff1a04 - clone
[INFO] [stdout]   68:                0x0 - <unknown>
[INFO] [stdout] 
[INFO] [stdout] 
[INFO] [stdout] failures:
[INFO] [stdout]     common::test_stream::stream_bad
[INFO] [stdout]     common::test_stream::stream_buffered_handshake
[INFO] [stdout]     common::test_stream::stream_eof
[INFO] [stdout]     common::test_stream::stream_good
[INFO] [stdout]     common::test_stream::stream_handshake
[INFO] [stdout]     common::test_stream::stream_handshake_regression_issues_77
[INFO] [stdout] 
[INFO] [stdout] test result: FAILED. 1 passed; 6 failed; 0 ignored; 0 measured; 0 filtered out; finished in 0.05s
[INFO] [stdout] 
[INFO] [stderr] error: test failed, to rerun pass `--lib`
[INFO] running `Command { std: "docker" "inspect" "a12b95e2614dcf16c3158c235314cc77218789cd7292c4913c4099002e071e37", kill_on_drop: false }`
[INFO] running `Command { std: "docker" "rm" "-f" "a12b95e2614dcf16c3158c235314cc77218789cd7292c4913c4099002e071e37", kill_on_drop: false }`
[INFO] [stdout] a12b95e2614dcf16c3158c235314cc77218789cd7292c4913c4099002e071e37
