[INFO] fetching crate async-native-tls 0.5.0...
[INFO] testing async-native-tls-0.5.0 against 1.83.0 for beta-1.84.0-4-retry
[INFO] extracting crate async-native-tls 0.5.0 into /workspace/builds/worker-4-tc1/source
[INFO] validating manifest of crates.io crate async-native-tls 0.5.0 on toolchain 1.83.0
[INFO] running `Command { std: CARGO_HOME="/workspace/cargo-home" RUSTUP_HOME="/workspace/rustup-home" "/workspace/cargo-home/bin/cargo" "+1.83.0" "metadata" "--manifest-path" "Cargo.toml" "--no-deps", kill_on_drop: false }`
[INFO] started tweaking crates.io crate async-native-tls 0.5.0
[INFO] removed 0 missing tests
[INFO] finished tweaking crates.io crate async-native-tls 0.5.0
[INFO] tweaked toml for crates.io crate async-native-tls 0.5.0 written to /workspace/builds/worker-4-tc1/source/Cargo.toml
[INFO] running `Command { std: CARGO_HOME="/workspace/cargo-home" RUSTUP_HOME="/workspace/rustup-home" "/workspace/cargo-home/bin/cargo" "+1.83.0" "generate-lockfile" "--manifest-path" "Cargo.toml", kill_on_drop: false }`
[INFO] [stderr]     Updating crates.io index
[INFO] [stderr]      Locking 159 packages to latest compatible versions
[INFO] [stderr]       Adding env_logger v0.9.3 (available: v0.11.5)
[INFO] [stderr]       Adding thiserror v1.0.69 (available: v2.0.7)
[INFO] running `Command { std: CARGO_HOME="/workspace/cargo-home" RUSTUP_HOME="/workspace/rustup-home" "/workspace/cargo-home/bin/cargo" "+1.83.0" "fetch" "--manifest-path" "Cargo.toml", kill_on_drop: false }`
[INFO] running `Command { std: "docker" "create" "-v" "/var/lib/crater-agent-workspace/builds/worker-4-tc1/target:/opt/rustwide/target:rw,Z" "-v" "/var/lib/crater-agent-workspace/builds/worker-4-tc1/source:/opt/rustwide/workdir:ro,Z" "-v" "/var/lib/crater-agent-workspace/cargo-home:/opt/rustwide/cargo-home:ro,Z" "-v" "/var/lib/crater-agent-workspace/rustup-home:/opt/rustwide/rustup-home:ro,Z" "-e" "SOURCE_DIR=/opt/rustwide/workdir" "-e" "CARGO_TARGET_DIR=/opt/rustwide/target" "-e" "CARGO_HOME=/opt/rustwide/cargo-home" "-e" "RUSTUP_HOME=/opt/rustwide/rustup-home" "-w" "/opt/rustwide/workdir" "-m" "1610612736" "--user" "0:0" "--network" "none" "ghcr.io/rust-lang/crates-build-env/linux@sha256:f3a9d4ad9d972b27faf3965f35b62e55ba32bbce8f20bc8fe909558a86702fde" "/opt/rustwide/cargo-home/bin/cargo" "+1.83.0" "metadata" "--no-deps" "--format-version=1", kill_on_drop: false }`
[INFO] [stdout] f6d4d74dbbcdc449bc63096a49264dfd194f5f855d973bd56da21e615cc8bdab
[INFO] running `Command { std: "docker" "start" "-a" "f6d4d74dbbcdc449bc63096a49264dfd194f5f855d973bd56da21e615cc8bdab", kill_on_drop: false }`
[INFO] running `Command { std: "docker" "inspect" "f6d4d74dbbcdc449bc63096a49264dfd194f5f855d973bd56da21e615cc8bdab", kill_on_drop: false }`
[INFO] running `Command { std: "docker" "rm" "-f" "f6d4d74dbbcdc449bc63096a49264dfd194f5f855d973bd56da21e615cc8bdab", kill_on_drop: false }`
[INFO] [stdout] f6d4d74dbbcdc449bc63096a49264dfd194f5f855d973bd56da21e615cc8bdab
[INFO] running `Command { std: "docker" "create" "-v" "/var/lib/crater-agent-workspace/builds/worker-4-tc1/target:/opt/rustwide/target:rw,Z" "-v" "/var/lib/crater-agent-workspace/builds/worker-4-tc1/source:/opt/rustwide/workdir:ro,Z" "-v" "/var/lib/crater-agent-workspace/cargo-home:/opt/rustwide/cargo-home:ro,Z" "-v" "/var/lib/crater-agent-workspace/rustup-home:/opt/rustwide/rustup-home:ro,Z" "-e" "SOURCE_DIR=/opt/rustwide/workdir" "-e" "CARGO_TARGET_DIR=/opt/rustwide/target" "-e" "CARGO_INCREMENTAL=0" "-e" "RUST_BACKTRACE=full" "-e" "RUSTFLAGS=--cap-lints=warn" "-e" "RUSTDOCFLAGS=--cap-lints=warn" "-e" "CARGO_HOME=/opt/rustwide/cargo-home" "-e" "RUSTUP_HOME=/opt/rustwide/rustup-home" "-w" "/opt/rustwide/workdir" "-m" "1610612736" "--user" "0:0" "--network" "none" "ghcr.io/rust-lang/crates-build-env/linux@sha256:f3a9d4ad9d972b27faf3965f35b62e55ba32bbce8f20bc8fe909558a86702fde" "/opt/rustwide/cargo-home/bin/cargo" "+1.83.0" "build" "--frozen" "--message-format=json", kill_on_drop: false }`
[INFO] [stdout] 975e1d55212919c7fc851a193c9594995ed616ea59126038b4054b7a3b864df2
[INFO] running `Command { std: "docker" "start" "-a" "975e1d55212919c7fc851a193c9594995ed616ea59126038b4054b7a3b864df2", kill_on_drop: false }`
[INFO] [stderr]    Compiling stable_deref_trait v1.2.0
[INFO] [stderr]    Compiling litemap v0.7.4
[INFO] [stderr]    Compiling writeable v0.5.5
[INFO] [stderr]    Compiling vcpkg v0.2.15
[INFO] [stderr]    Compiling icu_locid_transform_data v1.5.0
[INFO] [stderr]    Compiling icu_properties_data v1.5.0
[INFO] [stderr]    Compiling smallvec v1.13.2
[INFO] [stderr]    Compiling utf16_iter v1.0.5
[INFO] [stderr]    Compiling write16 v1.0.0
[INFO] [stderr]    Compiling icu_normalizer_data v1.5.0
[INFO] [stderr]    Compiling utf8_iter v1.0.4
[INFO] [stderr]    Compiling openssl v0.10.68
[INFO] [stderr]    Compiling foreign-types-shared v0.1.1
[INFO] [stderr]    Compiling percent-encoding v2.3.1
[INFO] [stderr]    Compiling synstructure v0.13.1
[INFO] [stderr]    Compiling zerovec-derive v0.10.3
[INFO] [stderr]    Compiling displaydoc v0.2.5
[INFO] [stderr]    Compiling icu_provider_macros v1.5.0
[INFO] [stderr]    Compiling foreign-types v0.3.2
[INFO] [stderr]    Compiling openssl-macros v0.1.1
[INFO] [stderr]    Compiling futures-core v0.3.31
[INFO] [stderr]    Compiling bitflags v2.6.0
[INFO] [stderr]    Compiling value-bag v1.10.0
[INFO] [stderr]    Compiling native-tls v0.2.12
[INFO] [stderr]    Compiling futures-macro v0.3.31
[INFO] [stderr]    Compiling form_urlencoded v1.2.1
[INFO] [stderr]    Compiling futures-channel v0.3.31
[INFO] [stderr]    Compiling openssl-probe v0.1.5
[INFO] [stderr]    Compiling futures-io v0.3.31
[INFO] [stderr]    Compiling log v0.4.22
[INFO] [stderr]    Compiling zerofrom-derive v0.1.5
[INFO] [stderr]    Compiling yoke-derive v0.7.5
[INFO] [stderr]    Compiling openssl-sys v0.9.104
[INFO] [stderr]    Compiling futures-util v0.3.31
[INFO] [stderr]    Compiling zerofrom v0.1.5
[INFO] [stderr]    Compiling yoke v0.7.5
[INFO] [stderr]    Compiling zerovec v0.10.4
[INFO] [stderr]    Compiling tinystr v0.7.6
[INFO] [stderr]    Compiling icu_collections v1.5.0
[INFO] [stderr]    Compiling icu_locid v1.5.0
[INFO] [stderr]    Compiling icu_provider v1.5.0
[INFO] [stderr]    Compiling icu_locid_transform v1.5.0
[INFO] [stderr]    Compiling icu_properties v1.5.1
[INFO] [stderr]    Compiling icu_normalizer v1.5.0
[INFO] [stderr]    Compiling idna_adapter v1.2.0
[INFO] [stderr]    Compiling idna v1.0.3
[INFO] [stderr]    Compiling url v2.5.4
[INFO] [stderr]    Compiling async-native-tls v0.5.0 (/opt/rustwide/workdir)
[INFO] [stderr]     Finished `dev` profile [unoptimized + debuginfo] target(s) in 18.91s
[INFO] running `Command { std: "docker" "inspect" "975e1d55212919c7fc851a193c9594995ed616ea59126038b4054b7a3b864df2", kill_on_drop: false }`
[INFO] running `Command { std: "docker" "rm" "-f" "975e1d55212919c7fc851a193c9594995ed616ea59126038b4054b7a3b864df2", kill_on_drop: false }`
[INFO] [stdout] 975e1d55212919c7fc851a193c9594995ed616ea59126038b4054b7a3b864df2
[INFO] running `Command { std: "docker" "create" "-v" "/var/lib/crater-agent-workspace/builds/worker-4-tc1/target:/opt/rustwide/target:rw,Z" "-v" "/var/lib/crater-agent-workspace/builds/worker-4-tc1/source:/opt/rustwide/workdir:ro,Z" "-v" "/var/lib/crater-agent-workspace/cargo-home:/opt/rustwide/cargo-home:ro,Z" "-v" "/var/lib/crater-agent-workspace/rustup-home:/opt/rustwide/rustup-home:ro,Z" "-e" "SOURCE_DIR=/opt/rustwide/workdir" "-e" "CARGO_TARGET_DIR=/opt/rustwide/target" "-e" "CARGO_INCREMENTAL=0" "-e" "RUST_BACKTRACE=full" "-e" "RUSTFLAGS=--cap-lints=warn" "-e" "RUSTDOCFLAGS=--cap-lints=warn" "-e" "CARGO_HOME=/opt/rustwide/cargo-home" "-e" "RUSTUP_HOME=/opt/rustwide/rustup-home" "-w" "/opt/rustwide/workdir" "-m" "1610612736" "--user" "0:0" "--network" "none" "ghcr.io/rust-lang/crates-build-env/linux@sha256:f3a9d4ad9d972b27faf3965f35b62e55ba32bbce8f20bc8fe909558a86702fde" "/opt/rustwide/cargo-home/bin/cargo" "+1.83.0" "test" "--frozen" "--no-run" "--message-format=json", kill_on_drop: false }`
[INFO] [stdout] c4f938bb5814eedae04e84e363e77aad49389c962885f9d76cbb94fbd9d4a3f5
[INFO] running `Command { std: "docker" "start" "-a" "c4f938bb5814eedae04e84e363e77aad49389c962885f9d76cbb94fbd9d4a3f5", kill_on_drop: false }`
[INFO] [stderr]    Compiling parking v2.2.1
[INFO] [stderr]    Compiling fastrand v2.3.0
[INFO] [stderr]    Compiling rustix v0.38.42
[INFO] [stderr]    Compiling linux-raw-sys v0.4.14
[INFO] [stderr]    Compiling tracing-core v0.1.33
[INFO] [stderr]    Compiling concurrent-queue v2.5.0
[INFO] [stderr]    Compiling syn v1.0.109
[INFO] [stderr]    Compiling atomic-waker v1.1.2
[INFO] [stderr]    Compiling async-task v4.7.1
[INFO] [stderr]    Compiling regex-syntax v0.8.5
[INFO] [stderr]    Compiling parking_lot_core v0.9.10
[INFO] [stderr]    Compiling event-listener v2.5.3
[INFO] [stderr]    Compiling futures-executor v0.3.31
[INFO] [stderr]    Compiling tokio-macros v2.4.0
[INFO] [stderr]    Compiling socket2 v0.5.8
[INFO] [stderr]    Compiling mio v1.0.3
[INFO] [stderr]    Compiling kv-log-macro v1.0.7
[INFO] [stderr]    Compiling futures-lite v2.5.0
[INFO] [stderr]    Compiling piper v0.2.4
[INFO] [stderr]    Compiling event-listener v5.3.1
[INFO] [stderr]    Compiling async-channel v1.9.0
[INFO] [stderr]    Compiling parking_lot v0.12.3
[INFO] [stderr]    Compiling atty v0.2.14
[INFO] [stderr]    Compiling signal-hook-registry v1.4.2
[INFO] [stderr]    Compiling bytes v1.9.0
[INFO] [stderr]    Compiling humantime v2.1.0
[INFO] [stderr]    Compiling termcolor v1.4.1
[INFO] [stderr]    Compiling futures v0.3.31
[INFO] [stderr]    Compiling event-listener-strategy v0.5.3
[INFO] [stderr]    Compiling tracing v0.1.41
[INFO] [stderr]    Compiling async-channel v2.3.1
[INFO] [stderr]    Compiling async-lock v3.4.0
[INFO] [stderr]    Compiling tokio v1.42.0
[INFO] [stderr]    Compiling async-executor v1.13.1
[INFO] [stderr]    Compiling blocking v1.6.1
[INFO] [stderr]    Compiling regex-automata v0.4.9
[INFO] [stderr]    Compiling async-attributes v1.1.2
[INFO] [stderr]    Compiling regex v1.11.1
[INFO] [stderr]    Compiling env_logger v0.9.3
[INFO] [stderr]    Compiling polling v3.7.4
[INFO] [stderr]    Compiling async-io v2.4.0
[INFO] [stderr]    Compiling async-global-executor v2.4.1
[INFO] [stderr]    Compiling async-std v1.13.0
[INFO] [stderr]    Compiling async-native-tls v0.5.0 (/opt/rustwide/workdir)
[INFO] [stdout] warning: unexpected `cfg` condition value: `force-openssl`
[INFO] [stdout]    --> tests/smoke.rs:130:18
[INFO] [stdout]     |
[INFO] [stdout] 130 |     if #[cfg(any(feature = "force-openssl",
[INFO] [stdout]     |                  ^^^^^^^^^^^^^^^^^^^^^^^^^
[INFO] [stdout]     |
[INFO] [stdout]     = note: expected values for `feature` are: `default`, `futures-util`, `runtime-async-std`, `runtime-tokio`, `tokio`, and `vendored`
[INFO] [stdout]     = help: consider adding `force-openssl` as a feature in `Cargo.toml`
[INFO] [stdout]     = note: see <https://doc.rust-lang.org/nightly/rustc/check-cfg/cargo-specifics.html> for more information about checking conditional configuration
[INFO] [stdout]     = note: `#[warn(unexpected_cfgs)]` on by default
[INFO] [stdout] 
[INFO] [stdout] 
[INFO] [stdout] warning: unexpected `cfg` condition value: `force-openssl`
[INFO] [stdout]   --> tests/bad.rs:21:18
[INFO] [stdout]    |
[INFO] [stdout] 21 |     if #[cfg(any(feature = "force-openssl",
[INFO] [stdout]    |                  ^^^^^^^^^^^^^^^^^^^^^^^^^
[INFO] [stdout]    |
[INFO] [stdout]    = note: expected values for `feature` are: `default`, `futures-util`, `runtime-async-std`, `runtime-tokio`, `tokio`, and `vendored`
[INFO] [stdout]    = help: consider adding `force-openssl` as a feature in `Cargo.toml`
[INFO] [stdout]    = note: see <https://doc.rust-lang.org/nightly/rustc/check-cfg/cargo-specifics.html> for more information about checking conditional configuration
[INFO] [stdout]    = note: `#[warn(unexpected_cfgs)]` on by default
[INFO] [stdout] 
[INFO] [stdout] 
[INFO] [stderr]     Finished `test` profile [unoptimized + debuginfo] target(s) in 29.13s
[INFO] running `Command { std: "docker" "inspect" "c4f938bb5814eedae04e84e363e77aad49389c962885f9d76cbb94fbd9d4a3f5", kill_on_drop: false }`
[INFO] running `Command { std: "docker" "rm" "-f" "c4f938bb5814eedae04e84e363e77aad49389c962885f9d76cbb94fbd9d4a3f5", kill_on_drop: false }`
[INFO] [stdout] c4f938bb5814eedae04e84e363e77aad49389c962885f9d76cbb94fbd9d4a3f5
[INFO] running `Command { std: "docker" "create" "-v" "/var/lib/crater-agent-workspace/builds/worker-4-tc1/target:/opt/rustwide/target:rw,Z" "-v" "/var/lib/crater-agent-workspace/builds/worker-4-tc1/source:/opt/rustwide/workdir:ro,Z" "-v" "/var/lib/crater-agent-workspace/cargo-home:/opt/rustwide/cargo-home:ro,Z" "-v" "/var/lib/crater-agent-workspace/rustup-home:/opt/rustwide/rustup-home:ro,Z" "-e" "SOURCE_DIR=/opt/rustwide/workdir" "-e" "CARGO_TARGET_DIR=/opt/rustwide/target" "-e" "CARGO_INCREMENTAL=0" "-e" "RUST_BACKTRACE=full" "-e" "RUSTFLAGS=--cap-lints=warn" "-e" "RUSTDOCFLAGS=--cap-lints=warn" "-e" "CARGO_HOME=/opt/rustwide/cargo-home" "-e" "RUSTUP_HOME=/opt/rustwide/rustup-home" "-w" "/opt/rustwide/workdir" "-m" "1610612736" "--user" "0:0" "--network" "none" "ghcr.io/rust-lang/crates-build-env/linux@sha256:f3a9d4ad9d972b27faf3965f35b62e55ba32bbce8f20bc8fe909558a86702fde" "/opt/rustwide/cargo-home/bin/cargo" "+1.83.0" "test" "--frozen", kill_on_drop: false }`
[INFO] [stdout] 4d6936dd8ae715ac4798079be6aaade498cdeaf8fd3c3b1bdd1e41e23728c6d9
[INFO] running `Command { std: "docker" "start" "-a" "4d6936dd8ae715ac4798079be6aaade498cdeaf8fd3c3b1bdd1e41e23728c6d9", kill_on_drop: false }`
[INFO] [stderr] warning: unexpected `cfg` condition value: `force-openssl`
[INFO] [stderr]    --> tests/smoke.rs:130:18
[INFO] [stderr]     |
[INFO] [stderr] 130 |     if #[cfg(any(feature = "force-openssl",
[INFO] [stderr]     |                  ^^^^^^^^^^^^^^^^^^^^^^^^^
[INFO] [stderr]     |
[INFO] [stderr]     = note: expected values for `feature` are: `default`, `futures-util`, `runtime-async-std`, `runtime-tokio`, `tokio`, and `vendored`
[INFO] [stderr]     = help: consider adding `force-openssl` as a feature in `Cargo.toml`
[INFO] [stderr]     = note: see <https://doc.rust-lang.org/nightly/rustc/check-cfg/cargo-specifics.html> for more information about checking conditional configuration
[INFO] [stderr]     = note: `#[warn(unexpected_cfgs)]` on by default
[INFO] [stderr] 
[INFO] [stderr] warning: unexpected `cfg` condition value: `force-openssl`
[INFO] [stderr]   --> tests/bad.rs:21:18
[INFO] [stderr]    |
[INFO] [stderr] 21 |     if #[cfg(any(feature = "force-openssl",
[INFO] [stderr]    |                  ^^^^^^^^^^^^^^^^^^^^^^^^^
[INFO] [stderr]    |
[INFO] [stderr]    = note: expected values for `feature` are: `default`, `futures-util`, `runtime-async-std`, `runtime-tokio`, `tokio`, and `vendored`
[INFO] [stderr]    = help: consider adding `force-openssl` as a feature in `Cargo.toml`
[INFO] [stderr]    = note: see <https://doc.rust-lang.org/nightly/rustc/check-cfg/cargo-specifics.html> for more information about checking conditional configuration
[INFO] [stderr]    = note: `#[warn(unexpected_cfgs)]` on by default
[INFO] [stderr] 
[INFO] [stderr] warning: `async-native-tls` (test "smoke") generated 1 warning
[INFO] [stderr] warning: `async-native-tls` (test "bad") generated 1 warning
[INFO] [stderr]     Finished `test` profile [unoptimized + debuginfo] target(s) in 0.26s
[INFO] [stderr]      Running unittests src/lib.rs (/opt/rustwide/target/debug/deps/async_native_tls-af14a109c7595963)
[INFO] [stdout] 
[INFO] [stdout] running 1 test
[INFO] [stdout] test acceptor::tests::test_acceptor ... FAILED
[INFO] [stdout] 
[INFO] [stdout] failures:
[INFO] [stdout] 
[INFO] [stdout] ---- acceptor::tests::test_acceptor stdout ----
[INFO] [stdout] thread 'acceptor::tests::test_acceptor' panicked at src/acceptor.rs:111:61:
[INFO] [stdout] called `Result::unwrap()` on an `Err` value: NativeTls(Normal(ErrorStack([Error { code: 50856204, library: "digital envelope routines", function: "inner_evp_generic_fetch", reason: "unsupported", file: "../crypto/evp/evp_fetch.c", line: 349, data: "Global default library context, Algorithm (RC2-40-CBC : 0), Properties ()" }])))
[INFO] [stdout] stack backtrace:
[INFO] [stdout]    0:     0x55afca633bea - std::backtrace_rs::backtrace::libunwind::trace::h5a5b8284f2d0c266
[INFO] [stdout]                                at /rustc/90b35a6239c3d8bdabc530a6a0816f7ff89a0aaf/library/std/src/../../backtrace/src/backtrace/libunwind.rs:116:5
[INFO] [stdout]    1:     0x55afca633bea - std::backtrace_rs::backtrace::trace_unsynchronized::h76d4f1c9b0b875e3
[INFO] [stdout]                                at /rustc/90b35a6239c3d8bdabc530a6a0816f7ff89a0aaf/library/std/src/../../backtrace/src/backtrace/mod.rs:66:5
[INFO] [stdout]    2:     0x55afca633bea - std::sys::backtrace::_print_fmt::hc4546b8364a537c6
[INFO] [stdout]                                at /rustc/90b35a6239c3d8bdabc530a6a0816f7ff89a0aaf/library/std/src/sys/backtrace.rs:66:9
[INFO] [stdout]    3:     0x55afca633bea - <std::sys::backtrace::BacktraceLock::print::DisplayBacktrace as core::fmt::Display>::fmt::h5b6bd5631a6d1f6b
[INFO] [stdout]                                at /rustc/90b35a6239c3d8bdabc530a6a0816f7ff89a0aaf/library/std/src/sys/backtrace.rs:39:26
[INFO] [stdout]    4:     0x55afca65a9d3 - core::fmt::rt::Argument::fmt::h270f6602a2b96f62
[INFO] [stdout]                                at /rustc/90b35a6239c3d8bdabc530a6a0816f7ff89a0aaf/library/core/src/fmt/rt.rs:177:76
[INFO] [stdout]    5:     0x55afca65a9d3 - core::fmt::write::h7550c97b06c86515
[INFO] [stdout]                                at /rustc/90b35a6239c3d8bdabc530a6a0816f7ff89a0aaf/library/core/src/fmt/mod.rs:1186:21
[INFO] [stdout]    6:     0x55afca630363 - std::io::Write::write_fmt::h509ff860e5956e5e
[INFO] [stdout]                                at /rustc/90b35a6239c3d8bdabc530a6a0816f7ff89a0aaf/library/std/src/io/mod.rs:1839:15
[INFO] [stdout]    7:     0x55afca633a32 - std::sys::backtrace::BacktraceLock::print::h2395ccd2c84ba3aa
[INFO] [stdout]                                at /rustc/90b35a6239c3d8bdabc530a6a0816f7ff89a0aaf/library/std/src/sys/backtrace.rs:42:9
[INFO] [stdout]    8:     0x55afca63504a - std::panicking::default_hook::{{closure}}::he19d4c7230e07961
[INFO] [stdout]                                at /rustc/90b35a6239c3d8bdabc530a6a0816f7ff89a0aaf/library/std/src/panicking.rs:268:22
[INFO] [stdout]    9:     0x55afca634e54 - std::panicking::default_hook::hf614597d3c67bbdb
[INFO] [stdout]                                at /rustc/90b35a6239c3d8bdabc530a6a0816f7ff89a0aaf/library/std/src/panicking.rs:292:9
[INFO] [stdout]   10:     0x55afca50e149 - <alloc::boxed::Box<F,A> as core::ops::function::Fn<Args>>::call::h39b51ce4599c23d1
[INFO] [stdout]                                at /rustc/90b35a6239c3d8bdabc530a6a0816f7ff89a0aaf/library/alloc/src/boxed.rs:2468:9
[INFO] [stdout]   11:     0x55afca50e149 - test::test_main::{{closure}}::he977ae839a582784
[INFO] [stdout]                                at /rustc/90b35a6239c3d8bdabc530a6a0816f7ff89a0aaf/library/test/src/lib.rs:133:21
[INFO] [stdout]   12:     0x55afca6356e8 - <alloc::boxed::Box<F,A> as core::ops::function::Fn<Args>>::call::h9455091b6b06f9fb
[INFO] [stdout]                                at /rustc/90b35a6239c3d8bdabc530a6a0816f7ff89a0aaf/library/alloc/src/boxed.rs:2468:9
[INFO] [stdout]   13:     0x55afca6356e8 - std::panicking::rust_panic_with_hook::h8942133a8b252070
[INFO] [stdout]                                at /rustc/90b35a6239c3d8bdabc530a6a0816f7ff89a0aaf/library/std/src/panicking.rs:809:13
[INFO] [stdout]   14:     0x55afca6354aa - std::panicking::begin_panic_handler::{{closure}}::hb5f5963570096b29
[INFO] [stdout]                                at /rustc/90b35a6239c3d8bdabc530a6a0816f7ff89a0aaf/library/std/src/panicking.rs:674:13
[INFO] [stdout]   15:     0x55afca6340c9 - std::sys::backtrace::__rust_end_short_backtrace::h6208cedc1922feda
[INFO] [stdout]                                at /rustc/90b35a6239c3d8bdabc530a6a0816f7ff89a0aaf/library/std/src/sys/backtrace.rs:170:18
[INFO] [stdout]   16:     0x55afca63513c - rust_begin_unwind
[INFO] [stdout]                                at /rustc/90b35a6239c3d8bdabc530a6a0816f7ff89a0aaf/library/std/src/panicking.rs:665:5
[INFO] [stdout]   17:     0x55afca49ebd0 - core::panicking::panic_fmt::h0c3082644d1bf418
[INFO] [stdout]                                at /rustc/90b35a6239c3d8bdabc530a6a0816f7ff89a0aaf/library/core/src/panicking.rs:74:14
[INFO] [stdout]   18:     0x55afca49f016 - core::result::unwrap_failed::hd20b4aa073bda1e2
[INFO] [stdout]                                at /rustc/90b35a6239c3d8bdabc530a6a0816f7ff89a0aaf/library/core/src/result.rs:1700:5
[INFO] [stdout]   19:     0x55afca4c38eb - core::result::Result<T,E>::unwrap::heff506513da5ffff
[INFO] [stdout]                                at /rustc/90b35a6239c3d8bdabc530a6a0816f7ff89a0aaf/library/core/src/result.rs:1104:23
[INFO] [stdout]   20:     0x55afca4c38eb - async_native_tls::acceptor::tests::test_acceptor::{{closure}}::hac7e3489b0261ede
[INFO] [stdout]                                at /opt/rustwide/workdir/src/acceptor.rs:111:24
[INFO] [stdout]   21:     0x55afca4c5132 - <async_std::task::builder::SupportTaskLocals<F> as core::future::future::Future>::poll::{{closure}}::h27c88d96c73a4443
[INFO] [stdout]                                at /opt/rustwide/cargo-home/registry/src/index.crates.io-6f17d22bba15001f/async-std-1.13.0/src/task/builder.rs:199:17
[INFO] [stdout]   22:     0x55afca4cabfc - async_std::task::task_locals_wrapper::TaskLocalsWrapper::set_current::{{closure}}::haad95e13097d4c4d
[INFO] [stdout]                                at /opt/rustwide/cargo-home/registry/src/index.crates.io-6f17d22bba15001f/async-std-1.13.0/src/task/task_locals_wrapper.rs:60:13
[INFO] [stdout]   23:     0x55afca4b3d7a - std::thread::local::LocalKey<T>::try_with::h60e1c1dba57f858f
[INFO] [stdout]                                at /rustc/90b35a6239c3d8bdabc530a6a0816f7ff89a0aaf/library/std/src/thread/local.rs:283:12
[INFO] [stdout]   24:     0x55afca4b31da - std::thread::local::LocalKey<T>::with::h0e897b82558f68d9
[INFO] [stdout]                                at /rustc/90b35a6239c3d8bdabc530a6a0816f7ff89a0aaf/library/std/src/thread/local.rs:260:9
[INFO] [stdout]   25:     0x55afca4ca808 - async_std::task::task_locals_wrapper::TaskLocalsWrapper::set_current::hb1d1a112ac4035dd
[INFO] [stdout]                                at /opt/rustwide/cargo-home/registry/src/index.crates.io-6f17d22bba15001f/async-std-1.13.0/src/task/task_locals_wrapper.rs:55:9
[INFO] [stdout]   26:     0x55afca4c50ea - <async_std::task::builder::SupportTaskLocals<F> as core::future::future::Future>::poll::he75061e5a8c78e4d
[INFO] [stdout]                                at /opt/rustwide/cargo-home/registry/src/index.crates.io-6f17d22bba15001f/async-std-1.13.0/src/task/builder.rs:197:13
[INFO] [stdout]   27:     0x55afca4bfe74 - <futures_lite::future::Or<F1,F2> as core::future::future::Future>::poll::h451cefe6ee3875eb
[INFO] [stdout]                                at /opt/rustwide/cargo-home/registry/src/index.crates.io-6f17d22bba15001f/futures-lite-2.5.0/src/future.rs:454:33
[INFO] [stdout]   28:     0x55afca4bb669 - async_executor::State::run::{{closure}}::h9576753c201df588
[INFO] [stdout]                                at /opt/rustwide/cargo-home/registry/src/index.crates.io-6f17d22bba15001f/async-executor-1.13.1/src/lib.rs:748:32
[INFO] [stdout]   29:     0x55afca4bd43f - async_executor::Executor::run::{{closure}}::hd9410c78b12a4c0e
[INFO] [stdout]                                at /opt/rustwide/cargo-home/registry/src/index.crates.io-6f17d22bba15001f/async-executor-1.13.1/src/lib.rs:344:34
[INFO] [stdout]   30:     0x55afca4bb2a3 - async_executor::LocalExecutor::run::{{closure}}::h124dc0b03a79125c
[INFO] [stdout]                                at /opt/rustwide/cargo-home/registry/src/index.crates.io-6f17d22bba15001f/async-executor-1.13.1/src/lib.rs:648:34
[INFO] [stdout]   31:     0x55afca4b5db2 - async_io::driver::block_on::{{closure}}::h3e37cd6c206a4533
[INFO] [stdout]                                at /opt/rustwide/cargo-home/registry/src/index.crates.io-6f17d22bba15001f/async-io-2.4.0/src/driver.rs:199:37
[INFO] [stdout]   32:     0x55afca4b3a47 - std::thread::local::LocalKey<T>::try_with::h36ce7ec1d5ea71ed
[INFO] [stdout]                                at /rustc/90b35a6239c3d8bdabc530a6a0816f7ff89a0aaf/library/std/src/thread/local.rs:283:12
[INFO] [stdout]   33:     0x55afca4b31aa - std::thread::local::LocalKey<T>::with::h096476d229a1a59a
[INFO] [stdout]                                at /rustc/90b35a6239c3d8bdabc530a6a0816f7ff89a0aaf/library/std/src/thread/local.rs:260:9
[INFO] [stdout]   34:     0x55afca4b5a3a - async_io::driver::block_on::h1d07ede50d3bc661
[INFO] [stdout]                                at /opt/rustwide/cargo-home/registry/src/index.crates.io-6f17d22bba15001f/async-io-2.4.0/src/driver.rs:175:5
[INFO] [stdout]   35:     0x55afca4c6503 - async_global_executor::reactor::block_on::{{closure}}::h77a6866df36cba08
[INFO] [stdout]                                at /opt/rustwide/cargo-home/registry/src/index.crates.io-6f17d22bba15001f/async-global-executor-2.4.1/src/reactor.rs:3:18
[INFO] [stdout]   36:     0x55afca4c64d3 - async_global_executor::reactor::block_on::ha1ec8cd8cc1ff4cb
[INFO] [stdout]                                at /opt/rustwide/cargo-home/registry/src/index.crates.io-6f17d22bba15001f/async-global-executor-2.4.1/src/reactor.rs:12:5
[INFO] [stdout]   37:     0x55afca4b2f9d - async_global_executor::executor::block_on::{{closure}}::hc088f816628a77d2
[INFO] [stdout]                                at /opt/rustwide/cargo-home/registry/src/index.crates.io-6f17d22bba15001f/async-global-executor-2.4.1/src/executor.rs:26:36
[INFO] [stdout]   38:     0x55afca4b4327 - std::thread::local::LocalKey<T>::try_with::hcc0f21d8b91020d5
[INFO] [stdout]                                at /rustc/90b35a6239c3d8bdabc530a6a0816f7ff89a0aaf/library/std/src/thread/local.rs:283:12
[INFO] [stdout]   39:     0x55afca4b342a - std::thread::local::LocalKey<T>::with::he571737080b62d2c
[INFO] [stdout]                                at /rustc/90b35a6239c3d8bdabc530a6a0816f7ff89a0aaf/library/std/src/thread/local.rs:260:9
[INFO] [stdout]   40:     0x55afca4b2f3a - async_global_executor::executor::block_on::h8bcb52f415e93da9
[INFO] [stdout]                                at /opt/rustwide/cargo-home/registry/src/index.crates.io-6f17d22bba15001f/async-global-executor-2.4.1/src/executor.rs:26:5
[INFO] [stdout]   41:     0x55afca4cc5c0 - async_std::task::builder::Builder::blocking::{{closure}}::{{closure}}::h94be8dc42fc698c3
[INFO] [stdout]                                at /opt/rustwide/cargo-home/registry/src/index.crates.io-6f17d22bba15001f/async-std-1.13.0/src/task/builder.rs:171:25
[INFO] [stdout]   42:     0x55afca4ca91a - async_std::task::task_locals_wrapper::TaskLocalsWrapper::set_current::{{closure}}::h1dfa47be7160ce59
[INFO] [stdout]                                at /opt/rustwide/cargo-home/registry/src/index.crates.io-6f17d22bba15001f/async-std-1.13.0/src/task/task_locals_wrapper.rs:60:13
[INFO] [stdout]   43:     0x55afca4b40e5 - std::thread::local::LocalKey<T>::try_with::h940d8a1c9f43185c
[INFO] [stdout]                                at /rustc/90b35a6239c3d8bdabc530a6a0816f7ff89a0aaf/library/std/src/thread/local.rs:283:12
[INFO] [stdout]   44:     0x55afca4b33ca - std::thread::local::LocalKey<T>::with::hac5f04552b98f928
[INFO] [stdout]                                at /rustc/90b35a6239c3d8bdabc530a6a0816f7ff89a0aaf/library/std/src/thread/local.rs:260:9
[INFO] [stdout]   45:     0x55afca4ca76a - async_std::task::task_locals_wrapper::TaskLocalsWrapper::set_current::h76664fa753e3a594
[INFO] [stdout]                                at /opt/rustwide/cargo-home/registry/src/index.crates.io-6f17d22bba15001f/async-std-1.13.0/src/task/task_locals_wrapper.rs:55:9
[INFO] [stdout]   46:     0x55afca4cc50a - async_std::task::builder::Builder::blocking::{{closure}}::h332c5cec2908d388
[INFO] [stdout]                                at /opt/rustwide/cargo-home/registry/src/index.crates.io-6f17d22bba15001f/async-std-1.13.0/src/task/builder.rs:168:17
[INFO] [stdout]   47:     0x55afca4b3587 - std::thread::local::LocalKey<T>::try_with::h11eb2dd0e376b545
[INFO] [stdout]                                at /rustc/90b35a6239c3d8bdabc530a6a0816f7ff89a0aaf/library/std/src/thread/local.rs:283:12
[INFO] [stdout]   48:     0x55afca4b345a - std::thread::local::LocalKey<T>::with::hea35b640d3139008
[INFO] [stdout]                                at /rustc/90b35a6239c3d8bdabc530a6a0816f7ff89a0aaf/library/std/src/thread/local.rs:260:9
[INFO] [stdout]   49:     0x55afca4cc21c - async_std::task::builder::Builder::blocking::hb5d59c36279b58cc
[INFO] [stdout]                                at /opt/rustwide/cargo-home/registry/src/index.crates.io-6f17d22bba15001f/async-std-1.13.0/src/task/builder.rs:161:9
[INFO] [stdout]   50:     0x55afca4b955c - async_std::task::block_on::block_on::ha181bfec95eb81df
[INFO] [stdout]                                at /opt/rustwide/cargo-home/registry/src/index.crates.io-6f17d22bba15001f/async-std-1.13.0/src/task/block_on.rs:33:5
[INFO] [stdout]   51:     0x55afca4c3334 - async_native_tls::acceptor::tests::test_acceptor::hcffe1382084e1d81
[INFO] [stdout]                                at /opt/rustwide/workdir/src/acceptor.rs:108:5
[INFO] [stdout]   52:     0x55afca4c3307 - async_native_tls::acceptor::tests::test_acceptor::{{closure}}::hfc94a17e7efff108
[INFO] [stdout]                                at /opt/rustwide/workdir/src/acceptor.rs:108:23
[INFO] [stdout]   53:     0x55afca4cf176 - core::ops::function::FnOnce::call_once::h09b91f9af9fc9a0b
[INFO] [stdout]                                at /rustc/90b35a6239c3d8bdabc530a6a0816f7ff89a0aaf/library/core/src/ops/function.rs:250:5
[INFO] [stdout]   54:     0x55afca512b0b - core::ops::function::FnOnce::call_once::h109cf8051a59b34e
[INFO] [stdout]                                at /rustc/90b35a6239c3d8bdabc530a6a0816f7ff89a0aaf/library/core/src/ops/function.rs:250:5
[INFO] [stdout]   55:     0x55afca512b0b - test::__rust_begin_short_backtrace::hf4fff89d377446ba
[INFO] [stdout]                                at /rustc/90b35a6239c3d8bdabc530a6a0816f7ff89a0aaf/library/test/src/lib.rs:621:18
[INFO] [stdout]   56:     0x55afca512347 - test::run_test_in_process::{{closure}}::h0e39181dd7ee5a43
[INFO] [stdout]                                at /rustc/90b35a6239c3d8bdabc530a6a0816f7ff89a0aaf/library/test/src/lib.rs:644:60
[INFO] [stdout]   57:     0x55afca512347 - <core::panic::unwind_safe::AssertUnwindSafe<F> as core::ops::function::FnOnce<()>>::call_once::hc5a66a30f0bdfd1f
[INFO] [stdout]                                at /rustc/90b35a6239c3d8bdabc530a6a0816f7ff89a0aaf/library/core/src/panic/unwind_safe.rs:272:9
[INFO] [stdout]   58:     0x55afca512347 - std::panicking::try::do_call::h873b7cf639554a5e
[INFO] [stdout]                                at /rustc/90b35a6239c3d8bdabc530a6a0816f7ff89a0aaf/library/std/src/panicking.rs:557:40
[INFO] [stdout]   59:     0x55afca512347 - std::panicking::try::hdb19862fad9c8bd1
[INFO] [stdout]                                at /rustc/90b35a6239c3d8bdabc530a6a0816f7ff89a0aaf/library/std/src/panicking.rs:520:19
[INFO] [stdout]   60:     0x55afca512347 - std::panic::catch_unwind::h281fe732d236d260
[INFO] [stdout]                                at /rustc/90b35a6239c3d8bdabc530a6a0816f7ff89a0aaf/library/std/src/panic.rs:358:14
[INFO] [stdout]   61:     0x55afca512347 - test::run_test_in_process::h949b6df8457ed338
[INFO] [stdout]                                at /rustc/90b35a6239c3d8bdabc530a6a0816f7ff89a0aaf/library/test/src/lib.rs:644:27
[INFO] [stdout]   62:     0x55afca512347 - test::run_test::{{closure}}::h52c556a6d4740e10
[INFO] [stdout]                                at /rustc/90b35a6239c3d8bdabc530a6a0816f7ff89a0aaf/library/test/src/lib.rs:565:43
[INFO] [stdout]   63:     0x55afca4d7624 - test::run_test::{{closure}}::h4237f6381c45ccb9
[INFO] [stdout]                                at /rustc/90b35a6239c3d8bdabc530a6a0816f7ff89a0aaf/library/test/src/lib.rs:595:41
[INFO] [stdout]   64:     0x55afca4d7624 - std::sys::backtrace::__rust_begin_short_backtrace::h505c97a579eca628
[INFO] [stdout]                                at /rustc/90b35a6239c3d8bdabc530a6a0816f7ff89a0aaf/library/std/src/sys/backtrace.rs:154:18
[INFO] [stdout]   65:     0x55afca4dacee - std::thread::Builder::spawn_unchecked_::{{closure}}::{{closure}}::h9e86b2e2bc107ea3
[INFO] [stdout]                                at /rustc/90b35a6239c3d8bdabc530a6a0816f7ff89a0aaf/library/std/src/thread/mod.rs:538:17
[INFO] [stdout]   66:     0x55afca4dacee - <core::panic::unwind_safe::AssertUnwindSafe<F> as core::ops::function::FnOnce<()>>::call_once::h8b06ddb275ff4a25
[INFO] [stdout]                                at /rustc/90b35a6239c3d8bdabc530a6a0816f7ff89a0aaf/library/core/src/panic/unwind_safe.rs:272:9
[INFO] [stdout]   67:     0x55afca4dacee - std::panicking::try::do_call::hb26ecd7cd9a9355d
[INFO] [stdout]                                at /rustc/90b35a6239c3d8bdabc530a6a0816f7ff89a0aaf/library/std/src/panicking.rs:557:40
[INFO] [stdout]   68:     0x55afca4dacee - std::panicking::try::h8ddeca9d705f9069
[INFO] [stdout]                                at /rustc/90b35a6239c3d8bdabc530a6a0816f7ff89a0aaf/library/std/src/panicking.rs:520:19
[INFO] [stdout]   69:     0x55afca4dacee - std::panic::catch_unwind::h49e1c33078844c46
[INFO] [stdout]                                at /rustc/90b35a6239c3d8bdabc530a6a0816f7ff89a0aaf/library/std/src/panic.rs:358:14
[INFO] [stdout]   70:     0x55afca4dacee - std::thread::Builder::spawn_unchecked_::{{closure}}::h6073db6ff56ad35d
[INFO] [stdout]                                at /rustc/90b35a6239c3d8bdabc530a6a0816f7ff89a0aaf/library/std/src/thread/mod.rs:537:30
[INFO] [stdout]   71:     0x55afca4dacee - core::ops::function::FnOnce::call_once{{vtable.shim}}::h2c5a5f3779c774f1
[INFO] [stdout]                                at /rustc/90b35a6239c3d8bdabc530a6a0816f7ff89a0aaf/library/core/src/ops/function.rs:250:5
[INFO] [stdout]   72:     0x55afca6398fb - <alloc::boxed::Box<F,A> as core::ops::function::FnOnce<Args>>::call_once::hf75717d9f28faebf
[INFO] [stdout]                                at /rustc/90b35a6239c3d8bdabc530a6a0816f7ff89a0aaf/library/alloc/src/boxed.rs:2454:9
[INFO] [stdout]   73:     0x55afca6398fb - <alloc::boxed::Box<F,A> as core::ops::function::FnOnce<Args>>::call_once::h7bd883a5f3c5f3c1
[INFO] [stdout]                                at /rustc/90b35a6239c3d8bdabc530a6a0816f7ff89a0aaf/library/alloc/src/boxed.rs:2454:9
[INFO] [stdout]   74:     0x55afca6398fb - std::sys::pal::unix::thread::Thread::new::thread_start::hcc78f3943333fa94
[INFO] [stdout]                                at /rustc/90b35a6239c3d8bdabc530a6a0816f7ff89a0aaf/library/std/src/sys/pal/unix/thread.rs:105:17
[INFO] [stdout]   75:     0x77cf4621cac3 - <unknown>
[INFO] [stdout]   76:     0x77cf462ada04 - clone
[INFO] [stdout]   77:                0x0 - <unknown>
[INFO] [stdout] 
[INFO] [stdout] 
[INFO] [stdout] failures:
[INFO] [stdout]     acceptor::tests::test_acceptor
[INFO] [stdout] 
[INFO] [stdout] test result: FAILED. 0 passed; 1 failed; 0 ignored; 0 measured; 0 filtered out; finished in 0.17s
[INFO] [stdout] 
[INFO] [stderr] error: test failed, to rerun pass `--lib`
[INFO] running `Command { std: "docker" "inspect" "4d6936dd8ae715ac4798079be6aaade498cdeaf8fd3c3b1bdd1e41e23728c6d9", kill_on_drop: false }`
[INFO] running `Command { std: "docker" "rm" "-f" "4d6936dd8ae715ac4798079be6aaade498cdeaf8fd3c3b1bdd1e41e23728c6d9", kill_on_drop: false }`
[INFO] [stdout] 4d6936dd8ae715ac4798079be6aaade498cdeaf8fd3c3b1bdd1e41e23728c6d9
