[INFO] fetching crate async-macros 2.0.0...
[INFO] testing async-macros-2.0.0 against beta-2024-12-08 for beta-1.84.0-4-retry
[INFO] extracting crate async-macros 2.0.0 into /workspace/builds/worker-2-tc2/source
[INFO] validating manifest of crates.io crate async-macros 2.0.0 on toolchain beta-2024-12-08
[INFO] running `Command { std: CARGO_HOME="/workspace/cargo-home" RUSTUP_HOME="/workspace/rustup-home" "/workspace/cargo-home/bin/cargo" "+beta-2024-12-08" "metadata" "--manifest-path" "Cargo.toml" "--no-deps", kill_on_drop: false }`
[INFO] started tweaking crates.io crate async-macros 2.0.0
[INFO] finished tweaking crates.io crate async-macros 2.0.0
[INFO] tweaked toml for crates.io crate async-macros 2.0.0 written to /workspace/builds/worker-2-tc2/source/Cargo.toml
[INFO] crate crates.io crate async-macros 2.0.0 already has a lockfile, it will not be regenerated
[INFO] running `Command { std: CARGO_HOME="/workspace/cargo-home" RUSTUP_HOME="/workspace/rustup-home" "/workspace/cargo-home/bin/cargo" "+beta-2024-12-08" "fetch" "--manifest-path" "Cargo.toml", kill_on_drop: false }`
[INFO] running `Command { std: "docker" "create" "-v" "/var/lib/crater-agent-workspace/builds/worker-2-tc2/target:/opt/rustwide/target:rw,Z" "-v" "/var/lib/crater-agent-workspace/builds/worker-2-tc2/source:/opt/rustwide/workdir:ro,Z" "-v" "/var/lib/crater-agent-workspace/cargo-home:/opt/rustwide/cargo-home:ro,Z" "-v" "/var/lib/crater-agent-workspace/rustup-home:/opt/rustwide/rustup-home:ro,Z" "-e" "SOURCE_DIR=/opt/rustwide/workdir" "-e" "CARGO_TARGET_DIR=/opt/rustwide/target" "-e" "CARGO_HOME=/opt/rustwide/cargo-home" "-e" "RUSTUP_HOME=/opt/rustwide/rustup-home" "-w" "/opt/rustwide/workdir" "-m" "1610612736" "--user" "0:0" "--network" "none" "ghcr.io/rust-lang/crates-build-env/linux@sha256:f3a9d4ad9d972b27faf3965f35b62e55ba32bbce8f20bc8fe909558a86702fde" "/opt/rustwide/cargo-home/bin/cargo" "+beta-2024-12-08" "metadata" "--no-deps" "--format-version=1", kill_on_drop: false }`
[INFO] [stdout] df6a3404f21c008cefe01d812d2d1440d13485deba99a9fa3b95a6e0d95bfed4
[INFO] running `Command { std: "docker" "start" "-a" "df6a3404f21c008cefe01d812d2d1440d13485deba99a9fa3b95a6e0d95bfed4", kill_on_drop: false }`
[INFO] running `Command { std: "docker" "inspect" "df6a3404f21c008cefe01d812d2d1440d13485deba99a9fa3b95a6e0d95bfed4", kill_on_drop: false }`
[INFO] running `Command { std: "docker" "rm" "-f" "df6a3404f21c008cefe01d812d2d1440d13485deba99a9fa3b95a6e0d95bfed4", kill_on_drop: false }`
[INFO] [stdout] df6a3404f21c008cefe01d812d2d1440d13485deba99a9fa3b95a6e0d95bfed4
[INFO] running `Command { std: "docker" "create" "-v" "/var/lib/crater-agent-workspace/builds/worker-2-tc2/target:/opt/rustwide/target:rw,Z" "-v" "/var/lib/crater-agent-workspace/builds/worker-2-tc2/source:/opt/rustwide/workdir:ro,Z" "-v" "/var/lib/crater-agent-workspace/cargo-home:/opt/rustwide/cargo-home:ro,Z" "-v" "/var/lib/crater-agent-workspace/rustup-home:/opt/rustwide/rustup-home:ro,Z" "-e" "SOURCE_DIR=/opt/rustwide/workdir" "-e" "CARGO_TARGET_DIR=/opt/rustwide/target" "-e" "CARGO_INCREMENTAL=0" "-e" "RUST_BACKTRACE=full" "-e" "RUSTFLAGS=--cap-lints=warn" "-e" "RUSTDOCFLAGS=--cap-lints=warn" "-e" "CARGO_HOME=/opt/rustwide/cargo-home" "-e" "RUSTUP_HOME=/opt/rustwide/rustup-home" "-w" "/opt/rustwide/workdir" "-m" "1610612736" "--user" "0:0" "--network" "none" "ghcr.io/rust-lang/crates-build-env/linux@sha256:f3a9d4ad9d972b27faf3965f35b62e55ba32bbce8f20bc8fe909558a86702fde" "/opt/rustwide/cargo-home/bin/cargo" "+beta-2024-12-08" "build" "--frozen" "--message-format=json", kill_on_drop: false }`
[INFO] [stdout] 7e6ffb02e75cb4aca403c65911ddc1adc698d4dda056151e3f3e00c929ab9ea3
[INFO] running `Command { std: "docker" "start" "-a" "7e6ffb02e75cb4aca403c65911ddc1adc698d4dda056151e3f3e00c929ab9ea3", kill_on_drop: false }`
[INFO] [stderr]    Compiling pin-utils v0.1.0-alpha.4
[INFO] [stderr]    Compiling futures-core v0.3.1
[INFO] [stderr]    Compiling async-macros v2.0.0 (/opt/rustwide/workdir)
[INFO] [stderr]     Finished `dev` profile [unoptimized + debuginfo] target(s) in 0.50s
[INFO] running `Command { std: "docker" "inspect" "7e6ffb02e75cb4aca403c65911ddc1adc698d4dda056151e3f3e00c929ab9ea3", kill_on_drop: false }`
[INFO] running `Command { std: "docker" "rm" "-f" "7e6ffb02e75cb4aca403c65911ddc1adc698d4dda056151e3f3e00c929ab9ea3", kill_on_drop: false }`
[INFO] [stdout] 7e6ffb02e75cb4aca403c65911ddc1adc698d4dda056151e3f3e00c929ab9ea3
[INFO] running `Command { std: "docker" "create" "-v" "/var/lib/crater-agent-workspace/builds/worker-2-tc2/target:/opt/rustwide/target:rw,Z" "-v" "/var/lib/crater-agent-workspace/builds/worker-2-tc2/source:/opt/rustwide/workdir:ro,Z" "-v" "/var/lib/crater-agent-workspace/cargo-home:/opt/rustwide/cargo-home:ro,Z" "-v" "/var/lib/crater-agent-workspace/rustup-home:/opt/rustwide/rustup-home:ro,Z" "-e" "SOURCE_DIR=/opt/rustwide/workdir" "-e" "CARGO_TARGET_DIR=/opt/rustwide/target" "-e" "CARGO_INCREMENTAL=0" "-e" "RUST_BACKTRACE=full" "-e" "RUSTFLAGS=--cap-lints=warn" "-e" "RUSTDOCFLAGS=--cap-lints=warn" "-e" "CARGO_HOME=/opt/rustwide/cargo-home" "-e" "RUSTUP_HOME=/opt/rustwide/rustup-home" "-w" "/opt/rustwide/workdir" "-m" "1610612736" "--user" "0:0" "--network" "none" "ghcr.io/rust-lang/crates-build-env/linux@sha256:f3a9d4ad9d972b27faf3965f35b62e55ba32bbce8f20bc8fe909558a86702fde" "/opt/rustwide/cargo-home/bin/cargo" "+beta-2024-12-08" "test" "--frozen" "--no-run" "--message-format=json", kill_on_drop: false }`
[INFO] [stdout] b151140742c26e94dc393979cb2af097000bb1540810c57830f319c409d61f26
[INFO] running `Command { std: "docker" "start" "-a" "b151140742c26e94dc393979cb2af097000bb1540810c57830f319c409d61f26", kill_on_drop: false }`
[INFO] [stderr]    Compiling proc-macro2 v1.0.6
[INFO] [stderr]    Compiling unicode-xid v0.2.0
[INFO] [stderr]    Compiling syn v1.0.8
[INFO] [stderr]    Compiling memchr v2.2.1
[INFO] [stderr]    Compiling proc-macro-nested v0.1.3
[INFO] [stderr]    Compiling futures-sink v0.3.1
[INFO] [stderr]    Compiling slab v0.4.2
[INFO] [stderr]    Compiling futures-task v0.3.1
[INFO] [stderr]    Compiling futures-channel v0.3.1
[INFO] [stderr]    Compiling futures-io v0.3.1
[INFO] [stderr]    Compiling quote v1.0.2
[INFO] [stderr]    Compiling proc-macro-hack v0.5.11
[INFO] [stderr]    Compiling futures-macro v0.3.1
[INFO] [stderr]    Compiling futures-util v0.3.1
[INFO] [stderr]    Compiling futures-executor v0.3.1
[INFO] [stderr]    Compiling futures v0.3.1
[INFO] [stderr]    Compiling async-macros v2.0.0 (/opt/rustwide/workdir)
[INFO] [stderr]     Finished `test` profile [unoptimized + debuginfo] target(s) in 13.84s
[INFO] running `Command { std: "docker" "inspect" "b151140742c26e94dc393979cb2af097000bb1540810c57830f319c409d61f26", kill_on_drop: false }`
[INFO] running `Command { std: "docker" "rm" "-f" "b151140742c26e94dc393979cb2af097000bb1540810c57830f319c409d61f26", kill_on_drop: false }`
[INFO] [stdout] b151140742c26e94dc393979cb2af097000bb1540810c57830f319c409d61f26
[INFO] running `Command { std: "docker" "create" "-v" "/var/lib/crater-agent-workspace/builds/worker-2-tc2/target:/opt/rustwide/target:rw,Z" "-v" "/var/lib/crater-agent-workspace/builds/worker-2-tc2/source:/opt/rustwide/workdir:ro,Z" "-v" "/var/lib/crater-agent-workspace/cargo-home:/opt/rustwide/cargo-home:ro,Z" "-v" "/var/lib/crater-agent-workspace/rustup-home:/opt/rustwide/rustup-home:ro,Z" "-e" "SOURCE_DIR=/opt/rustwide/workdir" "-e" "CARGO_TARGET_DIR=/opt/rustwide/target" "-e" "CARGO_INCREMENTAL=0" "-e" "RUST_BACKTRACE=full" "-e" "RUSTFLAGS=--cap-lints=warn" "-e" "RUSTDOCFLAGS=--cap-lints=warn" "-e" "CARGO_HOME=/opt/rustwide/cargo-home" "-e" "RUSTUP_HOME=/opt/rustwide/rustup-home" "-w" "/opt/rustwide/workdir" "-m" "1610612736" "--user" "0:0" "--network" "none" "ghcr.io/rust-lang/crates-build-env/linux@sha256:f3a9d4ad9d972b27faf3965f35b62e55ba32bbce8f20bc8fe909558a86702fde" "/opt/rustwide/cargo-home/bin/cargo" "+beta-2024-12-08" "test" "--frozen", kill_on_drop: false }`
[INFO] [stdout] 469500cffdac67b9962ddd5ca74f614300d177d7d98356868d90cc4e4e90d171
[INFO] running `Command { std: "docker" "start" "-a" "469500cffdac67b9962ddd5ca74f614300d177d7d98356868d90cc4e4e90d171", kill_on_drop: false }`
[INFO] [stderr]     Finished `test` profile [unoptimized + debuginfo] target(s) in 0.04s
[INFO] [stderr]      Running unittests src/lib.rs (/opt/rustwide/target/debug/deps/async_macros-0763dc183363f915)
[INFO] [stdout] 
[INFO] [stdout] running 0 tests
[INFO] [stdout] 
[INFO] [stdout] test result: ok. 0 passed; 0 failed; 0 ignored; 0 measured; 0 filtered out; finished in 0.00s
[INFO] [stdout] 
[INFO] [stderr]      Running tests/test.rs (/opt/rustwide/target/debug/deps/test-1f9ce1486a434553)
[INFO] [stdout] 
[INFO] [stdout] running 1 test
[INFO] [stdout] test should_work ... ok
[INFO] [stdout] 
[INFO] [stdout] test result: ok. 1 passed; 0 failed; 0 ignored; 0 measured; 0 filtered out; finished in 0.01s
[INFO] [stdout] 
[INFO] [stderr]    Doc-tests async_macros
[INFO] [stdout] 
[INFO] [stdout] running 8 tests
[INFO] [stdout] test src/poll_fn.rs - poll_fn::poll_fn (line 22) ... FAILED
[INFO] [stdout] test src/select.rs - select::select (line 18) ... FAILED
[INFO] [stdout] test src/try_join.rs - try_join::try_join (line 30) ... FAILED
[INFO] [stdout] test src/join.rs - join::join (line 12) ... FAILED
[INFO] [stdout] test src/try_join.rs - try_join::try_join (line 14) ... FAILED
[INFO] [stdout] test src/try_select.rs - try_select::try_select (line 15) ... ok
[INFO] [stdout] test src/join_stream.rs - join_stream::join_stream (line 49) ... ok
[INFO] [stderr] error: doctest failed, to rerun pass `--doc`
[INFO] [stdout] test src/lib.rs - (line 5) ... ok
[INFO] [stdout] 
[INFO] [stdout] failures:
[INFO] [stdout] 
[INFO] [stdout] ---- src/poll_fn.rs - poll_fn::poll_fn (line 22) stdout ----
[INFO] [stdout] error[E0554]: `#![feature]` may not be used on the beta release channel
[INFO] [stdout]  --> src/poll_fn.rs:22:1
[INFO] [stdout]   |
[INFO] [stdout] 2 | #![feature(async_await)]
[INFO] [stdout]   | ^^^^^^^^^^^^^^^^^^^^^^^^ help: remove the attribute
[INFO] [stdout]   |
[INFO] [stdout]   = help: the feature `async_await` has been stable since `1.39.0` and no longer requires an attribute to enable
[INFO] [stdout] 
[INFO] [stdout] warning: the feature `async_await` has been stable since 1.39.0 and no longer requires an attribute to enable
[INFO] [stdout]  --> src/poll_fn.rs:22:12
[INFO] [stdout]   |
[INFO] [stdout] 2 | #![feature(async_await)]
[INFO] [stdout]   |            ^^^^^^^^^^^
[INFO] [stdout]   |
[INFO] [stdout]   = note: `#[warn(stable_features)]` on by default
[INFO] [stdout] 
[INFO] [stdout] error: aborting due to 1 previous error; 1 warning emitted
[INFO] [stdout] 
[INFO] [stdout] For more information about this error, try `rustc --explain E0554`.
[INFO] [stdout] Couldn't compile the test.
[INFO] [stdout] ---- src/select.rs - select::select (line 18) stdout ----
[INFO] [stdout] error[E0554]: `#![feature]` may not be used on the beta release channel
[INFO] [stdout]  --> src/select.rs:17:1
[INFO] [stdout]   |
[INFO] [stdout] 2 | #![feature(async_await)]
[INFO] [stdout]   | ^^^^^^^^^^^^^^^^^^^^^^^^ help: remove the attribute
[INFO] [stdout]   |
[INFO] [stdout]   = help: the feature `async_await` has been stable since `1.39.0` and no longer requires an attribute to enable
[INFO] [stdout] 
[INFO] [stdout] warning: the feature `async_await` has been stable since 1.39.0 and no longer requires an attribute to enable
[INFO] [stdout]  --> src/select.rs:17:12
[INFO] [stdout]   |
[INFO] [stdout] 2 | #![feature(async_await)]
[INFO] [stdout]   |            ^^^^^^^^^^^
[INFO] [stdout]   |
[INFO] [stdout]   = note: `#[warn(stable_features)]` on by default
[INFO] [stdout] 
[INFO] [stdout] error: aborting due to 1 previous error; 1 warning emitted
[INFO] [stdout] 
[INFO] [stdout] For more information about this error, try `rustc --explain E0554`.
[INFO] [stdout] Couldn't compile the test.
[INFO] [stdout] ---- src/try_join.rs - try_join::try_join (line 30) stdout ----
[INFO] [stdout] error[E0554]: `#![feature]` may not be used on the beta release channel
[INFO] [stdout]  --> src/try_join.rs:29:1
[INFO] [stdout]   |
[INFO] [stdout] 2 | #![feature(async_await)]
[INFO] [stdout]   | ^^^^^^^^^^^^^^^^^^^^^^^^ help: remove the attribute
[INFO] [stdout]   |
[INFO] [stdout]   = help: the feature `async_await` has been stable since `1.39.0` and no longer requires an attribute to enable
[INFO] [stdout] 
[INFO] [stdout] warning: the feature `async_await` has been stable since 1.39.0 and no longer requires an attribute to enable
[INFO] [stdout]  --> src/try_join.rs:29:12
[INFO] [stdout]   |
[INFO] [stdout] 2 | #![feature(async_await)]
[INFO] [stdout]   |            ^^^^^^^^^^^
[INFO] [stdout]   |
[INFO] [stdout]   = note: `#[warn(stable_features)]` on by default
[INFO] [stdout] 
[INFO] [stdout] error: aborting due to 1 previous error; 1 warning emitted
[INFO] [stdout] 
[INFO] [stdout] For more information about this error, try `rustc --explain E0554`.
[INFO] [stdout] Couldn't compile the test.
[INFO] [stdout] ---- src/join.rs - join::join (line 12) stdout ----
[INFO] [stdout] error[E0554]: `#![feature]` may not be used on the beta release channel
[INFO] [stdout]  --> src/join.rs:11:1
[INFO] [stdout]   |
[INFO] [stdout] 2 | #![feature(async_await)]
[INFO] [stdout]   | ^^^^^^^^^^^^^^^^^^^^^^^^ help: remove the attribute
[INFO] [stdout]   |
[INFO] [stdout]   = help: the feature `async_await` has been stable since `1.39.0` and no longer requires an attribute to enable
[INFO] [stdout] 
[INFO] [stdout] warning: the feature `async_await` has been stable since 1.39.0 and no longer requires an attribute to enable
[INFO] [stdout]  --> src/join.rs:11:12
[INFO] [stdout]   |
[INFO] [stdout] 2 | #![feature(async_await)]
[INFO] [stdout]   |            ^^^^^^^^^^^
[INFO] [stdout]   |
[INFO] [stdout]   = note: `#[warn(stable_features)]` on by default
[INFO] [stdout] 
[INFO] [stdout] error: aborting due to 1 previous error; 1 warning emitted
[INFO] [stdout] 
[INFO] [stdout] For more information about this error, try `rustc --explain E0554`.
[INFO] [stdout] Couldn't compile the test.
[INFO] [stdout] ---- src/try_join.rs - try_join::try_join (line 14) stdout ----
[INFO] [stdout] error[E0554]: `#![feature]` may not be used on the beta release channel
[INFO] [stdout]  --> src/try_join.rs:13:1
[INFO] [stdout]   |
[INFO] [stdout] 2 | #![feature(async_await)]
[INFO] [stdout]   | ^^^^^^^^^^^^^^^^^^^^^^^^ help: remove the attribute
[INFO] [stdout]   |
[INFO] [stdout]   = help: the feature `async_await` has been stable since `1.39.0` and no longer requires an attribute to enable
[INFO] [stdout] 
[INFO] [stdout] warning: the feature `async_await` has been stable since 1.39.0 and no longer requires an attribute to enable
[INFO] [stdout]  --> src/try_join.rs:13:12
[INFO] [stdout]   |
[INFO] [stdout] 2 | #![feature(async_await)]
[INFO] [stdout]   |            ^^^^^^^^^^^
[INFO] [stdout]   |
[INFO] [stdout]   = note: `#[warn(stable_features)]` on by default
[INFO] [stdout] 
[INFO] [stdout] error: aborting due to 1 previous error; 1 warning emitted
[INFO] [stdout] 
[INFO] [stdout] For more information about this error, try `rustc --explain E0554`.
[INFO] [stdout] Couldn't compile the test.
[INFO] [stdout] 
[INFO] [stdout] failures:
[INFO] [stdout]     src/join.rs - join::join (line 12)
[INFO] [stdout]     src/poll_fn.rs - poll_fn::poll_fn (line 22)
[INFO] [stdout]     src/select.rs - select::select (line 18)
[INFO] [stdout]     src/try_join.rs - try_join::try_join (line 14)
[INFO] [stdout]     src/try_join.rs - try_join::try_join (line 30)
[INFO] [stdout] 
[INFO] [stdout] test result: FAILED. 3 passed; 5 failed; 0 ignored; 0 measured; 0 filtered out; finished in 1.18s
[INFO] [stdout] 
[INFO] running `Command { std: "docker" "inspect" "469500cffdac67b9962ddd5ca74f614300d177d7d98356868d90cc4e4e90d171", kill_on_drop: false }`
[INFO] running `Command { std: "docker" "rm" "-f" "469500cffdac67b9962ddd5ca74f614300d177d7d98356868d90cc4e4e90d171", kill_on_drop: false }`
[INFO] [stdout] 469500cffdac67b9962ddd5ca74f614300d177d7d98356868d90cc4e4e90d171
