[INFO] fetching crate async-event-emitter 0.1.3...
[INFO] testing async-event-emitter-0.1.3 against 1.83.0 for beta-1.84.0-4-retry
[INFO] extracting crate async-event-emitter 0.1.3 into /workspace/builds/worker-1-tc1/source
[INFO] validating manifest of crates.io crate async-event-emitter 0.1.3 on toolchain 1.83.0
[INFO] running `Command { std: CARGO_HOME="/workspace/cargo-home" RUSTUP_HOME="/workspace/rustup-home" "/workspace/cargo-home/bin/cargo" "+1.83.0" "metadata" "--manifest-path" "Cargo.toml" "--no-deps", kill_on_drop: false }`
[INFO] removed /workspace/builds/worker-1-tc1/source/rust-toolchain.toml
[INFO] started tweaking crates.io crate async-event-emitter 0.1.3
[INFO] finished tweaking crates.io crate async-event-emitter 0.1.3
[INFO] tweaked toml for crates.io crate async-event-emitter 0.1.3 written to /workspace/builds/worker-1-tc1/source/Cargo.toml
[INFO] running `Command { std: CARGO_HOME="/workspace/cargo-home" RUSTUP_HOME="/workspace/rustup-home" "/workspace/cargo-home/bin/cargo" "+1.83.0" "generate-lockfile" "--manifest-path" "Cargo.toml", kill_on_drop: false }`
[INFO] [stderr]     Updating crates.io index
[INFO] [stderr]      Locking 95 packages to latest compatible versions
[INFO] running `Command { std: CARGO_HOME="/workspace/cargo-home" RUSTUP_HOME="/workspace/rustup-home" "/workspace/cargo-home/bin/cargo" "+1.83.0" "fetch" "--manifest-path" "Cargo.toml", kill_on_drop: false }`
[INFO] [stderr]     Blocking waiting for file lock on package cache
[INFO] running `Command { std: "docker" "create" "-v" "/var/lib/crater-agent-workspace/builds/worker-1-tc1/target:/opt/rustwide/target:rw,Z" "-v" "/var/lib/crater-agent-workspace/builds/worker-1-tc1/source:/opt/rustwide/workdir:ro,Z" "-v" "/var/lib/crater-agent-workspace/cargo-home:/opt/rustwide/cargo-home:ro,Z" "-v" "/var/lib/crater-agent-workspace/rustup-home:/opt/rustwide/rustup-home:ro,Z" "-e" "SOURCE_DIR=/opt/rustwide/workdir" "-e" "CARGO_TARGET_DIR=/opt/rustwide/target" "-e" "CARGO_HOME=/opt/rustwide/cargo-home" "-e" "RUSTUP_HOME=/opt/rustwide/rustup-home" "-w" "/opt/rustwide/workdir" "-m" "1610612736" "--user" "0:0" "--network" "none" "ghcr.io/rust-lang/crates-build-env/linux@sha256:f3a9d4ad9d972b27faf3965f35b62e55ba32bbce8f20bc8fe909558a86702fde" "/opt/rustwide/cargo-home/bin/cargo" "+1.83.0" "metadata" "--no-deps" "--format-version=1", kill_on_drop: false }`
[INFO] [stdout] 8271afae095287935b595457263a6fba7c4a8c19f2c05d7c05f5483f113514af
[INFO] running `Command { std: "docker" "start" "-a" "8271afae095287935b595457263a6fba7c4a8c19f2c05d7c05f5483f113514af", kill_on_drop: false }`
[INFO] running `Command { std: "docker" "inspect" "8271afae095287935b595457263a6fba7c4a8c19f2c05d7c05f5483f113514af", kill_on_drop: false }`
[INFO] running `Command { std: "docker" "rm" "-f" "8271afae095287935b595457263a6fba7c4a8c19f2c05d7c05f5483f113514af", kill_on_drop: false }`
[INFO] [stdout] 8271afae095287935b595457263a6fba7c4a8c19f2c05d7c05f5483f113514af
[INFO] running `Command { std: "docker" "create" "-v" "/var/lib/crater-agent-workspace/builds/worker-1-tc1/target:/opt/rustwide/target:rw,Z" "-v" "/var/lib/crater-agent-workspace/builds/worker-1-tc1/source:/opt/rustwide/workdir:ro,Z" "-v" "/var/lib/crater-agent-workspace/cargo-home:/opt/rustwide/cargo-home:ro,Z" "-v" "/var/lib/crater-agent-workspace/rustup-home:/opt/rustwide/rustup-home:ro,Z" "-e" "SOURCE_DIR=/opt/rustwide/workdir" "-e" "CARGO_TARGET_DIR=/opt/rustwide/target" "-e" "CARGO_INCREMENTAL=0" "-e" "RUST_BACKTRACE=full" "-e" "RUSTFLAGS=--cap-lints=warn" "-e" "RUSTDOCFLAGS=--cap-lints=warn" "-e" "CARGO_HOME=/opt/rustwide/cargo-home" "-e" "RUSTUP_HOME=/opt/rustwide/rustup-home" "-w" "/opt/rustwide/workdir" "-m" "1610612736" "--user" "0:0" "--network" "none" "ghcr.io/rust-lang/crates-build-env/linux@sha256:f3a9d4ad9d972b27faf3965f35b62e55ba32bbce8f20bc8fe909558a86702fde" "/opt/rustwide/cargo-home/bin/cargo" "+1.83.0" "build" "--frozen" "--message-format=json", kill_on_drop: false }`
[INFO] [stdout] a6f6c8e10cad91eaf280027ad31dd33f216228a0dc6f37bbee77b6aa856c73a6
[INFO] running `Command { std: "docker" "start" "-a" "a6f6c8e10cad91eaf280027ad31dd33f216228a0dc6f37bbee77b6aa856c73a6", kill_on_drop: false }`
[INFO] [stderr]    Compiling proc-macro2 v1.0.92
[INFO] [stderr]    Compiling unicode-ident v1.0.14
[INFO] [stderr]    Compiling pin-project-lite v0.2.15
[INFO] [stderr]    Compiling futures-core v0.3.31
[INFO] [stderr]    Compiling autocfg v1.4.0
[INFO] [stderr]    Compiling libc v0.2.168
[INFO] [stderr]    Compiling futures-sink v0.3.31
[INFO] [stderr]    Compiling serde v1.0.216
[INFO] [stderr]    Compiling futures-io v0.3.31
[INFO] [stderr]    Compiling memchr v2.7.4
[INFO] [stderr]    Compiling futures-task v0.3.31
[INFO] [stderr]    Compiling pin-utils v0.1.0
[INFO] [stderr]    Compiling anyhow v1.0.94
[INFO] [stderr]    Compiling cfg-if v1.0.0
[INFO] [stderr]    Compiling bytes v1.9.0
[INFO] [stderr]    Compiling lazy_static v1.5.0
[INFO] [stderr]    Compiling futures-channel v0.3.31
[INFO] [stderr]    Compiling slab v0.4.9
[INFO] [stderr]    Compiling quote v1.0.37
[INFO] [stderr]    Compiling syn v2.0.90
[INFO] [stderr]    Compiling getrandom v0.2.15
[INFO] [stderr]    Compiling uuid v1.11.0
[INFO] [stderr]    Compiling futures-macro v0.3.31
[INFO] [stderr]    Compiling tokio-macros v2.4.0
[INFO] [stderr]    Compiling async-stream-impl v0.3.6
[INFO] [stderr]    Compiling serde_derive v1.0.216
[INFO] [stderr]    Compiling tokio v1.42.0
[INFO] [stderr]    Compiling async-stream v0.3.6
[INFO] [stderr]    Compiling futures-util v0.3.31
[INFO] [stderr]    Compiling tokio-stream v0.1.17
[INFO] [stderr]    Compiling tokio-test v0.4.4
[INFO] [stderr]    Compiling futures-executor v0.3.31
[INFO] [stderr]    Compiling futures v0.3.31
[INFO] [stderr]    Compiling bincode v1.3.3
[INFO] [stderr]    Compiling async-event-emitter v0.1.3 (/opt/rustwide/workdir)
[INFO] [stderr]     Finished `dev` profile [unoptimized + debuginfo] target(s) in 18.95s
[INFO] running `Command { std: "docker" "inspect" "a6f6c8e10cad91eaf280027ad31dd33f216228a0dc6f37bbee77b6aa856c73a6", kill_on_drop: false }`
[INFO] running `Command { std: "docker" "rm" "-f" "a6f6c8e10cad91eaf280027ad31dd33f216228a0dc6f37bbee77b6aa856c73a6", kill_on_drop: false }`
[INFO] [stdout] a6f6c8e10cad91eaf280027ad31dd33f216228a0dc6f37bbee77b6aa856c73a6
[INFO] running `Command { std: "docker" "create" "-v" "/var/lib/crater-agent-workspace/builds/worker-1-tc1/target:/opt/rustwide/target:rw,Z" "-v" "/var/lib/crater-agent-workspace/builds/worker-1-tc1/source:/opt/rustwide/workdir:ro,Z" "-v" "/var/lib/crater-agent-workspace/cargo-home:/opt/rustwide/cargo-home:ro,Z" "-v" "/var/lib/crater-agent-workspace/rustup-home:/opt/rustwide/rustup-home:ro,Z" "-e" "SOURCE_DIR=/opt/rustwide/workdir" "-e" "CARGO_TARGET_DIR=/opt/rustwide/target" "-e" "CARGO_INCREMENTAL=0" "-e" "RUST_BACKTRACE=full" "-e" "RUSTFLAGS=--cap-lints=warn" "-e" "RUSTDOCFLAGS=--cap-lints=warn" "-e" "CARGO_HOME=/opt/rustwide/cargo-home" "-e" "RUSTUP_HOME=/opt/rustwide/rustup-home" "-w" "/opt/rustwide/workdir" "-m" "1610612736" "--user" "0:0" "--network" "none" "ghcr.io/rust-lang/crates-build-env/linux@sha256:f3a9d4ad9d972b27faf3965f35b62e55ba32bbce8f20bc8fe909558a86702fde" "/opt/rustwide/cargo-home/bin/cargo" "+1.83.0" "test" "--frozen" "--no-run" "--message-format=json", kill_on_drop: false }`
[INFO] [stdout] cdf409b2778be3e669076591e5bc462002dbd841977629ef8d633cdb1b587094
[INFO] running `Command { std: "docker" "start" "-a" "cdf409b2778be3e669076591e5bc462002dbd841977629ef8d633cdb1b587094", kill_on_drop: false }`
[INFO] [stderr]    Compiling async-event-emitter v0.1.3 (/opt/rustwide/workdir)
[INFO] [stderr]     Finished `test` profile [unoptimized + debuginfo] target(s) in 2.78s
[INFO] running `Command { std: "docker" "inspect" "cdf409b2778be3e669076591e5bc462002dbd841977629ef8d633cdb1b587094", kill_on_drop: false }`
[INFO] running `Command { std: "docker" "rm" "-f" "cdf409b2778be3e669076591e5bc462002dbd841977629ef8d633cdb1b587094", kill_on_drop: false }`
[INFO] [stdout] cdf409b2778be3e669076591e5bc462002dbd841977629ef8d633cdb1b587094
[INFO] running `Command { std: "docker" "create" "-v" "/var/lib/crater-agent-workspace/builds/worker-1-tc1/target:/opt/rustwide/target:rw,Z" "-v" "/var/lib/crater-agent-workspace/builds/worker-1-tc1/source:/opt/rustwide/workdir:ro,Z" "-v" "/var/lib/crater-agent-workspace/cargo-home:/opt/rustwide/cargo-home:ro,Z" "-v" "/var/lib/crater-agent-workspace/rustup-home:/opt/rustwide/rustup-home:ro,Z" "-e" "SOURCE_DIR=/opt/rustwide/workdir" "-e" "CARGO_TARGET_DIR=/opt/rustwide/target" "-e" "CARGO_INCREMENTAL=0" "-e" "RUST_BACKTRACE=full" "-e" "RUSTFLAGS=--cap-lints=warn" "-e" "RUSTDOCFLAGS=--cap-lints=warn" "-e" "CARGO_HOME=/opt/rustwide/cargo-home" "-e" "RUSTUP_HOME=/opt/rustwide/rustup-home" "-w" "/opt/rustwide/workdir" "-m" "1610612736" "--user" "0:0" "--network" "none" "ghcr.io/rust-lang/crates-build-env/linux@sha256:f3a9d4ad9d972b27faf3965f35b62e55ba32bbce8f20bc8fe909558a86702fde" "/opt/rustwide/cargo-home/bin/cargo" "+1.83.0" "test" "--frozen", kill_on_drop: false }`
[INFO] [stdout] 4235b09cabb5a6716d41b62ffecc36806c750c4ebc9e224c5d4f0cecaa0d0beb
[INFO] running `Command { std: "docker" "start" "-a" "4235b09cabb5a6716d41b62ffecc36806c750c4ebc9e224c5d4f0cecaa0d0beb", kill_on_drop: false }`
[INFO] [stderr]     Finished `test` profile [unoptimized + debuginfo] target(s) in 0.07s
[INFO] [stderr]      Running unittests src/lib.rs (/opt/rustwide/target/debug/deps/async_event_emitter-17c5de89d91c4d45)
[INFO] [stderr]      Running tests/emitter.rs (/opt/rustwide/target/debug/deps/emitter-ecdbf16d00c248da)
[INFO] [stdout] 
[INFO] [stdout] running 0 tests
[INFO] [stdout] 
[INFO] [stdout] test result: ok. 0 passed; 0 failed; 0 ignored; 0 measured; 0 filtered out; finished in 0.00s
[INFO] [stdout] 
[INFO] [stdout] 
[INFO] [stdout] running 7 tests
[INFO] [stdout] test async_event_emitter::test_async_event ... ok
[INFO] [stdout] test async_event_emitter::remove_listeners ... ok
[INFO] [stdout] test async_event_emitter::global_event_emitter ... ok
[INFO] [stdout] test async_event_emitter::listens_once_with_multiple_emits ... ok
[INFO] [stdout] test async_event_emitter::test_emit_multiple_args ... ok
[INFO] [stdout] test async_event_emitter::test_async_listener ... ok
[INFO] [stdout] test async_event_emitter::panics_on_different_values_for_same_event - should panic ... FAILED
[INFO] [stdout] 
[INFO] [stdout] failures:
[INFO] [stdout] 
[INFO] [stdout] ---- async_event_emitter::panics_on_different_values_for_same_event stdout ----
[INFO] [stdout] thread 'async_event_emitter::panics_on_different_values_for_same_event' panicked at /opt/rustwide/workdir/src/lib.rs:265:17:
[INFO] [stdout]  value can't be deserialized into type alloc::vec::Vec<u8>
[INFO] [stdout] stack backtrace:
[INFO] [stdout]    0:     0x5c6e219d36ba - std::backtrace_rs::backtrace::libunwind::trace::h5a5b8284f2d0c266
[INFO] [stdout]                                at /rustc/90b35a6239c3d8bdabc530a6a0816f7ff89a0aaf/library/std/src/../../backtrace/src/backtrace/libunwind.rs:116:5
[INFO] [stdout]    1:     0x5c6e219d36ba - std::backtrace_rs::backtrace::trace_unsynchronized::h76d4f1c9b0b875e3
[INFO] [stdout]                                at /rustc/90b35a6239c3d8bdabc530a6a0816f7ff89a0aaf/library/std/src/../../backtrace/src/backtrace/mod.rs:66:5
[INFO] [stdout]    2:     0x5c6e219d36ba - std::sys::backtrace::_print_fmt::hc4546b8364a537c6
[INFO] [stdout]                                at /rustc/90b35a6239c3d8bdabc530a6a0816f7ff89a0aaf/library/std/src/sys/backtrace.rs:66:9
[INFO] [stdout]    3:     0x5c6e219d36ba - <std::sys::backtrace::BacktraceLock::print::DisplayBacktrace as core::fmt::Display>::fmt::h5b6bd5631a6d1f6b
[INFO] [stdout]                                at /rustc/90b35a6239c3d8bdabc530a6a0816f7ff89a0aaf/library/std/src/sys/backtrace.rs:39:26
[INFO] [stdout]    4:     0x5c6e219f9063 - core::fmt::rt::Argument::fmt::h270f6602a2b96f62
[INFO] [stdout]                                at /rustc/90b35a6239c3d8bdabc530a6a0816f7ff89a0aaf/library/core/src/fmt/rt.rs:177:76
[INFO] [stdout]    5:     0x5c6e219f9063 - core::fmt::write::h7550c97b06c86515
[INFO] [stdout]                                at /rustc/90b35a6239c3d8bdabc530a6a0816f7ff89a0aaf/library/core/src/fmt/mod.rs:1186:21
[INFO] [stdout]    6:     0x5c6e219d05c3 - std::io::Write::write_fmt::h509ff860e5956e5e
[INFO] [stdout]                                at /rustc/90b35a6239c3d8bdabc530a6a0816f7ff89a0aaf/library/std/src/io/mod.rs:1839:15
[INFO] [stdout]    7:     0x5c6e219d3502 - std::sys::backtrace::BacktraceLock::print::h2395ccd2c84ba3aa
[INFO] [stdout]                                at /rustc/90b35a6239c3d8bdabc530a6a0816f7ff89a0aaf/library/std/src/sys/backtrace.rs:42:9
[INFO] [stdout]    8:     0x5c6e219d4b1a - std::panicking::default_hook::{{closure}}::he19d4c7230e07961
[INFO] [stdout]                                at /rustc/90b35a6239c3d8bdabc530a6a0816f7ff89a0aaf/library/std/src/panicking.rs:268:22
[INFO] [stdout]    9:     0x5c6e219d4924 - std::panicking::default_hook::hf614597d3c67bbdb
[INFO] [stdout]                                at /rustc/90b35a6239c3d8bdabc530a6a0816f7ff89a0aaf/library/std/src/panicking.rs:292:9
[INFO] [stdout]   10:     0x5c6e2192b7b9 - <alloc::boxed::Box<F,A> as core::ops::function::Fn<Args>>::call::h39b51ce4599c23d1
[INFO] [stdout]                                at /rustc/90b35a6239c3d8bdabc530a6a0816f7ff89a0aaf/library/alloc/src/boxed.rs:2468:9
[INFO] [stdout]   11:     0x5c6e2192b7b9 - test::test_main::{{closure}}::he977ae839a582784
[INFO] [stdout]                                at /rustc/90b35a6239c3d8bdabc530a6a0816f7ff89a0aaf/library/test/src/lib.rs:133:21
[INFO] [stdout]   12:     0x5c6e219d51b8 - <alloc::boxed::Box<F,A> as core::ops::function::Fn<Args>>::call::h9455091b6b06f9fb
[INFO] [stdout]                                at /rustc/90b35a6239c3d8bdabc530a6a0816f7ff89a0aaf/library/alloc/src/boxed.rs:2468:9
[INFO] [stdout]   13:     0x5c6e219d51b8 - std::panicking::rust_panic_with_hook::h8942133a8b252070
[INFO] [stdout]                                at /rustc/90b35a6239c3d8bdabc530a6a0816f7ff89a0aaf/library/std/src/panicking.rs:809:13
[INFO] [stdout]   14:     0x5c6e219d4f7a - std::panicking::begin_panic_handler::{{closure}}::hb5f5963570096b29
[INFO] [stdout]                                at /rustc/90b35a6239c3d8bdabc530a6a0816f7ff89a0aaf/library/std/src/panicking.rs:674:13
[INFO] [stdout]   15:     0x5c6e219d3b99 - std::sys::backtrace::__rust_end_short_backtrace::h6208cedc1922feda
[INFO] [stdout]                                at /rustc/90b35a6239c3d8bdabc530a6a0816f7ff89a0aaf/library/std/src/sys/backtrace.rs:170:18
[INFO] [stdout]   16:     0x5c6e219d4c0c - rust_begin_unwind
[INFO] [stdout]                                at /rustc/90b35a6239c3d8bdabc530a6a0816f7ff89a0aaf/library/std/src/panicking.rs:665:5
[INFO] [stdout]   17:     0x5c6e21812b20 - core::panicking::panic_fmt::h0c3082644d1bf418
[INFO] [stdout]                                at /rustc/90b35a6239c3d8bdabc530a6a0816f7ff89a0aaf/library/core/src/panicking.rs:74:14
[INFO] [stdout]   18:     0x5c6e218e1be3 - async_event_emitter::AsyncEventEmitter::on_limited::{{closure}}::{{closure}}::hc9a9efbea314456c
[INFO] [stdout]                                at /opt/rustwide/workdir/src/lib.rs:265:17
[INFO] [stdout]   19:     0x5c6e218acd59 - core::result::Result<T,E>::unwrap_or_else::h8f5e8748814f3cfb
[INFO] [stdout]                                at /rustc/90b35a6239c3d8bdabc530a6a0816f7ff89a0aaf/library/core/src/result.rs:1458:23
[INFO] [stdout]   20:     0x5c6e218e1460 - async_event_emitter::AsyncEventEmitter::on_limited::{{closure}}::h47c9139eba1e9183
[INFO] [stdout]                                at /opt/rustwide/workdir/src/lib.rs:264:28
[INFO] [stdout]   21:     0x5c6e218e86f0 - async_event_emitter::AsyncEventEmitter::emit::{{closure}}::{{closure}}::h4b39b4e087ba911c
[INFO] [stdout]                                at /opt/rustwide/workdir/src/lib.rs:179:67
[INFO] [stdout]   22:     0x5c6e218624df - tokio::runtime::task::core::Core<T,S>::poll::{{closure}}::hc27974596c3eea3b
[INFO] [stdout]                                at /opt/rustwide/cargo-home/registry/src/index.crates.io-6f17d22bba15001f/tokio-1.42.0/src/runtime/task/core.rs:331:17
[INFO] [stdout]   23:     0x5c6e2185e22d - tokio::loom::std::unsafe_cell::UnsafeCell<T>::with_mut::h78d8c42baedb4091
[INFO] [stdout]                                at /opt/rustwide/cargo-home/registry/src/index.crates.io-6f17d22bba15001f/tokio-1.42.0/src/loom/std/unsafe_cell.rs:16:9
[INFO] [stdout]   24:     0x5c6e2185e22d - tokio::runtime::task::core::Core<T,S>::poll::h8bdff664fc512dc9
[INFO] [stdout]                                at /opt/rustwide/cargo-home/registry/src/index.crates.io-6f17d22bba15001f/tokio-1.42.0/src/runtime/task/core.rs:320:13
[INFO] [stdout]   25:     0x5c6e2181f58a - tokio::runtime::task::harness::poll_future::{{closure}}::h7b874e8f0793f7d9
[INFO] [stdout]                                at /opt/rustwide/cargo-home/registry/src/index.crates.io-6f17d22bba15001f/tokio-1.42.0/src/runtime/task/harness.rs:499:19
[INFO] [stdout]   26:     0x5c6e218ee650 - <core::panic::unwind_safe::AssertUnwindSafe<F> as core::ops::function::FnOnce<()>>::call_once::h80fc61ed085065c8
[INFO] [stdout]                                at /rustc/90b35a6239c3d8bdabc530a6a0816f7ff89a0aaf/library/core/src/panic/unwind_safe.rs:272:9
[INFO] [stdout]   27:     0x5c6e218723d8 - std::panicking::try::do_call::hcd83beb7ed7fe5c3
[INFO] [stdout]                                at /rustc/90b35a6239c3d8bdabc530a6a0816f7ff89a0aaf/library/std/src/panicking.rs:557:40
[INFO] [stdout]   28:     0x5c6e21847c4b - __rust_try
[INFO] [stdout]   29:     0x5c6e21847b46 - std::panicking::try::h24799fddc24d29ff
[INFO] [stdout]                                at /rustc/90b35a6239c3d8bdabc530a6a0816f7ff89a0aaf/library/std/src/panicking.rs:520:19
[INFO] [stdout]   30:     0x5c6e21847b46 - std::panic::catch_unwind::hfc66e68b6a807ecf
[INFO] [stdout]                                at /rustc/90b35a6239c3d8bdabc530a6a0816f7ff89a0aaf/library/std/src/panic.rs:358:14
[INFO] [stdout]   31:     0x5c6e2181821f - tokio::runtime::task::harness::poll_future::h5324132cdea32e06
[INFO] [stdout]                                at /opt/rustwide/cargo-home/registry/src/index.crates.io-6f17d22bba15001f/tokio-1.42.0/src/runtime/task/harness.rs:487:18
[INFO] [stdout]   32:     0x5c6e218228f5 - tokio::runtime::task::harness::Harness<T,S>::poll_inner::h3022b94a4d851091
[INFO] [stdout]                                at /opt/rustwide/cargo-home/registry/src/index.crates.io-6f17d22bba15001f/tokio-1.42.0/src/runtime/task/harness.rs:209:27
[INFO] [stdout]   33:     0x5c6e2182cb03 - tokio::runtime::task::harness::Harness<T,S>::poll::h59399fabb15a88ee
[INFO] [stdout]                                at /opt/rustwide/cargo-home/registry/src/index.crates.io-6f17d22bba15001f/tokio-1.42.0/src/runtime/task/harness.rs:154:15
[INFO] [stdout]   34:     0x5c6e218cc93b - tokio::runtime::task::raw::poll::h40b52fa323d7d78b
[INFO] [stdout]                                at /opt/rustwide/cargo-home/registry/src/index.crates.io-6f17d22bba15001f/tokio-1.42.0/src/runtime/task/raw.rs:271:5
[INFO] [stdout]   35:     0x5c6e21985027 - tokio::runtime::task::raw::RawTask::poll::h93232c2a52af4352
[INFO] [stdout]                                at /opt/rustwide/cargo-home/registry/src/index.crates.io-6f17d22bba15001f/tokio-1.42.0/src/runtime/task/raw.rs:201:18
[INFO] [stdout]   36:     0x5c6e218c3051 - tokio::runtime::task::LocalNotified<S>::run::ha5e4f7fecc64e5de
[INFO] [stdout]                                at /opt/rustwide/cargo-home/registry/src/index.crates.io-6f17d22bba15001f/tokio-1.42.0/src/runtime/task/mod.rs:435:9
[INFO] [stdout]   37:     0x5c6e2189b1aa - tokio::runtime::scheduler::current_thread::CoreGuard::block_on::{{closure}}::{{closure}}::h1a9773d828fa0fae
[INFO] [stdout]                                at /opt/rustwide/cargo-home/registry/src/index.crates.io-6f17d22bba15001f/tokio-1.42.0/src/runtime/scheduler/current_thread/mod.rs:770:25
[INFO] [stdout]   38:     0x5c6e21897849 - tokio::runtime::coop::with_budget::h5173009c770aa685
[INFO] [stdout]                                at /opt/rustwide/cargo-home/registry/src/index.crates.io-6f17d22bba15001f/tokio-1.42.0/src/runtime/coop.rs:107:5
[INFO] [stdout]   39:     0x5c6e21897849 - tokio::runtime::coop::budget::hf16c1e21d96ce513
[INFO] [stdout]                                at /opt/rustwide/cargo-home/registry/src/index.crates.io-6f17d22bba15001f/tokio-1.42.0/src/runtime/coop.rs:73:5
[INFO] [stdout]   40:     0x5c6e21897849 - tokio::runtime::scheduler::current_thread::Context::run_task::{{closure}}::h71ea724d3f117d3e
[INFO] [stdout]                                at /opt/rustwide/cargo-home/registry/src/index.crates.io-6f17d22bba15001f/tokio-1.42.0/src/runtime/scheduler/current_thread/mod.rs:364:43
[INFO] [stdout]   41:     0x5c6e218966e6 - tokio::runtime::scheduler::current_thread::Context::enter::h9af534e12e24ec2f
[INFO] [stdout]                                at /opt/rustwide/cargo-home/registry/src/index.crates.io-6f17d22bba15001f/tokio-1.42.0/src/runtime/scheduler/current_thread/mod.rs:428:19
[INFO] [stdout]   42:     0x5c6e2189758e - tokio::runtime::scheduler::current_thread::Context::run_task::hdad029d810eec3ae
[INFO] [stdout]                                at /opt/rustwide/cargo-home/registry/src/index.crates.io-6f17d22bba15001f/tokio-1.42.0/src/runtime/scheduler/current_thread/mod.rs:364:23
[INFO] [stdout]   43:     0x5c6e218996a3 - tokio::runtime::scheduler::current_thread::CoreGuard::block_on::{{closure}}::h232acab771201d78
[INFO] [stdout]                                at /opt/rustwide/cargo-home/registry/src/index.crates.io-6f17d22bba15001f/tokio-1.42.0/src/runtime/scheduler/current_thread/mod.rs:769:35
[INFO] [stdout]   44:     0x5c6e21898c84 - tokio::runtime::scheduler::current_thread::CoreGuard::enter::{{closure}}::h3245fe386596c7b3
[INFO] [stdout]                                at /opt/rustwide/cargo-home/registry/src/index.crates.io-6f17d22bba15001f/tokio-1.42.0/src/runtime/scheduler/current_thread/mod.rs:807:68
[INFO] [stdout]   45:     0x5c6e218f2dfb - tokio::runtime::context::scoped::Scoped<T>::set::h9e9a55a8e2315058
[INFO] [stdout]                                at /opt/rustwide/cargo-home/registry/src/index.crates.io-6f17d22bba15001f/tokio-1.42.0/src/runtime/context/scoped.rs:40:9
[INFO] [stdout]   46:     0x5c6e218b4879 - tokio::runtime::context::set_scheduler::{{closure}}::ha0cae82c547c2d28
[INFO] [stdout]                                at /opt/rustwide/cargo-home/registry/src/index.crates.io-6f17d22bba15001f/tokio-1.42.0/src/runtime/context.rs:180:26
[INFO] [stdout]   47:     0x5c6e2189bf9d - std::thread::local::LocalKey<T>::try_with::h004e114c2b6b4457
[INFO] [stdout]                                at /rustc/90b35a6239c3d8bdabc530a6a0816f7ff89a0aaf/library/std/src/thread/local.rs:283:12
[INFO] [stdout]   48:     0x5c6e2189bb0a - std::thread::local::LocalKey<T>::with::h553fe91d22e4b147
[INFO] [stdout]                                at /rustc/90b35a6239c3d8bdabc530a6a0816f7ff89a0aaf/library/std/src/thread/local.rs:260:9
[INFO] [stdout]   49:     0x5c6e218b46fd - tokio::runtime::context::set_scheduler::h49bb3ec915cf5e31
[INFO] [stdout]                                at /opt/rustwide/cargo-home/registry/src/index.crates.io-6f17d22bba15001f/tokio-1.42.0/src/runtime/context.rs:180:9
[INFO] [stdout]   50:     0x5c6e21897d70 - tokio::runtime::scheduler::current_thread::CoreGuard::enter::h6dccc4d98366889d
[INFO] [stdout]                                at /opt/rustwide/cargo-home/registry/src/index.crates.io-6f17d22bba15001f/tokio-1.42.0/src/runtime/scheduler/current_thread/mod.rs:807:27
[INFO] [stdout]   51:     0x5c6e21898d23 - tokio::runtime::scheduler::current_thread::CoreGuard::block_on::h2d52577e2c0cd66b
[INFO] [stdout]                                at /opt/rustwide/cargo-home/registry/src/index.crates.io-6f17d22bba15001f/tokio-1.42.0/src/runtime/scheduler/current_thread/mod.rs:716:19
[INFO] [stdout]   52:     0x5c6e2188f5da - tokio::runtime::scheduler::current_thread::CurrentThread::block_on::{{closure}}::h9e8340e58ae6a3ea
[INFO] [stdout]                                at /opt/rustwide/cargo-home/registry/src/index.crates.io-6f17d22bba15001f/tokio-1.42.0/src/runtime/scheduler/current_thread/mod.rs:196:28
[INFO] [stdout]   53:     0x5c6e218b7d76 - tokio::runtime::context::runtime::enter_runtime::h692115595a1646f0
[INFO] [stdout]                                at /opt/rustwide/cargo-home/registry/src/index.crates.io-6f17d22bba15001f/tokio-1.42.0/src/runtime/context/runtime.rs:65:16
[INFO] [stdout]   54:     0x5c6e2188eda1 - tokio::runtime::scheduler::current_thread::CurrentThread::block_on::h634d021335c9cc60
[INFO] [stdout]                                at /opt/rustwide/cargo-home/registry/src/index.crates.io-6f17d22bba15001f/tokio-1.42.0/src/runtime/scheduler/current_thread/mod.rs:184:9
[INFO] [stdout]   55:     0x5c6e218eb093 - tokio::runtime::runtime::Runtime::block_on_inner::h3e7b9f46846645e3
[INFO] [stdout]                                at /opt/rustwide/cargo-home/registry/src/index.crates.io-6f17d22bba15001f/tokio-1.42.0/src/runtime/runtime.rs:368:47
[INFO] [stdout]   56:     0x5c6e218eb4e7 - tokio::runtime::runtime::Runtime::block_on::he381c91cdd93dd74
[INFO] [stdout]                                at /opt/rustwide/cargo-home/registry/src/index.crates.io-6f17d22bba15001f/tokio-1.42.0/src/runtime/runtime.rs:342:13
[INFO] [stdout]   57:     0x5c6e218c0a5e - emitter::async_event_emitter::panics_on_different_values_for_same_event::h8bedc0d31b48bae5
[INFO] [stdout]                                at /opt/rustwide/workdir/tests/emitter.rs:184:9
[INFO] [stdout]   58:     0x5c6e218c0907 - emitter::async_event_emitter::panics_on_different_values_for_same_event::{{closure}}::h03e4bb5ac51e12e4
[INFO] [stdout]                                at /opt/rustwide/workdir/tests/emitter.rs:175:57
[INFO] [stdout]   59:     0x5c6e21882fc6 - core::ops::function::FnOnce::call_once::h6291495a8af682ca
[INFO] [stdout]                                at /rustc/90b35a6239c3d8bdabc530a6a0816f7ff89a0aaf/library/core/src/ops/function.rs:250:5
[INFO] [stdout]   60:     0x5c6e2193017b - core::ops::function::FnOnce::call_once::h109cf8051a59b34e
[INFO] [stdout]                                at /rustc/90b35a6239c3d8bdabc530a6a0816f7ff89a0aaf/library/core/src/ops/function.rs:250:5
[INFO] [stdout]   61:     0x5c6e2193017b - test::__rust_begin_short_backtrace::hf4fff89d377446ba
[INFO] [stdout]                                at /rustc/90b35a6239c3d8bdabc530a6a0816f7ff89a0aaf/library/test/src/lib.rs:621:18
[INFO] [stdout]   62:     0x5c6e2192f9b7 - test::run_test_in_process::{{closure}}::h0e39181dd7ee5a43
[INFO] [stdout]                                at /rustc/90b35a6239c3d8bdabc530a6a0816f7ff89a0aaf/library/test/src/lib.rs:644:60
[INFO] [stdout]   63:     0x5c6e2192f9b7 - <core::panic::unwind_safe::AssertUnwindSafe<F> as core::ops::function::FnOnce<()>>::call_once::hc5a66a30f0bdfd1f
[INFO] [stdout]                                at /rustc/90b35a6239c3d8bdabc530a6a0816f7ff89a0aaf/library/core/src/panic/unwind_safe.rs:272:9
[INFO] [stdout]   64:     0x5c6e2192f9b7 - std::panicking::try::do_call::h873b7cf639554a5e
[INFO] [stdout]                                at /rustc/90b35a6239c3d8bdabc530a6a0816f7ff89a0aaf/library/std/src/panicking.rs:557:40
[INFO] [stdout]   65:     0x5c6e2192f9b7 - std::panicking::try::hdb19862fad9c8bd1
[INFO] [stdout]                                at /rustc/90b35a6239c3d8bdabc530a6a0816f7ff89a0aaf/library/std/src/panicking.rs:520:19
[INFO] [stdout]   66:     0x5c6e2192f9b7 - std::panic::catch_unwind::h281fe732d236d260
[INFO] [stdout]                                at /rustc/90b35a6239c3d8bdabc530a6a0816f7ff89a0aaf/library/std/src/panic.rs:358:14
[INFO] [stdout]   67:     0x5c6e2192f9b7 - test::run_test_in_process::h949b6df8457ed338
[INFO] [stdout]                                at /rustc/90b35a6239c3d8bdabc530a6a0816f7ff89a0aaf/library/test/src/lib.rs:644:27
[INFO] [stdout]   68:     0x5c6e2192f9b7 - test::run_test::{{closure}}::h52c556a6d4740e10
[INFO] [stdout]                                at /rustc/90b35a6239c3d8bdabc530a6a0816f7ff89a0aaf/library/test/src/lib.rs:565:43
[INFO] [stdout]   69:     0x5c6e218f4c94 - test::run_test::{{closure}}::h4237f6381c45ccb9
[INFO] [stdout]                                at /rustc/90b35a6239c3d8bdabc530a6a0816f7ff89a0aaf/library/test/src/lib.rs:595:41
[INFO] [stdout]   70:     0x5c6e218f4c94 - std::sys::backtrace::__rust_begin_short_backtrace::h505c97a579eca628
[INFO] [stdout]                                at /rustc/90b35a6239c3d8bdabc530a6a0816f7ff89a0aaf/library/std/src/sys/backtrace.rs:154:18
[INFO] [stdout]   71:     0x5c6e218f835e - std::thread::Builder::spawn_unchecked_::{{closure}}::{{closure}}::h9e86b2e2bc107ea3
[INFO] [stdout]                                at /rustc/90b35a6239c3d8bdabc530a6a0816f7ff89a0aaf/library/std/src/thread/mod.rs:538:17
[INFO] [stdout]   72:     0x5c6e218f835e - <core::panic::unwind_safe::AssertUnwindSafe<F> as core::ops::function::FnOnce<()>>::call_once::h8b06ddb275ff4a25
[INFO] [stdout]                                at /rustc/90b35a6239c3d8bdabc530a6a0816f7ff89a0aaf/library/core/src/panic/unwind_safe.rs:272:9
[INFO] [stdout]   73:     0x5c6e218f835e - std::panicking::try::do_call::hb26ecd7cd9a9355d
[INFO] [stdout]                                at /rustc/90b35a6239c3d8bdabc530a6a0816f7ff89a0aaf/library/std/src/panicking.rs:557:40
[INFO] [stdout]   74:     0x5c6e218f835e - std::panicking::try::h8ddeca9d705f9069
[INFO] [stdout]                                at /rustc/90b35a6239c3d8bdabc530a6a0816f7ff89a0aaf/library/std/src/panicking.rs:520:19
[INFO] [stdout]   75:     0x5c6e218f835e - std::panic::catch_unwind::h49e1c33078844c46
[INFO] [stdout]                                at /rustc/90b35a6239c3d8bdabc530a6a0816f7ff89a0aaf/library/std/src/panic.rs:358:14
[INFO] [stdout]   76:     0x5c6e218f835e - std::thread::Builder::spawn_unchecked_::{{closure}}::h6073db6ff56ad35d
[INFO] [stdout]                                at /rustc/90b35a6239c3d8bdabc530a6a0816f7ff89a0aaf/library/std/src/thread/mod.rs:537:30
[INFO] [stdout]   77:     0x5c6e218f835e - core::ops::function::FnOnce::call_once{{vtable.shim}}::h2c5a5f3779c774f1
[INFO] [stdout]                                at /rustc/90b35a6239c3d8bdabc530a6a0816f7ff89a0aaf/library/core/src/ops/function.rs:250:5
[INFO] [stdout]   78:     0x5c6e219d8f0b - <alloc::boxed::Box<F,A> as core::ops::function::FnOnce<Args>>::call_once::hf75717d9f28faebf
[INFO] [stdout]                                at /rustc/90b35a6239c3d8bdabc530a6a0816f7ff89a0aaf/library/alloc/src/boxed.rs:2454:9
[INFO] [stdout]   79:     0x5c6e219d8f0b - <alloc::boxed::Box<F,A> as core::ops::function::FnOnce<Args>>::call_once::h7bd883a5f3c5f3c1
[INFO] [stdout]                                at /rustc/90b35a6239c3d8bdabc530a6a0816f7ff89a0aaf/library/alloc/src/boxed.rs:2454:9
[INFO] [stdout]   80:     0x5c6e219d8f0b - std::sys::pal::unix::thread::Thread::new::thread_start::hcc78f3943333fa94
[INFO] [stdout]                                at /rustc/90b35a6239c3d8bdabc530a6a0816f7ff89a0aaf/library/std/src/sys/pal/unix/thread.rs:105:17
[INFO] [stdout]   81:     0x7f8111d58ac3 - <unknown>
[INFO] [stdout]   82:     0x7f8111de9a04 - clone
[INFO] [stdout]   83:                0x0 - <unknown>
[INFO] [stdout] note: test did not panic as expected
[INFO] [stdout] 
[INFO] [stdout] failures:
[INFO] [stdout]     async_event_emitter::panics_on_different_values_for_same_event
[INFO] [stdout] 
[INFO] [stdout] test result: FAILED. 6 passed; 1 failed; 0 ignored; 0 measured; 0 filtered out; finished in 0.05s
[INFO] [stdout] 
[INFO] [stderr] error: test failed, to rerun pass `--test emitter`
[INFO] running `Command { std: "docker" "inspect" "4235b09cabb5a6716d41b62ffecc36806c750c4ebc9e224c5d4f0cecaa0d0beb", kill_on_drop: false }`
[INFO] running `Command { std: "docker" "rm" "-f" "4235b09cabb5a6716d41b62ffecc36806c750c4ebc9e224c5d4f0cecaa0d0beb", kill_on_drop: false }`
[INFO] [stdout] 4235b09cabb5a6716d41b62ffecc36806c750c4ebc9e224c5d4f0cecaa0d0beb
