[INFO] fetching crate async-coap-uri 0.1.0...
[INFO] testing async-coap-uri-0.1.0 against beta-2024-12-08 for beta-1.84.0-4-retry
[INFO] extracting crate async-coap-uri 0.1.0 into /workspace/builds/worker-7-tc2/source
[INFO] validating manifest of crates.io crate async-coap-uri 0.1.0 on toolchain beta-2024-12-08
[INFO] running `Command { std: CARGO_HOME="/workspace/cargo-home" RUSTUP_HOME="/workspace/rustup-home" "/workspace/cargo-home/bin/cargo" "+beta-2024-12-08" "metadata" "--manifest-path" "Cargo.toml" "--no-deps", kill_on_drop: false }`
[INFO] started tweaking crates.io crate async-coap-uri 0.1.0
[INFO] finished tweaking crates.io crate async-coap-uri 0.1.0
[INFO] tweaked toml for crates.io crate async-coap-uri 0.1.0 written to /workspace/builds/worker-7-tc2/source/Cargo.toml
[INFO] running `Command { std: CARGO_HOME="/workspace/cargo-home" RUSTUP_HOME="/workspace/rustup-home" "/workspace/cargo-home/bin/cargo" "+beta-2024-12-08" "generate-lockfile" "--manifest-path" "Cargo.toml", kill_on_drop: false }`
[INFO] [stderr]     Blocking waiting for file lock on package cache
[INFO] [stderr]     Updating crates.io index
[INFO] [stderr]     Blocking waiting for file lock on package cache
[INFO] [stderr]      Locking 12 packages to latest compatible versions
[INFO] running `Command { std: CARGO_HOME="/workspace/cargo-home" RUSTUP_HOME="/workspace/rustup-home" "/workspace/cargo-home/bin/cargo" "+beta-2024-12-08" "fetch" "--manifest-path" "Cargo.toml", kill_on_drop: false }`
[INFO] [stderr]     Blocking waiting for file lock on package cache
[INFO] [stderr]     Blocking waiting for file lock on package cache
[INFO] running `Command { std: "docker" "create" "-v" "/var/lib/crater-agent-workspace/builds/worker-7-tc2/target:/opt/rustwide/target:rw,Z" "-v" "/var/lib/crater-agent-workspace/builds/worker-7-tc2/source:/opt/rustwide/workdir:ro,Z" "-v" "/var/lib/crater-agent-workspace/cargo-home:/opt/rustwide/cargo-home:ro,Z" "-v" "/var/lib/crater-agent-workspace/rustup-home:/opt/rustwide/rustup-home:ro,Z" "-e" "SOURCE_DIR=/opt/rustwide/workdir" "-e" "CARGO_TARGET_DIR=/opt/rustwide/target" "-e" "CARGO_HOME=/opt/rustwide/cargo-home" "-e" "RUSTUP_HOME=/opt/rustwide/rustup-home" "-w" "/opt/rustwide/workdir" "-m" "1610612736" "--user" "0:0" "--network" "none" "ghcr.io/rust-lang/crates-build-env/linux@sha256:f3a9d4ad9d972b27faf3965f35b62e55ba32bbce8f20bc8fe909558a86702fde" "/opt/rustwide/cargo-home/bin/cargo" "+beta-2024-12-08" "metadata" "--no-deps" "--format-version=1", kill_on_drop: false }`
[INFO] [stdout] 2ad33f18e084de868f842f74e2fdcdbe7a1fbfeae4a0d495a4eecb5e0e2d8933
[INFO] running `Command { std: "docker" "start" "-a" "2ad33f18e084de868f842f74e2fdcdbe7a1fbfeae4a0d495a4eecb5e0e2d8933", kill_on_drop: false }`
[INFO] running `Command { std: "docker" "inspect" "2ad33f18e084de868f842f74e2fdcdbe7a1fbfeae4a0d495a4eecb5e0e2d8933", kill_on_drop: false }`
[INFO] running `Command { std: "docker" "rm" "-f" "2ad33f18e084de868f842f74e2fdcdbe7a1fbfeae4a0d495a4eecb5e0e2d8933", kill_on_drop: false }`
[INFO] [stdout] 2ad33f18e084de868f842f74e2fdcdbe7a1fbfeae4a0d495a4eecb5e0e2d8933
[INFO] running `Command { std: "docker" "create" "-v" "/var/lib/crater-agent-workspace/builds/worker-7-tc2/target:/opt/rustwide/target:rw,Z" "-v" "/var/lib/crater-agent-workspace/builds/worker-7-tc2/source:/opt/rustwide/workdir:ro,Z" "-v" "/var/lib/crater-agent-workspace/cargo-home:/opt/rustwide/cargo-home:ro,Z" "-v" "/var/lib/crater-agent-workspace/rustup-home:/opt/rustwide/rustup-home:ro,Z" "-e" "SOURCE_DIR=/opt/rustwide/workdir" "-e" "CARGO_TARGET_DIR=/opt/rustwide/target" "-e" "CARGO_INCREMENTAL=0" "-e" "RUST_BACKTRACE=full" "-e" "RUSTFLAGS=--cap-lints=warn" "-e" "RUSTDOCFLAGS=--cap-lints=warn" "-e" "CARGO_HOME=/opt/rustwide/cargo-home" "-e" "RUSTUP_HOME=/opt/rustwide/rustup-home" "-w" "/opt/rustwide/workdir" "-m" "1610612736" "--user" "0:0" "--network" "none" "ghcr.io/rust-lang/crates-build-env/linux@sha256:f3a9d4ad9d972b27faf3965f35b62e55ba32bbce8f20bc8fe909558a86702fde" "/opt/rustwide/cargo-home/bin/cargo" "+beta-2024-12-08" "build" "--frozen" "--message-format=json", kill_on_drop: false }`
[INFO] [stdout] ad8665346272c8dc707f4cb95646dd79c1b4358ed254113e854be2983676b9ea
[INFO] running `Command { std: "docker" "start" "-a" "ad8665346272c8dc707f4cb95646dd79c1b4358ed254113e854be2983676b9ea", kill_on_drop: false }`
[INFO] [stderr]    Compiling proc-macro2 v0.4.30
[INFO] [stderr]    Compiling unicode-xid v0.1.0
[INFO] [stderr]    Compiling memchr v2.7.4
[INFO] [stderr]    Compiling syn v0.15.44
[INFO] [stderr]    Compiling regex-syntax v0.8.5
[INFO] [stderr]    Compiling proc-macro-hack v0.5.20+deprecated
[INFO] [stderr]    Compiling lazy_static v1.5.0
[INFO] [stderr]    Compiling aho-corasick v1.1.3
[INFO] [stderr]    Compiling quote v0.6.13
[INFO] [stderr]    Compiling regex-automata v0.4.9
[INFO] [stderr]    Compiling regex v1.11.1
[INFO] [stderr]    Compiling async-coap-uri-macros v0.1.0
[INFO] [stderr]    Compiling async-coap-uri v0.1.0 (/opt/rustwide/workdir)
[INFO] [stdout] warning: unknown `doc` attribute `unstable`
[INFO] [stdout]   --> src/uri_unescape_buf.rs:55:7
[INFO] [stdout]    |
[INFO] [stdout] 55 | #[doc(unstable)]
[INFO] [stdout]    |       ^^^^^^^^
[INFO] [stdout]    |
[INFO] [stdout]    = note: `#[warn(invalid_doc_attributes)]` on by default
[INFO] [stdout] 
[INFO] [stdout] 
[INFO] [stdout] warning: field `needs_escape` is never read
[INFO] [stdout]    --> src/escape/escape_uri.rs:154:16
[INFO] [stdout]     |
[INFO] [stdout] 151 | pub struct EscapeUri<'a, X: NeedsEscape = EscapeUriSegment> {
[INFO] [stdout]     |            --------- field in this struct
[INFO] [stdout] ...
[INFO] [stdout] 154 |     pub(super) needs_escape: X,
[INFO] [stdout]     |                ^^^^^^^^^^^^
[INFO] [stdout]     |
[INFO] [stdout]     = note: `EscapeUri` has derived impls for the traits `Clone` and `Debug`, but these are intentionally ignored during dead code analysis
[INFO] [stdout]     = note: `#[warn(dead_code)]` on by default
[INFO] [stdout] 
[INFO] [stdout] 
[INFO] [stderr]     Finished `dev` profile [unoptimized + debuginfo] target(s) in 12.12s
[INFO] running `Command { std: "docker" "inspect" "ad8665346272c8dc707f4cb95646dd79c1b4358ed254113e854be2983676b9ea", kill_on_drop: false }`
[INFO] running `Command { std: "docker" "rm" "-f" "ad8665346272c8dc707f4cb95646dd79c1b4358ed254113e854be2983676b9ea", kill_on_drop: false }`
[INFO] [stdout] ad8665346272c8dc707f4cb95646dd79c1b4358ed254113e854be2983676b9ea
[INFO] running `Command { std: "docker" "create" "-v" "/var/lib/crater-agent-workspace/builds/worker-7-tc2/target:/opt/rustwide/target:rw,Z" "-v" "/var/lib/crater-agent-workspace/builds/worker-7-tc2/source:/opt/rustwide/workdir:ro,Z" "-v" "/var/lib/crater-agent-workspace/cargo-home:/opt/rustwide/cargo-home:ro,Z" "-v" "/var/lib/crater-agent-workspace/rustup-home:/opt/rustwide/rustup-home:ro,Z" "-e" "SOURCE_DIR=/opt/rustwide/workdir" "-e" "CARGO_TARGET_DIR=/opt/rustwide/target" "-e" "CARGO_INCREMENTAL=0" "-e" "RUST_BACKTRACE=full" "-e" "RUSTFLAGS=--cap-lints=warn" "-e" "RUSTDOCFLAGS=--cap-lints=warn" "-e" "CARGO_HOME=/opt/rustwide/cargo-home" "-e" "RUSTUP_HOME=/opt/rustwide/rustup-home" "-w" "/opt/rustwide/workdir" "-m" "1610612736" "--user" "0:0" "--network" "none" "ghcr.io/rust-lang/crates-build-env/linux@sha256:f3a9d4ad9d972b27faf3965f35b62e55ba32bbce8f20bc8fe909558a86702fde" "/opt/rustwide/cargo-home/bin/cargo" "+beta-2024-12-08" "test" "--frozen" "--no-run" "--message-format=json", kill_on_drop: false }`
[INFO] [stdout] 7cc2c8b4dd67b27d0a094c3e65a10ece69d3b91e76cbb5d28265911660c3dd7f
[INFO] running `Command { std: "docker" "start" "-a" "7cc2c8b4dd67b27d0a094c3e65a10ece69d3b91e76cbb5d28265911660c3dd7f", kill_on_drop: false }`
[INFO] [stdout] warning: unknown `doc` attribute `unstable`
[INFO] [stdout]   --> src/uri_unescape_buf.rs:55:7
[INFO] [stdout]    |
[INFO] [stdout] 55 | #[doc(unstable)]
[INFO] [stdout]    |       ^^^^^^^^
[INFO] [stdout]    |
[INFO] [stdout]    = note: `#[warn(invalid_doc_attributes)]` on by default
[INFO] [stdout] 
[INFO] [stdout] 
[INFO] [stderr]    Compiling async-coap-uri v0.1.0 (/opt/rustwide/workdir)
[INFO] [stdout] warning: field `needs_escape` is never read
[INFO] [stdout]    --> src/escape/escape_uri.rs:154:16
[INFO] [stdout]     |
[INFO] [stdout] 151 | pub struct EscapeUri<'a, X: NeedsEscape = EscapeUriSegment> {
[INFO] [stdout]     |            --------- field in this struct
[INFO] [stdout] ...
[INFO] [stdout] 154 |     pub(super) needs_escape: X,
[INFO] [stdout]     |                ^^^^^^^^^^^^
[INFO] [stdout]     |
[INFO] [stdout]     = note: `EscapeUri` has derived impls for the traits `Clone` and `Debug`, but these are intentionally ignored during dead code analysis
[INFO] [stdout]     = note: `#[warn(dead_code)]` on by default
[INFO] [stdout] 
[INFO] [stdout] 
[INFO] [stdout] warning: unknown `doc` attribute `unstable`
[INFO] [stdout]   --> src/uri_unescape_buf.rs:55:7
[INFO] [stdout]    |
[INFO] [stdout] 55 | #[doc(unstable)]
[INFO] [stdout]    |       ^^^^^^^^
[INFO] [stdout]    |
[INFO] [stdout]    = note: `#[warn(invalid_doc_attributes)]` on by default
[INFO] [stdout] 
[INFO] [stdout] 
[INFO] [stdout] warning: field `needs_escape` is never read
[INFO] [stdout]    --> src/escape/escape_uri.rs:154:16
[INFO] [stdout]     |
[INFO] [stdout] 151 | pub struct EscapeUri<'a, X: NeedsEscape = EscapeUriSegment> {
[INFO] [stdout]     |            --------- field in this struct
[INFO] [stdout] ...
[INFO] [stdout] 154 |     pub(super) needs_escape: X,
[INFO] [stdout]     |                ^^^^^^^^^^^^
[INFO] [stdout]     |
[INFO] [stdout]     = note: `EscapeUri` has derived impls for the traits `Clone` and `Debug`, but these are intentionally ignored during dead code analysis
[INFO] [stdout]     = note: `#[warn(dead_code)]` on by default
[INFO] [stdout] 
[INFO] [stdout] 
[INFO] [stderr]     Finished `test` profile [unoptimized + debuginfo] target(s) in 2.48s
[INFO] running `Command { std: "docker" "inspect" "7cc2c8b4dd67b27d0a094c3e65a10ece69d3b91e76cbb5d28265911660c3dd7f", kill_on_drop: false }`
[INFO] running `Command { std: "docker" "rm" "-f" "7cc2c8b4dd67b27d0a094c3e65a10ece69d3b91e76cbb5d28265911660c3dd7f", kill_on_drop: false }`
[INFO] [stdout] 7cc2c8b4dd67b27d0a094c3e65a10ece69d3b91e76cbb5d28265911660c3dd7f
[INFO] running `Command { std: "docker" "create" "-v" "/var/lib/crater-agent-workspace/builds/worker-7-tc2/target:/opt/rustwide/target:rw,Z" "-v" "/var/lib/crater-agent-workspace/builds/worker-7-tc2/source:/opt/rustwide/workdir:ro,Z" "-v" "/var/lib/crater-agent-workspace/cargo-home:/opt/rustwide/cargo-home:ro,Z" "-v" "/var/lib/crater-agent-workspace/rustup-home:/opt/rustwide/rustup-home:ro,Z" "-e" "SOURCE_DIR=/opt/rustwide/workdir" "-e" "CARGO_TARGET_DIR=/opt/rustwide/target" "-e" "CARGO_INCREMENTAL=0" "-e" "RUST_BACKTRACE=full" "-e" "RUSTFLAGS=--cap-lints=warn" "-e" "RUSTDOCFLAGS=--cap-lints=warn" "-e" "CARGO_HOME=/opt/rustwide/cargo-home" "-e" "RUSTUP_HOME=/opt/rustwide/rustup-home" "-w" "/opt/rustwide/workdir" "-m" "1610612736" "--user" "0:0" "--network" "none" "ghcr.io/rust-lang/crates-build-env/linux@sha256:f3a9d4ad9d972b27faf3965f35b62e55ba32bbce8f20bc8fe909558a86702fde" "/opt/rustwide/cargo-home/bin/cargo" "+beta-2024-12-08" "test" "--frozen", kill_on_drop: false }`
[INFO] [stdout] 7a24a2c236de74d80299c1047da4b18e28e6021df9e00e83ff8b1232521183f0
[INFO] running `Command { std: "docker" "start" "-a" "7a24a2c236de74d80299c1047da4b18e28e6021df9e00e83ff8b1232521183f0", kill_on_drop: false }`
[INFO] [stderr] warning: unknown `doc` attribute `unstable`
[INFO] [stderr]   --> src/uri_unescape_buf.rs:55:7
[INFO] [stderr]    |
[INFO] [stderr] 55 | #[doc(unstable)]
[INFO] [stderr]    |       ^^^^^^^^
[INFO] [stderr]    |
[INFO] [stderr]    = note: `#[warn(invalid_doc_attributes)]` on by default
[INFO] [stderr] 
[INFO] [stderr] warning: field `needs_escape` is never read
[INFO] [stderr]    --> src/escape/escape_uri.rs:154:16
[INFO] [stderr]     |
[INFO] [stderr] 151 | pub struct EscapeUri<'a, X: NeedsEscape = EscapeUriSegment> {
[INFO] [stderr]     |            --------- field in this struct
[INFO] [stderr] ...
[INFO] [stderr] 154 |     pub(super) needs_escape: X,
[INFO] [stderr]     |                ^^^^^^^^^^^^
[INFO] [stderr]     |
[INFO] [stderr]     = note: `EscapeUri` has derived impls for the traits `Clone` and `Debug`, but these are intentionally ignored during dead code analysis
[INFO] [stderr]     = note: `#[warn(dead_code)]` on by default
[INFO] [stderr] 
[INFO] [stderr] warning: `async-coap-uri` (lib) generated 2 warnings
[INFO] [stderr] warning: `async-coap-uri` (lib test) generated 2 warnings (2 duplicates)
[INFO] [stderr]     Finished `test` profile [unoptimized + debuginfo] target(s) in 0.02s
[INFO] [stderr]      Running unittests src/lib.rs (/opt/rustwide/target/debug/deps/async_coap_uri-dd68a54f42e039ff)
[INFO] [stdout] 
[INFO] [stdout] running 62 tests
[INFO] [stdout] test escape::test::ascii_control_percent_escape ... ok
[INFO] [stdout] test escape::test::bad_percent_escape ... ok
[INFO] [stdout] test escape::test::bad_utf8_3b ... ok
[INFO] [stdout] test escape::test::bad_utf8_spaces ... ok
[INFO] [stdout] test escape::test::escape_uri_cow_2 ... ok
[INFO] [stdout] test escape::test::escaped_starts_with_0 ... ok
[INFO] [stdout] test escape::test::escaped_path_starts_with_2 ... ok
[INFO] [stdout] test escape::test::escaped_path_starts_with_3 ... ok
[INFO] [stdout] test escape::test::escaped_path_starts_with_4 ... ok
[INFO] [stdout] test escape::test::escaped_starts_with_2 ... ok
[INFO] [stdout] test escape::test::escaped_starts_with_1 ... ok
[INFO] [stdout] test escape::test::escaped_path_starts_with_1 ... ok
[INFO] [stdout] test escape::test::escaped_starts_with_3 ... ok
[INFO] [stdout] test escape::test::escaped_starts_with_4 ... ok
[INFO] [stdout] test escape::test::test_ascii_2 ... ok
[INFO] [stdout] test escape::test::test_ascii_1 ... ok
[INFO] [stdout] test escape::test::test_ascii_3 ... ok
[INFO] [stdout] test escape::test::test_ascii_4 ... ok
[INFO] [stdout] test escape::test::test_ascii_5 ... ok
[INFO] [stdout] test escape::test::truncated_utf8_1 ... ok
[INFO] [stdout] test escape::test::truncated_utf8_3 ... ok
[INFO] [stdout] test escape::test::truncated_utf8_2 ... ok
[INFO] [stdout] test escape::test::escape_uri_cow_1 ... ok
[INFO] [stdout] test escape::test::try_unescape_uri_cow_1 ... ok
[INFO] [stdout] test escape::test::try_unescape_uri_cow_2 ... ok
[INFO] [stdout] test escape::test::unescape_uri_path_cow_2 ... ok
[INFO] [stdout] test rel_ref::tests::avoid_scheme_confusion ... ok
[INFO] [stdout] test rel_ref::tests::path_segment_iter ... ok
[INFO] [stdout] test rel_ref::tests::path ... ok
[INFO] [stdout] test escape::test::unescape_uri_cow_1 ... ok
[INFO] [stdout] test rel_ref::tests::trim_leading_path_segment ... ok
[INFO] [stdout] test rel_ref::tests::trim_leading_n_path_segments ... ok
[INFO] [stdout] test escape::test::try_unescape_uri_cow_3 ... ok
[INFO] [stdout] test uri_ref::tests::has_trailing_slash ... ok
[INFO] [stdout] test uri_ref::tests::path_as_rel_ref ... ok
[INFO] [stdout] test escape::test::unescape_uri_cow_2 ... ok
[INFO] [stdout] test escape::test::unescape_uri_path_cow_1 ... ok
[INFO] [stdout] test uri::tests::test_uri_type ... ok
[INFO] [stdout] test uri_ref::tests::userinfo_host_port ... ok
[INFO] [stdout] test uri_ref_buf::tests::push_path_segment ... ok
[INFO] [stdout] test uri_ref_buf::tests::add_leading_slash ... ok
[INFO] [stdout] test uri_ref_buf::tests::add_trailing_slash ... ok
[INFO] [stdout] test uri_ref::tests::try_trim_resource ... ok
[INFO] [stdout] test uri_type::test::uri_type_query ... ok
[INFO] [stdout] test uri_type::test::uri_type_fragment ... ok
[INFO] [stdout] test uri_type::test::uri_type_absolute_path ... ok
[INFO] [stdout] test uri_ref::tests::trim_to_shorten ... ok
[INFO] [stdout] test uri_type::test::uri_type_uri_cannot_be_a_base ... ok
[INFO] [stdout] test uri_type::test::uri_type_relative_path ... ok
[INFO] [stdout] test uri_type::test::uri_type_uri_no_authority ... ok
[INFO] [stdout] test uri_ref_buf::tests::test_from_str ... ok
[INFO] [stdout] test uri_type::test::uri_type_uri ... ok
[INFO] [stdout] test uri_type::test::uri_type_network_path ... ok
[INFO] [stdout] test uri_raw_components::tests::components ... ok
[INFO] [stdout] test any_uri_ref::test::resolve_no_authority ... ok
[INFO] [stdout] test any_uri_ref::test::resolve_simple ... ok
[INFO] [stdout] test uri_ref::tests::test_from_str ... ok
[INFO] [stdout] test any_uri_ref::test::resolve_cannot_be_a_base ... ok
[INFO] [stdout] test test::uri_regex ... ok
[INFO] [stdout] test any_uri_ref::test::resolve_relative_base ... ok
[INFO] [stdout] test any_uri_ref::test::resolve_rfc3986_simple ... ok
[INFO] [stdout] test any_uri_ref::test::resolve_rfc3986_dot_dot ... ok
[INFO] [stdout] 
[INFO] [stdout] test result: ok. 62 passed; 0 failed; 0 ignored; 0 measured; 0 filtered out; finished in 0.04s
[INFO] [stdout] 
[INFO] [stderr]    Doc-tests async_coap_uri
[INFO] [stdout] 
[INFO] [stdout] running 74 tests
[INFO] [stdout] test src/lib.rs - (line 118) - compile fail ... ok
[INFO] [stdout] test src/macros.rs - macros::rel_ref (line 125) - compile fail ... ok
[INFO] [stdout] test src/macros.rs - macros::rel_ref (line 109) - compile fail ... ok
[INFO] [stdout] test src/macros.rs - macros::uri (line 183) - compile fail ... ok
[INFO] [stdout] test src/macros.rs - macros::rel_ref (line 118) - compile fail ... ok
[INFO] [stdout] test src/macros.rs - macros::uri (line 192) - compile fail ... ok
[INFO] [stdout] test src/macros.rs - macros::uri_ref (line 72) - compile fail ... ok
[INFO] [stdout] test src/macros.rs - macros::rel_ref (line 134) ... ok
[INFO] [stdout] test src/lib.rs - (line 106) ... ok
[INFO] [stdout] test src/macros.rs - macros::rel_ref (line 146) ... ok
[INFO] [stdout] test src/rel_ref_buf.rs - rel_ref_buf::RelRefBuf::into_unescape_buf (line 187) - compile fail ... ok
[INFO] [stdout] test src/escape/mod.rs - escape (line 70) ... ok
[INFO] [stdout] test src/escape/mod.rs - escape (line 86) ... ok
[INFO] [stdout] test src/rel_ref.rs - rel_ref::RelRef::trim_trailing_slash (line 443) ... ok
[INFO] [stdout] test src/any_uri_ref.rs - any_uri_ref::AnyUriRef::display (line 68) ... ok
[INFO] [stdout] test src/macros.rs - macros::rel_ref (line 99) ... ok
[INFO] [stdout] test src/escape/mod.rs - escape (line 41) ... ok
[INFO] [stdout] test src/escape/mod.rs - escape (line 50) ... ok
[INFO] [stdout] test src/rel_ref.rs - rel_ref::RelRef (line 34) ... ok
[INFO] [stdout] test src/macros.rs - macros::uri_ref (line 50) ... ok
[INFO] [stdout] test src/escape/unescape_uri.rs - escape::unescape_uri::UnescapeUri<'a>::starts_with (line 176) ... ok
[INFO] [stdout] test src/uri.rs - uri::Uri::trim_fragment (line 188) ... ok
[INFO] [stdout] test src/rel_ref_buf.rs - rel_ref_buf::RelRefBuf::into_unescape_buf (line 162) ... FAILED
[INFO] [stdout] test src/macros.rs - macros::uri (line 174) ... ok
[INFO] [stdout] test src/rel_ref.rs - rel_ref::RelRef::trim_trailing_slash (line 430) ... ok
[INFO] [stdout] test src/macros.rs - macros::uri_ref (line 60) ... ok
[INFO] [stdout] test src/uri.rs - uri::Uri::trim_path (line 214) ... ok
[INFO] [stdout] test src/uri_ref.rs - uri_ref::UriRef (line 52) ... ok
[INFO] [stdout] test src/uri.rs - uri::Uri (line 26) ... ok
[INFO] [stdout] test src/uri.rs - uri::Uri::trim_resource (line 228) ... ok
[INFO] [stdout] test src/uri_buf.rs - uri_buf::UriBuf::from_scheme_authority (line 139) ... ok
[INFO] [stdout] test src/uri_buf.rs - uri_buf::UriBuf::from_host_rel_ref (line 175) ... ok
[INFO] [stdout] test src/uri_ref.rs - uri_ref::UriRef::has_trailing_slash (line 747) ... ok
[INFO] [stdout] test src/uri.rs - uri::Uri::is_str_valid (line 140) ... ok
[INFO] [stdout] test src/uri_ref.rs - uri_ref::UriRef::query_key_values (line 693) ... ok
[INFO] [stdout] test src/uri.rs - uri::Uri::from_str (line 111) ... ok
[INFO] [stdout] test src/uri.rs - uri::Uri::trim_query (line 201) ... ok
[INFO] [stdout] test src/uri_ref.rs - uri_ref::UriRef::trim_fragment (line 770) ... ok
[INFO] [stdout] test src/uri_ref.rs - uri_ref::UriRef::is_str_valid (line 194) ... ok
[INFO] [stdout] test src/uri_ref.rs - uri_ref::UriRef::raw_query_key_values (line 652) ... ok
[INFO] [stdout] test src/uri_ref.rs - uri_ref::UriRef::path_segments (line 559) ... ok
[INFO] [stdout] test src/uri_ref.rs - uri_ref::UriRef::path_start (line 257) ... ok
[INFO] [stdout] test src/uri_ref.rs - uri_ref::UriRef (line 61) ... ok
[INFO] [stdout] test src/uri_ref.rs - uri_ref::UriRef::from_str (line 175) ... ok
[INFO] [stdout] test src/uri_ref.rs - uri_ref::UriRef::trim_path (line 810) ... ok
[INFO] [stdout] test src/uri_ref.rs - uri_ref::UriRef::raw_path (line 499) ... ok
[INFO] [stdout] test src/uri_ref.rs - uri_ref::UriRef::raw_path_segments (line 540) ... ok
[INFO] [stdout] test src/uri_ref_buf.rs - uri_ref_buf::UriRefBuf::push_query_item (line 372) ... ok
[INFO] [stdout] test src/uri_ref.rs - uri_ref::UriRef::raw_query_items (line 617) ... ok
[INFO] [stdout] test src/uri_ref.rs - uri_ref::UriRef::trim_trailing_slash (line 878) ... ok
[INFO] [stdout] test src/uri_ref_buf.rs - uri_ref_buf::UriRefBuf::push_path_segment (line 321) ... ok
[INFO] [stdout] test src/uri_ref.rs - uri_ref::UriRef::trim_trailing_slash (line 893) ... ok
[INFO] [stdout] test src/uri_ref.rs - uri_ref::UriRef::trim_resource (line 845) ... ok
[INFO] [stdout] test src/uri_ref.rs - uri_ref::UriRef::trim_heir_part (line 827) ... ok
[INFO] [stdout] test src/uri_ref.rs - uri_ref::UriRef::trim_query (line 789) ... ok
[INFO] [stdout] test src/uri_ref_buf.rs - uri_ref_buf::UriRefBuf::push_query_key_value (line 404) ... ok
[INFO] [stdout] test src/uri_ref.rs - uri_ref::UriRef::trim_to_shorten (line 916) ... ok
[INFO] [stdout] test src/uri_ref_buf.rs - uri_ref_buf::UriRefBuf::truncate_last_path_segment (line 219) ... ok
[INFO] [stdout] test src/uri_ref_buf.rs - uri_ref_buf::UriRefBuf::truncate_query (line 129) ... ok
[INFO] [stdout] test src/uri_ref_buf.rs - uri_ref_buf::UriRefBuf::truncate_last_path_segment (line 207) ... ok
[INFO] [stdout] test src/uri_ref_buf.rs - uri_ref_buf::UriRefBuf::truncate_query (line 121) ... ok
[INFO] [stdout] test src/uri_type.rs - uri_type::UriType::AbsolutePath (line 77) ... ok
[INFO] [stdout] test src/uri_ref_buf.rs - uri_ref_buf::UriRefBuf::truncate_resource (line 176) ... ok
[INFO] [stdout] test src/uri_ref_buf.rs - uri_ref_buf::UriRefBuf::truncate_query (line 137) ... ok
[INFO] [stdout] test src/uri_ref_buf.rs - uri_ref_buf::UriRefBuf::truncate_resource (line 160) ... ok
[INFO] [stdout] test src/uri_ref_buf.rs - uri_ref_buf::UriRefBuf::truncate_resource (line 168) ... ok
[INFO] [stdout] test src/uri_type.rs - uri_type::UriType::Uri (line 22) ... ok
[INFO] [stdout] test src/uri_type.rs - uri_type::UriType::NetworkPath (line 63) ... ok
[INFO] [stdout] test src/uri_type.rs - uri_type::UriType::Query (line 107) ... ok
[INFO] [stdout] test src/uri_type.rs - uri_type::UriType::UriNoAuthority (line 36) ... ok
[INFO] [stdout] test src/uri_type.rs - uri_type::UriType::RelativePath (line 93) ... ok
[INFO] [stdout] test src/uri_type.rs - uri_type::UriType::Fragment (line 121) ... ok
[INFO] [stdout] test src/uri_unescape_buf.rs - uri_unescape_buf::UriUnescapeBuf (line 34) ... FAILED
[INFO] [stdout] test src/uri_type.rs - uri_type::UriType::UriCannotBeABase (line 50) ... ok
[INFO] [stdout] 
[INFO] [stdout] failures:
[INFO] [stdout] 
[INFO] [stdout] ---- src/rel_ref_buf.rs - rel_ref_buf::RelRefBuf::into_unescape_buf (line 162) stdout ----
[INFO] [stdout] Test executable failed (signal: 6 (SIGABRT) (core dumped)).
[INFO] [stdout] 
[INFO] [stdout] stderr:
[INFO] [stdout] thread 'main' panicked at core/src/panicking.rs:223:5:
[INFO] [stdout] unsafe precondition(s) violated: slice::from_raw_parts_mut requires the pointer to be aligned and non-null, and the total size of the slice not to exceed `isize::MAX`
[INFO] [stdout] stack backtrace:
[INFO] [stdout]    0:     0x61e30c68160a - std::backtrace_rs::backtrace::libunwind::trace::h8810477743020387
[INFO] [stdout]                                at /rustc/202008a1b8de96d2e5b6bc02d379db03a877d34d/library/std/src/../../backtrace/src/backtrace/libunwind.rs:116:5
[INFO] [stdout]    1:     0x61e30c68160a - std::backtrace_rs::backtrace::trace_unsynchronized::h3aa55355dd6c54a6
[INFO] [stdout]                                at /rustc/202008a1b8de96d2e5b6bc02d379db03a877d34d/library/std/src/../../backtrace/src/backtrace/mod.rs:66:5
[INFO] [stdout]    2:     0x61e30c68160a - std::sys::backtrace::_print_fmt::h8588b0f62410823f
[INFO] [stdout]                                at /rustc/202008a1b8de96d2e5b6bc02d379db03a877d34d/library/std/src/sys/backtrace.rs:66:9
[INFO] [stdout]    3:     0x61e30c68160a - <std::sys::backtrace::BacktraceLock::print::DisplayBacktrace as core::fmt::Display>::fmt::h98c26ac25ffe89bb
[INFO] [stdout]                                at /rustc/202008a1b8de96d2e5b6bc02d379db03a877d34d/library/std/src/sys/backtrace.rs:39:26
[INFO] [stdout]    4:     0x61e30c69ce23 - core::fmt::rt::Argument::fmt::hf95377f4aebd453b
[INFO] [stdout]                                at /rustc/202008a1b8de96d2e5b6bc02d379db03a877d34d/library/core/src/fmt/rt.rs:177:76
[INFO] [stdout]    5:     0x61e30c69ce23 - core::fmt::write::h0dd5f6e2238c7982
[INFO] [stdout]                                at /rustc/202008a1b8de96d2e5b6bc02d379db03a877d34d/library/core/src/fmt/mod.rs:1189:21
[INFO] [stdout]    6:     0x61e30c67f383 - std::io::Write::write_fmt::hc00bff0a88e08857
[INFO] [stdout]                                at /rustc/202008a1b8de96d2e5b6bc02d379db03a877d34d/library/std/src/io/mod.rs:1884:15
[INFO] [stdout]    7:     0x61e30c681452 - std::sys::backtrace::BacktraceLock::print::h5c19c1c038ee186d
[INFO] [stdout]                                at /rustc/202008a1b8de96d2e5b6bc02d379db03a877d34d/library/std/src/sys/backtrace.rs:42:9
[INFO] [stdout]    8:     0x61e30c68241c - std::panicking::default_hook::{{closure}}::h77172f079a1fcb13
[INFO] [stdout]                                at /rustc/202008a1b8de96d2e5b6bc02d379db03a877d34d/library/std/src/panicking.rs:268:22
[INFO] [stdout]    9:     0x61e30c682262 - std::panicking::default_hook::he5f8e3b203ccddba
[INFO] [stdout]                                at /rustc/202008a1b8de96d2e5b6bc02d379db03a877d34d/library/std/src/panicking.rs:295:9
[INFO] [stdout]   10:     0x61e30c6829f7 - std::panicking::rust_panic_with_hook::h53863d4e9018df39
[INFO] [stdout]                                at /rustc/202008a1b8de96d2e5b6bc02d379db03a877d34d/library/std/src/panicking.rs:801:13
[INFO] [stdout]   11:     0x61e30c682856 - std::panicking::begin_panic_handler::{{closure}}::h67280e6fa0757873
[INFO] [stdout]                                at /rustc/202008a1b8de96d2e5b6bc02d379db03a877d34d/library/std/src/panicking.rs:667:13
[INFO] [stdout]   12:     0x61e30c681ae9 - std::sys::backtrace::__rust_end_short_backtrace::h1dac3f54d6fbbeb2
[INFO] [stdout]                                at /rustc/202008a1b8de96d2e5b6bc02d379db03a877d34d/library/std/src/sys/backtrace.rs:170:18
[INFO] [stdout]   13:     0x61e30c68251c - rust_begin_unwind
[INFO] [stdout]                                at /rustc/202008a1b8de96d2e5b6bc02d379db03a877d34d/library/std/src/panicking.rs:665:5
[INFO] [stdout]   14:     0x61e30c65809d - core::panicking::panic_nounwind_fmt::runtime::h16b1bdf492db9bcf
[INFO] [stdout]                                at /rustc/202008a1b8de96d2e5b6bc02d379db03a877d34d/library/core/src/panicking.rs:119:22
[INFO] [stdout]   15:     0x61e30c65809d - core::panicking::panic_nounwind_fmt::h7c9e0c5a3391ac64
[INFO] [stdout]                                at /rustc/202008a1b8de96d2e5b6bc02d379db03a877d34d/library/core/src/intrinsics/mod.rs:3535:9
[INFO] [stdout]   16:     0x61e30c658132 - core::panicking::panic_nounwind::h6fa94367123ff7d0
[INFO] [stdout]                                at /rustc/202008a1b8de96d2e5b6bc02d379db03a877d34d/library/core/src/panicking.rs:223:5
[INFO] [stdout]   17:     0x61e30c65e038 - core::slice::raw::from_raw_parts_mut::precondition_check::h5733761591c7ec07
[INFO] [stdout]                                at /rustc/202008a1b8de96d2e5b6bc02d379db03a877d34d/library/core/src/ub_checks.rs:69:21
[INFO] [stdout]   18:     0x61e30c65de3f - core::slice::raw::from_raw_parts_mut::h04345f1685dd2bd3
[INFO] [stdout]                                at /rustc/202008a1b8de96d2e5b6bc02d379db03a877d34d/library/core/src/ub_checks.rs:76:17
[INFO] [stdout]   19:     0x61e30c659cf4 - <&mut async_coap_uri::rel_ref::RelRef as core::default::Default>::default::hf66142894be4fd99
[INFO] [stdout]                                at /opt/rustwide/workdir/src/rel_ref.rs:110:31
[INFO] [stdout]   20:     0x61e30c65a561 - async_coap_uri::rel_ref::RelRef::unsafe_query_item_iter::h5dbc5e5d84812b79
[INFO] [stdout]                                at /opt/rustwide/workdir/src/rel_ref.rs:659:59
[INFO] [stdout]   21:     0x61e30c65a95e - async_coap_uri::uri_unescape_buf::UriUnescapeBuf::query_items::hfd5543088c8ecdd0
[INFO] [stdout]                                at /opt/rustwide/workdir/src/uri_unescape_buf.rs:128:18
[INFO] [stdout]   22:     0x61e30c658a65 - rust_out::main::_doctest_main_src_rel_ref_buf_rs_162_0::hfeacbc4b70f0f2b7
[INFO] [stdout]   23:     0x61e30c6589d6 - rust_out::main::h57eefffa92e38ed0
[INFO] [stdout]   24:     0x61e30c658833 - core::ops::function::FnOnce::call_once::hcb3872443a25b5b7
[INFO] [stdout]   25:     0x61e30c6587a6 - std::sys::backtrace::__rust_begin_short_backtrace::hb8f53f53663d2e9e
[INFO] [stdout]   26:     0x61e30c658789 - std::rt::lang_start::{{closure}}::h0d6bdb8cb611c7e9
[INFO] [stdout]   27:     0x61e30c67da87 - core::ops::function::impls::<impl core::ops::function::FnOnce<A> for &F>::call_once::hba2470d01d3f5e41
[INFO] [stdout]                                at /rustc/202008a1b8de96d2e5b6bc02d379db03a877d34d/library/core/src/ops/function.rs:284:13
[INFO] [stdout]   28:     0x61e30c67da87 - std::panicking::try::do_call::hc063fb73159aab72
[INFO] [stdout]                                at /rustc/202008a1b8de96d2e5b6bc02d379db03a877d34d/library/std/src/panicking.rs:557:40
[INFO] [stdout]   29:     0x61e30c67da87 - std::panicking::try::h2767c6d245d3a3bb
[INFO] [stdout]                                at /rustc/202008a1b8de96d2e5b6bc02d379db03a877d34d/library/std/src/panicking.rs:520:19
[INFO] [stdout]   30:     0x61e30c67da87 - std::panic::catch_unwind::h061c6ef75790da63
[INFO] [stdout]                                at /rustc/202008a1b8de96d2e5b6bc02d379db03a877d34d/library/std/src/panic.rs:358:14
[INFO] [stdout]   31:     0x61e30c67da87 - std::rt::lang_start_internal::{{closure}}::h5c5e35b11a4b8c4e
[INFO] [stdout]                                at /rustc/202008a1b8de96d2e5b6bc02d379db03a877d34d/library/std/src/rt.rs:174:48
[INFO] [stdout]   32:     0x61e30c67da87 - std::panicking::try::do_call::h705e99690a8109cc
[INFO] [stdout]                                at /rustc/202008a1b8de96d2e5b6bc02d379db03a877d34d/library/std/src/panicking.rs:557:40
[INFO] [stdout]   33:     0x61e30c67da87 - std::panicking::try::he5f4452754ed9a34
[INFO] [stdout]                                at /rustc/202008a1b8de96d2e5b6bc02d379db03a877d34d/library/std/src/panicking.rs:520:19
[INFO] [stdout]   34:     0x61e30c67da87 - std::panic::catch_unwind::h5db61b3bcbe883e5
[INFO] [stdout]                                at /rustc/202008a1b8de96d2e5b6bc02d379db03a877d34d/library/std/src/panic.rs:358:14
[INFO] [stdout]   35:     0x61e30c67da87 - std::rt::lang_start_internal::h81da9b59bab665c6
[INFO] [stdout]                                at /rustc/202008a1b8de96d2e5b6bc02d379db03a877d34d/library/std/src/rt.rs:174:20
[INFO] [stdout]   36:     0x61e30c658767 - std::rt::lang_start::h2798034e47ddebf9
[INFO] [stdout]   37:     0x61e30c659045 - main
[INFO] [stdout]   38:     0x7b0cf821bd90 - <unknown>
[INFO] [stdout]   39:     0x7b0cf821be40 - __libc_start_main
[INFO] [stdout]   40:     0x61e30c658675 - _start
[INFO] [stdout]   41:                0x0 - <unknown>
[INFO] [stdout] thread caused non-unwinding panic. aborting.
[INFO] [stdout] 
[INFO] [stdout] 
[INFO] [stdout] ---- src/uri_unescape_buf.rs - uri_unescape_buf::UriUnescapeBuf (line 34) stdout ----
[INFO] [stdout] Test executable failed (signal: 6 (SIGABRT) (core dumped)).
[INFO] [stdout] 
[INFO] [stdout] stderr:
[INFO] [stdout] thread 'main' panicked at core/src/panicking.rs:223:5:
[INFO] [stdout] unsafe precondition(s) violated: slice::from_raw_parts_mut requires the pointer to be aligned and non-null, and the total size of the slice not to exceed `isize::MAX`
[INFO] [stdout] stack backtrace:
[INFO] [stdout]    0:     0x63d248c6757a - std::backtrace_rs::backtrace::libunwind::trace::h8810477743020387
[INFO] [stdout]                                at /rustc/202008a1b8de96d2e5b6bc02d379db03a877d34d/library/std/src/../../backtrace/src/backtrace/libunwind.rs:116:5
[INFO] [stdout]    1:     0x63d248c6757a - std::backtrace_rs::backtrace::trace_unsynchronized::h3aa55355dd6c54a6
[INFO] [stdout]                                at /rustc/202008a1b8de96d2e5b6bc02d379db03a877d34d/library/std/src/../../backtrace/src/backtrace/mod.rs:66:5
[INFO] [stdout]    2:     0x63d248c6757a - std::sys::backtrace::_print_fmt::h8588b0f62410823f
[INFO] [stdout]                                at /rustc/202008a1b8de96d2e5b6bc02d379db03a877d34d/library/std/src/sys/backtrace.rs:66:9
[INFO] [stdout]    3:     0x63d248c6757a - <std::sys::backtrace::BacktraceLock::print::DisplayBacktrace as core::fmt::Display>::fmt::h98c26ac25ffe89bb
[INFO] [stdout]                                at /rustc/202008a1b8de96d2e5b6bc02d379db03a877d34d/library/std/src/sys/backtrace.rs:39:26
[INFO] [stdout]    4:     0x63d248c82d93 - core::fmt::rt::Argument::fmt::hf95377f4aebd453b
[INFO] [stdout]                                at /rustc/202008a1b8de96d2e5b6bc02d379db03a877d34d/library/core/src/fmt/rt.rs:177:76
[INFO] [stdout]    5:     0x63d248c82d93 - core::fmt::write::h0dd5f6e2238c7982
[INFO] [stdout]                                at /rustc/202008a1b8de96d2e5b6bc02d379db03a877d34d/library/core/src/fmt/mod.rs:1189:21
[INFO] [stdout]    6:     0x63d248c652f3 - std::io::Write::write_fmt::hc00bff0a88e08857
[INFO] [stdout]                                at /rustc/202008a1b8de96d2e5b6bc02d379db03a877d34d/library/std/src/io/mod.rs:1884:15
[INFO] [stdout]    7:     0x63d248c673c2 - std::sys::backtrace::BacktraceLock::print::h5c19c1c038ee186d
[INFO] [stdout]                                at /rustc/202008a1b8de96d2e5b6bc02d379db03a877d34d/library/std/src/sys/backtrace.rs:42:9
[INFO] [stdout]    8:     0x63d248c6838c - std::panicking::default_hook::{{closure}}::h77172f079a1fcb13
[INFO] [stdout]                                at /rustc/202008a1b8de96d2e5b6bc02d379db03a877d34d/library/std/src/panicking.rs:268:22
[INFO] [stdout]    9:     0x63d248c681d2 - std::panicking::default_hook::he5f8e3b203ccddba
[INFO] [stdout]                                at /rustc/202008a1b8de96d2e5b6bc02d379db03a877d34d/library/std/src/panicking.rs:295:9
[INFO] [stdout]   10:     0x63d248c68967 - std::panicking::rust_panic_with_hook::h53863d4e9018df39
[INFO] [stdout]                                at /rustc/202008a1b8de96d2e5b6bc02d379db03a877d34d/library/std/src/panicking.rs:801:13
[INFO] [stdout]   11:     0x63d248c687c6 - std::panicking::begin_panic_handler::{{closure}}::h67280e6fa0757873
[INFO] [stdout]                                at /rustc/202008a1b8de96d2e5b6bc02d379db03a877d34d/library/std/src/panicking.rs:667:13
[INFO] [stdout]   12:     0x63d248c67a59 - std::sys::backtrace::__rust_end_short_backtrace::h1dac3f54d6fbbeb2
[INFO] [stdout]                                at /rustc/202008a1b8de96d2e5b6bc02d379db03a877d34d/library/std/src/sys/backtrace.rs:170:18
[INFO] [stdout]   13:     0x63d248c6848c - rust_begin_unwind
[INFO] [stdout]                                at /rustc/202008a1b8de96d2e5b6bc02d379db03a877d34d/library/std/src/panicking.rs:665:5
[INFO] [stdout]   14:     0x63d248c3e09d - core::panicking::panic_nounwind_fmt::runtime::h16b1bdf492db9bcf
[INFO] [stdout]                                at /rustc/202008a1b8de96d2e5b6bc02d379db03a877d34d/library/core/src/panicking.rs:119:22
[INFO] [stdout]   15:     0x63d248c3e09d - core::panicking::panic_nounwind_fmt::h7c9e0c5a3391ac64
[INFO] [stdout]                                at /rustc/202008a1b8de96d2e5b6bc02d379db03a877d34d/library/core/src/intrinsics/mod.rs:3535:9
[INFO] [stdout]   16:     0x63d248c3e132 - core::panicking::panic_nounwind::h6fa94367123ff7d0
[INFO] [stdout]                                at /rustc/202008a1b8de96d2e5b6bc02d379db03a877d34d/library/core/src/panicking.rs:223:5
[INFO] [stdout]   17:     0x63d248c44058 - core::slice::raw::from_raw_parts_mut::precondition_check::h5733761591c7ec07
[INFO] [stdout]                                at /rustc/202008a1b8de96d2e5b6bc02d379db03a877d34d/library/core/src/ub_checks.rs:69:21
[INFO] [stdout]   18:     0x63d248c43e5f - core::slice::raw::from_raw_parts_mut::h04345f1685dd2bd3
[INFO] [stdout]                                at /rustc/202008a1b8de96d2e5b6bc02d379db03a877d34d/library/core/src/ub_checks.rs:76:17
[INFO] [stdout]   19:     0x63d248c3fcd4 - <&mut async_coap_uri::rel_ref::RelRef as core::default::Default>::default::hf66142894be4fd99
[INFO] [stdout]                                at /opt/rustwide/workdir/src/rel_ref.rs:110:31
[INFO] [stdout]   20:     0x63d248c40541 - async_coap_uri::rel_ref::RelRef::unsafe_query_item_iter::h5dbc5e5d84812b79
[INFO] [stdout]                                at /opt/rustwide/workdir/src/rel_ref.rs:659:59
[INFO] [stdout]   21:     0x63d248c4093e - async_coap_uri::uri_unescape_buf::UriUnescapeBuf::query_items::hfd5543088c8ecdd0
[INFO] [stdout]                                at /opt/rustwide/workdir/src/uri_unescape_buf.rs:128:18
[INFO] [stdout]   22:     0x63d248c3ea65 - rust_out::main::_doctest_main_src_uri_unescape_buf_rs_34_0::h3660371ce54c81e9
[INFO] [stdout]   23:     0x63d248c3e9d6 - rust_out::main::h57eefffa92e38ed0
[INFO] [stdout]   24:     0x63d248c3e833 - core::ops::function::FnOnce::call_once::hcb3872443a25b5b7
[INFO] [stdout]   25:     0x63d248c3e7a6 - std::sys::backtrace::__rust_begin_short_backtrace::hb8f53f53663d2e9e
[INFO] [stdout]   26:     0x63d248c3e789 - std::rt::lang_start::{{closure}}::h0d6bdb8cb611c7e9
[INFO] [stdout]   27:     0x63d248c639f7 - core::ops::function::impls::<impl core::ops::function::FnOnce<A> for &F>::call_once::hba2470d01d3f5e41
[INFO] [stdout]                                at /rustc/202008a1b8de96d2e5b6bc02d379db03a877d34d/library/core/src/ops/function.rs:284:13
[INFO] [stdout]   28:     0x63d248c639f7 - std::panicking::try::do_call::hc063fb73159aab72
[INFO] [stdout]                                at /rustc/202008a1b8de96d2e5b6bc02d379db03a877d34d/library/std/src/panicking.rs:557:40
[INFO] [stdout]   29:     0x63d248c639f7 - std::panicking::try::h2767c6d245d3a3bb
[INFO] [stdout]                                at /rustc/202008a1b8de96d2e5b6bc02d379db03a877d34d/library/std/src/panicking.rs:520:19
[INFO] [stdout]   30:     0x63d248c639f7 - std::panic::catch_unwind::h061c6ef75790da63
[INFO] [stdout]                                at /rustc/202008a1b8de96d2e5b6bc02d379db03a877d34d/library/std/src/panic.rs:358:14
[INFO] [stdout]   31:     0x63d248c639f7 - std::rt::lang_start_internal::{{closure}}::h5c5e35b11a4b8c4e
[INFO] [stdout]                                at /rustc/202008a1b8de96d2e5b6bc02d379db03a877d34d/library/std/src/rt.rs:174:48
[INFO] [stdout]   32:     0x63d248c639f7 - std::panicking::try::do_call::h705e99690a8109cc
[INFO] [stdout]                                at /rustc/202008a1b8de96d2e5b6bc02d379db03a877d34d/library/std/src/panicking.rs:557:40
[INFO] [stdout]   33:     0x63d248c639f7 - std::panicking::try::he5f4452754ed9a34
[INFO] [stdout]                                at /rustc/202008a1b8de96d2e5b6bc02d379db03a877d34d/library/std/src/panicking.rs:520:19
[INFO] [stdout]   34:     0x63d248c639f7 - std::panic::catch_unwind::h5db61b3bcbe883e5
[INFO] [stdout]                                at /rustc/202008a1b8de96d2e5b6bc02d379db03a877d34d/library/std/src/panic.rs:358:14
[INFO] [stdout]   35:     0x63d248c639f7 - std::rt::lang_start_internal::h81da9b59bab665c6
[INFO] [stdout]                                at /rustc/202008a1b8de96d2e5b6bc02d379db03a877d34d/library/std/src/rt.rs:174:20
[INFO] [stdout]   36:     0x63d248c3e767 - std::rt::lang_start::h2798034e47ddebf9
[INFO] [stdout]   37:     0x63d248c3f045 - main
[INFO] [stdout]   38:     0x75543dc72d90 - <unknown>
[INFO] [stdout]   39:     0x75543dc72e40 - __libc_start_main
[INFO] [stdout]   40:     0x63d248c3e675 - _start
[INFO] [stdout]   41:                0x0 - <unknown>
[INFO] [stdout] thread caused non-unwinding panic. aborting.
[INFO] [stdout] 
[INFO] [stdout] 
[INFO] [stdout] 
[INFO] [stdout] failures:
[INFO] [stdout]     src/rel_ref_buf.rs - rel_ref_buf::RelRefBuf::into_unescape_buf (line 162)
[INFO] [stdout]     src/uri_unescape_buf.rs - uri_unescape_buf::UriUnescapeBuf (line 34)
[INFO] [stdout] 
[INFO] [stdout] test result: FAILED. 72 passed; 2 failed; 0 ignored; 0 measured; 0 filtered out; finished in 14.73s
[INFO] [stdout] 
[INFO] [stderr] error: doctest failed, to rerun pass `--doc`
[INFO] running `Command { std: "docker" "inspect" "7a24a2c236de74d80299c1047da4b18e28e6021df9e00e83ff8b1232521183f0", kill_on_drop: false }`
[INFO] running `Command { std: "docker" "rm" "-f" "7a24a2c236de74d80299c1047da4b18e28e6021df9e00e83ff8b1232521183f0", kill_on_drop: false }`
[INFO] [stdout] 7a24a2c236de74d80299c1047da4b18e28e6021df9e00e83ff8b1232521183f0
