[INFO] fetching crate asts 0.6.4...
[INFO] testing asts-0.6.4 against beta-2024-12-08 for beta-1.84.0-4-retry
[INFO] extracting crate asts 0.6.4 into /workspace/builds/worker-2-tc2/source
[INFO] validating manifest of crates.io crate asts 0.6.4 on toolchain beta-2024-12-08
[INFO] running `Command { std: CARGO_HOME="/workspace/cargo-home" RUSTUP_HOME="/workspace/rustup-home" "/workspace/cargo-home/bin/cargo" "+beta-2024-12-08" "metadata" "--manifest-path" "Cargo.toml" "--no-deps", kill_on_drop: false }`
[INFO] started tweaking crates.io crate asts 0.6.4
[INFO] finished tweaking crates.io crate asts 0.6.4
[INFO] tweaked toml for crates.io crate asts 0.6.4 written to /workspace/builds/worker-2-tc2/source/Cargo.toml
[INFO] crate crates.io crate asts 0.6.4 already has a lockfile, it will not be regenerated
[INFO] running `Command { std: CARGO_HOME="/workspace/cargo-home" RUSTUP_HOME="/workspace/rustup-home" "/workspace/cargo-home/bin/cargo" "+beta-2024-12-08" "fetch" "--manifest-path" "Cargo.toml", kill_on_drop: false }`
[INFO] running `Command { std: "docker" "create" "-v" "/var/lib/crater-agent-workspace/builds/worker-2-tc2/target:/opt/rustwide/target:rw,Z" "-v" "/var/lib/crater-agent-workspace/builds/worker-2-tc2/source:/opt/rustwide/workdir:ro,Z" "-v" "/var/lib/crater-agent-workspace/cargo-home:/opt/rustwide/cargo-home:ro,Z" "-v" "/var/lib/crater-agent-workspace/rustup-home:/opt/rustwide/rustup-home:ro,Z" "-e" "SOURCE_DIR=/opt/rustwide/workdir" "-e" "CARGO_TARGET_DIR=/opt/rustwide/target" "-e" "CARGO_HOME=/opt/rustwide/cargo-home" "-e" "RUSTUP_HOME=/opt/rustwide/rustup-home" "-w" "/opt/rustwide/workdir" "-m" "1610612736" "--user" "0:0" "--network" "none" "ghcr.io/rust-lang/crates-build-env/linux@sha256:f3a9d4ad9d972b27faf3965f35b62e55ba32bbce8f20bc8fe909558a86702fde" "/opt/rustwide/cargo-home/bin/cargo" "+beta-2024-12-08" "metadata" "--no-deps" "--format-version=1", kill_on_drop: false }`
[INFO] [stdout] a1f304beb4c94ce16e51a8fa86db815e75ffc8ad720266cffddbf632d037cffe
[INFO] running `Command { std: "docker" "start" "-a" "a1f304beb4c94ce16e51a8fa86db815e75ffc8ad720266cffddbf632d037cffe", kill_on_drop: false }`
[INFO] running `Command { std: "docker" "inspect" "a1f304beb4c94ce16e51a8fa86db815e75ffc8ad720266cffddbf632d037cffe", kill_on_drop: false }`
[INFO] running `Command { std: "docker" "rm" "-f" "a1f304beb4c94ce16e51a8fa86db815e75ffc8ad720266cffddbf632d037cffe", kill_on_drop: false }`
[INFO] [stdout] a1f304beb4c94ce16e51a8fa86db815e75ffc8ad720266cffddbf632d037cffe
[INFO] running `Command { std: "docker" "create" "-v" "/var/lib/crater-agent-workspace/builds/worker-2-tc2/target:/opt/rustwide/target:rw,Z" "-v" "/var/lib/crater-agent-workspace/builds/worker-2-tc2/source:/opt/rustwide/workdir:ro,Z" "-v" "/var/lib/crater-agent-workspace/cargo-home:/opt/rustwide/cargo-home:ro,Z" "-v" "/var/lib/crater-agent-workspace/rustup-home:/opt/rustwide/rustup-home:ro,Z" "-e" "SOURCE_DIR=/opt/rustwide/workdir" "-e" "CARGO_TARGET_DIR=/opt/rustwide/target" "-e" "CARGO_INCREMENTAL=0" "-e" "RUST_BACKTRACE=full" "-e" "RUSTFLAGS=--cap-lints=warn" "-e" "RUSTDOCFLAGS=--cap-lints=warn" "-e" "CARGO_HOME=/opt/rustwide/cargo-home" "-e" "RUSTUP_HOME=/opt/rustwide/rustup-home" "-w" "/opt/rustwide/workdir" "-m" "1610612736" "--user" "0:0" "--network" "none" "ghcr.io/rust-lang/crates-build-env/linux@sha256:f3a9d4ad9d972b27faf3965f35b62e55ba32bbce8f20bc8fe909558a86702fde" "/opt/rustwide/cargo-home/bin/cargo" "+beta-2024-12-08" "build" "--frozen" "--message-format=json", kill_on_drop: false }`
[INFO] [stdout] 647847daf914fed1446009efa758217758740a0d80fda9f1873c6726f1aec366
[INFO] running `Command { std: "docker" "start" "-a" "647847daf914fed1446009efa758217758740a0d80fda9f1873c6726f1aec366", kill_on_drop: false }`
[INFO] [stderr]    Compiling proc-macro2 v1.0.92
[INFO] [stderr]    Compiling unicode-ident v1.0.14
[INFO] [stderr]    Compiling libc v0.2.167
[INFO] [stderr]    Compiling shlex v1.3.0
[INFO] [stderr]    Compiling autocfg v1.4.0
[INFO] [stderr]    Compiling pkg-config v0.3.31
[INFO] [stderr]    Compiling libm v0.2.11
[INFO] [stderr]    Compiling cfg-if v1.0.0
[INFO] [stderr]    Compiling memchr v2.7.4
[INFO] [stderr]    Compiling vcpkg v0.2.15
[INFO] [stderr]    Compiling byteorder v1.5.0
[INFO] [stderr]    Compiling num-traits v0.2.19
[INFO] [stderr]    Compiling stable_deref_trait v1.2.0
[INFO] [stderr]    Compiling lazy_static v1.5.0
[INFO] [stderr]    Compiling serde v1.0.215
[INFO] [stderr]    Compiling matrixmultiply v0.3.9
[INFO] [stderr]    Compiling bytemuck v1.20.0
[INFO] [stderr]    Compiling paste v1.0.15
[INFO] [stderr]    Compiling quote v1.0.37
[INFO] [stderr]    Compiling rawpointer v0.2.1
[INFO] [stderr]    Compiling safe_arch v0.7.2
[INFO] [stderr]    Compiling litemap v0.7.4
[INFO] [stderr]    Compiling syn v2.0.90
[INFO] [stderr]    Compiling glob v0.3.1
[INFO] [stderr]    Compiling writeable v0.5.5
[INFO] [stderr]    Compiling jobserver v0.1.32
[INFO] [stderr]    Compiling getrandom v0.2.15
[INFO] [stderr]    Compiling cc v1.2.2
[INFO] [stderr]    Compiling rand_core v0.6.4
[INFO] [stderr]    Compiling wide v0.7.30
[INFO] [stderr]    Compiling clang-sys v1.8.1
[INFO] [stderr]    Compiling typenum v1.17.0
[INFO] [stderr]    Compiling rustversion v1.0.18
[INFO] [stderr]    Compiling num-complex v0.4.6
[INFO] [stderr]    Compiling num-integer v0.1.46
[INFO] [stderr]    Compiling approx v0.5.1
[INFO] [stderr]    Compiling syn v1.0.109
[INFO] [stderr]    Compiling crossbeam-utils v0.8.20
[INFO] [stderr]    Compiling aho-corasick v1.1.3
[INFO] [stderr]    Compiling regex-syntax v0.8.5
[INFO] [stderr]    Compiling icu_locid_transform_data v1.5.0
[INFO] [stderr]    Compiling cmake v0.1.52
[INFO] [stderr]    Compiling openssl-src v300.4.1+3.4.0
[INFO] [stderr]    Compiling heck v0.5.0
[INFO] [stderr]    Compiling minimal-lexical v0.2.1
[INFO] [stderr]    Compiling semver v0.1.20
[INFO] [stderr]    Compiling nom v7.1.3
[INFO] [stderr]    Compiling libz-sys v1.1.20
[INFO] [stderr]    Compiling openssl-sys v0.9.104
[INFO] [stderr]    Compiling rustc_version v0.1.7
[INFO] [stderr]    Compiling regex-automata v0.4.9
[INFO] [stderr]    Compiling synstructure v0.13.1
[INFO] [stderr]    Compiling num-rational v0.4.2
[INFO] [stderr]    Compiling libloading v0.8.6
[INFO] [stderr]    Compiling itoa v1.0.14
[INFO] [stderr]    Compiling icu_properties_data v1.5.0
[INFO] [stderr]    Compiling once_cell v1.20.2
[INFO] [stderr]    Compiling smallvec v1.13.2
[INFO] [stderr]    Compiling bindgen v0.69.5
[INFO] [stderr]    Compiling either v1.13.0
[INFO] [stderr]    Compiling thiserror v1.0.69
[INFO] [stderr]    Compiling itertools v0.12.1
[INFO] [stderr]    Compiling cexpr v0.6.0
[INFO] [stderr]    Compiling regex v1.11.1
[INFO] [stderr]    Compiling zerofrom-derive v0.1.5
[INFO] [stderr]    Compiling yoke-derive v0.7.5
[INFO] [stderr]    Compiling zerovec-derive v0.10.3
[INFO] [stderr]    Compiling zerocopy-derive v0.7.35
[INFO] [stderr]    Compiling serde_derive v1.0.215
[INFO] [stderr]    Compiling displaydoc v0.2.5
[INFO] [stderr]    Compiling zerofrom v0.1.5
[INFO] [stderr]    Compiling zerocopy v0.7.35
[INFO] [stderr]    Compiling yoke v0.7.5
[INFO] [stderr]    Compiling zerovec v0.10.4
[INFO] [stderr]    Compiling icu_provider_macros v1.5.0
[INFO] [stderr]    Compiling ppv-lite86 v0.2.20
[INFO] [stderr]    Compiling thiserror-impl v1.0.69
[INFO] [stderr]    Compiling newtype_derive v0.1.6
[INFO] [stderr]    Compiling tinystr v0.7.6
[INFO] [stderr]    Compiling icu_collections v1.5.0
[INFO] [stderr]    Compiling rand_chacha v0.3.1
[INFO] [stderr]    Compiling icu_locid v1.5.0
[INFO] [stderr]    Compiling bzip2-sys v0.1.11+1.0.8
[INFO] [stderr]    Compiling rand v0.8.5
[INFO] [stderr]    Compiling lzma-sys v0.1.20
[INFO] [stderr]    Compiling curl-sys v0.4.78+curl-8.11.0
[INFO] [stderr]    Compiling icu_provider v1.5.0
[INFO] [stderr]    Compiling write16 v1.0.0
[INFO] [stderr]    Compiling feature-probe v0.1.1
[INFO] [stderr]    Compiling quick-error v1.2.3
[INFO] [stderr]    Compiling rand_distr v0.4.3
[INFO] [stderr]    Compiling rustc-hash v1.1.0
[INFO] [stderr]    Compiling bitflags v2.6.0
[INFO] [stderr]    Compiling ryu v1.0.18
[INFO] [stderr]    Compiling icu_normalizer_data v1.5.0
[INFO] [stderr]    Compiling lazycell v1.3.0
[INFO] [stderr]    Compiling utf8_iter v1.0.4
[INFO] [stderr]    Compiling utf16_iter v1.0.5
[INFO] [stderr]    Compiling bv v0.11.1
[INFO] [stderr]    Compiling fs-utils v1.1.4
[INFO] [stderr]    Compiling icu_locid_transform v1.5.0
[INFO] [stderr]    Compiling strum_macros v0.26.4
[INFO] [stderr]    Compiling derive-new v0.6.0
[INFO] [stderr]    Compiling icu_properties v1.5.1
[INFO] [stderr]    Compiling tracing-core v0.1.33
[INFO] [stderr]    Compiling equivalent v1.0.1
[INFO] [stderr]    Compiling anyhow v1.0.94
[INFO] [stderr]    Compiling bytecount v0.6.8
[INFO] [stderr]    Compiling hashbrown v0.15.2
[INFO] [stderr]    Compiling enum-map-derive v0.17.0
[INFO] [stderr]    Compiling indexmap v2.7.0
[INFO] [stderr]    Compiling bio-types v1.0.4
[INFO] [stderr]    Compiling nalgebra-macros v0.2.2
[INFO] [stderr]    Compiling icu_normalizer v1.5.0
[INFO] [stderr]    Compiling crossbeam-epoch v0.9.18
[INFO] [stderr]    Compiling idna_adapter v1.2.0
[INFO] [stderr]    Compiling simba v0.8.1
[INFO] [stderr]    Compiling csv-core v0.1.11
[INFO] [stderr]    Compiling utf8parse v0.2.2
[INFO] [stderr]    Compiling portable-atomic v1.10.0
[INFO] [stderr]    Compiling percent-encoding v2.3.1
[INFO] [stderr]    Compiling custom_derive v0.1.7
[INFO] [stderr]    Compiling fixedbitset v0.4.2
[INFO] [stderr]    Compiling vec_map v0.8.2
[INFO] [stderr]    Compiling petgraph v0.6.5
[INFO] [stderr]    Compiling csv v1.3.1
[INFO] [stderr]    Compiling form_urlencoded v1.2.1
[INFO] [stderr]    Compiling anstyle-parse v0.2.6
[INFO] [stderr]    Compiling idna v1.0.3
[INFO] [stderr]    Compiling crossbeam-deque v0.8.5
[INFO] [stderr]    Compiling enum-map v2.7.3
[INFO] [stderr]    Compiling nalgebra-macros v0.1.0
[INFO] [stderr]    Compiling tracing-attributes v0.1.28
[INFO] [stderr]    Compiling minimap2-sys v0.1.20+minimap2.2.28
[INFO] [stderr]    Compiling simba v0.6.0
[INFO] [stderr]    Compiling itertools-num v0.1.3
[INFO] [stderr]    Compiling fxhash v0.2.1
[INFO] [stderr]    Compiling editdistancek v1.0.2
[INFO] [stderr]    Compiling rayon-core v1.12.1
[INFO] [stderr]    Compiling colorchoice v1.0.3
[INFO] [stderr]    Compiling pin-project-lite v0.2.15
[INFO] [stderr]    Compiling regex-syntax v0.6.29
[INFO] [stderr]    Compiling triple_accel v0.4.0
[INFO] [stderr]    Compiling is_terminal_polyfill v1.70.1
[INFO] [stderr]    Compiling serde_json v1.0.133
[INFO] [stderr]    Compiling unicode-width v0.1.14
[INFO] [stderr]    Compiling anstyle v1.0.10
[INFO] [stderr]    Compiling hts-sys v2.2.0
[INFO] [stderr]    Compiling anstyle-query v1.1.2
[INFO] [stderr]    Compiling bit-vec v0.8.0
[INFO] [stderr]    Compiling powerfmt v0.2.0
[INFO] [stderr]    Compiling deranged v0.3.11
[INFO] [stderr]    Compiling tracing v0.1.41
[INFO] [stderr]    Compiling bit-set v0.8.0
[INFO] [stderr]    Compiling anstream v0.6.18
[INFO] [stderr]    Compiling console v0.15.8
[INFO] [stderr]    Compiling regex-automata v0.1.10
[INFO] [stderr]    Compiling url v2.5.4
[INFO] [stderr]    Compiling multimap v0.10.0
[INFO] [stderr]    Compiling nalgebra v0.32.6
[INFO] [stderr]    Compiling itertools v0.13.0
[INFO] [stderr]    Compiling derive-new v0.5.9
[INFO] [stderr]    Compiling ndarray v0.16.1
[INFO] [stderr]    Compiling ordered-float v4.5.0
[INFO] [stderr]    Compiling buffer-redux v1.0.2
[INFO] [stderr]    Compiling heck v0.4.1
[INFO] [stderr]    Compiling iana-time-zone v0.1.61
[INFO] [stderr]    Compiling overload v0.1.1
[INFO] [stderr]    Compiling number_prefix v0.4.0
[INFO] [stderr]    Compiling ieee754 v0.2.6
[INFO] [stderr]    Compiling time-core v0.1.2
[INFO] [stderr]    Compiling num_threads v0.1.7
[INFO] [stderr]    Compiling sha1_smol v1.0.1
[INFO] [stderr]    Compiling clap_lex v0.7.4
[INFO] [stderr]    Compiling strum v0.26.3
[INFO] [stderr]    Compiling strsim v0.11.1
[INFO] [stderr]    Compiling num-conv v0.1.0
[INFO] [stderr]    Compiling bit-vec v0.6.3
[INFO] [stderr]    Compiling log v0.4.22
[INFO] [stderr]    Compiling nalgebra v0.29.0
[INFO] [stderr]    Compiling unicode-width v0.2.0
[INFO] [stderr]    Compiling linear-map v1.2.0
[INFO] [stderr]    Compiling indicatif v0.17.9
[INFO] [stderr]    Compiling tracing-log v0.2.0
[INFO] [stderr]    Compiling bit-set v0.5.3
[INFO] [stderr]    Compiling clap_builder v4.5.23
[INFO] [stderr]    Compiling time v0.3.37
[INFO] [stderr]    Compiling uuid v1.11.0
[INFO] [stderr]    Compiling nu-ansi-term v0.46.0
[INFO] [stderr]    Compiling strum_macros v0.25.3
[INFO] [stderr]    Compiling chrono v0.4.38
[INFO] [stderr]    Compiling needletail v0.6.1
[INFO] [stderr]    Compiling matchers v0.1.0
[INFO] [stderr]    Compiling multimap v0.9.1
[INFO] [stderr]    Compiling tracing-serde v0.2.0
[INFO] [stderr]    Compiling itertools v0.11.0
[INFO] [stderr]    Compiling clap_derive v4.5.18
[INFO] [stderr]    Compiling statrs v0.17.1
[INFO] [stderr]    Compiling thread_local v1.1.8
[INFO] [stderr]    Compiling crossbeam-queue v0.3.11
[INFO] [stderr]    Compiling crossbeam-channel v0.5.13
[INFO] [stderr]    Compiling ndarray v0.15.6
[INFO] [stderr]    Compiling ordered-float v3.9.2
[INFO] [stderr]    Compiling bio v2.0.3
[INFO] [stderr]    Compiling num_cpus v1.16.0
[INFO] [stderr]    Compiling sharded-slab v0.1.7
[INFO] [stderr]    Compiling strum v0.25.0
[INFO] [stderr]    Compiling clap v4.5.23
[INFO] [stderr]    Compiling crossbeam v0.8.4
[INFO] [stderr]    Compiling minimap2 v0.1.22+minimap2.2.28
[INFO] [stderr]    Compiling rayon v1.10.0
[INFO] [stderr]    Compiling tracing-subscriber v0.3.19
[INFO] [stderr]    Compiling statrs v0.16.1
[INFO] [stderr]    Compiling bio v1.6.0
[INFO] [stderr]    Compiling rust-htslib v0.47.1
[INFO] [stderr]    Compiling gskits v0.9.6
[INFO] [stderr]    Compiling mm2 v0.13.3
[INFO] [stderr]    Compiling asts v0.6.4 (/opt/rustwide/workdir)
[INFO] [stderr]     Finished `dev` profile [unoptimized + debuginfo] target(s) in 9m 02s
[INFO] running `Command { std: "docker" "inspect" "647847daf914fed1446009efa758217758740a0d80fda9f1873c6726f1aec366", kill_on_drop: false }`
[INFO] running `Command { std: "docker" "rm" "-f" "647847daf914fed1446009efa758217758740a0d80fda9f1873c6726f1aec366", kill_on_drop: false }`
[INFO] [stdout] 647847daf914fed1446009efa758217758740a0d80fda9f1873c6726f1aec366
[INFO] running `Command { std: "docker" "create" "-v" "/var/lib/crater-agent-workspace/builds/worker-2-tc2/target:/opt/rustwide/target:rw,Z" "-v" "/var/lib/crater-agent-workspace/builds/worker-2-tc2/source:/opt/rustwide/workdir:ro,Z" "-v" "/var/lib/crater-agent-workspace/cargo-home:/opt/rustwide/cargo-home:ro,Z" "-v" "/var/lib/crater-agent-workspace/rustup-home:/opt/rustwide/rustup-home:ro,Z" "-e" "SOURCE_DIR=/opt/rustwide/workdir" "-e" "CARGO_TARGET_DIR=/opt/rustwide/target" "-e" "CARGO_INCREMENTAL=0" "-e" "RUST_BACKTRACE=full" "-e" "RUSTFLAGS=--cap-lints=warn" "-e" "RUSTDOCFLAGS=--cap-lints=warn" "-e" "CARGO_HOME=/opt/rustwide/cargo-home" "-e" "RUSTUP_HOME=/opt/rustwide/rustup-home" "-w" "/opt/rustwide/workdir" "-m" "1610612736" "--user" "0:0" "--network" "none" "ghcr.io/rust-lang/crates-build-env/linux@sha256:f3a9d4ad9d972b27faf3965f35b62e55ba32bbce8f20bc8fe909558a86702fde" "/opt/rustwide/cargo-home/bin/cargo" "+beta-2024-12-08" "test" "--frozen" "--no-run" "--message-format=json", kill_on_drop: false }`
[INFO] [stdout] 277ec7771b2658ba1fc67ed5ab11bbc50ab5634c2f0c357d77da8d251c8faba9
[INFO] running `Command { std: "docker" "start" "-a" "277ec7771b2658ba1fc67ed5ab11bbc50ab5634c2f0c357d77da8d251c8faba9", kill_on_drop: false }`
[INFO] [stderr]    Compiling asts v0.6.4 (/opt/rustwide/workdir)
[INFO] [stdout] warning: unused imports: `BamReader` and `BamRecordExt`
[INFO] [stdout]    --> src/lib.rs:274:33
[INFO] [stdout]     |
[INFO] [stdout] 274 |         gsbam::bam_record_ext::{BamReader, BamRecordExt},
[INFO] [stdout]     |                                 ^^^^^^^^^  ^^^^^^^^^^^^
[INFO] [stdout]     |
[INFO] [stdout]     = note: `#[warn(unused_imports)]` on by default
[INFO] [stdout] 
[INFO] [stdout] 
[INFO] [stderr]     Finished `test` profile [unoptimized + debuginfo] target(s) in 5.93s
[INFO] running `Command { std: "docker" "inspect" "277ec7771b2658ba1fc67ed5ab11bbc50ab5634c2f0c357d77da8d251c8faba9", kill_on_drop: false }`
[INFO] running `Command { std: "docker" "rm" "-f" "277ec7771b2658ba1fc67ed5ab11bbc50ab5634c2f0c357d77da8d251c8faba9", kill_on_drop: false }`
[INFO] [stdout] 277ec7771b2658ba1fc67ed5ab11bbc50ab5634c2f0c357d77da8d251c8faba9
[INFO] running `Command { std: "docker" "create" "-v" "/var/lib/crater-agent-workspace/builds/worker-2-tc2/target:/opt/rustwide/target:rw,Z" "-v" "/var/lib/crater-agent-workspace/builds/worker-2-tc2/source:/opt/rustwide/workdir:ro,Z" "-v" "/var/lib/crater-agent-workspace/cargo-home:/opt/rustwide/cargo-home:ro,Z" "-v" "/var/lib/crater-agent-workspace/rustup-home:/opt/rustwide/rustup-home:ro,Z" "-e" "SOURCE_DIR=/opt/rustwide/workdir" "-e" "CARGO_TARGET_DIR=/opt/rustwide/target" "-e" "CARGO_INCREMENTAL=0" "-e" "RUST_BACKTRACE=full" "-e" "RUSTFLAGS=--cap-lints=warn" "-e" "RUSTDOCFLAGS=--cap-lints=warn" "-e" "CARGO_HOME=/opt/rustwide/cargo-home" "-e" "RUSTUP_HOME=/opt/rustwide/rustup-home" "-w" "/opt/rustwide/workdir" "-m" "1610612736" "--user" "0:0" "--network" "none" "ghcr.io/rust-lang/crates-build-env/linux@sha256:f3a9d4ad9d972b27faf3965f35b62e55ba32bbce8f20bc8fe909558a86702fde" "/opt/rustwide/cargo-home/bin/cargo" "+beta-2024-12-08" "test" "--frozen", kill_on_drop: false }`
[INFO] [stdout] 44fabccf6124e82f7405004e5762845d83bab5de846758166493a164ca6e45ec
[INFO] running `Command { std: "docker" "start" "-a" "44fabccf6124e82f7405004e5762845d83bab5de846758166493a164ca6e45ec", kill_on_drop: false }`
[INFO] [stderr] warning: unused imports: `BamReader` and `BamRecordExt`
[INFO] [stderr]    --> src/lib.rs:274:33
[INFO] [stderr]     |
[INFO] [stderr] 274 |         gsbam::bam_record_ext::{BamReader, BamRecordExt},
[INFO] [stderr]     |                                 ^^^^^^^^^  ^^^^^^^^^^^^
[INFO] [stderr]     |
[INFO] [stderr]     = note: `#[warn(unused_imports)]` on by default
[INFO] [stderr] 
[INFO] [stderr] warning: `asts` (lib test) generated 1 warning (run `cargo fix --lib -p asts --tests` to apply 1 suggestion)
[INFO] [stderr]     Finished `test` profile [unoptimized + debuginfo] target(s) in 0.28s
[INFO] [stderr]      Running unittests src/lib.rs (/opt/rustwide/target/debug/deps/asts-2b436d23960aa43b)
[INFO] [stdout] 
[INFO] [stdout] running 5 tests
[INFO] [stdout] test tests::test_align ... ok
[INFO] [stdout] test tests::test_short_insert ... ok
[INFO] [stdout] test tests::test_align_two_seq ... ok
[INFO] [stdout] test tests::test_build_aligner ... ok
[INFO] [stdout] test tests::test_align2 ... FAILED
[INFO] [stdout] 
[INFO] [stdout] failures:
[INFO] [stdout] 
[INFO] [stdout] ---- tests::test_align2 stdout ----
[INFO] [stdout] thread 'tests::test_align2' panicked at /opt/rustwide/cargo-home/registry/src/index.crates.io-6f17d22bba15001f/gskits-0.9.6/src/fastx_reader/fasta_reader.rs:15:39:
[INFO] [stdout] open file error: test_data/query.fa: Os { code: 2, kind: NotFound, message: "No such file or directory" }
[INFO] [stdout] stack backtrace:
[INFO] [stdout]    0:     0x555a4512f72a - std::backtrace_rs::backtrace::libunwind::trace::h8810477743020387
[INFO] [stdout]                                at /rustc/202008a1b8de96d2e5b6bc02d379db03a877d34d/library/std/src/../../backtrace/src/backtrace/libunwind.rs:116:5
[INFO] [stdout]    1:     0x555a4512f72a - std::backtrace_rs::backtrace::trace_unsynchronized::h3aa55355dd6c54a6
[INFO] [stdout]                                at /rustc/202008a1b8de96d2e5b6bc02d379db03a877d34d/library/std/src/../../backtrace/src/backtrace/mod.rs:66:5
[INFO] [stdout]    2:     0x555a4512f72a - std::sys::backtrace::_print_fmt::h8588b0f62410823f
[INFO] [stdout]                                at /rustc/202008a1b8de96d2e5b6bc02d379db03a877d34d/library/std/src/sys/backtrace.rs:66:9
[INFO] [stdout]    3:     0x555a4512f72a - <std::sys::backtrace::BacktraceLock::print::DisplayBacktrace as core::fmt::Display>::fmt::h98c26ac25ffe89bb
[INFO] [stdout]                                at /rustc/202008a1b8de96d2e5b6bc02d379db03a877d34d/library/std/src/sys/backtrace.rs:39:26
[INFO] [stdout]    4:     0x555a45155f03 - core::fmt::rt::Argument::fmt::hf95377f4aebd453b
[INFO] [stdout]                                at /rustc/202008a1b8de96d2e5b6bc02d379db03a877d34d/library/core/src/fmt/rt.rs:177:76
[INFO] [stdout]    5:     0x555a45155f03 - core::fmt::write::h0dd5f6e2238c7982
[INFO] [stdout]                                at /rustc/202008a1b8de96d2e5b6bc02d379db03a877d34d/library/core/src/fmt/mod.rs:1189:21
[INFO] [stdout]    6:     0x555a4512c8c3 - std::io::Write::write_fmt::h03bb0ca26e6faf8c
[INFO] [stdout]                                at /rustc/202008a1b8de96d2e5b6bc02d379db03a877d34d/library/std/src/io/mod.rs:1884:15
[INFO] [stdout]    7:     0x555a4512f572 - std::sys::backtrace::BacktraceLock::print::h5c19c1c038ee186d
[INFO] [stdout]                                at /rustc/202008a1b8de96d2e5b6bc02d379db03a877d34d/library/std/src/sys/backtrace.rs:42:9
[INFO] [stdout]    8:     0x555a45130bad - std::panicking::default_hook::{{closure}}::h77172f079a1fcb13
[INFO] [stdout]                                at /rustc/202008a1b8de96d2e5b6bc02d379db03a877d34d/library/std/src/panicking.rs:268:22
[INFO] [stdout]    9:     0x555a451309b7 - std::panicking::default_hook::he5f8e3b203ccddba
[INFO] [stdout]                                at /rustc/202008a1b8de96d2e5b6bc02d379db03a877d34d/library/std/src/panicking.rs:292:9
[INFO] [stdout]   10:     0x555a4509b4a7 - <alloc::boxed::Box<F,A> as core::ops::function::Fn<Args>>::call::h7a3c7b4a1ae77f2f
[INFO] [stdout]                                at /rustc/202008a1b8de96d2e5b6bc02d379db03a877d34d/library/alloc/src/boxed.rs:1986:9
[INFO] [stdout]   11:     0x555a4509b4a7 - test::test_main::{{closure}}::hf0d3b69ae9b353d1
[INFO] [stdout]                                at /rustc/202008a1b8de96d2e5b6bc02d379db03a877d34d/library/test/src/lib.rs:134:21
[INFO] [stdout]   12:     0x555a45131258 - <alloc::boxed::Box<F,A> as core::ops::function::Fn<Args>>::call::h6332e82e7b189abd
[INFO] [stdout]                                at /rustc/202008a1b8de96d2e5b6bc02d379db03a877d34d/library/alloc/src/boxed.rs:1986:9
[INFO] [stdout]   13:     0x555a45131258 - std::panicking::rust_panic_with_hook::h53863d4e9018df39
[INFO] [stdout]                                at /rustc/202008a1b8de96d2e5b6bc02d379db03a877d34d/library/std/src/panicking.rs:809:13
[INFO] [stdout]   14:     0x555a4513101a - std::panicking::begin_panic_handler::{{closure}}::h67280e6fa0757873
[INFO] [stdout]                                at /rustc/202008a1b8de96d2e5b6bc02d379db03a877d34d/library/std/src/panicking.rs:674:13
[INFO] [stdout]   15:     0x555a4512fc09 - std::sys::backtrace::__rust_end_short_backtrace::h1dac3f54d6fbbeb2
[INFO] [stdout]                                at /rustc/202008a1b8de96d2e5b6bc02d379db03a877d34d/library/std/src/sys/backtrace.rs:170:18
[INFO] [stdout]   16:     0x555a45130cac - rust_begin_unwind
[INFO] [stdout]                                at /rustc/202008a1b8de96d2e5b6bc02d379db03a877d34d/library/std/src/panicking.rs:665:5
[INFO] [stdout]   17:     0x555a45058c60 - core::panicking::panic_fmt::h6792bd1b2bf01041
[INFO] [stdout]                                at /rustc/202008a1b8de96d2e5b6bc02d379db03a877d34d/library/core/src/panicking.rs:76:14
[INFO] [stdout]   18:     0x555a450590e6 - core::result::unwrap_failed::h05e0602ed34287c5
[INFO] [stdout]                                at /rustc/202008a1b8de96d2e5b6bc02d379db03a877d34d/library/core/src/result.rs:1699:5
[INFO] [stdout]   19:     0x555a450db9bd - core::result::Result<T,E>::expect::h99a760b01ccf4a90
[INFO] [stdout]                                at /rustc/202008a1b8de96d2e5b6bc02d379db03a877d34d/library/core/src/result.rs:1061:23
[INFO] [stdout]   20:     0x555a450dbdf7 - gskits::fastx_reader::fasta_reader::FastaFileReader::new::h76a53def3b1705bc
[INFO] [stdout]                                at /opt/rustwide/cargo-home/registry/src/index.crates.io-6f17d22bba15001f/gskits-0.9.6/src/fastx_reader/fasta_reader.rs:15:20
[INFO] [stdout]   21:     0x555a4505f508 - asts::tests::test_align2::h71f0d8a7f78fe627
[INFO] [stdout]                                at /opt/rustwide/workdir/src/lib.rs:311:24
[INFO] [stdout]   22:     0x555a4505f487 - asts::tests::test_align2::{{closure}}::h71956a42b7240f7e
[INFO] [stdout]                                at /opt/rustwide/workdir/src/lib.rs:310:21
[INFO] [stdout]   23:     0x555a4505a216 - core::ops::function::FnOnce::call_once::h37409a421e461bb7
[INFO] [stdout]                                at /rustc/202008a1b8de96d2e5b6bc02d379db03a877d34d/library/core/src/ops/function.rs:250:5
[INFO] [stdout]   24:     0x555a4509ffcb - core::ops::function::FnOnce::call_once::h871bf86719ec9aa4
[INFO] [stdout]                                at /rustc/202008a1b8de96d2e5b6bc02d379db03a877d34d/library/core/src/ops/function.rs:250:5
[INFO] [stdout]   25:     0x555a4509ffcb - test::__rust_begin_short_backtrace::h2167df1e2b7d76fd
[INFO] [stdout]                                at /rustc/202008a1b8de96d2e5b6bc02d379db03a877d34d/library/test/src/lib.rs:632:18
[INFO] [stdout]   26:     0x555a4509f9b8 - test::run_test_in_process::{{closure}}::h15d92f75a3adfb79
[INFO] [stdout]                                at /rustc/202008a1b8de96d2e5b6bc02d379db03a877d34d/library/test/src/lib.rs:655:60
[INFO] [stdout]   27:     0x555a4509f9b8 - <core::panic::unwind_safe::AssertUnwindSafe<F> as core::ops::function::FnOnce<()>>::call_once::hb6c8955835a8dbbb
[INFO] [stdout]                                at /rustc/202008a1b8de96d2e5b6bc02d379db03a877d34d/library/core/src/panic/unwind_safe.rs:272:9
[INFO] [stdout]   28:     0x555a4509f9b8 - std::panicking::try::do_call::hc79d0fc888a0bd30
[INFO] [stdout]                                at /rustc/202008a1b8de96d2e5b6bc02d379db03a877d34d/library/std/src/panicking.rs:557:40
[INFO] [stdout]   29:     0x555a4509f9b8 - std::panicking::try::hb8a7878e3a8589d6
[INFO] [stdout]                                at /rustc/202008a1b8de96d2e5b6bc02d379db03a877d34d/library/std/src/panicking.rs:520:19
[INFO] [stdout]   30:     0x555a4509f9b8 - std::panic::catch_unwind::hb8e4600ff0ff5cfa
[INFO] [stdout]                                at /rustc/202008a1b8de96d2e5b6bc02d379db03a877d34d/library/std/src/panic.rs:358:14
[INFO] [stdout]   31:     0x555a4509f9b8 - test::run_test_in_process::hc2900b0b18688dd6
[INFO] [stdout]                                at /rustc/202008a1b8de96d2e5b6bc02d379db03a877d34d/library/test/src/lib.rs:655:27
[INFO] [stdout]   32:     0x555a4509f9b8 - test::run_test::{{closure}}::hac2a9cb07be3d48d
[INFO] [stdout]                                at /rustc/202008a1b8de96d2e5b6bc02d379db03a877d34d/library/test/src/lib.rs:576:43
[INFO] [stdout]   33:     0x555a4506345a - test::run_test::{{closure}}::h4a5b729e66a38cd8
[INFO] [stdout]                                at /rustc/202008a1b8de96d2e5b6bc02d379db03a877d34d/library/test/src/lib.rs:606:41
[INFO] [stdout]   34:     0x555a4506345a - std::sys::backtrace::__rust_begin_short_backtrace::h0496fb742492f573
[INFO] [stdout]                                at /rustc/202008a1b8de96d2e5b6bc02d379db03a877d34d/library/std/src/sys/backtrace.rs:154:18
[INFO] [stdout]   35:     0x555a45066dd4 - std::thread::Builder::spawn_unchecked_::{{closure}}::{{closure}}::hbb6d257c550a54bd
[INFO] [stdout]                                at /rustc/202008a1b8de96d2e5b6bc02d379db03a877d34d/library/std/src/thread/mod.rs:561:17
[INFO] [stdout]   36:     0x555a45066dd4 - <core::panic::unwind_safe::AssertUnwindSafe<F> as core::ops::function::FnOnce<()>>::call_once::h46696fe4a6832328
[INFO] [stdout]                                at /rustc/202008a1b8de96d2e5b6bc02d379db03a877d34d/library/core/src/panic/unwind_safe.rs:272:9
[INFO] [stdout]   37:     0x555a45066dd4 - std::panicking::try::do_call::h2625a51b667bfb64
[INFO] [stdout]                                at /rustc/202008a1b8de96d2e5b6bc02d379db03a877d34d/library/std/src/panicking.rs:557:40
[INFO] [stdout]   38:     0x555a45066dd4 - std::panicking::try::hb956a59a1973aa4c
[INFO] [stdout]                                at /rustc/202008a1b8de96d2e5b6bc02d379db03a877d34d/library/std/src/panicking.rs:520:19
[INFO] [stdout]   39:     0x555a45066dd4 - std::panic::catch_unwind::h64f3b9d1067ef6a0
[INFO] [stdout]                                at /rustc/202008a1b8de96d2e5b6bc02d379db03a877d34d/library/std/src/panic.rs:358:14
[INFO] [stdout]   40:     0x555a45066dd4 - std::thread::Builder::spawn_unchecked_::{{closure}}::h42b2841295b6c0b2
[INFO] [stdout]                                at /rustc/202008a1b8de96d2e5b6bc02d379db03a877d34d/library/std/src/thread/mod.rs:559:30
[INFO] [stdout]   41:     0x555a45066dd4 - core::ops::function::FnOnce::call_once{{vtable.shim}}::h6127de71b8124639
[INFO] [stdout]                                at /rustc/202008a1b8de96d2e5b6bc02d379db03a877d34d/library/core/src/ops/function.rs:250:5
[INFO] [stdout]   42:     0x555a451351ab - <alloc::boxed::Box<F,A> as core::ops::function::FnOnce<Args>>::call_once::h42f0ba71002a1b2c
[INFO] [stdout]                                at /rustc/202008a1b8de96d2e5b6bc02d379db03a877d34d/library/alloc/src/boxed.rs:1972:9
[INFO] [stdout]   43:     0x555a451351ab - <alloc::boxed::Box<F,A> as core::ops::function::FnOnce<Args>>::call_once::had9e47d7a3dcecb8
[INFO] [stdout]                                at /rustc/202008a1b8de96d2e5b6bc02d379db03a877d34d/library/alloc/src/boxed.rs:1972:9
[INFO] [stdout]   44:     0x555a451351ab - std::sys::pal::unix::thread::Thread::new::thread_start::h48cf765408f6f5f2
[INFO] [stdout]                                at /rustc/202008a1b8de96d2e5b6bc02d379db03a877d34d/library/std/src/sys/pal/unix/thread.rs:105:17
[INFO] [stdout]   45:     0x70eb66e4dac3 - <unknown>
[INFO] [stdout]   46:     0x70eb66edea04 - clone
[INFO] [stdout]   47:                0x0 - <unknown>
[INFO] [stdout] 
[INFO] [stdout] 
[INFO] [stdout] failures:
[INFO] [stdout]     tests::test_align2
[INFO] [stdout] 
[INFO] [stdout] test result: FAILED. 4 passed; 1 failed; 0 ignored; 0 measured; 0 filtered out; finished in 0.22s
[INFO] [stdout] 
[INFO] [stderr] error: test failed, to rerun pass `--lib`
[INFO] running `Command { std: "docker" "inspect" "44fabccf6124e82f7405004e5762845d83bab5de846758166493a164ca6e45ec", kill_on_drop: false }`
[INFO] running `Command { std: "docker" "rm" "-f" "44fabccf6124e82f7405004e5762845d83bab5de846758166493a164ca6e45ec", kill_on_drop: false }`
[INFO] [stdout] 44fabccf6124e82f7405004e5762845d83bab5de846758166493a164ca6e45ec
