[INFO] fetching crate astr 0.3.1...
[INFO] testing astr-0.3.1 against beta-2024-12-08 for beta-1.84.0-4-retry
[INFO] extracting crate astr 0.3.1 into /workspace/builds/worker-7-tc2/source
[INFO] validating manifest of crates.io crate astr 0.3.1 on toolchain beta-2024-12-08
[INFO] running `Command { std: CARGO_HOME="/workspace/cargo-home" RUSTUP_HOME="/workspace/rustup-home" "/workspace/cargo-home/bin/cargo" "+beta-2024-12-08" "metadata" "--manifest-path" "Cargo.toml" "--no-deps", kill_on_drop: false }`
[INFO] started tweaking crates.io crate astr 0.3.1
[INFO] finished tweaking crates.io crate astr 0.3.1
[INFO] tweaked toml for crates.io crate astr 0.3.1 written to /workspace/builds/worker-7-tc2/source/Cargo.toml
[INFO] running `Command { std: CARGO_HOME="/workspace/cargo-home" RUSTUP_HOME="/workspace/rustup-home" "/workspace/cargo-home/bin/cargo" "+beta-2024-12-08" "generate-lockfile" "--manifest-path" "Cargo.toml", kill_on_drop: false }`
[INFO] [stderr]     Updating crates.io index
[INFO] [stderr]      Locking 6 packages to latest compatible versions
[INFO] running `Command { std: CARGO_HOME="/workspace/cargo-home" RUSTUP_HOME="/workspace/rustup-home" "/workspace/cargo-home/bin/cargo" "+beta-2024-12-08" "fetch" "--manifest-path" "Cargo.toml", kill_on_drop: false }`
[INFO] running `Command { std: "docker" "create" "-v" "/var/lib/crater-agent-workspace/builds/worker-7-tc2/target:/opt/rustwide/target:rw,Z" "-v" "/var/lib/crater-agent-workspace/builds/worker-7-tc2/source:/opt/rustwide/workdir:ro,Z" "-v" "/var/lib/crater-agent-workspace/cargo-home:/opt/rustwide/cargo-home:ro,Z" "-v" "/var/lib/crater-agent-workspace/rustup-home:/opt/rustwide/rustup-home:ro,Z" "-e" "SOURCE_DIR=/opt/rustwide/workdir" "-e" "CARGO_TARGET_DIR=/opt/rustwide/target" "-e" "CARGO_HOME=/opt/rustwide/cargo-home" "-e" "RUSTUP_HOME=/opt/rustwide/rustup-home" "-w" "/opt/rustwide/workdir" "-m" "1610612736" "--user" "0:0" "--network" "none" "ghcr.io/rust-lang/crates-build-env/linux@sha256:f3a9d4ad9d972b27faf3965f35b62e55ba32bbce8f20bc8fe909558a86702fde" "/opt/rustwide/cargo-home/bin/cargo" "+beta-2024-12-08" "metadata" "--no-deps" "--format-version=1", kill_on_drop: false }`
[INFO] [stdout] aa8ffdbd8b4119b2fedabfa9beb52b8c54dcfe6f6d949d6755caa2fb3ad87355
[INFO] running `Command { std: "docker" "start" "-a" "aa8ffdbd8b4119b2fedabfa9beb52b8c54dcfe6f6d949d6755caa2fb3ad87355", kill_on_drop: false }`
[INFO] running `Command { std: "docker" "inspect" "aa8ffdbd8b4119b2fedabfa9beb52b8c54dcfe6f6d949d6755caa2fb3ad87355", kill_on_drop: false }`
[INFO] running `Command { std: "docker" "rm" "-f" "aa8ffdbd8b4119b2fedabfa9beb52b8c54dcfe6f6d949d6755caa2fb3ad87355", kill_on_drop: false }`
[INFO] [stdout] aa8ffdbd8b4119b2fedabfa9beb52b8c54dcfe6f6d949d6755caa2fb3ad87355
[INFO] running `Command { std: "docker" "create" "-v" "/var/lib/crater-agent-workspace/builds/worker-7-tc2/target:/opt/rustwide/target:rw,Z" "-v" "/var/lib/crater-agent-workspace/builds/worker-7-tc2/source:/opt/rustwide/workdir:ro,Z" "-v" "/var/lib/crater-agent-workspace/cargo-home:/opt/rustwide/cargo-home:ro,Z" "-v" "/var/lib/crater-agent-workspace/rustup-home:/opt/rustwide/rustup-home:ro,Z" "-e" "SOURCE_DIR=/opt/rustwide/workdir" "-e" "CARGO_TARGET_DIR=/opt/rustwide/target" "-e" "CARGO_INCREMENTAL=0" "-e" "RUST_BACKTRACE=full" "-e" "RUSTFLAGS=--cap-lints=warn" "-e" "RUSTDOCFLAGS=--cap-lints=warn" "-e" "CARGO_HOME=/opt/rustwide/cargo-home" "-e" "RUSTUP_HOME=/opt/rustwide/rustup-home" "-w" "/opt/rustwide/workdir" "-m" "1610612736" "--user" "0:0" "--network" "none" "ghcr.io/rust-lang/crates-build-env/linux@sha256:f3a9d4ad9d972b27faf3965f35b62e55ba32bbce8f20bc8fe909558a86702fde" "/opt/rustwide/cargo-home/bin/cargo" "+beta-2024-12-08" "build" "--frozen" "--message-format=json", kill_on_drop: false }`
[INFO] [stdout] 7d9ce846b6fe5b8d5965cc68eb175999cce1f0906d0e84a02d417109a77891f7
[INFO] running `Command { std: "docker" "start" "-a" "7d9ce846b6fe5b8d5965cc68eb175999cce1f0906d0e84a02d417109a77891f7", kill_on_drop: false }`
[INFO] [stderr]    Compiling astr v0.3.1 (/opt/rustwide/workdir)
[INFO] [stderr]     Finished `dev` profile [unoptimized + debuginfo] target(s) in 0.22s
[INFO] running `Command { std: "docker" "inspect" "7d9ce846b6fe5b8d5965cc68eb175999cce1f0906d0e84a02d417109a77891f7", kill_on_drop: false }`
[INFO] running `Command { std: "docker" "rm" "-f" "7d9ce846b6fe5b8d5965cc68eb175999cce1f0906d0e84a02d417109a77891f7", kill_on_drop: false }`
[INFO] [stdout] 7d9ce846b6fe5b8d5965cc68eb175999cce1f0906d0e84a02d417109a77891f7
[INFO] running `Command { std: "docker" "create" "-v" "/var/lib/crater-agent-workspace/builds/worker-7-tc2/target:/opt/rustwide/target:rw,Z" "-v" "/var/lib/crater-agent-workspace/builds/worker-7-tc2/source:/opt/rustwide/workdir:ro,Z" "-v" "/var/lib/crater-agent-workspace/cargo-home:/opt/rustwide/cargo-home:ro,Z" "-v" "/var/lib/crater-agent-workspace/rustup-home:/opt/rustwide/rustup-home:ro,Z" "-e" "SOURCE_DIR=/opt/rustwide/workdir" "-e" "CARGO_TARGET_DIR=/opt/rustwide/target" "-e" "CARGO_INCREMENTAL=0" "-e" "RUST_BACKTRACE=full" "-e" "RUSTFLAGS=--cap-lints=warn" "-e" "RUSTDOCFLAGS=--cap-lints=warn" "-e" "CARGO_HOME=/opt/rustwide/cargo-home" "-e" "RUSTUP_HOME=/opt/rustwide/rustup-home" "-w" "/opt/rustwide/workdir" "-m" "1610612736" "--user" "0:0" "--network" "none" "ghcr.io/rust-lang/crates-build-env/linux@sha256:f3a9d4ad9d972b27faf3965f35b62e55ba32bbce8f20bc8fe909558a86702fde" "/opt/rustwide/cargo-home/bin/cargo" "+beta-2024-12-08" "test" "--frozen" "--no-run" "--message-format=json", kill_on_drop: false }`
[INFO] [stdout] 003635e6a7a6a00769e5d2c2f444ba612738c87da1fb7bbcb411d2fb896443b8
[INFO] running `Command { std: "docker" "start" "-a" "003635e6a7a6a00769e5d2c2f444ba612738c87da1fb7bbcb411d2fb896443b8", kill_on_drop: false }`
[INFO] [stderr]    Compiling astr v0.3.1 (/opt/rustwide/workdir)
[INFO] [stderr]     Finished `test` profile [unoptimized + debuginfo] target(s) in 0.63s
[INFO] running `Command { std: "docker" "inspect" "003635e6a7a6a00769e5d2c2f444ba612738c87da1fb7bbcb411d2fb896443b8", kill_on_drop: false }`
[INFO] running `Command { std: "docker" "rm" "-f" "003635e6a7a6a00769e5d2c2f444ba612738c87da1fb7bbcb411d2fb896443b8", kill_on_drop: false }`
[INFO] [stdout] 003635e6a7a6a00769e5d2c2f444ba612738c87da1fb7bbcb411d2fb896443b8
[INFO] running `Command { std: "docker" "create" "-v" "/var/lib/crater-agent-workspace/builds/worker-7-tc2/target:/opt/rustwide/target:rw,Z" "-v" "/var/lib/crater-agent-workspace/builds/worker-7-tc2/source:/opt/rustwide/workdir:ro,Z" "-v" "/var/lib/crater-agent-workspace/cargo-home:/opt/rustwide/cargo-home:ro,Z" "-v" "/var/lib/crater-agent-workspace/rustup-home:/opt/rustwide/rustup-home:ro,Z" "-e" "SOURCE_DIR=/opt/rustwide/workdir" "-e" "CARGO_TARGET_DIR=/opt/rustwide/target" "-e" "CARGO_INCREMENTAL=0" "-e" "RUST_BACKTRACE=full" "-e" "RUSTFLAGS=--cap-lints=warn" "-e" "RUSTDOCFLAGS=--cap-lints=warn" "-e" "CARGO_HOME=/opt/rustwide/cargo-home" "-e" "RUSTUP_HOME=/opt/rustwide/rustup-home" "-w" "/opt/rustwide/workdir" "-m" "1610612736" "--user" "0:0" "--network" "none" "ghcr.io/rust-lang/crates-build-env/linux@sha256:f3a9d4ad9d972b27faf3965f35b62e55ba32bbce8f20bc8fe909558a86702fde" "/opt/rustwide/cargo-home/bin/cargo" "+beta-2024-12-08" "test" "--frozen", kill_on_drop: false }`
[INFO] [stdout] 67d919112605bceb156aad465cec7a1e7e53176f63d054eaed91ea91816adf3e
[INFO] running `Command { std: "docker" "start" "-a" "67d919112605bceb156aad465cec7a1e7e53176f63d054eaed91ea91816adf3e", kill_on_drop: false }`
[INFO] [stderr]     Finished `test` profile [unoptimized + debuginfo] target(s) in 0.02s
[INFO] [stderr]      Running unittests src/lib.rs (/opt/rustwide/target/debug/deps/astr-49350d5bb0e6505d)
[INFO] [stdout] 
[INFO] [stdout] running 11 tests
[INFO] [stdout] test tests::test_a ... ok
[INFO] [stdout] test tests::test_const ... ok
[INFO] [stdout] test tests::test_cstr ... ok
[INFO] [stdout] test tests::test_concat ... ok
[INFO] [stdout] test tests::test_format_astr ... ok
[INFO] [stdout] test tests::test_macro_expr ... ok
[INFO] [stdout] test tests::test_from_fmt ... ok
[INFO] [stdout] test tests::test_from_fmt_err ... ok
[INFO] [stdout] test tests::test_index ... ok
[INFO] [stdout] test tests::test_from_string ... ok
[INFO] [stdout] test tests::test_to_string ... ok
[INFO] [stdout] 
[INFO] [stdout] test result: ok. 11 passed; 0 failed; 0 ignored; 0 measured; 0 filtered out; finished in 0.01s
[INFO] [stdout] 
[INFO] [stderr]    Doc-tests astr
[INFO] [stdout] 
[INFO] [stdout] running 8 tests
[INFO] [stdout] test src/lib.rs - format_astr (line 83) ... ignored
[INFO] [stdout] test src/lib.rs - astr (line 29) ... FAILED
[INFO] [stdout] test src/lib.rs - astr (line 37) ... FAILED
[INFO] [stdout] test src/lib.rs - (line 15) ... ok
[INFO] [stdout] test src/lib.rs - AStr (line 101) ... ok
[INFO] [stdout] test src/lib.rs - astr (line 21) ... ok
[INFO] [stdout] test src/lib.rs - format_astr (line 79) ... ok
[INFO] [stdout] test src/lib.rs - AStr (line 110) ... ok
[INFO] [stdout] 
[INFO] [stdout] failures:
[INFO] [stdout] 
[INFO] [stdout] ---- src/lib.rs - astr (line 29) stdout ----
[INFO] [stdout] error: expected expression, found `$`
[INFO] [stdout]  --> src/lib.rs:33:9
[INFO] [stdout]   |
[INFO] [stdout] 7 | let s = astr!('a'; 5);
[INFO] [stdout]   |         ^^^^^^^^^^^^^ expected expression
[INFO] [stdout]   |
[INFO] [stdout]   = note: this error originates in the macro `astr` (in Nightly builds, run with -Z macro-backtrace for more info)
[INFO] [stdout] 
[INFO] [stdout] error: aborting due to 1 previous error
[INFO] [stdout] 
[INFO] [stdout] Couldn't compile the test.
[INFO] [stdout] ---- src/lib.rs - astr (line 37) stdout ----
[INFO] [stdout] error: expected expression, found `$`
[INFO] [stdout]  --> src/lib.rs:41:9
[INFO] [stdout]   |
[INFO] [stdout] 7 | let s = astr!('ä'; 10);
[INFO] [stdout]   |         ^^^^^^^^^^^^^^ expected expression
[INFO] [stdout]   |
[INFO] [stdout]   = note: this error originates in the macro `astr` (in Nightly builds, run with -Z macro-backtrace for more info)
[INFO] [stdout] 
[INFO] [stdout] error: aborting due to 1 previous error
[INFO] [stdout] 
[INFO] [stdout] Couldn't compile the test.
[INFO] [stdout] 
[INFO] [stdout] failures:
[INFO] [stdout]     src/lib.rs - astr (line 29)
[INFO] [stdout]     src/lib.rs - astr (line 37)
[INFO] [stdout] 
[INFO] [stdout] test result: FAILED. 5 passed; 2 failed; 1 ignored; 0 measured; 0 filtered out; finished in 0.70s
[INFO] [stdout] 
[INFO] [stderr] error: doctest failed, to rerun pass `--doc`
[INFO] running `Command { std: "docker" "inspect" "67d919112605bceb156aad465cec7a1e7e53176f63d054eaed91ea91816adf3e", kill_on_drop: false }`
[INFO] running `Command { std: "docker" "rm" "-f" "67d919112605bceb156aad465cec7a1e7e53176f63d054eaed91ea91816adf3e", kill_on_drop: false }`
[INFO] [stdout] 67d919112605bceb156aad465cec7a1e7e53176f63d054eaed91ea91816adf3e
