[INFO] fetching crate astmaker 0.2.0...
[INFO] testing astmaker-0.2.0 against 1.83.0 for beta-1.84.0-4-retry
[INFO] extracting crate astmaker 0.2.0 into /workspace/builds/worker-2-tc1/source
[INFO] validating manifest of crates.io crate astmaker 0.2.0 on toolchain 1.83.0
[INFO] running `Command { std: CARGO_HOME="/workspace/cargo-home" RUSTUP_HOME="/workspace/rustup-home" "/workspace/cargo-home/bin/cargo" "+1.83.0" "metadata" "--manifest-path" "Cargo.toml" "--no-deps", kill_on_drop: false }`
[INFO] started tweaking crates.io crate astmaker 0.2.0
[INFO] finished tweaking crates.io crate astmaker 0.2.0
[INFO] tweaked toml for crates.io crate astmaker 0.2.0 written to /workspace/builds/worker-2-tc1/source/Cargo.toml
[INFO] running `Command { std: CARGO_HOME="/workspace/cargo-home" RUSTUP_HOME="/workspace/rustup-home" "/workspace/cargo-home/bin/cargo" "+1.83.0" "generate-lockfile" "--manifest-path" "Cargo.toml", kill_on_drop: false }`
[INFO] [stderr]     Updating crates.io index
[INFO] [stderr]      Locking 4 packages to latest compatible versions
[INFO] running `Command { std: CARGO_HOME="/workspace/cargo-home" RUSTUP_HOME="/workspace/rustup-home" "/workspace/cargo-home/bin/cargo" "+1.83.0" "fetch" "--manifest-path" "Cargo.toml", kill_on_drop: false }`
[INFO] running `Command { std: "docker" "create" "-v" "/var/lib/crater-agent-workspace/builds/worker-2-tc1/target:/opt/rustwide/target:rw,Z" "-v" "/var/lib/crater-agent-workspace/builds/worker-2-tc1/source:/opt/rustwide/workdir:ro,Z" "-v" "/var/lib/crater-agent-workspace/cargo-home:/opt/rustwide/cargo-home:ro,Z" "-v" "/var/lib/crater-agent-workspace/rustup-home:/opt/rustwide/rustup-home:ro,Z" "-e" "SOURCE_DIR=/opt/rustwide/workdir" "-e" "CARGO_TARGET_DIR=/opt/rustwide/target" "-e" "CARGO_HOME=/opt/rustwide/cargo-home" "-e" "RUSTUP_HOME=/opt/rustwide/rustup-home" "-w" "/opt/rustwide/workdir" "-m" "1610612736" "--user" "0:0" "--network" "none" "ghcr.io/rust-lang/crates-build-env/linux@sha256:f3a9d4ad9d972b27faf3965f35b62e55ba32bbce8f20bc8fe909558a86702fde" "/opt/rustwide/cargo-home/bin/cargo" "+1.83.0" "metadata" "--no-deps" "--format-version=1", kill_on_drop: false }`
[INFO] [stdout] ca668afc7a40eebdf7af4e510a3b99c3b61aeb04422107270c0261eec9df894d
[INFO] running `Command { std: "docker" "start" "-a" "ca668afc7a40eebdf7af4e510a3b99c3b61aeb04422107270c0261eec9df894d", kill_on_drop: false }`
[INFO] running `Command { std: "docker" "inspect" "ca668afc7a40eebdf7af4e510a3b99c3b61aeb04422107270c0261eec9df894d", kill_on_drop: false }`
[INFO] running `Command { std: "docker" "rm" "-f" "ca668afc7a40eebdf7af4e510a3b99c3b61aeb04422107270c0261eec9df894d", kill_on_drop: false }`
[INFO] [stdout] ca668afc7a40eebdf7af4e510a3b99c3b61aeb04422107270c0261eec9df894d
[INFO] running `Command { std: "docker" "create" "-v" "/var/lib/crater-agent-workspace/builds/worker-2-tc1/target:/opt/rustwide/target:rw,Z" "-v" "/var/lib/crater-agent-workspace/builds/worker-2-tc1/source:/opt/rustwide/workdir:ro,Z" "-v" "/var/lib/crater-agent-workspace/cargo-home:/opt/rustwide/cargo-home:ro,Z" "-v" "/var/lib/crater-agent-workspace/rustup-home:/opt/rustwide/rustup-home:ro,Z" "-e" "SOURCE_DIR=/opt/rustwide/workdir" "-e" "CARGO_TARGET_DIR=/opt/rustwide/target" "-e" "CARGO_INCREMENTAL=0" "-e" "RUST_BACKTRACE=full" "-e" "RUSTFLAGS=--cap-lints=warn" "-e" "RUSTDOCFLAGS=--cap-lints=warn" "-e" "CARGO_HOME=/opt/rustwide/cargo-home" "-e" "RUSTUP_HOME=/opt/rustwide/rustup-home" "-w" "/opt/rustwide/workdir" "-m" "1610612736" "--user" "0:0" "--network" "none" "ghcr.io/rust-lang/crates-build-env/linux@sha256:f3a9d4ad9d972b27faf3965f35b62e55ba32bbce8f20bc8fe909558a86702fde" "/opt/rustwide/cargo-home/bin/cargo" "+1.83.0" "build" "--frozen" "--message-format=json", kill_on_drop: false }`
[INFO] [stdout] 578624018e5e4680e446217ab12957fd755a49c7f54627c151a0bd4368fd9a41
[INFO] running `Command { std: "docker" "start" "-a" "578624018e5e4680e446217ab12957fd755a49c7f54627c151a0bd4368fd9a41", kill_on_drop: false }`
[INFO] [stderr]    Compiling proc-macro2 v1.0.92
[INFO] [stderr]    Compiling unicode-ident v1.0.14
[INFO] [stderr]    Compiling quote v1.0.37
[INFO] [stderr]    Compiling syn v2.0.90
[INFO] [stderr]    Compiling astmaker v0.2.0 (/opt/rustwide/workdir)
[INFO] [stderr]     Finished `dev` profile [unoptimized + debuginfo] target(s) in 6.82s
[INFO] running `Command { std: "docker" "inspect" "578624018e5e4680e446217ab12957fd755a49c7f54627c151a0bd4368fd9a41", kill_on_drop: false }`
[INFO] running `Command { std: "docker" "rm" "-f" "578624018e5e4680e446217ab12957fd755a49c7f54627c151a0bd4368fd9a41", kill_on_drop: false }`
[INFO] [stdout] 578624018e5e4680e446217ab12957fd755a49c7f54627c151a0bd4368fd9a41
[INFO] running `Command { std: "docker" "create" "-v" "/var/lib/crater-agent-workspace/builds/worker-2-tc1/target:/opt/rustwide/target:rw,Z" "-v" "/var/lib/crater-agent-workspace/builds/worker-2-tc1/source:/opt/rustwide/workdir:ro,Z" "-v" "/var/lib/crater-agent-workspace/cargo-home:/opt/rustwide/cargo-home:ro,Z" "-v" "/var/lib/crater-agent-workspace/rustup-home:/opt/rustwide/rustup-home:ro,Z" "-e" "SOURCE_DIR=/opt/rustwide/workdir" "-e" "CARGO_TARGET_DIR=/opt/rustwide/target" "-e" "CARGO_INCREMENTAL=0" "-e" "RUST_BACKTRACE=full" "-e" "RUSTFLAGS=--cap-lints=warn" "-e" "RUSTDOCFLAGS=--cap-lints=warn" "-e" "CARGO_HOME=/opt/rustwide/cargo-home" "-e" "RUSTUP_HOME=/opt/rustwide/rustup-home" "-w" "/opt/rustwide/workdir" "-m" "1610612736" "--user" "0:0" "--network" "none" "ghcr.io/rust-lang/crates-build-env/linux@sha256:f3a9d4ad9d972b27faf3965f35b62e55ba32bbce8f20bc8fe909558a86702fde" "/opt/rustwide/cargo-home/bin/cargo" "+1.83.0" "test" "--frozen" "--no-run" "--message-format=json", kill_on_drop: false }`
[INFO] [stdout] 19c6a37de2f54d7aceda74e05d42943068a3ccdde68c303bf8024aeada50f895
[INFO] running `Command { std: "docker" "start" "-a" "19c6a37de2f54d7aceda74e05d42943068a3ccdde68c303bf8024aeada50f895", kill_on_drop: false }`
[INFO] [stderr]    Compiling proc-macro2 v1.0.92
[INFO] [stderr]    Compiling unicode-ident v1.0.14
[INFO] [stderr]    Compiling quote v1.0.37
[INFO] [stderr]    Compiling syn v2.0.90
[INFO] [stderr]    Compiling astmaker v0.2.0 (/opt/rustwide/workdir)
[INFO] [stderr]     Finished `test` profile [unoptimized + debuginfo] target(s) in 7.97s
[INFO] running `Command { std: "docker" "inspect" "19c6a37de2f54d7aceda74e05d42943068a3ccdde68c303bf8024aeada50f895", kill_on_drop: false }`
[INFO] running `Command { std: "docker" "rm" "-f" "19c6a37de2f54d7aceda74e05d42943068a3ccdde68c303bf8024aeada50f895", kill_on_drop: false }`
[INFO] [stdout] 19c6a37de2f54d7aceda74e05d42943068a3ccdde68c303bf8024aeada50f895
[INFO] running `Command { std: "docker" "create" "-v" "/var/lib/crater-agent-workspace/builds/worker-2-tc1/target:/opt/rustwide/target:rw,Z" "-v" "/var/lib/crater-agent-workspace/builds/worker-2-tc1/source:/opt/rustwide/workdir:ro,Z" "-v" "/var/lib/crater-agent-workspace/cargo-home:/opt/rustwide/cargo-home:ro,Z" "-v" "/var/lib/crater-agent-workspace/rustup-home:/opt/rustwide/rustup-home:ro,Z" "-e" "SOURCE_DIR=/opt/rustwide/workdir" "-e" "CARGO_TARGET_DIR=/opt/rustwide/target" "-e" "CARGO_INCREMENTAL=0" "-e" "RUST_BACKTRACE=full" "-e" "RUSTFLAGS=--cap-lints=warn" "-e" "RUSTDOCFLAGS=--cap-lints=warn" "-e" "CARGO_HOME=/opt/rustwide/cargo-home" "-e" "RUSTUP_HOME=/opt/rustwide/rustup-home" "-w" "/opt/rustwide/workdir" "-m" "1610612736" "--user" "0:0" "--network" "none" "ghcr.io/rust-lang/crates-build-env/linux@sha256:f3a9d4ad9d972b27faf3965f35b62e55ba32bbce8f20bc8fe909558a86702fde" "/opt/rustwide/cargo-home/bin/cargo" "+1.83.0" "test" "--frozen", kill_on_drop: false }`
[INFO] [stdout] f236531a9526e056d323ab1186a5119d49269af352802b0859d5c70981e17502
[INFO] running `Command { std: "docker" "start" "-a" "f236531a9526e056d323ab1186a5119d49269af352802b0859d5c70981e17502", kill_on_drop: false }`
[INFO] [stderr]     Finished `test` profile [unoptimized + debuginfo] target(s) in 0.02s
[INFO] [stderr]      Running unittests src/lib.rs (/opt/rustwide/target/debug/deps/astmaker-7f28b4690514c36f)
[INFO] [stdout] 
[INFO] [stdout] running 0 tests
[INFO] [stdout] 
[INFO] [stdout] test result: ok. 0 passed; 0 failed; 0 ignored; 0 measured; 0 filtered out; finished in 0.00s
[INFO] [stdout] 
[INFO] [stderr]      Running tests/ast_test.rs (/opt/rustwide/target/debug/deps/ast_test-24f1d79a6a34a4bf)
[INFO] [stdout] 
[INFO] [stdout] running 1 test
[INFO] [stderr]      Running tests/generic_test.rs (/opt/rustwide/target/debug/deps/generic_test-0dcfd1bfc05b4469)
[INFO] [stdout] test eval ... ok
[INFO] [stdout] 
[INFO] [stdout] test result: ok. 1 passed; 0 failed; 0 ignored; 0 measured; 0 filtered out; finished in 0.00s
[INFO] [stdout] 
[INFO] [stdout] 
[INFO] [stdout] running 1 test
[INFO] [stdout] test eval ... ok
[INFO] [stdout] 
[INFO] [stdout] test result: ok. 1 passed; 0 failed; 0 ignored; 0 measured; 0 filtered out; finished in 0.01s
[INFO] [stdout] 
[INFO] [stderr]      Running tests/lifetime_test.rs (/opt/rustwide/target/debug/deps/lifetime_test-93db12a60ae60b34)
[INFO] [stdout] 
[INFO] [stderr]    Doc-tests astmaker
[INFO] [stdout] running 1 test
[INFO] [stdout] test eval ... ok
[INFO] [stdout] 
[INFO] [stdout] test result: ok. 1 passed; 0 failed; 0 ignored; 0 measured; 0 filtered out; finished in 0.00s
[INFO] [stdout] 
[INFO] [stdout] 
[INFO] [stdout] running 5 tests
[INFO] [stdout] test src/lib.rs - (line 23) ... FAILED
[INFO] [stdout] test src/lib.rs - (line 125) ... FAILED
[INFO] [stdout] test src/lib.rs - (line 96) ... FAILED
[INFO] [stdout] test src/lib.rs - (line 38) ... FAILED
[INFO] [stdout] test src/lib.rs - (line 62) ... ok
[INFO] [stdout] 
[INFO] [stdout] failures:
[INFO] [stdout] 
[INFO] [stdout] ---- src/lib.rs - (line 23) stdout ----
[INFO] [stdout] error[E0412]: cannot find type `LocationType` in this scope
[INFO] [stdout]  --> src/lib.rs:30:17
[INFO] [stdout]   |
[INFO] [stdout] 9 |   pub location: LocationType,
[INFO] [stdout]   |                 ^^^^^^^^^^^^ not found in this scope
[INFO] [stdout] 
[INFO] [stdout] error[E0220]: associated type `NodeAttributes` not found for `T`
[INFO] [stdout]   --> src/lib.rs:32:24
[INFO] [stdout]    |
[INFO] [stdout] 11 |   pub attrs: Option<T::NodeAttributes>,
[INFO] [stdout]    |                        ^^^^^^^^^^^^^^ there is a similarly named associated type `Attributes` in the trait `NodeAttributes`
[INFO] [stdout]    |
[INFO] [stdout] help: change the associated type name to use `Attributes` from `NodeAttributes`
[INFO] [stdout]    |
[INFO] [stdout] 11 |   pub attrs: Option<T::Attributes>,
[INFO] [stdout]    |                        ~~~~~~~~~~
[INFO] [stdout] 
[INFO] [stdout] error: aborting due to 2 previous errors
[INFO] [stdout] 
[INFO] [stdout] Some errors have detailed explanations: E0220, E0412.
[INFO] [stdout] For more information about an error, try `rustc --explain E0220`.
[INFO] [stdout] Couldn't compile the test.
[INFO] [stdout] ---- src/lib.rs - (line 125) stdout ----
[INFO] [stdout] error: cannot find macro `model` in this scope
[INFO] [stdout]  --> src/lib.rs:130:1
[INFO] [stdout]   |
[INFO] [stdout] 7 | model!{
[INFO] [stdout]   | ^^^^^
[INFO] [stdout]   |
[INFO] [stdout] help: consider importing this macro
[INFO] [stdout]   |
[INFO] [stdout] 2 + use astmaker::model;
[INFO] [stdout]   |
[INFO] [stdout] 
[INFO] [stdout] error: aborting due to 1 previous error
[INFO] [stdout] 
[INFO] [stdout] Couldn't compile the test.
[INFO] [stdout] ---- src/lib.rs - (line 96) stdout ----
[INFO] [stdout] error: cannot find macro `model` in this scope
[INFO] [stdout]  --> src/lib.rs:99:1
[INFO] [stdout]   |
[INFO] [stdout] 5 | model!{
[INFO] [stdout]   | ^^^^^
[INFO] [stdout]   |
[INFO] [stdout] help: consider importing this macro
[INFO] [stdout]   |
[INFO] [stdout] 2 + use astmaker::model;
[INFO] [stdout]   |
[INFO] [stdout] 
[INFO] [stdout] error: aborting due to 1 previous error
[INFO] [stdout] 
[INFO] [stdout] Couldn't compile the test.
[INFO] [stdout] ---- src/lib.rs - (line 38) stdout ----
[INFO] [stdout] error[E0405]: cannot find trait `NodeAttributes` in this scope
[INFO] [stdout]  --> src/lib.rs:40:15
[INFO] [stdout]   |
[INFO] [stdout] 4 |   fn visit<T: NodeAttributes + Visitable<Self, T>>(
[INFO] [stdout]   |               ^^^^^^^^^^^^^^ not found in this scope
[INFO] [stdout] 
[INFO] [stdout] error[E0412]: cannot find type `Node` in this scope
[INFO] [stdout]  --> src/lib.rs:42:16
[INFO] [stdout]   |
[INFO] [stdout] 6 |     node: &mut Node<T>,
[INFO] [stdout]   |                ^^^^ not found in this scope
[INFO] [stdout] 
[INFO] [stdout] error[E0412]: cannot find type `OutputType` in this scope
[INFO] [stdout]  --> src/lib.rs:43:8
[INFO] [stdout]   |
[INFO] [stdout] 7 |   ) -> OutputType;
[INFO] [stdout]   |        ^^^^^^^^^^ not found in this scope
[INFO] [stdout] 
[INFO] [stdout] error[E0405]: cannot find trait `NodeAttributes` in this scope
[INFO] [stdout]   --> src/lib.rs:46:36
[INFO] [stdout]    |
[INFO] [stdout] 10 | pub trait Visitable<C: Visitor, T: NodeAttributes> {
[INFO] [stdout]    |                                    ^^^^^^^^^^^^^^ not found in this scope
[INFO] [stdout] 
[INFO] [stdout] error[E0412]: cannot find type `Node` in this scope
[INFO] [stdout]   --> src/lib.rs:47:40
[INFO] [stdout]    |
[INFO] [stdout] 11 |   fn visit(context: &mut C, node: &mut Node<T>) -> OutputType;
[INFO] [stdout]    |                                        ^^^^ not found in this scope
[INFO] [stdout] 
[INFO] [stdout] error[E0412]: cannot find type `OutputType` in this scope
[INFO] [stdout]   --> src/lib.rs:47:52
[INFO] [stdout]    |
[INFO] [stdout] 11 |   fn visit(context: &mut C, node: &mut Node<T>) -> OutputType;
[INFO] [stdout]    |                                                    ^^^^^^^^^^ not found in this scope
[INFO] [stdout] 
[INFO] [stdout] error: aborting due to 6 previous errors
[INFO] [stdout] 
[INFO] [stdout] Some errors have detailed explanations: E0405, E0412.
[INFO] [stdout] For more information about an error, try `rustc --explain E0405`.
[INFO] [stdout] Couldn't compile the test.
[INFO] [stdout] 
[INFO] [stdout] failures:
[INFO] [stdout]     src/lib.rs - (line 125)
[INFO] [stdout]     src/lib.rs - (line 23)
[INFO] [stdout]     src/lib.rs - (line 38)
[INFO] [stdout]     src/lib.rs - (line 96)
[INFO] [stdout] 
[INFO] [stdout] test result: FAILED. 1 passed; 4 failed; 0 ignored; 0 measured; 0 filtered out; finished in 0.42s
[INFO] [stdout] 
[INFO] [stderr] error: doctest failed, to rerun pass `--doc`
[INFO] running `Command { std: "docker" "inspect" "f236531a9526e056d323ab1186a5119d49269af352802b0859d5c70981e17502", kill_on_drop: false }`
[INFO] running `Command { std: "docker" "rm" "-f" "f236531a9526e056d323ab1186a5119d49269af352802b0859d5c70981e17502", kill_on_drop: false }`
[INFO] [stdout] f236531a9526e056d323ab1186a5119d49269af352802b0859d5c70981e17502
