[INFO] fetching crate assert_cli 0.6.3...
[INFO] testing assert_cli-0.6.3 against beta-2024-12-08 for beta-1.84.0-4-retry
[INFO] extracting crate assert_cli 0.6.3 into /workspace/builds/worker-4-tc2/source
[INFO] validating manifest of crates.io crate assert_cli 0.6.3 on toolchain beta-2024-12-08
[INFO] running `Command { std: CARGO_HOME="/workspace/cargo-home" RUSTUP_HOME="/workspace/rustup-home" "/workspace/cargo-home/bin/cargo" "+beta-2024-12-08" "metadata" "--manifest-path" "Cargo.toml" "--no-deps", kill_on_drop: false }`
[INFO] started tweaking crates.io crate assert_cli 0.6.3
[INFO] finished tweaking crates.io crate assert_cli 0.6.3
[INFO] tweaked toml for crates.io crate assert_cli 0.6.3 written to /workspace/builds/worker-4-tc2/source/Cargo.toml
[INFO] running `Command { std: CARGO_HOME="/workspace/cargo-home" RUSTUP_HOME="/workspace/rustup-home" "/workspace/cargo-home/bin/cargo" "+beta-2024-12-08" "generate-lockfile" "--manifest-path" "Cargo.toml", kill_on_drop: false }`
[INFO] [stderr]     Updating crates.io index
[INFO] [stderr]      Locking 45 packages to latest compatible versions
[INFO] [stderr]       Adding colored v1.9.4 (available: v2.1.0)
[INFO] running `Command { std: CARGO_HOME="/workspace/cargo-home" RUSTUP_HOME="/workspace/rustup-home" "/workspace/cargo-home/bin/cargo" "+beta-2024-12-08" "fetch" "--manifest-path" "Cargo.toml", kill_on_drop: false }`
[INFO] [stderr] warning: no edition set: defaulting to the 2015 edition while the latest is 2021
[INFO] running `Command { std: "docker" "create" "-v" "/var/lib/crater-agent-workspace/builds/worker-4-tc2/target:/opt/rustwide/target:rw,Z" "-v" "/var/lib/crater-agent-workspace/builds/worker-4-tc2/source:/opt/rustwide/workdir:ro,Z" "-v" "/var/lib/crater-agent-workspace/cargo-home:/opt/rustwide/cargo-home:ro,Z" "-v" "/var/lib/crater-agent-workspace/rustup-home:/opt/rustwide/rustup-home:ro,Z" "-e" "SOURCE_DIR=/opt/rustwide/workdir" "-e" "CARGO_TARGET_DIR=/opt/rustwide/target" "-e" "CARGO_HOME=/opt/rustwide/cargo-home" "-e" "RUSTUP_HOME=/opt/rustwide/rustup-home" "-w" "/opt/rustwide/workdir" "-m" "1610612736" "--user" "0:0" "--network" "none" "ghcr.io/rust-lang/crates-build-env/linux@sha256:f3a9d4ad9d972b27faf3965f35b62e55ba32bbce8f20bc8fe909558a86702fde" "/opt/rustwide/cargo-home/bin/cargo" "+beta-2024-12-08" "metadata" "--no-deps" "--format-version=1", kill_on_drop: false }`
[INFO] [stdout] 0c7ced2b21f9ebdbf6223d61dc390dd0ab8ab75100b0024a3c361db3db51c69c
[INFO] running `Command { std: "docker" "start" "-a" "0c7ced2b21f9ebdbf6223d61dc390dd0ab8ab75100b0024a3c361db3db51c69c", kill_on_drop: false }`
[INFO] running `Command { std: "docker" "inspect" "0c7ced2b21f9ebdbf6223d61dc390dd0ab8ab75100b0024a3c361db3db51c69c", kill_on_drop: false }`
[INFO] running `Command { std: "docker" "rm" "-f" "0c7ced2b21f9ebdbf6223d61dc390dd0ab8ab75100b0024a3c361db3db51c69c", kill_on_drop: false }`
[INFO] [stdout] 0c7ced2b21f9ebdbf6223d61dc390dd0ab8ab75100b0024a3c361db3db51c69c
[INFO] running `Command { std: "docker" "create" "-v" "/var/lib/crater-agent-workspace/builds/worker-4-tc2/target:/opt/rustwide/target:rw,Z" "-v" "/var/lib/crater-agent-workspace/builds/worker-4-tc2/source:/opt/rustwide/workdir:ro,Z" "-v" "/var/lib/crater-agent-workspace/cargo-home:/opt/rustwide/cargo-home:ro,Z" "-v" "/var/lib/crater-agent-workspace/rustup-home:/opt/rustwide/rustup-home:ro,Z" "-e" "SOURCE_DIR=/opt/rustwide/workdir" "-e" "CARGO_TARGET_DIR=/opt/rustwide/target" "-e" "CARGO_INCREMENTAL=0" "-e" "RUST_BACKTRACE=full" "-e" "RUSTFLAGS=--cap-lints=warn" "-e" "RUSTDOCFLAGS=--cap-lints=warn" "-e" "CARGO_HOME=/opt/rustwide/cargo-home" "-e" "RUSTUP_HOME=/opt/rustwide/rustup-home" "-w" "/opt/rustwide/workdir" "-m" "1610612736" "--user" "0:0" "--network" "none" "ghcr.io/rust-lang/crates-build-env/linux@sha256:f3a9d4ad9d972b27faf3965f35b62e55ba32bbce8f20bc8fe909558a86702fde" "/opt/rustwide/cargo-home/bin/cargo" "+beta-2024-12-08" "build" "--frozen" "--message-format=json", kill_on_drop: false }`
[INFO] [stdout] bc666409b34a407a2989bca6d55dd5671f58ef79d5c47e35485f73a4a574d72f
[INFO] running `Command { std: "docker" "start" "-a" "bc666409b34a407a2989bca6d55dd5671f58ef79d5c47e35485f73a4a574d72f", kill_on_drop: false }`
[INFO] [stderr] warning: no edition set: defaulting to the 2015 edition while the latest is 2021
[INFO] [stderr]    Compiling proc-macro2 v1.0.92
[INFO] [stderr]    Compiling unicode-ident v1.0.14
[INFO] [stderr]    Compiling libc v0.2.168
[INFO] [stderr]    Compiling syn v1.0.109
[INFO] [stderr]    Compiling memchr v2.7.4
[INFO] [stderr]    Compiling failure_derive v0.1.8
[INFO] [stderr]    Compiling gimli v0.31.1
[INFO] [stderr]    Compiling serde v1.0.216
[INFO] [stderr]    Compiling adler2 v2.0.0
[INFO] [stderr]    Compiling unicode-xid v0.2.6
[INFO] [stderr]    Compiling miniz_oxide v0.8.0
[INFO] [stderr]    Compiling rustc-demangle v0.1.24
[INFO] [stderr]    Compiling cfg-if v1.0.0
[INFO] [stderr]    Compiling serde_json v1.0.133
[INFO] [stderr]    Compiling lazy_static v1.5.0
[INFO] [stderr]    Compiling object v0.36.5
[INFO] [stderr]    Compiling itoa v1.0.14
[INFO] [stderr]    Compiling ryu v1.0.18
[INFO] [stderr]    Compiling difference v2.0.0
[INFO] [stderr]    Compiling environment v0.1.1
[INFO] [stderr]    Compiling quote v1.0.37
[INFO] [stderr]    Compiling is-terminal v0.4.13
[INFO] [stderr]    Compiling colored v1.9.4
[INFO] [stderr]    Compiling addr2line v0.24.2
[INFO] [stderr]    Compiling synstructure v0.12.6
[INFO] [stderr]    Compiling backtrace v0.3.74
[INFO] [stderr]    Compiling failure v0.1.8
[INFO] [stderr]    Compiling assert_cli v0.6.3 (/opt/rustwide/workdir)
[INFO] [stdout] warning: trait objects without an explicit `dyn` are deprecated
[INFO] [stdout]    --> src/output.rs:146:22
[INFO] [stdout]     |
[INFO] [stdout] 146 |     pub pred: rc::Rc<Fn(&str) -> bool>,
[INFO] [stdout]     |                      ^^^^^^^^^^^^^^^^
[INFO] [stdout]     |
[INFO] [stdout]     = warning: this is accepted in the current edition (Rust 2015) but is a hard error in Rust 2021!
[INFO] [stdout]     = note: for more information, see <https://doc.rust-lang.org/nightly/edition-guide/rust-2021/warnings-promoted-to-error.html>
[INFO] [stdout]     = note: `#[warn(bare_trait_objects)]` on by default
[INFO] [stdout] help: if this is a dyn-compatible trait, use `dyn`
[INFO] [stdout]     |
[INFO] [stdout] 146 |     pub pred: rc::Rc<dyn Fn(&str) -> bool>,
[INFO] [stdout]     |                      +++
[INFO] [stdout] 
[INFO] [stdout] 
[INFO] [stdout] warning: trait objects without an explicit `dyn` are deprecated
[INFO] [stdout]   --> src/errors.rs:79:32
[INFO] [stdout]    |
[INFO] [stdout] 79 |     fn cause(&self) -> Option<&failure::Fail> {
[INFO] [stdout]    |                                ^^^^^^^^^^^^^
[INFO] [stdout]    |
[INFO] [stdout]    = warning: this is accepted in the current edition (Rust 2015) but is a hard error in Rust 2021!
[INFO] [stdout]    = note: for more information, see <https://doc.rust-lang.org/nightly/edition-guide/rust-2021/warnings-promoted-to-error.html>
[INFO] [stdout] help: if this is a dyn-compatible trait, use `dyn`
[INFO] [stdout]    |
[INFO] [stdout] 79 |     fn cause(&self) -> Option<&dyn failure::Fail> {
[INFO] [stdout]    |                                +++
[INFO] [stdout] 
[INFO] [stdout] 
[INFO] [stdout] warning: trait objects without an explicit `dyn` are deprecated
[INFO] [stdout]    --> src/errors.rs:124:32
[INFO] [stdout]     |
[INFO] [stdout] 124 |     fn cause(&self) -> Option<&failure::Fail> {
[INFO] [stdout]     |                                ^^^^^^^^^^^^^
[INFO] [stdout]     |
[INFO] [stdout]     = warning: this is accepted in the current edition (Rust 2015) but is a hard error in Rust 2021!
[INFO] [stdout]     = note: for more information, see <https://doc.rust-lang.org/nightly/edition-guide/rust-2021/warnings-promoted-to-error.html>
[INFO] [stdout] help: if this is a dyn-compatible trait, use `dyn`
[INFO] [stdout]     |
[INFO] [stdout] 124 |     fn cause(&self) -> Option<&dyn failure::Fail> {
[INFO] [stdout]     |                                +++
[INFO] [stdout] 
[INFO] [stdout] 
[INFO] [stdout] warning: trait objects without an explicit `dyn` are deprecated
[INFO] [stdout]    --> src/errors.rs:183:32
[INFO] [stdout]     |
[INFO] [stdout] 183 |     fn cause(&self) -> Option<&failure::Fail> {
[INFO] [stdout]     |                                ^^^^^^^^^^^^^
[INFO] [stdout]     |
[INFO] [stdout]     = warning: this is accepted in the current edition (Rust 2015) but is a hard error in Rust 2021!
[INFO] [stdout]     = note: for more information, see <https://doc.rust-lang.org/nightly/edition-guide/rust-2021/warnings-promoted-to-error.html>
[INFO] [stdout] help: if this is a dyn-compatible trait, use `dyn`
[INFO] [stdout]     |
[INFO] [stdout] 183 |     fn cause(&self) -> Option<&dyn failure::Fail> {
[INFO] [stdout]     |                                +++
[INFO] [stdout] 
[INFO] [stdout] 
[INFO] [stdout] warning: trait objects without an explicit `dyn` are deprecated
[INFO] [stdout]    --> src/output.rs:538:32
[INFO] [stdout]     |
[INFO] [stdout] 538 |     fn cause(&self) -> Option<&failure::Fail> {
[INFO] [stdout]     |                                ^^^^^^^^^^^^^
[INFO] [stdout]     |
[INFO] [stdout]     = warning: this is accepted in the current edition (Rust 2015) but is a hard error in Rust 2021!
[INFO] [stdout]     = note: for more information, see <https://doc.rust-lang.org/nightly/edition-guide/rust-2021/warnings-promoted-to-error.html>
[INFO] [stdout] help: if this is a dyn-compatible trait, use `dyn`
[INFO] [stdout]     |
[INFO] [stdout] 538 |     fn cause(&self) -> Option<&dyn failure::Fail> {
[INFO] [stdout]     |                                +++
[INFO] [stdout] 
[INFO] [stdout] 
[INFO] [stdout] warning: use of deprecated method `failure::Error::cause`: please use 'as_fail()' method instead
[INFO] [stdout]   --> src/errors.rs:80:49
[INFO] [stdout]    |
[INFO] [stdout] 80 |         self.cause.as_ref().map(failure::Error::cause)
[INFO] [stdout]    |                                                 ^^^^^
[INFO] [stdout]    |
[INFO] [stdout]    = note: `#[warn(deprecated)]` on by default
[INFO] [stdout] 
[INFO] [stdout] 
[INFO] [stdout] warning: use of deprecated method `failure::Error::cause`: please use 'as_fail()' method instead
[INFO] [stdout]    --> src/errors.rs:125:49
[INFO] [stdout]     |
[INFO] [stdout] 125 |         self.cause.as_ref().map(failure::Error::cause)
[INFO] [stdout]     |                                                 ^^^^^
[INFO] [stdout] 
[INFO] [stdout] 
[INFO] [stdout] warning: use of deprecated method `failure::Error::cause`: please use 'as_fail()' method instead
[INFO] [stdout]    --> src/errors.rs:184:49
[INFO] [stdout]     |
[INFO] [stdout] 184 |         self.cause.as_ref().map(failure::Error::cause)
[INFO] [stdout]     |                                                 ^^^^^
[INFO] [stdout] 
[INFO] [stdout] 
[INFO] [stdout] warning: use of deprecated method `failure::Fail::causes`: please use the 'iter_chain()' method instead
[INFO] [stdout]    --> src/assert.rs:441:44
[INFO] [stdout]     |
[INFO] [stdout] 441 |             panic!(Self::format_causes(err.causes()));
[INFO] [stdout]     |                                            ^^^^^^
[INFO] [stdout] 
[INFO] [stdout] 
[INFO] [stdout] warning: use of deprecated method `failure::Error::cause`: please use 'as_fail()' method instead
[INFO] [stdout]    --> src/output.rs:539:49
[INFO] [stdout]     |
[INFO] [stdout] 539 |         self.cause.as_ref().map(failure::Error::cause)
[INFO] [stdout]     |                                                 ^^^^^
[INFO] [stdout] 
[INFO] [stdout] 
[INFO] [stdout] warning: panic message is not a string literal
[INFO] [stdout]    --> src/assert.rs:441:20
[INFO] [stdout]     |
[INFO] [stdout] 441 |             panic!(Self::format_causes(err.causes()));
[INFO] [stdout]     |                    ^^^^^^^^^^^^^^^^^^^^^^^^^^^^^^^^^
[INFO] [stdout]     |
[INFO] [stdout]     = note: this usage of `panic!()` is deprecated; it will be a hard error in Rust 2021
[INFO] [stdout]     = note: for more information, see <https://doc.rust-lang.org/nightly/edition-guide/rust-2021/panic-macro-consistency.html>
[INFO] [stdout]     = note: `#[warn(non_fmt_panics)]` on by default
[INFO] [stdout] help: add a "{}" format string to `Display` the message
[INFO] [stdout]     |
[INFO] [stdout] 441 |             panic!("{}", Self::format_causes(err.causes()));
[INFO] [stdout]     |                    +++++
[INFO] [stdout] 
[INFO] [stdout] 
[INFO] [stdout] warning: non-local `impl` definition, `impl` blocks should be written at the same level as their item
[INFO] [stdout]    --> src/output.rs:346:10
[INFO] [stdout]     |
[INFO] [stdout] 346 | #[derive(Fail, Debug)]
[INFO] [stdout]     |          ^---
[INFO] [stdout]     |          |
[INFO] [stdout]     |          `Fail` is not local
[INFO] [stdout]     |          move the `impl` block outside of this constant `_DERIVE_failure_Fail_FOR_StrDoesntContain`
[INFO] [stdout] 347 | pub struct StrDoesntContain {
[INFO] [stdout]     |            ---------------- `StrDoesntContain` is not local
[INFO] [stdout]     |
[INFO] [stdout]     = note: the derive macro `Fail` defines the non-local `impl`, and may need to be changed
[INFO] [stdout]     = note: the derive macro `Fail` may come from an old version of the `failure_derive` crate, try updating your dependency with `cargo update -p failure_derive`
[INFO] [stdout]     = note: an `impl` is never scoped, even when it is nested inside an item, as it may impact type checking outside of that item, which can be the case if neither the trait or the self type are at the same nesting level as the `impl`
[INFO] [stdout]     = note: items in an anonymous const item (`const _: () = { ... }`) are treated as in the same scope as the anonymous const's declaration for the purpose of this lint
[INFO] [stdout]     = note: `#[warn(non_local_definitions)]` on by default
[INFO] [stdout]     = note: this warning originates in the derive macro `Fail` (in Nightly builds, run with -Z macro-backtrace for more info)
[INFO] [stdout] 
[INFO] [stdout] 
[INFO] [stdout] warning: non-local `impl` definition, `impl` blocks should be written at the same level as their item
[INFO] [stdout]    --> src/output.rs:366:10
[INFO] [stdout]     |
[INFO] [stdout] 366 | #[derive(Fail, Debug)]
[INFO] [stdout]     |          ^---
[INFO] [stdout]     |          |
[INFO] [stdout]     |          `Fail` is not local
[INFO] [stdout]     |          move the `impl` block outside of this constant `_DERIVE_failure_Fail_FOR_BytesDoesntContain`
[INFO] [stdout] 367 | pub struct BytesDoesntContain {
[INFO] [stdout]     |            ------------------ `BytesDoesntContain` is not local
[INFO] [stdout]     |
[INFO] [stdout]     = note: the derive macro `Fail` defines the non-local `impl`, and may need to be changed
[INFO] [stdout]     = note: the derive macro `Fail` may come from an old version of the `failure_derive` crate, try updating your dependency with `cargo update -p failure_derive`
[INFO] [stdout]     = note: an `impl` is never scoped, even when it is nested inside an item, as it may impact type checking outside of that item, which can be the case if neither the trait or the self type are at the same nesting level as the `impl`
[INFO] [stdout]     = note: items in an anonymous const item (`const _: () = { ... }`) are treated as in the same scope as the anonymous const's declaration for the purpose of this lint
[INFO] [stdout]     = note: this warning originates in the derive macro `Fail` (in Nightly builds, run with -Z macro-backtrace for more info)
[INFO] [stdout] 
[INFO] [stdout] 
[INFO] [stdout] warning: non-local `impl` definition, `impl` blocks should be written at the same level as their item
[INFO] [stdout]    --> src/output.rs:386:10
[INFO] [stdout]     |
[INFO] [stdout] 386 | #[derive(Fail, Debug)]
[INFO] [stdout]     |          ^---
[INFO] [stdout]     |          |
[INFO] [stdout]     |          `Fail` is not local
[INFO] [stdout]     |          move the `impl` block outside of this constant `_DERIVE_failure_Fail_FOR_StrContains`
[INFO] [stdout] 387 | pub struct StrContains {
[INFO] [stdout]     |            ----------- `StrContains` is not local
[INFO] [stdout]     |
[INFO] [stdout]     = note: the derive macro `Fail` defines the non-local `impl`, and may need to be changed
[INFO] [stdout]     = note: the derive macro `Fail` may come from an old version of the `failure_derive` crate, try updating your dependency with `cargo update -p failure_derive`
[INFO] [stdout]     = note: an `impl` is never scoped, even when it is nested inside an item, as it may impact type checking outside of that item, which can be the case if neither the trait or the self type are at the same nesting level as the `impl`
[INFO] [stdout]     = note: items in an anonymous const item (`const _: () = { ... }`) are treated as in the same scope as the anonymous const's declaration for the purpose of this lint
[INFO] [stdout]     = note: this warning originates in the derive macro `Fail` (in Nightly builds, run with -Z macro-backtrace for more info)
[INFO] [stdout] 
[INFO] [stdout] 
[INFO] [stdout] warning: non-local `impl` definition, `impl` blocks should be written at the same level as their item
[INFO] [stdout]    --> src/output.rs:406:10
[INFO] [stdout]     |
[INFO] [stdout] 406 | #[derive(Fail, Debug)]
[INFO] [stdout]     |          ^---
[INFO] [stdout]     |          |
[INFO] [stdout]     |          `Fail` is not local
[INFO] [stdout]     |          move the `impl` block outside of this constant `_DERIVE_failure_Fail_FOR_BytesContains`
[INFO] [stdout] 407 | pub struct BytesContains {
[INFO] [stdout]     |            ------------- `BytesContains` is not local
[INFO] [stdout]     |
[INFO] [stdout]     = note: the derive macro `Fail` defines the non-local `impl`, and may need to be changed
[INFO] [stdout]     = note: the derive macro `Fail` may come from an old version of the `failure_derive` crate, try updating your dependency with `cargo update -p failure_derive`
[INFO] [stdout]     = note: an `impl` is never scoped, even when it is nested inside an item, as it may impact type checking outside of that item, which can be the case if neither the trait or the self type are at the same nesting level as the `impl`
[INFO] [stdout]     = note: items in an anonymous const item (`const _: () = { ... }`) are treated as in the same scope as the anonymous const's declaration for the purpose of this lint
[INFO] [stdout]     = note: this warning originates in the derive macro `Fail` (in Nightly builds, run with -Z macro-backtrace for more info)
[INFO] [stdout] 
[INFO] [stdout] 
[INFO] [stdout] warning: non-local `impl` definition, `impl` blocks should be written at the same level as their item
[INFO] [stdout]    --> src/output.rs:426:10
[INFO] [stdout]     |
[INFO] [stdout] 426 | #[derive(Fail, Debug)]
[INFO] [stdout]     |          ^---
[INFO] [stdout]     |          |
[INFO] [stdout]     |          `Fail` is not local
[INFO] [stdout]     |          move the `impl` block outside of this constant `_DERIVE_failure_Fail_FOR_StrDoesntMatch`
[INFO] [stdout] 427 | pub struct StrDoesntMatch {
[INFO] [stdout]     |            -------------- `StrDoesntMatch` is not local
[INFO] [stdout]     |
[INFO] [stdout]     = note: the derive macro `Fail` defines the non-local `impl`, and may need to be changed
[INFO] [stdout]     = note: the derive macro `Fail` may come from an old version of the `failure_derive` crate, try updating your dependency with `cargo update -p failure_derive`
[INFO] [stdout]     = note: an `impl` is never scoped, even when it is nested inside an item, as it may impact type checking outside of that item, which can be the case if neither the trait or the self type are at the same nesting level as the `impl`
[INFO] [stdout]     = note: items in an anonymous const item (`const _: () = { ... }`) are treated as in the same scope as the anonymous const's declaration for the purpose of this lint
[INFO] [stdout]     = note: this warning originates in the derive macro `Fail` (in Nightly builds, run with -Z macro-backtrace for more info)
[INFO] [stdout] 
[INFO] [stdout] 
[INFO] [stdout] warning: non-local `impl` definition, `impl` blocks should be written at the same level as their item
[INFO] [stdout]    --> src/output.rs:450:10
[INFO] [stdout]     |
[INFO] [stdout] 450 | #[derive(Fail, Debug)]
[INFO] [stdout]     |          ^---
[INFO] [stdout]     |          |
[INFO] [stdout]     |          `Fail` is not local
[INFO] [stdout]     |          move the `impl` block outside of this constant `_DERIVE_failure_Fail_FOR_BytesDoesntMatch`
[INFO] [stdout] 451 | pub struct BytesDoesntMatch {
[INFO] [stdout]     |            ---------------- `BytesDoesntMatch` is not local
[INFO] [stdout]     |
[INFO] [stdout]     = note: the derive macro `Fail` defines the non-local `impl`, and may need to be changed
[INFO] [stdout]     = note: the derive macro `Fail` may come from an old version of the `failure_derive` crate, try updating your dependency with `cargo update -p failure_derive`
[INFO] [stdout]     = note: an `impl` is never scoped, even when it is nested inside an item, as it may impact type checking outside of that item, which can be the case if neither the trait or the self type are at the same nesting level as the `impl`
[INFO] [stdout]     = note: items in an anonymous const item (`const _: () = { ... }`) are treated as in the same scope as the anonymous const's declaration for the purpose of this lint
[INFO] [stdout]     = note: this warning originates in the derive macro `Fail` (in Nightly builds, run with -Z macro-backtrace for more info)
[INFO] [stdout] 
[INFO] [stdout] 
[INFO] [stdout] warning: non-local `impl` definition, `impl` blocks should be written at the same level as their item
[INFO] [stdout]    --> src/output.rs:470:10
[INFO] [stdout]     |
[INFO] [stdout] 470 | #[derive(Fail, Debug)]
[INFO] [stdout]     |          ^---
[INFO] [stdout]     |          |
[INFO] [stdout]     |          `Fail` is not local
[INFO] [stdout]     |          move the `impl` block outside of this constant `_DERIVE_failure_Fail_FOR_StrMatches`
[INFO] [stdout] 471 | pub struct StrMatches {
[INFO] [stdout]     |            ---------- `StrMatches` is not local
[INFO] [stdout]     |
[INFO] [stdout]     = note: the derive macro `Fail` defines the non-local `impl`, and may need to be changed
[INFO] [stdout]     = note: the derive macro `Fail` may come from an old version of the `failure_derive` crate, try updating your dependency with `cargo update -p failure_derive`
[INFO] [stdout]     = note: an `impl` is never scoped, even when it is nested inside an item, as it may impact type checking outside of that item, which can be the case if neither the trait or the self type are at the same nesting level as the `impl`
[INFO] [stdout]     = note: items in an anonymous const item (`const _: () = { ... }`) are treated as in the same scope as the anonymous const's declaration for the purpose of this lint
[INFO] [stdout]     = note: this warning originates in the derive macro `Fail` (in Nightly builds, run with -Z macro-backtrace for more info)
[INFO] [stdout] 
[INFO] [stdout] 
[INFO] [stdout] warning: non-local `impl` definition, `impl` blocks should be written at the same level as their item
[INFO] [stdout]    --> src/output.rs:488:10
[INFO] [stdout]     |
[INFO] [stdout] 488 | #[derive(Fail, Debug)]
[INFO] [stdout]     |          ^---
[INFO] [stdout]     |          |
[INFO] [stdout]     |          `Fail` is not local
[INFO] [stdout]     |          move the `impl` block outside of this constant `_DERIVE_failure_Fail_FOR_BytesMatches`
[INFO] [stdout] 489 | pub struct BytesMatches {
[INFO] [stdout]     |            ------------ `BytesMatches` is not local
[INFO] [stdout]     |
[INFO] [stdout]     = note: the derive macro `Fail` defines the non-local `impl`, and may need to be changed
[INFO] [stdout]     = note: the derive macro `Fail` may come from an old version of the `failure_derive` crate, try updating your dependency with `cargo update -p failure_derive`
[INFO] [stdout]     = note: an `impl` is never scoped, even when it is nested inside an item, as it may impact type checking outside of that item, which can be the case if neither the trait or the self type are at the same nesting level as the `impl`
[INFO] [stdout]     = note: items in an anonymous const item (`const _: () = { ... }`) are treated as in the same scope as the anonymous const's declaration for the purpose of this lint
[INFO] [stdout]     = note: this warning originates in the derive macro `Fail` (in Nightly builds, run with -Z macro-backtrace for more info)
[INFO] [stdout] 
[INFO] [stdout] 
[INFO] [stdout] warning: non-local `impl` definition, `impl` blocks should be written at the same level as their item
[INFO] [stdout]    --> src/output.rs:506:10
[INFO] [stdout]     |
[INFO] [stdout] 506 | #[derive(Fail, Debug)]
[INFO] [stdout]     |          ^---
[INFO] [stdout]     |          |
[INFO] [stdout]     |          `Fail` is not local
[INFO] [stdout]     |          move the `impl` block outside of this constant `_DERIVE_failure_Fail_FOR_PredicateFailed`
[INFO] [stdout] 507 | pub struct PredicateFailed {
[INFO] [stdout]     |            --------------- `PredicateFailed` is not local
[INFO] [stdout]     |
[INFO] [stdout]     = note: the derive macro `Fail` defines the non-local `impl`, and may need to be changed
[INFO] [stdout]     = note: the derive macro `Fail` may come from an old version of the `failure_derive` crate, try updating your dependency with `cargo update -p failure_derive`
[INFO] [stdout]     = note: an `impl` is never scoped, even when it is nested inside an item, as it may impact type checking outside of that item, which can be the case if neither the trait or the self type are at the same nesting level as the `impl`
[INFO] [stdout]     = note: items in an anonymous const item (`const _: () = { ... }`) are treated as in the same scope as the anonymous const's declaration for the purpose of this lint
[INFO] [stdout]     = note: this warning originates in the derive macro `Fail` (in Nightly builds, run with -Z macro-backtrace for more info)
[INFO] [stdout] 
[INFO] [stdout] 
[INFO] [stderr]     Finished `dev` profile [unoptimized + debuginfo] target(s) in 24.80s
[INFO] running `Command { std: "docker" "inspect" "bc666409b34a407a2989bca6d55dd5671f58ef79d5c47e35485f73a4a574d72f", kill_on_drop: false }`
[INFO] running `Command { std: "docker" "rm" "-f" "bc666409b34a407a2989bca6d55dd5671f58ef79d5c47e35485f73a4a574d72f", kill_on_drop: false }`
[INFO] [stdout] bc666409b34a407a2989bca6d55dd5671f58ef79d5c47e35485f73a4a574d72f
[INFO] running `Command { std: "docker" "create" "-v" "/var/lib/crater-agent-workspace/builds/worker-4-tc2/target:/opt/rustwide/target:rw,Z" "-v" "/var/lib/crater-agent-workspace/builds/worker-4-tc2/source:/opt/rustwide/workdir:ro,Z" "-v" "/var/lib/crater-agent-workspace/cargo-home:/opt/rustwide/cargo-home:ro,Z" "-v" "/var/lib/crater-agent-workspace/rustup-home:/opt/rustwide/rustup-home:ro,Z" "-e" "SOURCE_DIR=/opt/rustwide/workdir" "-e" "CARGO_TARGET_DIR=/opt/rustwide/target" "-e" "CARGO_INCREMENTAL=0" "-e" "RUST_BACKTRACE=full" "-e" "RUSTFLAGS=--cap-lints=warn" "-e" "RUSTDOCFLAGS=--cap-lints=warn" "-e" "CARGO_HOME=/opt/rustwide/cargo-home" "-e" "RUSTUP_HOME=/opt/rustwide/rustup-home" "-w" "/opt/rustwide/workdir" "-m" "1610612736" "--user" "0:0" "--network" "none" "ghcr.io/rust-lang/crates-build-env/linux@sha256:f3a9d4ad9d972b27faf3965f35b62e55ba32bbce8f20bc8fe909558a86702fde" "/opt/rustwide/cargo-home/bin/cargo" "+beta-2024-12-08" "test" "--frozen" "--no-run" "--message-format=json", kill_on_drop: false }`
[INFO] [stdout] c7fc21997d64bff7a720389565dc39d797110d69725bd62eebd6d1595784bbfe
[INFO] running `Command { std: "docker" "start" "-a" "c7fc21997d64bff7a720389565dc39d797110d69725bd62eebd6d1595784bbfe", kill_on_drop: false }`
[INFO] [stderr] warning: no edition set: defaulting to the 2015 edition while the latest is 2021
[INFO] [stderr]    Compiling which v2.0.1
[INFO] [stdout] warning: trait objects without an explicit `dyn` are deprecated
[INFO] [stdout]    --> src/output.rs:146:22
[INFO] [stdout]     |
[INFO] [stdout] 146 |     pub pred: rc::Rc<Fn(&str) -> bool>,
[INFO] [stdout]     |                      ^^^^^^^^^^^^^^^^
[INFO] [stdout]     |
[INFO] [stdout]     = warning: this is accepted in the current edition (Rust 2015) but is a hard error in Rust 2021!
[INFO] [stdout]     = note: for more information, see <https://doc.rust-lang.org/nightly/edition-guide/rust-2021/warnings-promoted-to-error.html>
[INFO] [stdout]     = note: `#[warn(bare_trait_objects)]` on by default
[INFO] [stdout] help: if this is a dyn-compatible trait, use `dyn`
[INFO] [stdout]     |
[INFO] [stdout] 146 |     pub pred: rc::Rc<dyn Fn(&str) -> bool>,
[INFO] [stdout]     |                      +++
[INFO] [stdout] 
[INFO] [stdout] 
[INFO] [stdout] warning: trait objects without an explicit `dyn` are deprecated
[INFO] [stdout]   --> src/errors.rs:79:32
[INFO] [stdout]    |
[INFO] [stdout] 79 |     fn cause(&self) -> Option<&failure::Fail> {
[INFO] [stdout]    |                                ^^^^^^^^^^^^^
[INFO] [stdout]    |
[INFO] [stdout]    = warning: this is accepted in the current edition (Rust 2015) but is a hard error in Rust 2021!
[INFO] [stdout]    = note: for more information, see <https://doc.rust-lang.org/nightly/edition-guide/rust-2021/warnings-promoted-to-error.html>
[INFO] [stdout] help: if this is a dyn-compatible trait, use `dyn`
[INFO] [stdout]    |
[INFO] [stdout] 79 |     fn cause(&self) -> Option<&dyn failure::Fail> {
[INFO] [stdout]    |                                +++
[INFO] [stdout] 
[INFO] [stdout] 
[INFO] [stdout] warning: trait objects without an explicit `dyn` are deprecated
[INFO] [stdout]    --> src/errors.rs:124:32
[INFO] [stdout]     |
[INFO] [stdout] 124 |     fn cause(&self) -> Option<&failure::Fail> {
[INFO] [stdout]     |                                ^^^^^^^^^^^^^
[INFO] [stdout]     |
[INFO] [stdout]     = warning: this is accepted in the current edition (Rust 2015) but is a hard error in Rust 2021!
[INFO] [stdout]     = note: for more information, see <https://doc.rust-lang.org/nightly/edition-guide/rust-2021/warnings-promoted-to-error.html>
[INFO] [stdout] help: if this is a dyn-compatible trait, use `dyn`
[INFO] [stdout]     |
[INFO] [stdout] 124 |     fn cause(&self) -> Option<&dyn failure::Fail> {
[INFO] [stdout]     |                                +++
[INFO] [stdout] 
[INFO] [stdout] 
[INFO] [stdout] warning: trait objects without an explicit `dyn` are deprecated
[INFO] [stdout]    --> src/errors.rs:183:32
[INFO] [stdout]     |
[INFO] [stdout] 183 |     fn cause(&self) -> Option<&failure::Fail> {
[INFO] [stdout]     |                                ^^^^^^^^^^^^^
[INFO] [stdout]     |
[INFO] [stdout]     = warning: this is accepted in the current edition (Rust 2015) but is a hard error in Rust 2021!
[INFO] [stdout]     = note: for more information, see <https://doc.rust-lang.org/nightly/edition-guide/rust-2021/warnings-promoted-to-error.html>
[INFO] [stdout] help: if this is a dyn-compatible trait, use `dyn`
[INFO] [stdout]     |
[INFO] [stdout] 183 |     fn cause(&self) -> Option<&dyn failure::Fail> {
[INFO] [stdout]     |                                +++
[INFO] [stdout] 
[INFO] [stdout] 
[INFO] [stdout] warning: trait objects without an explicit `dyn` are deprecated
[INFO] [stdout]    --> src/output.rs:538:32
[INFO] [stdout]     |
[INFO] [stdout] 538 |     fn cause(&self) -> Option<&failure::Fail> {
[INFO] [stdout]     |                                ^^^^^^^^^^^^^
[INFO] [stdout]     |
[INFO] [stdout]     = warning: this is accepted in the current edition (Rust 2015) but is a hard error in Rust 2021!
[INFO] [stdout]     = note: for more information, see <https://doc.rust-lang.org/nightly/edition-guide/rust-2021/warnings-promoted-to-error.html>
[INFO] [stdout] help: if this is a dyn-compatible trait, use `dyn`
[INFO] [stdout]     |
[INFO] [stdout] 538 |     fn cause(&self) -> Option<&dyn failure::Fail> {
[INFO] [stdout]     |                                +++
[INFO] [stdout] 
[INFO] [stdout] 
[INFO] [stdout] warning: use of deprecated method `failure::Error::cause`: please use 'as_fail()' method instead
[INFO] [stdout]   --> src/errors.rs:80:49
[INFO] [stdout]    |
[INFO] [stdout] 80 |         self.cause.as_ref().map(failure::Error::cause)
[INFO] [stdout]    |                                                 ^^^^^
[INFO] [stdout]    |
[INFO] [stdout]    = note: `#[warn(deprecated)]` on by default
[INFO] [stdout] 
[INFO] [stdout] 
[INFO] [stdout] warning: use of deprecated method `failure::Error::cause`: please use 'as_fail()' method instead
[INFO] [stdout]    --> src/errors.rs:125:49
[INFO] [stdout]     |
[INFO] [stdout] 125 |         self.cause.as_ref().map(failure::Error::cause)
[INFO] [stdout]     |                                                 ^^^^^
[INFO] [stdout] 
[INFO] [stdout] 
[INFO] [stdout] warning: use of deprecated method `failure::Error::cause`: please use 'as_fail()' method instead
[INFO] [stdout]    --> src/errors.rs:184:49
[INFO] [stdout]     |
[INFO] [stdout] 184 |         self.cause.as_ref().map(failure::Error::cause)
[INFO] [stdout]     |                                                 ^^^^^
[INFO] [stdout] 
[INFO] [stdout] 
[INFO] [stdout] warning: use of deprecated method `failure::Fail::causes`: please use the 'iter_chain()' method instead
[INFO] [stdout]    --> src/assert.rs:441:44
[INFO] [stdout]     |
[INFO] [stdout] 441 |             panic!(Self::format_causes(err.causes()));
[INFO] [stdout]     |                                            ^^^^^^
[INFO] [stdout] 
[INFO] [stdout] 
[INFO] [stdout] warning: use of deprecated method `failure::Error::cause`: please use 'as_fail()' method instead
[INFO] [stdout]    --> src/output.rs:539:49
[INFO] [stdout]     |
[INFO] [stdout] 539 |         self.cause.as_ref().map(failure::Error::cause)
[INFO] [stdout]     |                                                 ^^^^^
[INFO] [stdout] 
[INFO] [stdout] 
[INFO] [stdout] warning: panic message is not a string literal
[INFO] [stdout]    --> src/assert.rs:441:20
[INFO] [stdout]     |
[INFO] [stdout] 441 |             panic!(Self::format_causes(err.causes()));
[INFO] [stdout]     |                    ^^^^^^^^^^^^^^^^^^^^^^^^^^^^^^^^^
[INFO] [stdout]     |
[INFO] [stdout]     = note: this usage of `panic!()` is deprecated; it will be a hard error in Rust 2021
[INFO] [stdout]     = note: for more information, see <https://doc.rust-lang.org/nightly/edition-guide/rust-2021/panic-macro-consistency.html>
[INFO] [stdout]     = note: `#[warn(non_fmt_panics)]` on by default
[INFO] [stdout] help: add a "{}" format string to `Display` the message
[INFO] [stdout]     |
[INFO] [stdout] 441 |             panic!("{}", Self::format_causes(err.causes()));
[INFO] [stdout]     |                    +++++
[INFO] [stdout] 
[INFO] [stdout] 
[INFO] [stdout] warning: non-local `impl` definition, `impl` blocks should be written at the same level as their item
[INFO] [stdout]    --> src/output.rs:346:10
[INFO] [stdout]     |
[INFO] [stdout] 346 | #[derive(Fail, Debug)]
[INFO] [stdout]     |          ^---
[INFO] [stdout]     |          |
[INFO] [stdout]     |          `Fail` is not local
[INFO] [stdout]     |          move the `impl` block outside of this constant `_DERIVE_failure_Fail_FOR_StrDoesntContain`
[INFO] [stdout] 347 | pub struct StrDoesntContain {
[INFO] [stdout]     |            ---------------- `StrDoesntContain` is not local
[INFO] [stdout]     |
[INFO] [stdout]     = note: the derive macro `Fail` defines the non-local `impl`, and may need to be changed
[INFO] [stdout]     = note: the derive macro `Fail` may come from an old version of the `failure_derive` crate, try updating your dependency with `cargo update -p failure_derive`
[INFO] [stdout]     = note: an `impl` is never scoped, even when it is nested inside an item, as it may impact type checking outside of that item, which can be the case if neither the trait or the self type are at the same nesting level as the `impl`
[INFO] [stdout]     = note: items in an anonymous const item (`const _: () = { ... }`) are treated as in the same scope as the anonymous const's declaration for the purpose of this lint
[INFO] [stdout]     = note: `#[warn(non_local_definitions)]` on by default
[INFO] [stdout]     = note: this warning originates in the derive macro `Fail` (in Nightly builds, run with -Z macro-backtrace for more info)
[INFO] [stdout] 
[INFO] [stdout] 
[INFO] [stdout] warning: non-local `impl` definition, `impl` blocks should be written at the same level as their item
[INFO] [stdout]    --> src/output.rs:366:10
[INFO] [stdout]     |
[INFO] [stdout] 366 | #[derive(Fail, Debug)]
[INFO] [stdout]     |          ^---
[INFO] [stdout]     |          |
[INFO] [stdout]     |          `Fail` is not local
[INFO] [stdout]     |          move the `impl` block outside of this constant `_DERIVE_failure_Fail_FOR_BytesDoesntContain`
[INFO] [stdout] 367 | pub struct BytesDoesntContain {
[INFO] [stdout]     |            ------------------ `BytesDoesntContain` is not local
[INFO] [stdout]     |
[INFO] [stdout]     = note: the derive macro `Fail` defines the non-local `impl`, and may need to be changed
[INFO] [stdout]     = note: the derive macro `Fail` may come from an old version of the `failure_derive` crate, try updating your dependency with `cargo update -p failure_derive`
[INFO] [stdout]     = note: an `impl` is never scoped, even when it is nested inside an item, as it may impact type checking outside of that item, which can be the case if neither the trait or the self type are at the same nesting level as the `impl`
[INFO] [stdout]     = note: items in an anonymous const item (`const _: () = { ... }`) are treated as in the same scope as the anonymous const's declaration for the purpose of this lint
[INFO] [stdout]     = note: this warning originates in the derive macro `Fail` (in Nightly builds, run with -Z macro-backtrace for more info)
[INFO] [stdout] 
[INFO] [stdout] 
[INFO] [stdout] warning: non-local `impl` definition, `impl` blocks should be written at the same level as their item
[INFO] [stdout]    --> src/output.rs:386:10
[INFO] [stdout]     |
[INFO] [stdout] 386 | #[derive(Fail, Debug)]
[INFO] [stdout]     |          ^---
[INFO] [stdout]     |          |
[INFO] [stdout]     |          `Fail` is not local
[INFO] [stdout]     |          move the `impl` block outside of this constant `_DERIVE_failure_Fail_FOR_StrContains`
[INFO] [stdout] 387 | pub struct StrContains {
[INFO] [stdout]     |            ----------- `StrContains` is not local
[INFO] [stdout]     |
[INFO] [stdout]     = note: the derive macro `Fail` defines the non-local `impl`, and may need to be changed
[INFO] [stdout]     = note: the derive macro `Fail` may come from an old version of the `failure_derive` crate, try updating your dependency with `cargo update -p failure_derive`
[INFO] [stdout]     = note: an `impl` is never scoped, even when it is nested inside an item, as it may impact type checking outside of that item, which can be the case if neither the trait or the self type are at the same nesting level as the `impl`
[INFO] [stdout]     = note: items in an anonymous const item (`const _: () = { ... }`) are treated as in the same scope as the anonymous const's declaration for the purpose of this lint
[INFO] [stdout]     = note: this warning originates in the derive macro `Fail` (in Nightly builds, run with -Z macro-backtrace for more info)
[INFO] [stdout] 
[INFO] [stdout] 
[INFO] [stdout] warning: non-local `impl` definition, `impl` blocks should be written at the same level as their item
[INFO] [stdout]    --> src/output.rs:406:10
[INFO] [stdout]     |
[INFO] [stdout] 406 | #[derive(Fail, Debug)]
[INFO] [stdout]     |          ^---
[INFO] [stdout]     |          |
[INFO] [stdout]     |          `Fail` is not local
[INFO] [stdout]     |          move the `impl` block outside of this constant `_DERIVE_failure_Fail_FOR_BytesContains`
[INFO] [stdout] 407 | pub struct BytesContains {
[INFO] [stdout]     |            ------------- `BytesContains` is not local
[INFO] [stdout]     |
[INFO] [stdout]     = note: the derive macro `Fail` defines the non-local `impl`, and may need to be changed
[INFO] [stdout]     = note: the derive macro `Fail` may come from an old version of the `failure_derive` crate, try updating your dependency with `cargo update -p failure_derive`
[INFO] [stdout]     = note: an `impl` is never scoped, even when it is nested inside an item, as it may impact type checking outside of that item, which can be the case if neither the trait or the self type are at the same nesting level as the `impl`
[INFO] [stdout]     = note: items in an anonymous const item (`const _: () = { ... }`) are treated as in the same scope as the anonymous const's declaration for the purpose of this lint
[INFO] [stdout]     = note: this warning originates in the derive macro `Fail` (in Nightly builds, run with -Z macro-backtrace for more info)
[INFO] [stdout] 
[INFO] [stdout] 
[INFO] [stdout] warning: non-local `impl` definition, `impl` blocks should be written at the same level as their item
[INFO] [stdout]    --> src/output.rs:426:10
[INFO] [stdout]     |
[INFO] [stdout] 426 | #[derive(Fail, Debug)]
[INFO] [stdout]     |          ^---
[INFO] [stdout]     |          |
[INFO] [stdout]     |          `Fail` is not local
[INFO] [stdout]     |          move the `impl` block outside of this constant `_DERIVE_failure_Fail_FOR_StrDoesntMatch`
[INFO] [stdout] 427 | pub struct StrDoesntMatch {
[INFO] [stdout]     |            -------------- `StrDoesntMatch` is not local
[INFO] [stdout]     |
[INFO] [stdout]     = note: the derive macro `Fail` defines the non-local `impl`, and may need to be changed
[INFO] [stdout]     = note: the derive macro `Fail` may come from an old version of the `failure_derive` crate, try updating your dependency with `cargo update -p failure_derive`
[INFO] [stdout]     = note: an `impl` is never scoped, even when it is nested inside an item, as it may impact type checking outside of that item, which can be the case if neither the trait or the self type are at the same nesting level as the `impl`
[INFO] [stdout]     = note: items in an anonymous const item (`const _: () = { ... }`) are treated as in the same scope as the anonymous const's declaration for the purpose of this lint
[INFO] [stdout]     = note: this warning originates in the derive macro `Fail` (in Nightly builds, run with -Z macro-backtrace for more info)
[INFO] [stdout] 
[INFO] [stdout] 
[INFO] [stdout] warning: non-local `impl` definition, `impl` blocks should be written at the same level as their item
[INFO] [stdout]    --> src/output.rs:450:10
[INFO] [stdout]     |
[INFO] [stdout] 450 | #[derive(Fail, Debug)]
[INFO] [stdout]     |          ^---
[INFO] [stdout]     |          |
[INFO] [stdout]     |          `Fail` is not local
[INFO] [stdout]     |          move the `impl` block outside of this constant `_DERIVE_failure_Fail_FOR_BytesDoesntMatch`
[INFO] [stdout] 451 | pub struct BytesDoesntMatch {
[INFO] [stdout]     |            ---------------- `BytesDoesntMatch` is not local
[INFO] [stdout]     |
[INFO] [stdout]     = note: the derive macro `Fail` defines the non-local `impl`, and may need to be changed
[INFO] [stdout]     = note: the derive macro `Fail` may come from an old version of the `failure_derive` crate, try updating your dependency with `cargo update -p failure_derive`
[INFO] [stdout]     = note: an `impl` is never scoped, even when it is nested inside an item, as it may impact type checking outside of that item, which can be the case if neither the trait or the self type are at the same nesting level as the `impl`
[INFO] [stdout]     = note: items in an anonymous const item (`const _: () = { ... }`) are treated as in the same scope as the anonymous const's declaration for the purpose of this lint
[INFO] [stdout]     = note: this warning originates in the derive macro `Fail` (in Nightly builds, run with -Z macro-backtrace for more info)
[INFO] [stdout] 
[INFO] [stdout] 
[INFO] [stdout] warning: non-local `impl` definition, `impl` blocks should be written at the same level as their item
[INFO] [stdout]    --> src/output.rs:470:10
[INFO] [stdout]     |
[INFO] [stdout] 470 | #[derive(Fail, Debug)]
[INFO] [stdout]     |          ^---
[INFO] [stdout]     |          |
[INFO] [stdout]     |          `Fail` is not local
[INFO] [stdout]     |          move the `impl` block outside of this constant `_DERIVE_failure_Fail_FOR_StrMatches`
[INFO] [stdout] 471 | pub struct StrMatches {
[INFO] [stdout]     |            ---------- `StrMatches` is not local
[INFO] [stdout]     |
[INFO] [stdout]     = note: the derive macro `Fail` defines the non-local `impl`, and may need to be changed
[INFO] [stdout]     = note: the derive macro `Fail` may come from an old version of the `failure_derive` crate, try updating your dependency with `cargo update -p failure_derive`
[INFO] [stdout]     = note: an `impl` is never scoped, even when it is nested inside an item, as it may impact type checking outside of that item, which can be the case if neither the trait or the self type are at the same nesting level as the `impl`
[INFO] [stdout]     = note: items in an anonymous const item (`const _: () = { ... }`) are treated as in the same scope as the anonymous const's declaration for the purpose of this lint
[INFO] [stdout]     = note: this warning originates in the derive macro `Fail` (in Nightly builds, run with -Z macro-backtrace for more info)
[INFO] [stdout] 
[INFO] [stdout] 
[INFO] [stdout] warning: non-local `impl` definition, `impl` blocks should be written at the same level as their item
[INFO] [stdout]    --> src/output.rs:488:10
[INFO] [stdout]     |
[INFO] [stdout] 488 | #[derive(Fail, Debug)]
[INFO] [stdout]     |          ^---
[INFO] [stdout]     |          |
[INFO] [stdout]     |          `Fail` is not local
[INFO] [stdout]     |          move the `impl` block outside of this constant `_DERIVE_failure_Fail_FOR_BytesMatches`
[INFO] [stdout] 489 | pub struct BytesMatches {
[INFO] [stdout]     |            ------------ `BytesMatches` is not local
[INFO] [stdout]     |
[INFO] [stdout]     = note: the derive macro `Fail` defines the non-local `impl`, and may need to be changed
[INFO] [stdout]     = note: the derive macro `Fail` may come from an old version of the `failure_derive` crate, try updating your dependency with `cargo update -p failure_derive`
[INFO] [stdout]     = note: an `impl` is never scoped, even when it is nested inside an item, as it may impact type checking outside of that item, which can be the case if neither the trait or the self type are at the same nesting level as the `impl`
[INFO] [stdout]     = note: items in an anonymous const item (`const _: () = { ... }`) are treated as in the same scope as the anonymous const's declaration for the purpose of this lint
[INFO] [stdout]     = note: this warning originates in the derive macro `Fail` (in Nightly builds, run with -Z macro-backtrace for more info)
[INFO] [stdout] 
[INFO] [stdout] 
[INFO] [stdout] warning: non-local `impl` definition, `impl` blocks should be written at the same level as their item
[INFO] [stdout]    --> src/output.rs:506:10
[INFO] [stdout]     |
[INFO] [stdout] 506 | #[derive(Fail, Debug)]
[INFO] [stdout]     |          ^---
[INFO] [stdout]     |          |
[INFO] [stdout]     |          `Fail` is not local
[INFO] [stdout]     |          move the `impl` block outside of this constant `_DERIVE_failure_Fail_FOR_PredicateFailed`
[INFO] [stdout] 507 | pub struct PredicateFailed {
[INFO] [stdout]     |            --------------- `PredicateFailed` is not local
[INFO] [stdout]     |
[INFO] [stdout]     = note: the derive macro `Fail` defines the non-local `impl`, and may need to be changed
[INFO] [stdout]     = note: the derive macro `Fail` may come from an old version of the `failure_derive` crate, try updating your dependency with `cargo update -p failure_derive`
[INFO] [stdout]     = note: an `impl` is never scoped, even when it is nested inside an item, as it may impact type checking outside of that item, which can be the case if neither the trait or the self type are at the same nesting level as the `impl`
[INFO] [stdout]     = note: items in an anonymous const item (`const _: () = { ... }`) are treated as in the same scope as the anonymous const's declaration for the purpose of this lint
[INFO] [stdout]     = note: this warning originates in the derive macro `Fail` (in Nightly builds, run with -Z macro-backtrace for more info)
[INFO] [stdout] 
[INFO] [stdout] 
[INFO] [stderr]    Compiling docmatic v0.1.2
[INFO] [stderr]    Compiling assert_cli v0.6.3 (/opt/rustwide/workdir)
[INFO] [stdout] warning: trait objects without an explicit `dyn` are deprecated
[INFO] [stdout]    --> src/output.rs:146:22
[INFO] [stdout]     |
[INFO] [stdout] 146 |     pub pred: rc::Rc<Fn(&str) -> bool>,
[INFO] [stdout]     |                      ^^^^^^^^^^^^^^^^
[INFO] [stdout]     |
[INFO] [stdout]     = warning: this is accepted in the current edition (Rust 2015) but is a hard error in Rust 2021!
[INFO] [stdout]     = note: for more information, see <https://doc.rust-lang.org/nightly/edition-guide/rust-2021/warnings-promoted-to-error.html>
[INFO] [stdout]     = note: `#[warn(bare_trait_objects)]` on by default
[INFO] [stdout] help: if this is a dyn-compatible trait, use `dyn`
[INFO] [stdout]     |
[INFO] [stdout] 146 |     pub pred: rc::Rc<dyn Fn(&str) -> bool>,
[INFO] [stdout]     |                      +++
[INFO] [stdout] 
[INFO] [stdout] 
[INFO] [stdout] warning: trait objects without an explicit `dyn` are deprecated
[INFO] [stdout]   --> src/errors.rs:79:32
[INFO] [stdout]    |
[INFO] [stdout] 79 |     fn cause(&self) -> Option<&failure::Fail> {
[INFO] [stdout]    |                                ^^^^^^^^^^^^^
[INFO] [stdout]    |
[INFO] [stdout]    = warning: this is accepted in the current edition (Rust 2015) but is a hard error in Rust 2021!
[INFO] [stdout]    = note: for more information, see <https://doc.rust-lang.org/nightly/edition-guide/rust-2021/warnings-promoted-to-error.html>
[INFO] [stdout] help: if this is a dyn-compatible trait, use `dyn`
[INFO] [stdout]    |
[INFO] [stdout] 79 |     fn cause(&self) -> Option<&dyn failure::Fail> {
[INFO] [stdout]    |                                +++
[INFO] [stdout] 
[INFO] [stdout] 
[INFO] [stdout] warning: trait objects without an explicit `dyn` are deprecated
[INFO] [stdout]    --> src/errors.rs:124:32
[INFO] [stdout]     |
[INFO] [stdout] 124 |     fn cause(&self) -> Option<&failure::Fail> {
[INFO] [stdout]     |                                ^^^^^^^^^^^^^
[INFO] [stdout]     |
[INFO] [stdout]     = warning: this is accepted in the current edition (Rust 2015) but is a hard error in Rust 2021!
[INFO] [stdout]     = note: for more information, see <https://doc.rust-lang.org/nightly/edition-guide/rust-2021/warnings-promoted-to-error.html>
[INFO] [stdout] help: if this is a dyn-compatible trait, use `dyn`
[INFO] [stdout]     |
[INFO] [stdout] 124 |     fn cause(&self) -> Option<&dyn failure::Fail> {
[INFO] [stdout]     |                                +++
[INFO] [stdout] 
[INFO] [stdout] 
[INFO] [stdout] warning: trait objects without an explicit `dyn` are deprecated
[INFO] [stdout]    --> src/errors.rs:183:32
[INFO] [stdout]     |
[INFO] [stdout] 183 |     fn cause(&self) -> Option<&failure::Fail> {
[INFO] [stdout]     |                                ^^^^^^^^^^^^^
[INFO] [stdout]     |
[INFO] [stdout]     = warning: this is accepted in the current edition (Rust 2015) but is a hard error in Rust 2021!
[INFO] [stdout]     = note: for more information, see <https://doc.rust-lang.org/nightly/edition-guide/rust-2021/warnings-promoted-to-error.html>
[INFO] [stdout] help: if this is a dyn-compatible trait, use `dyn`
[INFO] [stdout]     |
[INFO] [stdout] 183 |     fn cause(&self) -> Option<&dyn failure::Fail> {
[INFO] [stdout]     |                                +++
[INFO] [stdout] 
[INFO] [stdout] 
[INFO] [stdout] warning: trait objects without an explicit `dyn` are deprecated
[INFO] [stdout]    --> src/output.rs:538:32
[INFO] [stdout]     |
[INFO] [stdout] 538 |     fn cause(&self) -> Option<&failure::Fail> {
[INFO] [stdout]     |                                ^^^^^^^^^^^^^
[INFO] [stdout]     |
[INFO] [stdout]     = warning: this is accepted in the current edition (Rust 2015) but is a hard error in Rust 2021!
[INFO] [stdout]     = note: for more information, see <https://doc.rust-lang.org/nightly/edition-guide/rust-2021/warnings-promoted-to-error.html>
[INFO] [stdout] help: if this is a dyn-compatible trait, use `dyn`
[INFO] [stdout]     |
[INFO] [stdout] 538 |     fn cause(&self) -> Option<&dyn failure::Fail> {
[INFO] [stdout]     |                                +++
[INFO] [stdout] 
[INFO] [stdout] 
[INFO] [stdout] warning: use of deprecated method `failure::Error::cause`: please use 'as_fail()' method instead
[INFO] [stdout]   --> src/errors.rs:80:49
[INFO] [stdout]    |
[INFO] [stdout] 80 |         self.cause.as_ref().map(failure::Error::cause)
[INFO] [stdout]    |                                                 ^^^^^
[INFO] [stdout]    |
[INFO] [stdout]    = note: `#[warn(deprecated)]` on by default
[INFO] [stdout] 
[INFO] [stdout] 
[INFO] [stdout] warning: use of deprecated method `failure::Error::cause`: please use 'as_fail()' method instead
[INFO] [stdout]    --> src/errors.rs:125:49
[INFO] [stdout]     |
[INFO] [stdout] 125 |         self.cause.as_ref().map(failure::Error::cause)
[INFO] [stdout]     |                                                 ^^^^^
[INFO] [stdout] 
[INFO] [stdout] 
[INFO] [stdout] warning: use of deprecated method `failure::Error::cause`: please use 'as_fail()' method instead
[INFO] [stdout]    --> src/errors.rs:184:49
[INFO] [stdout]     |
[INFO] [stdout] 184 |         self.cause.as_ref().map(failure::Error::cause)
[INFO] [stdout]     |                                                 ^^^^^
[INFO] [stdout] 
[INFO] [stdout] 
[INFO] [stdout] warning: use of deprecated method `failure::Fail::causes`: please use the 'iter_chain()' method instead
[INFO] [stdout]    --> src/assert.rs:441:44
[INFO] [stdout]     |
[INFO] [stdout] 441 |             panic!(Self::format_causes(err.causes()));
[INFO] [stdout]     |                                            ^^^^^^
[INFO] [stdout] 
[INFO] [stdout] 
[INFO] [stdout] warning: use of deprecated method `failure::Error::cause`: please use 'as_fail()' method instead
[INFO] [stdout]    --> src/output.rs:539:49
[INFO] [stdout]     |
[INFO] [stdout] 539 |         self.cause.as_ref().map(failure::Error::cause)
[INFO] [stdout]     |                                                 ^^^^^
[INFO] [stdout] 
[INFO] [stdout] 
[INFO] [stdout] warning: panic message is not a string literal
[INFO] [stdout]    --> src/assert.rs:441:20
[INFO] [stdout]     |
[INFO] [stdout] 441 |             panic!(Self::format_causes(err.causes()));
[INFO] [stdout]     |                    ^^^^^^^^^^^^^^^^^^^^^^^^^^^^^^^^^
[INFO] [stdout]     |
[INFO] [stdout]     = note: this usage of `panic!()` is deprecated; it will be a hard error in Rust 2021
[INFO] [stdout]     = note: for more information, see <https://doc.rust-lang.org/nightly/edition-guide/rust-2021/panic-macro-consistency.html>
[INFO] [stdout]     = note: `#[warn(non_fmt_panics)]` on by default
[INFO] [stdout] help: add a "{}" format string to `Display` the message
[INFO] [stdout]     |
[INFO] [stdout] 441 |             panic!("{}", Self::format_causes(err.causes()));
[INFO] [stdout]     |                    +++++
[INFO] [stdout] 
[INFO] [stdout] 
[INFO] [stdout] warning: non-local `impl` definition, `impl` blocks should be written at the same level as their item
[INFO] [stdout]    --> src/output.rs:346:10
[INFO] [stdout]     |
[INFO] [stdout] 346 | #[derive(Fail, Debug)]
[INFO] [stdout]     |          ^---
[INFO] [stdout]     |          |
[INFO] [stdout]     |          `Fail` is not local
[INFO] [stdout]     |          move the `impl` block outside of this constant `_DERIVE_failure_Fail_FOR_StrDoesntContain`
[INFO] [stdout] 347 | pub struct StrDoesntContain {
[INFO] [stdout]     |            ---------------- `StrDoesntContain` is not local
[INFO] [stdout]     |
[INFO] [stdout]     = note: the derive macro `Fail` defines the non-local `impl`, and may need to be changed
[INFO] [stdout]     = note: the derive macro `Fail` may come from an old version of the `failure_derive` crate, try updating your dependency with `cargo update -p failure_derive`
[INFO] [stdout]     = note: an `impl` is never scoped, even when it is nested inside an item, as it may impact type checking outside of that item, which can be the case if neither the trait or the self type are at the same nesting level as the `impl`
[INFO] [stdout]     = note: items in an anonymous const item (`const _: () = { ... }`) are treated as in the same scope as the anonymous const's declaration for the purpose of this lint
[INFO] [stdout]     = note: `#[warn(non_local_definitions)]` on by default
[INFO] [stdout]     = note: this warning originates in the derive macro `Fail` (in Nightly builds, run with -Z macro-backtrace for more info)
[INFO] [stdout] 
[INFO] [stdout] 
[INFO] [stdout] warning: non-local `impl` definition, `impl` blocks should be written at the same level as their item
[INFO] [stdout]    --> src/output.rs:366:10
[INFO] [stdout]     |
[INFO] [stdout] 366 | #[derive(Fail, Debug)]
[INFO] [stdout]     |          ^---
[INFO] [stdout]     |          |
[INFO] [stdout]     |          `Fail` is not local
[INFO] [stdout]     |          move the `impl` block outside of this constant `_DERIVE_failure_Fail_FOR_BytesDoesntContain`
[INFO] [stdout] 367 | pub struct BytesDoesntContain {
[INFO] [stdout]     |            ------------------ `BytesDoesntContain` is not local
[INFO] [stdout]     |
[INFO] [stdout]     = note: the derive macro `Fail` defines the non-local `impl`, and may need to be changed
[INFO] [stdout]     = note: the derive macro `Fail` may come from an old version of the `failure_derive` crate, try updating your dependency with `cargo update -p failure_derive`
[INFO] [stdout]     = note: an `impl` is never scoped, even when it is nested inside an item, as it may impact type checking outside of that item, which can be the case if neither the trait or the self type are at the same nesting level as the `impl`
[INFO] [stdout]     = note: items in an anonymous const item (`const _: () = { ... }`) are treated as in the same scope as the anonymous const's declaration for the purpose of this lint
[INFO] [stdout]     = note: this warning originates in the derive macro `Fail` (in Nightly builds, run with -Z macro-backtrace for more info)
[INFO] [stdout] 
[INFO] [stdout] 
[INFO] [stdout] warning: non-local `impl` definition, `impl` blocks should be written at the same level as their item
[INFO] [stdout]    --> src/output.rs:386:10
[INFO] [stdout]     |
[INFO] [stdout] 386 | #[derive(Fail, Debug)]
[INFO] [stdout]     |          ^---
[INFO] [stdout]     |          |
[INFO] [stdout]     |          `Fail` is not local
[INFO] [stdout]     |          move the `impl` block outside of this constant `_DERIVE_failure_Fail_FOR_StrContains`
[INFO] [stdout] 387 | pub struct StrContains {
[INFO] [stdout]     |            ----------- `StrContains` is not local
[INFO] [stdout]     |
[INFO] [stdout]     = note: the derive macro `Fail` defines the non-local `impl`, and may need to be changed
[INFO] [stdout]     = note: the derive macro `Fail` may come from an old version of the `failure_derive` crate, try updating your dependency with `cargo update -p failure_derive`
[INFO] [stdout]     = note: an `impl` is never scoped, even when it is nested inside an item, as it may impact type checking outside of that item, which can be the case if neither the trait or the self type are at the same nesting level as the `impl`
[INFO] [stdout]     = note: items in an anonymous const item (`const _: () = { ... }`) are treated as in the same scope as the anonymous const's declaration for the purpose of this lint
[INFO] [stdout]     = note: this warning originates in the derive macro `Fail` (in Nightly builds, run with -Z macro-backtrace for more info)
[INFO] [stdout] 
[INFO] [stdout] 
[INFO] [stdout] warning: non-local `impl` definition, `impl` blocks should be written at the same level as their item
[INFO] [stdout]    --> src/output.rs:406:10
[INFO] [stdout]     |
[INFO] [stdout] 406 | #[derive(Fail, Debug)]
[INFO] [stdout]     |          ^---
[INFO] [stdout]     |          |
[INFO] [stdout]     |          `Fail` is not local
[INFO] [stdout]     |          move the `impl` block outside of this constant `_DERIVE_failure_Fail_FOR_BytesContains`
[INFO] [stdout] 407 | pub struct BytesContains {
[INFO] [stdout]     |            ------------- `BytesContains` is not local
[INFO] [stdout]     |
[INFO] [stdout]     = note: the derive macro `Fail` defines the non-local `impl`, and may need to be changed
[INFO] [stdout]     = note: the derive macro `Fail` may come from an old version of the `failure_derive` crate, try updating your dependency with `cargo update -p failure_derive`
[INFO] [stdout]     = note: an `impl` is never scoped, even when it is nested inside an item, as it may impact type checking outside of that item, which can be the case if neither the trait or the self type are at the same nesting level as the `impl`
[INFO] [stdout]     = note: items in an anonymous const item (`const _: () = { ... }`) are treated as in the same scope as the anonymous const's declaration for the purpose of this lint
[INFO] [stdout]     = note: this warning originates in the derive macro `Fail` (in Nightly builds, run with -Z macro-backtrace for more info)
[INFO] [stdout] 
[INFO] [stdout] 
[INFO] [stdout] warning: non-local `impl` definition, `impl` blocks should be written at the same level as their item
[INFO] [stdout]    --> src/output.rs:426:10
[INFO] [stdout]     |
[INFO] [stdout] 426 | #[derive(Fail, Debug)]
[INFO] [stdout]     |          ^---
[INFO] [stdout]     |          |
[INFO] [stdout]     |          `Fail` is not local
[INFO] [stdout]     |          move the `impl` block outside of this constant `_DERIVE_failure_Fail_FOR_StrDoesntMatch`
[INFO] [stdout] 427 | pub struct StrDoesntMatch {
[INFO] [stdout]     |            -------------- `StrDoesntMatch` is not local
[INFO] [stdout]     |
[INFO] [stdout]     = note: the derive macro `Fail` defines the non-local `impl`, and may need to be changed
[INFO] [stdout]     = note: the derive macro `Fail` may come from an old version of the `failure_derive` crate, try updating your dependency with `cargo update -p failure_derive`
[INFO] [stdout]     = note: an `impl` is never scoped, even when it is nested inside an item, as it may impact type checking outside of that item, which can be the case if neither the trait or the self type are at the same nesting level as the `impl`
[INFO] [stdout]     = note: items in an anonymous const item (`const _: () = { ... }`) are treated as in the same scope as the anonymous const's declaration for the purpose of this lint
[INFO] [stdout]     = note: this warning originates in the derive macro `Fail` (in Nightly builds, run with -Z macro-backtrace for more info)
[INFO] [stdout] 
[INFO] [stdout] 
[INFO] [stdout] warning: non-local `impl` definition, `impl` blocks should be written at the same level as their item
[INFO] [stdout]    --> src/output.rs:450:10
[INFO] [stdout]     |
[INFO] [stdout] 450 | #[derive(Fail, Debug)]
[INFO] [stdout]     |          ^---
[INFO] [stdout]     |          |
[INFO] [stdout]     |          `Fail` is not local
[INFO] [stdout]     |          move the `impl` block outside of this constant `_DERIVE_failure_Fail_FOR_BytesDoesntMatch`
[INFO] [stdout] 451 | pub struct BytesDoesntMatch {
[INFO] [stdout]     |            ---------------- `BytesDoesntMatch` is not local
[INFO] [stdout]     |
[INFO] [stdout]     = note: the derive macro `Fail` defines the non-local `impl`, and may need to be changed
[INFO] [stdout]     = note: the derive macro `Fail` may come from an old version of the `failure_derive` crate, try updating your dependency with `cargo update -p failure_derive`
[INFO] [stdout]     = note: an `impl` is never scoped, even when it is nested inside an item, as it may impact type checking outside of that item, which can be the case if neither the trait or the self type are at the same nesting level as the `impl`
[INFO] [stdout]     = note: items in an anonymous const item (`const _: () = { ... }`) are treated as in the same scope as the anonymous const's declaration for the purpose of this lint
[INFO] [stdout]     = note: this warning originates in the derive macro `Fail` (in Nightly builds, run with -Z macro-backtrace for more info)
[INFO] [stdout] 
[INFO] [stdout] 
[INFO] [stdout] warning: non-local `impl` definition, `impl` blocks should be written at the same level as their item
[INFO] [stdout]    --> src/output.rs:470:10
[INFO] [stdout]     |
[INFO] [stdout] 470 | #[derive(Fail, Debug)]
[INFO] [stdout]     |          ^---
[INFO] [stdout]     |          |
[INFO] [stdout]     |          `Fail` is not local
[INFO] [stdout]     |          move the `impl` block outside of this constant `_DERIVE_failure_Fail_FOR_StrMatches`
[INFO] [stdout] 471 | pub struct StrMatches {
[INFO] [stdout]     |            ---------- `StrMatches` is not local
[INFO] [stdout]     |
[INFO] [stdout]     = note: the derive macro `Fail` defines the non-local `impl`, and may need to be changed
[INFO] [stdout]     = note: the derive macro `Fail` may come from an old version of the `failure_derive` crate, try updating your dependency with `cargo update -p failure_derive`
[INFO] [stdout]     = note: an `impl` is never scoped, even when it is nested inside an item, as it may impact type checking outside of that item, which can be the case if neither the trait or the self type are at the same nesting level as the `impl`
[INFO] [stdout]     = note: items in an anonymous const item (`const _: () = { ... }`) are treated as in the same scope as the anonymous const's declaration for the purpose of this lint
[INFO] [stdout]     = note: this warning originates in the derive macro `Fail` (in Nightly builds, run with -Z macro-backtrace for more info)
[INFO] [stdout] 
[INFO] [stdout] 
[INFO] [stdout] warning: non-local `impl` definition, `impl` blocks should be written at the same level as their item
[INFO] [stdout]    --> src/output.rs:488:10
[INFO] [stdout]     |
[INFO] [stdout] 488 | #[derive(Fail, Debug)]
[INFO] [stdout]     |          ^---
[INFO] [stdout]     |          |
[INFO] [stdout]     |          `Fail` is not local
[INFO] [stdout]     |          move the `impl` block outside of this constant `_DERIVE_failure_Fail_FOR_BytesMatches`
[INFO] [stdout] 489 | pub struct BytesMatches {
[INFO] [stdout]     |            ------------ `BytesMatches` is not local
[INFO] [stdout]     |
[INFO] [stdout]     = note: the derive macro `Fail` defines the non-local `impl`, and may need to be changed
[INFO] [stdout]     = note: the derive macro `Fail` may come from an old version of the `failure_derive` crate, try updating your dependency with `cargo update -p failure_derive`
[INFO] [stdout]     = note: an `impl` is never scoped, even when it is nested inside an item, as it may impact type checking outside of that item, which can be the case if neither the trait or the self type are at the same nesting level as the `impl`
[INFO] [stdout]     = note: items in an anonymous const item (`const _: () = { ... }`) are treated as in the same scope as the anonymous const's declaration for the purpose of this lint
[INFO] [stdout]     = note: this warning originates in the derive macro `Fail` (in Nightly builds, run with -Z macro-backtrace for more info)
[INFO] [stdout] 
[INFO] [stdout] 
[INFO] [stdout] warning: non-local `impl` definition, `impl` blocks should be written at the same level as their item
[INFO] [stdout]    --> src/output.rs:506:10
[INFO] [stdout]     |
[INFO] [stdout] 506 | #[derive(Fail, Debug)]
[INFO] [stdout]     |          ^---
[INFO] [stdout]     |          |
[INFO] [stdout]     |          `Fail` is not local
[INFO] [stdout]     |          move the `impl` block outside of this constant `_DERIVE_failure_Fail_FOR_PredicateFailed`
[INFO] [stdout] 507 | pub struct PredicateFailed {
[INFO] [stdout]     |            --------------- `PredicateFailed` is not local
[INFO] [stdout]     |
[INFO] [stdout]     = note: the derive macro `Fail` defines the non-local `impl`, and may need to be changed
[INFO] [stdout]     = note: the derive macro `Fail` may come from an old version of the `failure_derive` crate, try updating your dependency with `cargo update -p failure_derive`
[INFO] [stdout]     = note: an `impl` is never scoped, even when it is nested inside an item, as it may impact type checking outside of that item, which can be the case if neither the trait or the self type are at the same nesting level as the `impl`
[INFO] [stdout]     = note: items in an anonymous const item (`const _: () = { ... }`) are treated as in the same scope as the anonymous const's declaration for the purpose of this lint
[INFO] [stdout]     = note: this warning originates in the derive macro `Fail` (in Nightly builds, run with -Z macro-backtrace for more info)
[INFO] [stdout] 
[INFO] [stdout] 
[INFO] [stderr]     Finished `test` profile [unoptimized + debuginfo] target(s) in 3.99s
[INFO] running `Command { std: "docker" "inspect" "c7fc21997d64bff7a720389565dc39d797110d69725bd62eebd6d1595784bbfe", kill_on_drop: false }`
[INFO] running `Command { std: "docker" "rm" "-f" "c7fc21997d64bff7a720389565dc39d797110d69725bd62eebd6d1595784bbfe", kill_on_drop: false }`
[INFO] [stdout] c7fc21997d64bff7a720389565dc39d797110d69725bd62eebd6d1595784bbfe
[INFO] running `Command { std: "docker" "create" "-v" "/var/lib/crater-agent-workspace/builds/worker-4-tc2/target:/opt/rustwide/target:rw,Z" "-v" "/var/lib/crater-agent-workspace/builds/worker-4-tc2/source:/opt/rustwide/workdir:ro,Z" "-v" "/var/lib/crater-agent-workspace/cargo-home:/opt/rustwide/cargo-home:ro,Z" "-v" "/var/lib/crater-agent-workspace/rustup-home:/opt/rustwide/rustup-home:ro,Z" "-e" "SOURCE_DIR=/opt/rustwide/workdir" "-e" "CARGO_TARGET_DIR=/opt/rustwide/target" "-e" "CARGO_INCREMENTAL=0" "-e" "RUST_BACKTRACE=full" "-e" "RUSTFLAGS=--cap-lints=warn" "-e" "RUSTDOCFLAGS=--cap-lints=warn" "-e" "CARGO_HOME=/opt/rustwide/cargo-home" "-e" "RUSTUP_HOME=/opt/rustwide/rustup-home" "-w" "/opt/rustwide/workdir" "-m" "1610612736" "--user" "0:0" "--network" "none" "ghcr.io/rust-lang/crates-build-env/linux@sha256:f3a9d4ad9d972b27faf3965f35b62e55ba32bbce8f20bc8fe909558a86702fde" "/opt/rustwide/cargo-home/bin/cargo" "+beta-2024-12-08" "test" "--frozen", kill_on_drop: false }`
[INFO] [stdout] a4c928964569937a6ff070aa96a2af75d0778b98ea4ce2e3f7f8328015084a45
[INFO] running `Command { std: "docker" "start" "-a" "a4c928964569937a6ff070aa96a2af75d0778b98ea4ce2e3f7f8328015084a45", kill_on_drop: false }`
[INFO] [stderr] warning: no edition set: defaulting to the 2015 edition while the latest is 2021
[INFO] [stderr] warning: trait objects without an explicit `dyn` are deprecated
[INFO] [stderr]    --> src/output.rs:146:22
[INFO] [stderr]     |
[INFO] [stderr] 146 |     pub pred: rc::Rc<Fn(&str) -> bool>,
[INFO] [stderr]     |                      ^^^^^^^^^^^^^^^^
[INFO] [stderr]     |
[INFO] [stderr]     = warning: this is accepted in the current edition (Rust 2015) but is a hard error in Rust 2021!
[INFO] [stderr]     = note: for more information, see <https://doc.rust-lang.org/nightly/edition-guide/rust-2021/warnings-promoted-to-error.html>
[INFO] [stderr]     = note: `#[warn(bare_trait_objects)]` on by default
[INFO] [stderr] help: if this is a dyn-compatible trait, use `dyn`
[INFO] [stderr]     |
[INFO] [stderr] 146 |     pub pred: rc::Rc<dyn Fn(&str) -> bool>,
[INFO] [stderr]     |                      +++
[INFO] [stderr] 
[INFO] [stderr] warning: trait objects without an explicit `dyn` are deprecated
[INFO] [stderr]   --> src/errors.rs:79:32
[INFO] [stderr]    |
[INFO] [stderr] 79 |     fn cause(&self) -> Option<&failure::Fail> {
[INFO] [stderr]    |                                ^^^^^^^^^^^^^
[INFO] [stderr]    |
[INFO] [stderr]    = warning: this is accepted in the current edition (Rust 2015) but is a hard error in Rust 2021!
[INFO] [stderr]    = note: for more information, see <https://doc.rust-lang.org/nightly/edition-guide/rust-2021/warnings-promoted-to-error.html>
[INFO] [stderr] help: if this is a dyn-compatible trait, use `dyn`
[INFO] [stderr]    |
[INFO] [stderr] 79 |     fn cause(&self) -> Option<&dyn failure::Fail> {
[INFO] [stderr]    |                                +++
[INFO] [stderr] 
[INFO] [stderr] warning: trait objects without an explicit `dyn` are deprecated
[INFO] [stderr]    --> src/errors.rs:124:32
[INFO] [stderr]     |
[INFO] [stderr] 124 |     fn cause(&self) -> Option<&failure::Fail> {
[INFO] [stderr]     |                                ^^^^^^^^^^^^^
[INFO] [stderr]     |
[INFO] [stderr]     = warning: this is accepted in the current edition (Rust 2015) but is a hard error in Rust 2021!
[INFO] [stderr]     = note: for more information, see <https://doc.rust-lang.org/nightly/edition-guide/rust-2021/warnings-promoted-to-error.html>
[INFO] [stderr] help: if this is a dyn-compatible trait, use `dyn`
[INFO] [stderr]     |
[INFO] [stderr] 124 |     fn cause(&self) -> Option<&dyn failure::Fail> {
[INFO] [stderr]     |                                +++
[INFO] [stderr] 
[INFO] [stderr] warning: trait objects without an explicit `dyn` are deprecated
[INFO] [stderr]    --> src/errors.rs:183:32
[INFO] [stderr]     |
[INFO] [stderr] 183 |     fn cause(&self) -> Option<&failure::Fail> {
[INFO] [stderr]     |                                ^^^^^^^^^^^^^
[INFO] [stderr]     |
[INFO] [stderr]     = warning: this is accepted in the current edition (Rust 2015) but is a hard error in Rust 2021!
[INFO] [stderr]     = note: for more information, see <https://doc.rust-lang.org/nightly/edition-guide/rust-2021/warnings-promoted-to-error.html>
[INFO] [stderr] help: if this is a dyn-compatible trait, use `dyn`
[INFO] [stderr]     |
[INFO] [stderr] 183 |     fn cause(&self) -> Option<&dyn failure::Fail> {
[INFO] [stderr]     |                                +++
[INFO] [stderr] 
[INFO] [stderr] warning: trait objects without an explicit `dyn` are deprecated
[INFO] [stderr]    --> src/output.rs:538:32
[INFO] [stderr]     |
[INFO] [stderr] 538 |     fn cause(&self) -> Option<&failure::Fail> {
[INFO] [stderr]     |                                ^^^^^^^^^^^^^
[INFO] [stderr]     |
[INFO] [stderr]     = warning: this is accepted in the current edition (Rust 2015) but is a hard error in Rust 2021!
[INFO] [stderr]     = note: for more information, see <https://doc.rust-lang.org/nightly/edition-guide/rust-2021/warnings-promoted-to-error.html>
[INFO] [stderr] help: if this is a dyn-compatible trait, use `dyn`
[INFO] [stderr]     |
[INFO] [stderr] 538 |     fn cause(&self) -> Option<&dyn failure::Fail> {
[INFO] [stderr]     |                                +++
[INFO] [stderr] 
[INFO] [stderr] warning: use of deprecated method `failure::Error::cause`: please use 'as_fail()' method instead
[INFO] [stderr]   --> src/errors.rs:80:49
[INFO] [stderr]    |
[INFO] [stderr] 80 |         self.cause.as_ref().map(failure::Error::cause)
[INFO] [stderr]    |                                                 ^^^^^
[INFO] [stderr]    |
[INFO] [stderr]    = note: `#[warn(deprecated)]` on by default
[INFO] [stderr] 
[INFO] [stderr] warning: use of deprecated method `failure::Error::cause`: please use 'as_fail()' method instead
[INFO] [stderr]    --> src/errors.rs:125:49
[INFO] [stderr]     |
[INFO] [stderr] 125 |         self.cause.as_ref().map(failure::Error::cause)
[INFO] [stderr]     |                                                 ^^^^^
[INFO] [stderr] 
[INFO] [stderr] warning: use of deprecated method `failure::Error::cause`: please use 'as_fail()' method instead
[INFO] [stderr]    --> src/errors.rs:184:49
[INFO] [stderr]     |
[INFO] [stderr] 184 |         self.cause.as_ref().map(failure::Error::cause)
[INFO] [stderr]     |                                                 ^^^^^
[INFO] [stderr] 
[INFO] [stderr] warning: use of deprecated method `failure::Fail::causes`: please use the 'iter_chain()' method instead
[INFO] [stderr]    --> src/assert.rs:441:44
[INFO] [stderr]     |
[INFO] [stderr] 441 |             panic!(Self::format_causes(err.causes()));
[INFO] [stderr]     |                                            ^^^^^^
[INFO] [stderr] 
[INFO] [stderr] warning: use of deprecated method `failure::Error::cause`: please use 'as_fail()' method instead
[INFO] [stderr]    --> src/output.rs:539:49
[INFO] [stderr]     |
[INFO] [stderr] 539 |         self.cause.as_ref().map(failure::Error::cause)
[INFO] [stderr]     |                                                 ^^^^^
[INFO] [stderr] 
[INFO] [stderr] warning: panic message is not a string literal
[INFO] [stderr]    --> src/assert.rs:441:20
[INFO] [stderr]     |
[INFO] [stderr] 441 |             panic!(Self::format_causes(err.causes()));
[INFO] [stderr]     |                    ^^^^^^^^^^^^^^^^^^^^^^^^^^^^^^^^^
[INFO] [stderr]     |
[INFO] [stderr]     = note: this usage of `panic!()` is deprecated; it will be a hard error in Rust 2021
[INFO] [stderr]     = note: for more information, see <https://doc.rust-lang.org/nightly/edition-guide/rust-2021/panic-macro-consistency.html>
[INFO] [stderr]     = note: `#[warn(non_fmt_panics)]` on by default
[INFO] [stderr] help: add a "{}" format string to `Display` the message
[INFO] [stderr]     |
[INFO] [stderr] 441 |             panic!("{}", Self::format_causes(err.causes()));
[INFO] [stderr]     |                    +++++
[INFO] [stderr] 
[INFO] [stderr] warning: non-local `impl` definition, `impl` blocks should be written at the same level as their item
[INFO] [stderr]    --> src/output.rs:346:10
[INFO] [stderr]     |
[INFO] [stderr] 346 | #[derive(Fail, Debug)]
[INFO] [stderr]     |          ^---
[INFO] [stderr]     |          |
[INFO] [stderr]     |          `Fail` is not local
[INFO] [stderr]     |          move the `impl` block outside of this constant `_DERIVE_failure_Fail_FOR_StrDoesntContain`
[INFO] [stderr] 347 | pub struct StrDoesntContain {
[INFO] [stderr]     |            ---------------- `StrDoesntContain` is not local
[INFO] [stderr]     |
[INFO] [stderr]     = note: the derive macro `Fail` defines the non-local `impl`, and may need to be changed
[INFO] [stderr]     = note: the derive macro `Fail` may come from an old version of the `failure_derive` crate, try updating your dependency with `cargo update -p failure_derive`
[INFO] [stderr]     = note: an `impl` is never scoped, even when it is nested inside an item, as it may impact type checking outside of that item, which can be the case if neither the trait or the self type are at the same nesting level as the `impl`
[INFO] [stderr]     = note: items in an anonymous const item (`const _: () = { ... }`) are treated as in the same scope as the anonymous const's declaration for the purpose of this lint
[INFO] [stderr]     = note: `#[warn(non_local_definitions)]` on by default
[INFO] [stderr]     = note: this warning originates in the derive macro `Fail` (in Nightly builds, run with -Z macro-backtrace for more info)
[INFO] [stderr] 
[INFO] [stderr] warning: non-local `impl` definition, `impl` blocks should be written at the same level as their item
[INFO] [stderr]    --> src/output.rs:366:10
[INFO] [stderr]     |
[INFO] [stderr] 366 | #[derive(Fail, Debug)]
[INFO] [stderr]     |          ^---
[INFO] [stderr]     |          |
[INFO] [stderr]     |          `Fail` is not local
[INFO] [stderr]     |          move the `impl` block outside of this constant `_DERIVE_failure_Fail_FOR_BytesDoesntContain`
[INFO] [stderr] 367 | pub struct BytesDoesntContain {
[INFO] [stderr]     |            ------------------ `BytesDoesntContain` is not local
[INFO] [stderr]     |
[INFO] [stderr]     = note: the derive macro `Fail` defines the non-local `impl`, and may need to be changed
[INFO] [stderr]     = note: the derive macro `Fail` may come from an old version of the `failure_derive` crate, try updating your dependency with `cargo update -p failure_derive`
[INFO] [stderr]     = note: an `impl` is never scoped, even when it is nested inside an item, as it may impact type checking outside of that item, which can be the case if neither the trait or the self type are at the same nesting level as the `impl`
[INFO] [stderr]     = note: items in an anonymous const item (`const _: () = { ... }`) are treated as in the same scope as the anonymous const's declaration for the purpose of this lint
[INFO] [stderr]     = note: this warning originates in the derive macro `Fail` (in Nightly builds, run with -Z macro-backtrace for more info)
[INFO] [stderr] 
[INFO] [stderr] warning: non-local `impl` definition, `impl` blocks should be written at the same level as their item
[INFO] [stderr]    --> src/output.rs:386:10
[INFO] [stderr]     |
[INFO] [stderr] 386 | #[derive(Fail, Debug)]
[INFO] [stderr]     |          ^---
[INFO] [stderr]     |          |
[INFO] [stderr]     |          `Fail` is not local
[INFO] [stderr]     |          move the `impl` block outside of this constant `_DERIVE_failure_Fail_FOR_StrContains`
[INFO] [stderr] 387 | pub struct StrContains {
[INFO] [stderr]     |            ----------- `StrContains` is not local
[INFO] [stderr]     |
[INFO] [stderr]     = note: the derive macro `Fail` defines the non-local `impl`, and may need to be changed
[INFO] [stderr]     = note: the derive macro `Fail` may come from an old version of the `failure_derive` crate, try updating your dependency with `cargo update -p failure_derive`
[INFO] [stderr]     = note: an `impl` is never scoped, even when it is nested inside an item, as it may impact type checking outside of that item, which can be the case if neither the trait or the self type are at the same nesting level as the `impl`
[INFO] [stderr]     = note: items in an anonymous const item (`const _: () = { ... }`) are treated as in the same scope as the anonymous const's declaration for the purpose of this lint
[INFO] [stderr]     = note: this warning originates in the derive macro `Fail` (in Nightly builds, run with -Z macro-backtrace for more info)
[INFO] [stderr] 
[INFO] [stderr] warning: non-local `impl` definition, `impl` blocks should be written at the same level as their item
[INFO] [stderr]    --> src/output.rs:406:10
[INFO] [stderr]     |
[INFO] [stderr] 406 | #[derive(Fail, Debug)]
[INFO] [stderr]     |          ^---
[INFO] [stderr]     |          |
[INFO] [stderr]     |          `Fail` is not local
[INFO] [stderr]     |          move the `impl` block outside of this constant `_DERIVE_failure_Fail_FOR_BytesContains`
[INFO] [stderr] 407 | pub struct BytesContains {
[INFO] [stderr]     |            ------------- `BytesContains` is not local
[INFO] [stderr]     |
[INFO] [stderr]     = note: the derive macro `Fail` defines the non-local `impl`, and may need to be changed
[INFO] [stderr]     = note: the derive macro `Fail` may come from an old version of the `failure_derive` crate, try updating your dependency with `cargo update -p failure_derive`
[INFO] [stderr]     = note: an `impl` is never scoped, even when it is nested inside an item, as it may impact type checking outside of that item, which can be the case if neither the trait or the self type are at the same nesting level as the `impl`
[INFO] [stderr]     = note: items in an anonymous const item (`const _: () = { ... }`) are treated as in the same scope as the anonymous const's declaration for the purpose of this lint
[INFO] [stderr]     = note: this warning originates in the derive macro `Fail` (in Nightly builds, run with -Z macro-backtrace for more info)
[INFO] [stderr] 
[INFO] [stderr] warning: non-local `impl` definition, `impl` blocks should be written at the same level as their item
[INFO] [stderr]    --> src/output.rs:426:10
[INFO] [stderr]     |
[INFO] [stderr] 426 | #[derive(Fail, Debug)]
[INFO] [stderr]     |          ^---
[INFO] [stderr]     |          |
[INFO] [stderr]     |          `Fail` is not local
[INFO] [stderr]     |          move the `impl` block outside of this constant `_DERIVE_failure_Fail_FOR_StrDoesntMatch`
[INFO] [stderr] 427 | pub struct StrDoesntMatch {
[INFO] [stderr]     |            -------------- `StrDoesntMatch` is not local
[INFO] [stderr]     |
[INFO] [stderr]     = note: the derive macro `Fail` defines the non-local `impl`, and may need to be changed
[INFO] [stderr]     = note: the derive macro `Fail` may come from an old version of the `failure_derive` crate, try updating your dependency with `cargo update -p failure_derive`
[INFO] [stderr]     = note: an `impl` is never scoped, even when it is nested inside an item, as it may impact type checking outside of that item, which can be the case if neither the trait or the self type are at the same nesting level as the `impl`
[INFO] [stderr]     = note: items in an anonymous const item (`const _: () = { ... }`) are treated as in the same scope as the anonymous const's declaration for the purpose of this lint
[INFO] [stderr]     = note: this warning originates in the derive macro `Fail` (in Nightly builds, run with -Z macro-backtrace for more info)
[INFO] [stderr] 
[INFO] [stderr] warning: non-local `impl` definition, `impl` blocks should be written at the same level as their item
[INFO] [stderr]    --> src/output.rs:450:10
[INFO] [stderr]     |
[INFO] [stderr] 450 | #[derive(Fail, Debug)]
[INFO] [stderr]     |          ^---
[INFO] [stderr]     |          |
[INFO] [stderr]     |          `Fail` is not local
[INFO] [stderr]     |          move the `impl` block outside of this constant `_DERIVE_failure_Fail_FOR_BytesDoesntMatch`
[INFO] [stderr] 451 | pub struct BytesDoesntMatch {
[INFO] [stderr]     |            ---------------- `BytesDoesntMatch` is not local
[INFO] [stderr]     |
[INFO] [stderr]     = note: the derive macro `Fail` defines the non-local `impl`, and may need to be changed
[INFO] [stderr]     = note: the derive macro `Fail` may come from an old version of the `failure_derive` crate, try updating your dependency with `cargo update -p failure_derive`
[INFO] [stderr]     = note: an `impl` is never scoped, even when it is nested inside an item, as it may impact type checking outside of that item, which can be the case if neither the trait or the self type are at the same nesting level as the `impl`
[INFO] [stderr]     = note: items in an anonymous const item (`const _: () = { ... }`) are treated as in the same scope as the anonymous const's declaration for the purpose of this lint
[INFO] [stderr]     = note: this warning originates in the derive macro `Fail` (in Nightly builds, run with -Z macro-backtrace for more info)
[INFO] [stderr] 
[INFO] [stderr] warning: non-local `impl` definition, `impl` blocks should be written at the same level as their item
[INFO] [stderr]    --> src/output.rs:470:10
[INFO] [stderr]     |
[INFO] [stderr] 470 | #[derive(Fail, Debug)]
[INFO] [stderr]     |          ^---
[INFO] [stderr]     |          |
[INFO] [stderr]     |          `Fail` is not local
[INFO] [stderr]     |          move the `impl` block outside of this constant `_DERIVE_failure_Fail_FOR_StrMatches`
[INFO] [stderr] 471 | pub struct StrMatches {
[INFO] [stderr]     |            ---------- `StrMatches` is not local
[INFO] [stderr]     |
[INFO] [stderr]     = note: the derive macro `Fail` defines the non-local `impl`, and may need to be changed
[INFO] [stderr]     = note: the derive macro `Fail` may come from an old version of the `failure_derive` crate, try updating your dependency with `cargo update -p failure_derive`
[INFO] [stderr]     = note: an `impl` is never scoped, even when it is nested inside an item, as it may impact type checking outside of that item, which can be the case if neither the trait or the self type are at the same nesting level as the `impl`
[INFO] [stderr]     = note: items in an anonymous const item (`const _: () = { ... }`) are treated as in the same scope as the anonymous const's declaration for the purpose of this lint
[INFO] [stderr]     = note: this warning originates in the derive macro `Fail` (in Nightly builds, run with -Z macro-backtrace for more info)
[INFO] [stderr] 
[INFO] [stderr] warning: non-local `impl` definition, `impl` blocks should be written at the same level as their item
[INFO] [stderr]    --> src/output.rs:488:10
[INFO] [stderr]     |
[INFO] [stderr] 488 | #[derive(Fail, Debug)]
[INFO] [stderr]     |          ^---
[INFO] [stderr]     |          |
[INFO] [stderr]     |          `Fail` is not local
[INFO] [stderr]     |          move the `impl` block outside of this constant `_DERIVE_failure_Fail_FOR_BytesMatches`
[INFO] [stderr] 489 | pub struct BytesMatches {
[INFO] [stderr]     |            ------------ `BytesMatches` is not local
[INFO] [stderr]     |
[INFO] [stderr]     = note: the derive macro `Fail` defines the non-local `impl`, and may need to be changed
[INFO] [stderr]     = note: the derive macro `Fail` may come from an old version of the `failure_derive` crate, try updating your dependency with `cargo update -p failure_derive`
[INFO] [stderr]     = note: an `impl` is never scoped, even when it is nested inside an item, as it may impact type checking outside of that item, which can be the case if neither the trait or the self type are at the same nesting level as the `impl`
[INFO] [stderr]     = note: items in an anonymous const item (`const _: () = { ... }`) are treated as in the same scope as the anonymous const's declaration for the purpose of this lint
[INFO] [stderr]     = note: this warning originates in the derive macro `Fail` (in Nightly builds, run with -Z macro-backtrace for more info)
[INFO] [stderr] 
[INFO] [stderr] warning: non-local `impl` definition, `impl` blocks should be written at the same level as their item
[INFO] [stderr]    --> src/output.rs:506:10
[INFO] [stderr]     |
[INFO] [stderr] 506 | #[derive(Fail, Debug)]
[INFO] [stderr]     |          ^---
[INFO] [stderr]     |          |
[INFO] [stderr]     |          `Fail` is not local
[INFO] [stderr]     |          move the `impl` block outside of this constant `_DERIVE_failure_Fail_FOR_PredicateFailed`
[INFO] [stderr] 507 | pub struct PredicateFailed {
[INFO] [stderr]     |            --------------- `PredicateFailed` is not local
[INFO] [stderr]     |
[INFO] [stderr]     = note: the derive macro `Fail` defines the non-local `impl`, and may need to be changed
[INFO] [stderr]     = note: the derive macro `Fail` may come from an old version of the `failure_derive` crate, try updating your dependency with `cargo update -p failure_derive`
[INFO] [stderr]     = note: an `impl` is never scoped, even when it is nested inside an item, as it may impact type checking outside of that item, which can be the case if neither the trait or the self type are at the same nesting level as the `impl`
[INFO] [stderr]     = note: items in an anonymous const item (`const _: () = { ... }`) are treated as in the same scope as the anonymous const's declaration for the purpose of this lint
[INFO] [stderr]     = note: this warning originates in the derive macro `Fail` (in Nightly builds, run with -Z macro-backtrace for more info)
[INFO] [stderr] 
[INFO] [stderr] warning: `assert_cli` (lib) generated 20 warnings (run `cargo fix --lib -p assert_cli` to apply 6 suggestions)
[INFO] [stderr] warning: `assert_cli` (lib test) generated 20 warnings (20 duplicates)
[INFO] [stderr]     Finished `test` profile [unoptimized + debuginfo] target(s) in 0.07s
[INFO] [stderr]      Running unittests src/lib.rs (/opt/rustwide/target/debug/deps/assert_cli-cd45bf897807c38c)
[INFO] [stdout] 
[INFO] [stdout] running 19 tests
[INFO] [stdout] test assert::test::in_place_mod ... ok
[INFO] [stdout] test assert::test::main_binary_default_uses_active_profile ... ok
[INFO] [stdout] test assert::test::cargo_binary_default_uses_active_profile ... ok
[INFO] [stdout] test assert::test::in_place_mod3 ... ok
[INFO] [stdout] test assert::test::in_place_mod2 ... ok
[INFO] [stdout] test assert::test::empty_env ... ok
[INFO] [stdout] test assert::test::take_ownership ... ok
[INFO] [stdout] test assert::test::take_slice ... ok
[INFO] [stdout] test assert::test::take_string_i32 ... ok
[INFO] [stdout] test macros::test::flatten_escaped ... ok
[INFO] [stdout] test macros::test::flatten_quoted ... ok
[INFO] [stdout] test macros::test::flatten_unquoted ... ok
[INFO] [stdout] test output::test_find_subsequence ... ok
[INFO] [stdout] test assert::test::take_slice_of_strs ... ok
[INFO] [stdout] test assert::test::take_slice_of_strings ... ok
[INFO] [stdout] test assert::test::take_vec ... ok
[INFO] [stdout] test diff::tests::multiline_diff ... FAILED
[INFO] [stdout] test diff::tests::basic_diff ... FAILED
[INFO] [stdout] test diff::tests::added_first_line_diff ... FAILED
[INFO] [stdout] 
[INFO] [stdout] failures:
[INFO] [stdout] 
[INFO] [stdout] ---- diff::tests::multiline_diff stdout ----
[INFO] [stdout]  Lorem ipsum dolor sit amet, consectetur adipisicing elit,
[INFO] [stdout] -sed do eiusmod tempor incididunt ut labore et dolore magna
[INFO] [stdout] +sed do eiusmod tempor **incididunt** ut labore et dolore magna 
[INFO] [stdout]  aliqua. Ut enim ad minim veniam, quis nostrud exercitation
[INFO] [stdout] ullamco laboris nisi ut aliquip ex ea commodo consequat.
[INFO] [stdout] 
[INFO] [stdout] thread 'diff::tests::multiline_diff' panicked at src/diff.rs:80:9:
[INFO] [stdout] assertion `left == right` failed
[INFO] [stdout]   left: " Lorem ipsum dolor sit amet, consectetur adipisicing elit,\n-sed do eiusmod tempor incididunt ut labore et dolore magna\n+sed do eiusmod tempor **incididunt** ut labore et dolore magna \n aliqua. Ut enim ad minim veniam, quis nostrud exercitation\nullamco laboris nisi ut aliquip ex ea commodo consequat.\n"
[INFO] [stdout]  right: " Lorem ipsum dolor sit amet, consectetur adipisicing elit,\n\u{1b}[31m-sed do eiusmod tempor incididunt ut labore et dolore magna\u{1b}[0m\n\u{1b}[32m+\u{1b}[0m\u{1b}[32msed do eiusmod tempor\u{1b}[0m \u{1b}[7;32m**incididunt**\u{1b}[0m \u{1b}[32mut labore et dolore magna\u{1b}[0m \n aliqua. Ut enim ad minim veniam, quis nostrud exercitation\nullamco laboris nisi ut aliquip ex ea commodo consequat.\n"
[INFO] [stdout] stack backtrace:
[INFO] [stdout]    0:     0x5dc646be563a - std::backtrace_rs::backtrace::libunwind::trace::h8810477743020387
[INFO] [stdout]                                at /rustc/202008a1b8de96d2e5b6bc02d379db03a877d34d/library/std/src/../../backtrace/src/backtrace/libunwind.rs:116:5
[INFO] [stdout]    1:     0x5dc646be563a - std::backtrace_rs::backtrace::trace_unsynchronized::h3aa55355dd6c54a6
[INFO] [stdout]                                at /rustc/202008a1b8de96d2e5b6bc02d379db03a877d34d/library/std/src/../../backtrace/src/backtrace/mod.rs:66:5
[INFO] [stdout]    2:     0x5dc646be563a - std::sys::backtrace::_print_fmt::h8588b0f62410823f
[INFO] [stdout]                                at /rustc/202008a1b8de96d2e5b6bc02d379db03a877d34d/library/std/src/sys/backtrace.rs:66:9
[INFO] [stdout]    3:     0x5dc646be563a - <std::sys::backtrace::BacktraceLock::print::DisplayBacktrace as core::fmt::Display>::fmt::h98c26ac25ffe89bb
[INFO] [stdout]                                at /rustc/202008a1b8de96d2e5b6bc02d379db03a877d34d/library/std/src/sys/backtrace.rs:39:26
[INFO] [stdout]    4:     0x5dc646c0b4a3 - core::fmt::rt::Argument::fmt::hf95377f4aebd453b
[INFO] [stdout]                                at /rustc/202008a1b8de96d2e5b6bc02d379db03a877d34d/library/core/src/fmt/rt.rs:177:76
[INFO] [stdout]    5:     0x5dc646c0b4a3 - core::fmt::write::h0dd5f6e2238c7982
[INFO] [stdout]                                at /rustc/202008a1b8de96d2e5b6bc02d379db03a877d34d/library/core/src/fmt/mod.rs:1189:21
[INFO] [stdout]    6:     0x5dc646be2293 - std::io::Write::write_fmt::h03bb0ca26e6faf8c
[INFO] [stdout]                                at /rustc/202008a1b8de96d2e5b6bc02d379db03a877d34d/library/std/src/io/mod.rs:1884:15
[INFO] [stdout]    7:     0x5dc646be5482 - std::sys::backtrace::BacktraceLock::print::h5c19c1c038ee186d
[INFO] [stdout]                                at /rustc/202008a1b8de96d2e5b6bc02d379db03a877d34d/library/std/src/sys/backtrace.rs:42:9
[INFO] [stdout]    8:     0x5dc646be6abd - std::panicking::default_hook::{{closure}}::h77172f079a1fcb13
[INFO] [stdout]                                at /rustc/202008a1b8de96d2e5b6bc02d379db03a877d34d/library/std/src/panicking.rs:268:22
[INFO] [stdout]    9:     0x5dc646be68c7 - std::panicking::default_hook::he5f8e3b203ccddba
[INFO] [stdout]                                at /rustc/202008a1b8de96d2e5b6bc02d379db03a877d34d/library/std/src/panicking.rs:292:9
[INFO] [stdout]   10:     0x5dc646a990a7 - <alloc::boxed::Box<F,A> as core::ops::function::Fn<Args>>::call::h7a3c7b4a1ae77f2f
[INFO] [stdout]                                at /rustc/202008a1b8de96d2e5b6bc02d379db03a877d34d/library/alloc/src/boxed.rs:1986:9
[INFO] [stdout]   11:     0x5dc646a990a7 - test::test_main::{{closure}}::hf0d3b69ae9b353d1
[INFO] [stdout]                                at /rustc/202008a1b8de96d2e5b6bc02d379db03a877d34d/library/test/src/lib.rs:134:21
[INFO] [stdout]   12:     0x5dc646be7168 - <alloc::boxed::Box<F,A> as core::ops::function::Fn<Args>>::call::h6332e82e7b189abd
[INFO] [stdout]                                at /rustc/202008a1b8de96d2e5b6bc02d379db03a877d34d/library/alloc/src/boxed.rs:1986:9
[INFO] [stdout]   13:     0x5dc646be7168 - std::panicking::rust_panic_with_hook::h53863d4e9018df39
[INFO] [stdout]                                at /rustc/202008a1b8de96d2e5b6bc02d379db03a877d34d/library/std/src/panicking.rs:809:13
[INFO] [stdout]   14:     0x5dc646be6f2a - std::panicking::begin_panic_handler::{{closure}}::h67280e6fa0757873
[INFO] [stdout]                                at /rustc/202008a1b8de96d2e5b6bc02d379db03a877d34d/library/std/src/panicking.rs:674:13
[INFO] [stdout]   15:     0x5dc646be5b19 - std::sys::backtrace::__rust_end_short_backtrace::h1dac3f54d6fbbeb2
[INFO] [stdout]                                at /rustc/202008a1b8de96d2e5b6bc02d379db03a877d34d/library/std/src/sys/backtrace.rs:170:18
[INFO] [stdout]   16:     0x5dc646be6bbc - rust_begin_unwind
[INFO] [stdout]                                at /rustc/202008a1b8de96d2e5b6bc02d379db03a877d34d/library/std/src/panicking.rs:665:5
[INFO] [stdout]   17:     0x5dc646a330c0 - core::panicking::panic_fmt::h6792bd1b2bf01041
[INFO] [stdout]                                at /rustc/202008a1b8de96d2e5b6bc02d379db03a877d34d/library/core/src/panicking.rs:76:14
[INFO] [stdout]   18:     0x5dc646a3348b - core::panicking::assert_failed_inner::hf2c17e6d30928787
[INFO] [stdout]   19:     0x5dc646a49d84 - core::panicking::assert_failed::h4ddcdd2c4fdb33ba
[INFO] [stdout]                                at /rustc/202008a1b8de96d2e5b6bc02d379db03a877d34d/library/core/src/panicking.rs:373:5
[INFO] [stdout]   20:     0x5dc646a5af40 - assert_cli::diff::tests::multiline_diff::h77e61fa88de4e96d
[INFO] [stdout]                                at /opt/rustwide/workdir/src/diff.rs:80:9
[INFO] [stdout]   21:     0x5dc646a5ab77 - assert_cli::diff::tests::multiline_diff::{{closure}}::h6b86f069b4c8b76c
[INFO] [stdout]                                at /opt/rustwide/workdir/src/diff.rs:67:24
[INFO] [stdout]   22:     0x5dc646a42c96 - core::ops::function::FnOnce::call_once::h5c6defdd334e880c
[INFO] [stdout]                                at /rustc/202008a1b8de96d2e5b6bc02d379db03a877d34d/library/core/src/ops/function.rs:250:5
[INFO] [stdout]   23:     0x5dc646a9dbcb - core::ops::function::FnOnce::call_once::h871bf86719ec9aa4
[INFO] [stdout]                                at /rustc/202008a1b8de96d2e5b6bc02d379db03a877d34d/library/core/src/ops/function.rs:250:5
[INFO] [stdout]   24:     0x5dc646a9dbcb - test::__rust_begin_short_backtrace::h2167df1e2b7d76fd
[INFO] [stdout]                                at /rustc/202008a1b8de96d2e5b6bc02d379db03a877d34d/library/test/src/lib.rs:632:18
[INFO] [stdout]   25:     0x5dc646a9d5b8 - test::run_test_in_process::{{closure}}::h15d92f75a3adfb79
[INFO] [stdout]                                at /rustc/202008a1b8de96d2e5b6bc02d379db03a877d34d/library/test/src/lib.rs:655:60
[INFO] [stdout]   26:     0x5dc646a9d5b8 - <core::panic::unwind_safe::AssertUnwindSafe<F> as core::ops::function::FnOnce<()>>::call_once::hb6c8955835a8dbbb
[INFO] [stdout]                                at /rustc/202008a1b8de96d2e5b6bc02d379db03a877d34d/library/core/src/panic/unwind_safe.rs:272:9
[INFO] [stdout]   27:     0x5dc646a9d5b8 - std::panicking::try::do_call::hc79d0fc888a0bd30
[INFO] [stdout]                                at /rustc/202008a1b8de96d2e5b6bc02d379db03a877d34d/library/std/src/panicking.rs:557:40
[INFO] [stdout]   28:     0x5dc646a9d5b8 - std::panicking::try::hb8a7878e3a8589d6
[INFO] [stdout]                                at /rustc/202008a1b8de96d2e5b6bc02d379db03a877d34d/library/std/src/panicking.rs:520:19
[INFO] [stdout]   29:     0x5dc646a9d5b8 - std::panic::catch_unwind::hb8e4600ff0ff5cfa
[INFO] [stdout]                                at /rustc/202008a1b8de96d2e5b6bc02d379db03a877d34d/library/std/src/panic.rs:358:14
[INFO] [stdout]   30:     0x5dc646a9d5b8 - test::run_test_in_process::hc2900b0b18688dd6
[INFO] [stdout]                                at /rustc/202008a1b8de96d2e5b6bc02d379db03a877d34d/library/test/src/lib.rs:655:27
[INFO] [stdout]   31:     0x5dc646a9d5b8 - test::run_test::{{closure}}::hac2a9cb07be3d48d
[INFO] [stdout]                                at /rustc/202008a1b8de96d2e5b6bc02d379db03a877d34d/library/test/src/lib.rs:576:43
[INFO] [stdout]   32:     0x5dc646a6105a - test::run_test::{{closure}}::h4a5b729e66a38cd8
[INFO] [stdout]                                at /rustc/202008a1b8de96d2e5b6bc02d379db03a877d34d/library/test/src/lib.rs:606:41
[INFO] [stdout]   33:     0x5dc646a6105a - std::sys::backtrace::__rust_begin_short_backtrace::h0496fb742492f573
[INFO] [stdout]                                at /rustc/202008a1b8de96d2e5b6bc02d379db03a877d34d/library/std/src/sys/backtrace.rs:154:18
[INFO] [stdout]   34:     0x5dc646a649d4 - std::thread::Builder::spawn_unchecked_::{{closure}}::{{closure}}::hbb6d257c550a54bd
[INFO] [stdout]                                at /rustc/202008a1b8de96d2e5b6bc02d379db03a877d34d/library/std/src/thread/mod.rs:561:17
[INFO] [stdout]   35:     0x5dc646a649d4 - <core::panic::unwind_safe::AssertUnwindSafe<F> as core::ops::function::FnOnce<()>>::call_once::h46696fe4a6832328
[INFO] [stdout]                                at /rustc/202008a1b8de96d2e5b6bc02d379db03a877d34d/library/core/src/panic/unwind_safe.rs:272:9
[INFO] [stdout]   36:     0x5dc646a649d4 - std::panicking::try::do_call::h2625a51b667bfb64
[INFO] [stdout]                                at /rustc/202008a1b8de96d2e5b6bc02d379db03a877d34d/library/std/src/panicking.rs:557:40
[INFO] [stdout]   37:     0x5dc646a649d4 - std::panicking::try::hb956a59a1973aa4c
[INFO] [stdout]                                at /rustc/202008a1b8de96d2e5b6bc02d379db03a877d34d/library/std/src/panicking.rs:520:19
[INFO] [stdout]   38:     0x5dc646a649d4 - std::panic::catch_unwind::h64f3b9d1067ef6a0
[INFO] [stdout]                                at /rustc/202008a1b8de96d2e5b6bc02d379db03a877d34d/library/std/src/panic.rs:358:14
[INFO] [stdout]   39:     0x5dc646a649d4 - std::thread::Builder::spawn_unchecked_::{{closure}}::h42b2841295b6c0b2
[INFO] [stdout]                                at /rustc/202008a1b8de96d2e5b6bc02d379db03a877d34d/library/std/src/thread/mod.rs:559:30
[INFO] [stdout]   40:     0x5dc646a649d4 - core::ops::function::FnOnce::call_once{{vtable.shim}}::h6127de71b8124639
[INFO] [stdout]                                at /rustc/202008a1b8de96d2e5b6bc02d379db03a877d34d/library/core/src/ops/function.rs:250:5
[INFO] [stdout]   41:     0x5dc646beb2eb - <alloc::boxed::Box<F,A> as core::ops::function::FnOnce<Args>>::call_once::h42f0ba71002a1b2c
[INFO] [stdout]                                at /rustc/202008a1b8de96d2e5b6bc02d379db03a877d34d/library/alloc/src/boxed.rs:1972:9
[INFO] [stdout]   42:     0x5dc646beb2eb - <alloc::boxed::Box<F,A> as core::ops::function::FnOnce<Args>>::call_once::had9e47d7a3dcecb8
[INFO] [stdout]                                at /rustc/202008a1b8de96d2e5b6bc02d379db03a877d34d/library/alloc/src/boxed.rs:1972:9
[INFO] [stdout]   43:     0x5dc646beb2eb - std::sys::pal::unix::thread::Thread::new::thread_start::h48cf765408f6f5f2
[INFO] [stdout]                                at /rustc/202008a1b8de96d2e5b6bc02d379db03a877d34d/library/std/src/sys/pal/unix/thread.rs:105:17
[INFO] [stdout]   44:     0x7d3817a30ac3 - <unknown>
[INFO] [stdout]   45:     0x7d3817ac1a04 - clone
[INFO] [stdout]   46:                0x0 - <unknown>
[INFO] [stdout] 
[INFO] [stdout] ---- diff::tests::basic_diff stdout ----
[INFO] [stdout] -lol
[INFO] [stdout] +yay 
[INFO] [stdout] 
[INFO] [stdout] thread 'diff::tests::basic_diff' panicked at src/diff.rs:60:9:
[INFO] [stdout] assertion `left == right` failed
[INFO] [stdout]   left: "-lol\n+yay \n"
[INFO] [stdout]  right: "\u{1b}[31m-lol\u{1b}[0m\n\u{1b}[32m+\u{1b}[0m\u{1b}[7;32myay\u{1b}[0m \n"
[INFO] [stdout] stack backtrace:
[INFO] [stdout]    0:     0x5dc646be563a - std::backtrace_rs::backtrace::libunwind::trace::h8810477743020387
[INFO] [stdout]                                at /rustc/202008a1b8de96d2e5b6bc02d379db03a877d34d/library/std/src/../../backtrace/src/backtrace/libunwind.rs:116:5
[INFO] [stdout]    1:     0x5dc646be563a - std::backtrace_rs::backtrace::trace_unsynchronized::h3aa55355dd6c54a6
[INFO] [stdout]                                at /rustc/202008a1b8de96d2e5b6bc02d379db03a877d34d/library/std/src/../../backtrace/src/backtrace/mod.rs:66:5
[INFO] [stdout]    2:     0x5dc646be563a - std::sys::backtrace::_print_fmt::h8588b0f62410823f
[INFO] [stdout]                                at /rustc/202008a1b8de96d2e5b6bc02d379db03a877d34d/library/std/src/sys/backtrace.rs:66:9
[INFO] [stdout]    3:     0x5dc646be563a - <std::sys::backtrace::BacktraceLock::print::DisplayBacktrace as core::fmt::Display>::fmt::h98c26ac25ffe89bb
[INFO] [stdout]                                at /rustc/202008a1b8de96d2e5b6bc02d379db03a877d34d/library/std/src/sys/backtrace.rs:39:26
[INFO] [stdout]    4:     0x5dc646c0b4a3 - core::fmt::rt::Argument::fmt::hf95377f4aebd453b
[INFO] [stdout]                                at /rustc/202008a1b8de96d2e5b6bc02d379db03a877d34d/library/core/src/fmt/rt.rs:177:76
[INFO] [stdout]    5:     0x5dc646c0b4a3 - core::fmt::write::h0dd5f6e2238c7982
[INFO] [stdout]                                at /rustc/202008a1b8de96d2e5b6bc02d379db03a877d34d/library/core/src/fmt/mod.rs:1189:21
[INFO] [stdout]    6:     0x5dc646be2293 - std::io::Write::write_fmt::h03bb0ca26e6faf8c
[INFO] [stdout]                                at /rustc/202008a1b8de96d2e5b6bc02d379db03a877d34d/library/std/src/io/mod.rs:1884:15
[INFO] [stdout]    7:     0x5dc646be5482 - std::sys::backtrace::BacktraceLock::print::h5c19c1c038ee186d
[INFO] [stdout]                                at /rustc/202008a1b8de96d2e5b6bc02d379db03a877d34d/library/std/src/sys/backtrace.rs:42:9
[INFO] [stdout]    8:     0x5dc646be6abd - std::panicking::default_hook::{{closure}}::h77172f079a1fcb13
[INFO] [stdout]                                at /rustc/202008a1b8de96d2e5b6bc02d379db03a877d34d/library/std/src/panicking.rs:268:22
[INFO] [stdout]    9:     0x5dc646be68c7 - std::panicking::default_hook::he5f8e3b203ccddba
[INFO] [stdout]                                at /rustc/202008a1b8de96d2e5b6bc02d379db03a877d34d/library/std/src/panicking.rs:292:9
[INFO] [stdout]   10:     0x5dc646a990a7 - <alloc::boxed::Box<F,A> as core::ops::function::Fn<Args>>::call::h7a3c7b4a1ae77f2f
[INFO] [stdout]                                at /rustc/202008a1b8de96d2e5b6bc02d379db03a877d34d/library/alloc/src/boxed.rs:1986:9
[INFO] [stdout]   11:     0x5dc646a990a7 - test::test_main::{{closure}}::hf0d3b69ae9b353d1
[INFO] [stdout]                                at /rustc/202008a1b8de96d2e5b6bc02d379db03a877d34d/library/test/src/lib.rs:134:21
[INFO] [stdout]   12:     0x5dc646be7168 - <alloc::boxed::Box<F,A> as core::ops::function::Fn<Args>>::call::h6332e82e7b189abd
[INFO] [stdout]                                at /rustc/202008a1b8de96d2e5b6bc02d379db03a877d34d/library/alloc/src/boxed.rs:1986:9
[INFO] [stdout]   13:     0x5dc646be7168 - std::panicking::rust_panic_with_hook::h53863d4e9018df39
[INFO] [stdout]                                at /rustc/202008a1b8de96d2e5b6bc02d379db03a877d34d/library/std/src/panicking.rs:809:13
[INFO] [stdout]   14:     0x5dc646be6f2a - std::panicking::begin_panic_handler::{{closure}}::h67280e6fa0757873
[INFO] [stdout]                                at /rustc/202008a1b8de96d2e5b6bc02d379db03a877d34d/library/std/src/panicking.rs:674:13
[INFO] [stdout]   15:     0x5dc646be5b19 - std::sys::backtrace::__rust_end_short_backtrace::h1dac3f54d6fbbeb2
[INFO] [stdout]                                at /rustc/202008a1b8de96d2e5b6bc02d379db03a877d34d/library/std/src/sys/backtrace.rs:170:18
[INFO] [stdout]   16:     0x5dc646be6bbc - rust_begin_unwind
[INFO] [stdout]                                at /rustc/202008a1b8de96d2e5b6bc02d379db03a877d34d/library/std/src/panicking.rs:665:5
[INFO] [stdout]   17:     0x5dc646a330c0 - core::panicking::panic_fmt::h6792bd1b2bf01041
[INFO] [stdout]                                at /rustc/202008a1b8de96d2e5b6bc02d379db03a877d34d/library/core/src/panicking.rs:76:14
[INFO] [stdout]   18:     0x5dc646a3348b - core::panicking::assert_failed_inner::hf2c17e6d30928787
[INFO] [stdout]   19:     0x5dc646a49d84 - core::panicking::assert_failed::h4ddcdd2c4fdb33ba
[INFO] [stdout]                                at /rustc/202008a1b8de96d2e5b6bc02d379db03a877d34d/library/core/src/panicking.rs:373:5
[INFO] [stdout]   20:     0x5dc646a5aae8 - assert_cli::diff::tests::basic_diff::h17eb4f98ba3d23b8
[INFO] [stdout]                                at /opt/rustwide/workdir/src/diff.rs:60:9
[INFO] [stdout]   21:     0x5dc646a5a727 - assert_cli::diff::tests::basic_diff::{{closure}}::h181749cc67266cef
[INFO] [stdout]                                at /opt/rustwide/workdir/src/diff.rs:57:20
[INFO] [stdout]   22:     0x5dc646a42f06 - core::ops::function::FnOnce::call_once::he500fc61934a7005
[INFO] [stdout]                                at /rustc/202008a1b8de96d2e5b6bc02d379db03a877d34d/library/core/src/ops/function.rs:250:5
[INFO] [stdout]   23:     0x5dc646a9dbcb - core::ops::function::FnOnce::call_once::h871bf86719ec9aa4
[INFO] [stdout]                                at /rustc/202008a1b8de96d2e5b6bc02d379db03a877d34d/library/core/src/ops/function.rs:250:5
[INFO] [stdout]   24:     0x5dc646a9dbcb - test::__rust_begin_short_backtrace::h2167df1e2b7d76fd
[INFO] [stdout]                                at /rustc/202008a1b8de96d2e5b6bc02d379db03a877d34d/library/test/src/lib.rs:632:18
[INFO] [stdout]   25:     0x5dc646a9d5b8 - test::run_test_in_process::{{closure}}::h15d92f75a3adfb79
[INFO] [stdout]                                at /rustc/202008a1b8de96d2e5b6bc02d379db03a877d34d/library/test/src/lib.rs:655:60
[INFO] [stdout]   26:     0x5dc646a9d5b8 - <core::panic::unwind_safe::AssertUnwindSafe<F> as core::ops::function::FnOnce<()>>::call_once::hb6c8955835a8dbbb
[INFO] [stdout]                                at /rustc/202008a1b8de96d2e5b6bc02d379db03a877d34d/library/core/src/panic/unwind_safe.rs:272:9
[INFO] [stdout]   27:     0x5dc646a9d5b8 - std::panicking::try::do_call::hc79d0fc888a0bd30
[INFO] [stdout]                                at /rustc/202008a1b8de96d2e5b6bc02d379db03a877d34d/library/std/src/panicking.rs:557:40
[INFO] [stdout]   28:     0x5dc646a9d5b8 - std::panicking::try::hb8a7878e3a8589d6
[INFO] [stdout]                                at /rustc/202008a1b8de96d2e5b6bc02d379db03a877d34d/library/std/src/panicking.rs:520:19
[INFO] [stdout]   29:     0x5dc646a9d5b8 - std::panic::catch_unwind::hb8e4600ff0ff5cfa
[INFO] [stdout]                                at /rustc/202008a1b8de96d2e5b6bc02d379db03a877d34d/library/std/src/panic.rs:358:14
[INFO] [stdout]   30:     0x5dc646a9d5b8 - test::run_test_in_process::hc2900b0b18688dd6
[INFO] [stdout]                                at /rustc/202008a1b8de96d2e5b6bc02d379db03a877d34d/library/test/src/lib.rs:655:27
[INFO] [stdout]   31:     0x5dc646a9d5b8 - test::run_test::{{closure}}::hac2a9cb07be3d48d
[INFO] [stdout]                                at /rustc/202008a1b8de96d2e5b6bc02d379db03a877d34d/library/test/src/lib.rs:576:43
[INFO] [stdout]   32:     0x5dc646a6105a - test::run_test::{{closure}}::h4a5b729e66a38cd8
[INFO] [stdout]                                at /rustc/202008a1b8de96d2e5b6bc02d379db03a877d34d/library/test/src/lib.rs:606:41
[INFO] [stdout]   33:     0x5dc646a6105a - std::sys::backtrace::__rust_begin_short_backtrace::h0496fb742492f573
[INFO] [stdout]                                at /rustc/202008a1b8de96d2e5b6bc02d379db03a877d34d/library/std/src/sys/backtrace.rs:154:18
[INFO] [stdout]   34:     0x5dc646a649d4 - std::thread::Builder::spawn_unchecked_::{{closure}}::{{closure}}::hbb6d257c550a54bd
[INFO] [stdout]                                at /rustc/202008a1b8de96d2e5b6bc02d379db03a877d34d/library/std/src/thread/mod.rs:561:17
[INFO] [stdout]   35:     0x5dc646a649d4 - <core::panic::unwind_safe::AssertUnwindSafe<F> as core::ops::function::FnOnce<()>>::call_once::h46696fe4a6832328
[INFO] [stdout]                                at /rustc/202008a1b8de96d2e5b6bc02d379db03a877d34d/library/core/src/panic/unwind_safe.rs:272:9
[INFO] [stdout]   36:     0x5dc646a649d4 - std::panicking::try::do_call::h2625a51b667bfb64
[INFO] [stdout]                                at /rustc/202008a1b8de96d2e5b6bc02d379db03a877d34d/library/std/src/panicking.rs:557:40
[INFO] [stdout]   37:     0x5dc646a649d4 - std::panicking::try::hb956a59a1973aa4c
[INFO] [stdout]                                at /rustc/202008a1b8de96d2e5b6bc02d379db03a877d34d/library/std/src/panicking.rs:520:19
[INFO] [stdout]   38:     0x5dc646a649d4 - std::panic::catch_unwind::h64f3b9d1067ef6a0
[INFO] [stdout]                                at /rustc/202008a1b8de96d2e5b6bc02d379db03a877d34d/library/std/src/panic.rs:358:14
[INFO] [stdout]   39:     0x5dc646a649d4 - std::thread::Builder::spawn_unchecked_::{{closure}}::h42b2841295b6c0b2
[INFO] [stdout]                                at /rustc/202008a1b8de96d2e5b6bc02d379db03a877d34d/library/std/src/thread/mod.rs:559:30
[INFO] [stdout]   40:     0x5dc646a649d4 - core::ops::function::FnOnce::call_once{{vtable.shim}}::h6127de71b8124639
[INFO] [stdout]                                at /rustc/202008a1b8de96d2e5b6bc02d379db03a877d34d/library/core/src/ops/function.rs:250:5
[INFO] [stdout]   41:     0x5dc646beb2eb - <alloc::boxed::Box<F,A> as core::ops::function::FnOnce<Args>>::call_once::h42f0ba71002a1b2c
[INFO] [stdout]                                at /rustc/202008a1b8de96d2e5b6bc02d379db03a877d34d/library/alloc/src/boxed.rs:1972:9
[INFO] [stdout]   42:     0x5dc646beb2eb - <alloc::boxed::Box<F,A> as core::ops::function::FnOnce<Args>>::call_once::had9e47d7a3dcecb8
[INFO] [stdout]                                at /rustc/202008a1b8de96d2e5b6bc02d379db03a877d34d/library/alloc/src/boxed.rs:1972:9
[INFO] [stdout]   43:     0x5dc646beb2eb - std::sys::pal::unix::thread::Thread::new::thread_start::h48cf765408f6f5f2
[INFO] [stdout]                                at /rustc/202008a1b8de96d2e5b6bc02d379db03a877d34d/library/std/src/sys/pal/unix/thread.rs:105:17
[INFO] [stdout]   44:     0x7d3817a30ac3 - <unknown>
[INFO] [stdout]   45:     0x7d3817ac1a04 - clone
[INFO] [stdout]   46:                0x0 - <unknown>
[INFO] [stdout] 
[INFO] [stdout] ---- diff::tests::added_first_line_diff stdout ----
[INFO] [stdout] +Line 0
[INFO] [stdout]  Line 1
[INFO] [stdout] Line 2
[INFO] [stdout] Line 3
[INFO] [stdout] 
[INFO] [stdout] thread 'diff::tests::added_first_line_diff' panicked at src/diff.rs:100:9:
[INFO] [stdout] assertion `left == right` failed
[INFO] [stdout]   left: "+Line 0\n Line 1\nLine 2\nLine 3\n"
[INFO] [stdout]  right: "\u{1b}[32m+Line 0\u{1b}[0m\n Line 1\nLine 2\nLine 3\n"
[INFO] [stdout] stack backtrace:
[INFO] [stdout]    0:     0x5dc646be563a - std::backtrace_rs::backtrace::libunwind::trace::h8810477743020387
[INFO] [stdout]                                at /rustc/202008a1b8de96d2e5b6bc02d379db03a877d34d/library/std/src/../../backtrace/src/backtrace/libunwind.rs:116:5
[INFO] [stdout]    1:     0x5dc646be563a - std::backtrace_rs::backtrace::trace_unsynchronized::h3aa55355dd6c54a6
[INFO] [stdout]                                at /rustc/202008a1b8de96d2e5b6bc02d379db03a877d34d/library/std/src/../../backtrace/src/backtrace/mod.rs:66:5
[INFO] [stdout]    2:     0x5dc646be563a - std::sys::backtrace::_print_fmt::h8588b0f62410823f
[INFO] [stdout]                                at /rustc/202008a1b8de96d2e5b6bc02d379db03a877d34d/library/std/src/sys/backtrace.rs:66:9
[INFO] [stdout]    3:     0x5dc646be563a - <std::sys::backtrace::BacktraceLock::print::DisplayBacktrace as core::fmt::Display>::fmt::h98c26ac25ffe89bb
[INFO] [stdout]                                at /rustc/202008a1b8de96d2e5b6bc02d379db03a877d34d/library/std/src/sys/backtrace.rs:39:26
[INFO] [stdout]    4:     0x5dc646c0b4a3 - core::fmt::rt::Argument::fmt::hf95377f4aebd453b
[INFO] [stdout]                                at /rustc/202008a1b8de96d2e5b6bc02d379db03a877d34d/library/core/src/fmt/rt.rs:177:76
[INFO] [stdout]    5:     0x5dc646c0b4a3 - core::fmt::write::h0dd5f6e2238c7982
[INFO] [stdout]                                at /rustc/202008a1b8de96d2e5b6bc02d379db03a877d34d/library/core/src/fmt/mod.rs:1189:21
[INFO] [stdout]    6:     0x5dc646be2293 - std::io::Write::write_fmt::h03bb0ca26e6faf8c
[INFO] [stdout]                                at /rustc/202008a1b8de96d2e5b6bc02d379db03a877d34d/library/std/src/io/mod.rs:1884:15
[INFO] [stdout]    7:     0x5dc646be5482 - std::sys::backtrace::BacktraceLock::print::h5c19c1c038ee186d
[INFO] [stdout]                                at /rustc/202008a1b8de96d2e5b6bc02d379db03a877d34d/library/std/src/sys/backtrace.rs:42:9
[INFO] [stdout]    8:     0x5dc646be6abd - std::panicking::default_hook::{{closure}}::h77172f079a1fcb13
[INFO] [stdout]                                at /rustc/202008a1b8de96d2e5b6bc02d379db03a877d34d/library/std/src/panicking.rs:268:22
[INFO] [stdout]    9:     0x5dc646be68c7 - std::panicking::default_hook::he5f8e3b203ccddba
[INFO] [stdout]                                at /rustc/202008a1b8de96d2e5b6bc02d379db03a877d34d/library/std/src/panicking.rs:292:9
[INFO] [stdout]   10:     0x5dc646a990a7 - <alloc::boxed::Box<F,A> as core::ops::function::Fn<Args>>::call::h7a3c7b4a1ae77f2f
[INFO] [stdout]                                at /rustc/202008a1b8de96d2e5b6bc02d379db03a877d34d/library/alloc/src/boxed.rs:1986:9
[INFO] [stdout]   11:     0x5dc646a990a7 - test::test_main::{{closure}}::hf0d3b69ae9b353d1
[INFO] [stdout]                                at /rustc/202008a1b8de96d2e5b6bc02d379db03a877d34d/library/test/src/lib.rs:134:21
[INFO] [stdout]   12:     0x5dc646be7168 - <alloc::boxed::Box<F,A> as core::ops::function::Fn<Args>>::call::h6332e82e7b189abd
[INFO] [stdout]                                at /rustc/202008a1b8de96d2e5b6bc02d379db03a877d34d/library/alloc/src/boxed.rs:1986:9
[INFO] [stdout]   13:     0x5dc646be7168 - std::panicking::rust_panic_with_hook::h53863d4e9018df39
[INFO] [stdout]                                at /rustc/202008a1b8de96d2e5b6bc02d379db03a877d34d/library/std/src/panicking.rs:809:13
[INFO] [stdout]   14:     0x5dc646be6f2a - std::panicking::begin_panic_handler::{{closure}}::h67280e6fa0757873
[INFO] [stdout]                                at /rustc/202008a1b8de96d2e5b6bc02d379db03a877d34d/library/std/src/panicking.rs:674:13
[INFO] [stdout]   15:     0x5dc646be5b19 - std::sys::backtrace::__rust_end_short_backtrace::h1dac3f54d6fbbeb2
[INFO] [stdout]                                at /rustc/202008a1b8de96d2e5b6bc02d379db03a877d34d/library/std/src/sys/backtrace.rs:170:18
[INFO] [stdout]   16:     0x5dc646be6bbc - rust_begin_unwind
[INFO] [stdout]                                at /rustc/202008a1b8de96d2e5b6bc02d379db03a877d34d/library/std/src/panicking.rs:665:5
[INFO] [stdout]   17:     0x5dc646a330c0 - core::panicking::panic_fmt::h6792bd1b2bf01041
[INFO] [stdout]                                at /rustc/202008a1b8de96d2e5b6bc02d379db03a877d34d/library/core/src/panicking.rs:76:14
[INFO] [stdout]   18:     0x5dc646a3348b - core::panicking::assert_failed_inner::hf2c17e6d30928787
[INFO] [stdout]   19:     0x5dc646a49d84 - core::panicking::assert_failed::h4ddcdd2c4fdb33ba
[INFO] [stdout]                                at /rustc/202008a1b8de96d2e5b6bc02d379db03a877d34d/library/core/src/panicking.rs:373:5
[INFO] [stdout]   20:     0x5dc646a5b360 - assert_cli::diff::tests::added_first_line_diff::h1a59c518e379f66d
[INFO] [stdout]                                at /opt/rustwide/workdir/src/diff.rs:100:9
[INFO] [stdout]   21:     0x5dc646a5af97 - assert_cli::diff::tests::added_first_line_diff::{{closure}}::h3563016d750a9275
[INFO] [stdout]                                at /opt/rustwide/workdir/src/diff.rs:93:31
[INFO] [stdout]   22:     0x5dc646a42cd6 - core::ops::function::FnOnce::call_once::h5f44da36447d930b
[INFO] [stdout]                                at /rustc/202008a1b8de96d2e5b6bc02d379db03a877d34d/library/core/src/ops/function.rs:250:5
[INFO] [stdout]   23:     0x5dc646a9dbcb - core::ops::function::FnOnce::call_once::h871bf86719ec9aa4
[INFO] [stdout]                                at /rustc/202008a1b8de96d2e5b6bc02d379db03a877d34d/library/core/src/ops/function.rs:250:5
[INFO] [stdout]   24:     0x5dc646a9dbcb - test::__rust_begin_short_backtrace::h2167df1e2b7d76fd
[INFO] [stdout]                                at /rustc/202008a1b8de96d2e5b6bc02d379db03a877d34d/library/test/src/lib.rs:632:18
[INFO] [stdout]   25:     0x5dc646a9d5b8 - test::run_test_in_process::{{closure}}::h15d92f75a3adfb79
[INFO] [stdout]                                at /rustc/202008a1b8de96d2e5b6bc02d379db03a877d34d/library/test/src/lib.rs:655:60
[INFO] [stdout]   26:     0x5dc646a9d5b8 - <core::panic::unwind_safe::AssertUnwindSafe<F> as core::ops::function::FnOnce<()>>::call_once::hb6c8955835a8dbbb
[INFO] [stdout]                                at /rustc/202008a1b8de96d2e5b6bc02d379db03a877d34d/library/core/src/panic/unwind_safe.rs:272:9
[INFO] [stdout]   27:     0x5dc646a9d5b8 - std::panicking::try::do_call::hc79d0fc888a0bd30
[INFO] [stdout]                                at /rustc/202008a1b8de96d2e5b6bc02d379db03a877d34d/library/std/src/panicking.rs:557:40
[INFO] [stdout]   28:     0x5dc646a9d5b8 - std::panicking::try::hb8a7878e3a8589d6
[INFO] [stdout]                                at /rustc/202008a1b8de96d2e5b6bc02d379db03a877d34d/library/std/src/panicking.rs:520:19
[INFO] [stdout]   29:     0x5dc646a9d5b8 - std::panic::catch_unwind::hb8e4600ff0ff5cfa
[INFO] [stdout]                                at /rustc/202008a1b8de96d2e5b6bc02d379db03a877d34d/library/std/src/panic.rs:358:14
[INFO] [stdout]   30:     0x5dc646a9d5b8 - test::run_test_in_process::hc2900b0b18688dd6
[INFO] [stdout]                                at /rustc/202008a1b8de96d2e5b6bc02d379db03a877d34d/library/test/src/lib.rs:655:27
[INFO] [stdout]   31:     0x5dc646a9d5b8 - test::run_test::{{closure}}::hac2a9cb07be3d48d
[INFO] [stdout]                                at /rustc/202008a1b8de96d2e5b6bc02d379db03a877d34d/library/test/src/lib.rs:576:43
[INFO] [stdout]   32:     0x5dc646a6105a - test::run_test::{{closure}}::h4a5b729e66a38cd8
[INFO] [stdout]                                at /rustc/202008a1b8de96d2e5b6bc02d379db03a877d34d/library/test/src/lib.rs:606:41
[INFO] [stdout]   33:     0x5dc646a6105a - std::sys::backtrace::__rust_begin_short_backtrace::h0496fb742492f573
[INFO] [stdout]                                at /rustc/202008a1b8de96d2e5b6bc02d379db03a877d34d/library/std/src/sys/backtrace.rs:154:18
[INFO] [stdout]   34:     0x5dc646a649d4 - std::thread::Builder::spawn_unchecked_::{{closure}}::{{closure}}::hbb6d257c550a54bd
[INFO] [stdout]                                at /rustc/202008a1b8de96d2e5b6bc02d379db03a877d34d/library/std/src/thread/mod.rs:561:17
[INFO] [stdout]   35:     0x5dc646a649d4 - <core::panic::unwind_safe::AssertUnwindSafe<F> as core::ops::function::FnOnce<()>>::call_once::h46696fe4a6832328
[INFO] [stdout]                                at /rustc/202008a1b8de96d2e5b6bc02d379db03a877d34d/library/core/src/panic/unwind_safe.rs:272:9
[INFO] [stdout]   36:     0x5dc646a649d4 - std::panicking::try::do_call::h2625a51b667bfb64
[INFO] [stdout]                                at /rustc/202008a1b8de96d2e5b6bc02d379db03a877d34d/library/std/src/panicking.rs:557:40
[INFO] [stdout]   37:     0x5dc646a649d4 - std::panicking::try::hb956a59a1973aa4c
[INFO] [stdout]                                at /rustc/202008a1b8de96d2e5b6bc02d379db03a877d34d/library/std/src/panicking.rs:520:19
[INFO] [stdout]   38:     0x5dc646a649d4 - std::panic::catch_unwind::h64f3b9d1067ef6a0
[INFO] [stdout]                                at /rustc/202008a1b8de96d2e5b6bc02d379db03a877d34d/library/std/src/panic.rs:358:14
[INFO] [stdout]   39:     0x5dc646a649d4 - std::thread::Builder::spawn_unchecked_::{{closure}}::h42b2841295b6c0b2
[INFO] [stdout]                                at /rustc/202008a1b8de96d2e5b6bc02d379db03a877d34d/library/std/src/thread/mod.rs:559:30
[INFO] [stdout]   40:     0x5dc646a649d4 - core::ops::function::FnOnce::call_once{{vtable.shim}}::h6127de71b8124639
[INFO] [stdout]                                at /rustc/202008a1b8de96d2e5b6bc02d379db03a877d34d/library/core/src/ops/function.rs:250:5
[INFO] [stdout]   41:     0x5dc646beb2eb - <alloc::boxed::Box<F,A> as core::ops::function::FnOnce<Args>>::call_once::h42f0ba71002a1b2c
[INFO] [stdout]                                at /rustc/202008a1b8de96d2e5b6bc02d379db03a877d34d/library/alloc/src/boxed.rs:1972:9
[INFO] [stdout]   42:     0x5dc646beb2eb - <alloc::boxed::Box<F,A> as core::ops::function::FnOnce<Args>>::call_once::had9e47d7a3dcecb8
[INFO] [stdout]                                at /rustc/202008a1b8de96d2e5b6bc02d379db03a877d34d/library/alloc/src/boxed.rs:1972:9
[INFO] [stdout]   43:     0x5dc646beb2eb - std::sys::pal::unix::thread::Thread::new::thread_start::h48cf765408f6f5f2
[INFO] [stdout]                                at /rustc/202008a1b8de96d2e5b6bc02d379db03a877d34d/library/std/src/sys/pal/unix/thread.rs:105:17
[INFO] [stdout]   44:     0x7d3817a30ac3 - <unknown>
[INFO] [stdout]   45:     0x7d3817ac1a04 - clone
[INFO] [stdout]   46:                0x0 - <unknown>
[INFO] [stdout] 
[INFO] [stdout] 
[INFO] [stdout] failures:
[INFO] [stdout]     diff::tests::added_first_line_diff
[INFO] [stdout]     diff::tests::basic_diff
[INFO] [stdout]     diff::tests::multiline_diff
[INFO] [stdout] 
[INFO] [stdout] test result: FAILED. 16 passed; 3 failed; 0 ignored; 0 measured; 0 filtered out; finished in 0.15s
[INFO] [stdout] 
[INFO] [stderr] error: test failed, to rerun pass `--lib`
[INFO] running `Command { std: "docker" "inspect" "a4c928964569937a6ff070aa96a2af75d0778b98ea4ce2e3f7f8328015084a45", kill_on_drop: false }`
[INFO] running `Command { std: "docker" "rm" "-f" "a4c928964569937a6ff070aa96a2af75d0778b98ea4ce2e3f7f8328015084a45", kill_on_drop: false }`
[INFO] [stdout] a4c928964569937a6ff070aa96a2af75d0778b98ea4ce2e3f7f8328015084a45
