[INFO] fetching crate assemblage_kv 0.1.0...
[INFO] testing assemblage_kv-0.1.0 against beta-2024-12-08 for beta-1.84.0-4-retry
[INFO] extracting crate assemblage_kv 0.1.0 into /workspace/builds/worker-1-tc2/source
[INFO] validating manifest of crates.io crate assemblage_kv 0.1.0 on toolchain beta-2024-12-08
[INFO] running `Command { std: CARGO_HOME="/workspace/cargo-home" RUSTUP_HOME="/workspace/rustup-home" "/workspace/cargo-home/bin/cargo" "+beta-2024-12-08" "metadata" "--manifest-path" "Cargo.toml" "--no-deps", kill_on_drop: false }`
[INFO] started tweaking crates.io crate assemblage_kv 0.1.0
[INFO] finished tweaking crates.io crate assemblage_kv 0.1.0
[INFO] tweaked toml for crates.io crate assemblage_kv 0.1.0 written to /workspace/builds/worker-1-tc2/source/Cargo.toml
[INFO] running `Command { std: CARGO_HOME="/workspace/cargo-home" RUSTUP_HOME="/workspace/rustup-home" "/workspace/cargo-home/bin/cargo" "+beta-2024-12-08" "generate-lockfile" "--manifest-path" "Cargo.toml", kill_on_drop: false }`
[INFO] [stderr]     Updating crates.io index
[INFO] [stderr]      Locking 74 packages to latest compatible versions
[INFO] [stderr]       Adding console_log v0.2.2 (available: v1.0.0)
[INFO] [stderr]       Adding env_logger v0.8.4 (available: v0.11.5)
[INFO] [stderr]       Adding rmp-serde v0.15.5 (available: v1.3.0)
[INFO] running `Command { std: CARGO_HOME="/workspace/cargo-home" RUSTUP_HOME="/workspace/rustup-home" "/workspace/cargo-home/bin/cargo" "+beta-2024-12-08" "fetch" "--manifest-path" "Cargo.toml", kill_on_drop: false }`
[INFO] [stderr]     Blocking waiting for file lock on package cache
[INFO] running `Command { std: "docker" "create" "-v" "/var/lib/crater-agent-workspace/builds/worker-1-tc2/target:/opt/rustwide/target:rw,Z" "-v" "/var/lib/crater-agent-workspace/builds/worker-1-tc2/source:/opt/rustwide/workdir:ro,Z" "-v" "/var/lib/crater-agent-workspace/cargo-home:/opt/rustwide/cargo-home:ro,Z" "-v" "/var/lib/crater-agent-workspace/rustup-home:/opt/rustwide/rustup-home:ro,Z" "-e" "SOURCE_DIR=/opt/rustwide/workdir" "-e" "CARGO_TARGET_DIR=/opt/rustwide/target" "-e" "CARGO_HOME=/opt/rustwide/cargo-home" "-e" "RUSTUP_HOME=/opt/rustwide/rustup-home" "-w" "/opt/rustwide/workdir" "-m" "1610612736" "--user" "0:0" "--network" "none" "ghcr.io/rust-lang/crates-build-env/linux@sha256:f3a9d4ad9d972b27faf3965f35b62e55ba32bbce8f20bc8fe909558a86702fde" "/opt/rustwide/cargo-home/bin/cargo" "+beta-2024-12-08" "metadata" "--no-deps" "--format-version=1", kill_on_drop: false }`
[INFO] [stdout] c34e7d99a11ea2295e0767ba4cdc0e03cbc48f9052a02d4fb8151454d87aee54
[INFO] running `Command { std: "docker" "start" "-a" "c34e7d99a11ea2295e0767ba4cdc0e03cbc48f9052a02d4fb8151454d87aee54", kill_on_drop: false }`
[INFO] running `Command { std: "docker" "inspect" "c34e7d99a11ea2295e0767ba4cdc0e03cbc48f9052a02d4fb8151454d87aee54", kill_on_drop: false }`
[INFO] running `Command { std: "docker" "rm" "-f" "c34e7d99a11ea2295e0767ba4cdc0e03cbc48f9052a02d4fb8151454d87aee54", kill_on_drop: false }`
[INFO] [stdout] c34e7d99a11ea2295e0767ba4cdc0e03cbc48f9052a02d4fb8151454d87aee54
[INFO] running `Command { std: "docker" "create" "-v" "/var/lib/crater-agent-workspace/builds/worker-1-tc2/target:/opt/rustwide/target:rw,Z" "-v" "/var/lib/crater-agent-workspace/builds/worker-1-tc2/source:/opt/rustwide/workdir:ro,Z" "-v" "/var/lib/crater-agent-workspace/cargo-home:/opt/rustwide/cargo-home:ro,Z" "-v" "/var/lib/crater-agent-workspace/rustup-home:/opt/rustwide/rustup-home:ro,Z" "-e" "SOURCE_DIR=/opt/rustwide/workdir" "-e" "CARGO_TARGET_DIR=/opt/rustwide/target" "-e" "CARGO_INCREMENTAL=0" "-e" "RUST_BACKTRACE=full" "-e" "RUSTFLAGS=--cap-lints=warn" "-e" "RUSTDOCFLAGS=--cap-lints=warn" "-e" "CARGO_HOME=/opt/rustwide/cargo-home" "-e" "RUSTUP_HOME=/opt/rustwide/rustup-home" "-w" "/opt/rustwide/workdir" "-m" "1610612736" "--user" "0:0" "--network" "none" "ghcr.io/rust-lang/crates-build-env/linux@sha256:f3a9d4ad9d972b27faf3965f35b62e55ba32bbce8f20bc8fe909558a86702fde" "/opt/rustwide/cargo-home/bin/cargo" "+beta-2024-12-08" "build" "--frozen" "--message-format=json", kill_on_drop: false }`
[INFO] [stdout] 722b333fc1a73c23d6135992d664119b8debc5d4816810567d84ac7b1b1bb377
[INFO] running `Command { std: "docker" "start" "-a" "722b333fc1a73c23d6135992d664119b8debc5d4816810567d84ac7b1b1bb377", kill_on_drop: false }`
[INFO] [stderr]    Compiling proc-macro2 v1.0.92
[INFO] [stderr]    Compiling autocfg v1.4.0
[INFO] [stderr]    Compiling paste v1.0.15
[INFO] [stderr]    Compiling unicode-ident v1.0.14
[INFO] [stderr]    Compiling serde v1.0.216
[INFO] [stderr]    Compiling byteorder v1.5.0
[INFO] [stderr]    Compiling cfg-if v1.0.0
[INFO] [stderr]    Compiling bytes v1.9.0
[INFO] [stderr]    Compiling pin-project-lite v0.2.15
[INFO] [stderr]    Compiling crc32fast v1.4.2
[INFO] [stderr]    Compiling tokio v1.42.0
[INFO] [stderr]    Compiling log v0.4.22
[INFO] [stderr]    Compiling num-traits v0.2.19
[INFO] [stderr]    Compiling quote v1.0.37
[INFO] [stderr]    Compiling syn v2.0.90
[INFO] [stderr]    Compiling rmp v0.8.14
[INFO] [stderr]    Compiling rmp-serde v0.15.5
[INFO] [stderr]    Compiling async-trait v0.1.83
[INFO] [stderr]    Compiling assemblage_kv v0.1.0 (/opt/rustwide/workdir)
[INFO] [stderr]     Finished `dev` profile [unoptimized + debuginfo] target(s) in 15.75s
[INFO] running `Command { std: "docker" "inspect" "722b333fc1a73c23d6135992d664119b8debc5d4816810567d84ac7b1b1bb377", kill_on_drop: false }`
[INFO] running `Command { std: "docker" "rm" "-f" "722b333fc1a73c23d6135992d664119b8debc5d4816810567d84ac7b1b1bb377", kill_on_drop: false }`
[INFO] [stdout] 722b333fc1a73c23d6135992d664119b8debc5d4816810567d84ac7b1b1bb377
[INFO] running `Command { std: "docker" "create" "-v" "/var/lib/crater-agent-workspace/builds/worker-1-tc2/target:/opt/rustwide/target:rw,Z" "-v" "/var/lib/crater-agent-workspace/builds/worker-1-tc2/source:/opt/rustwide/workdir:ro,Z" "-v" "/var/lib/crater-agent-workspace/cargo-home:/opt/rustwide/cargo-home:ro,Z" "-v" "/var/lib/crater-agent-workspace/rustup-home:/opt/rustwide/rustup-home:ro,Z" "-e" "SOURCE_DIR=/opt/rustwide/workdir" "-e" "CARGO_TARGET_DIR=/opt/rustwide/target" "-e" "CARGO_INCREMENTAL=0" "-e" "RUST_BACKTRACE=full" "-e" "RUSTFLAGS=--cap-lints=warn" "-e" "RUSTDOCFLAGS=--cap-lints=warn" "-e" "CARGO_HOME=/opt/rustwide/cargo-home" "-e" "RUSTUP_HOME=/opt/rustwide/rustup-home" "-w" "/opt/rustwide/workdir" "-m" "1610612736" "--user" "0:0" "--network" "none" "ghcr.io/rust-lang/crates-build-env/linux@sha256:f3a9d4ad9d972b27faf3965f35b62e55ba32bbce8f20bc8fe909558a86702fde" "/opt/rustwide/cargo-home/bin/cargo" "+beta-2024-12-08" "test" "--frozen" "--no-run" "--message-format=json", kill_on_drop: false }`
[INFO] [stdout] 9bf35b2b11fd85689378761615ac344ff499869bf730c76237f1576b8d4ef2dc
[INFO] running `Command { std: "docker" "start" "-a" "9bf35b2b11fd85689378761615ac344ff499869bf730c76237f1576b8d4ef2dc", kill_on_drop: false }`
[INFO] [stderr]    Compiling memchr v2.7.4
[INFO] [stderr]    Compiling libc v0.2.168
[INFO] [stderr]    Compiling regex-syntax v0.8.5
[INFO] [stderr]    Compiling log v0.4.22
[INFO] [stderr]    Compiling tokio v1.42.0
[INFO] [stderr]    Compiling humantime v2.1.0
[INFO] [stderr]    Compiling termcolor v1.4.1
[INFO] [stderr]    Compiling aho-corasick v1.1.3
[INFO] [stderr]    Compiling atty v0.2.14
[INFO] [stderr]    Compiling regex-automata v0.4.9
[INFO] [stderr]    Compiling regex v1.11.1
[INFO] [stderr]    Compiling assemblage_kv v0.1.0 (/opt/rustwide/workdir)
[INFO] [stderr]    Compiling env_logger v0.8.4
[INFO] [stderr]     Finished `test` profile [unoptimized + debuginfo] target(s) in 34.69s
[INFO] running `Command { std: "docker" "inspect" "9bf35b2b11fd85689378761615ac344ff499869bf730c76237f1576b8d4ef2dc", kill_on_drop: false }`
[INFO] running `Command { std: "docker" "rm" "-f" "9bf35b2b11fd85689378761615ac344ff499869bf730c76237f1576b8d4ef2dc", kill_on_drop: false }`
[INFO] [stdout] 9bf35b2b11fd85689378761615ac344ff499869bf730c76237f1576b8d4ef2dc
[INFO] running `Command { std: "docker" "create" "-v" "/var/lib/crater-agent-workspace/builds/worker-1-tc2/target:/opt/rustwide/target:rw,Z" "-v" "/var/lib/crater-agent-workspace/builds/worker-1-tc2/source:/opt/rustwide/workdir:ro,Z" "-v" "/var/lib/crater-agent-workspace/cargo-home:/opt/rustwide/cargo-home:ro,Z" "-v" "/var/lib/crater-agent-workspace/rustup-home:/opt/rustwide/rustup-home:ro,Z" "-e" "SOURCE_DIR=/opt/rustwide/workdir" "-e" "CARGO_TARGET_DIR=/opt/rustwide/target" "-e" "CARGO_INCREMENTAL=0" "-e" "RUST_BACKTRACE=full" "-e" "RUSTFLAGS=--cap-lints=warn" "-e" "RUSTDOCFLAGS=--cap-lints=warn" "-e" "CARGO_HOME=/opt/rustwide/cargo-home" "-e" "RUSTUP_HOME=/opt/rustwide/rustup-home" "-w" "/opt/rustwide/workdir" "-m" "1610612736" "--user" "0:0" "--network" "none" "ghcr.io/rust-lang/crates-build-env/linux@sha256:f3a9d4ad9d972b27faf3965f35b62e55ba32bbce8f20bc8fe909558a86702fde" "/opt/rustwide/cargo-home/bin/cargo" "+beta-2024-12-08" "test" "--frozen", kill_on_drop: false }`
[INFO] [stdout] 472412ff02cf1a350b04821157a4b90467ccfcc5471890d27e1f48135ba12435
[INFO] running `Command { std: "docker" "start" "-a" "472412ff02cf1a350b04821157a4b90467ccfcc5471890d27e1f48135ba12435", kill_on_drop: false }`
[INFO] [stderr]     Finished `test` profile [unoptimized + debuginfo] target(s) in 0.08s
[INFO] [stderr]      Running unittests src/lib.rs (/opt/rustwide/target/debug/deps/assemblage_kv-ff47f9bfaaf46e03)
[INFO] [stderr]      Running tests/basics.rs (/opt/rustwide/target/debug/deps/basics-3c84bf936ee5988d)
[INFO] [stdout] 
[INFO] [stdout] running 0 tests
[INFO] [stdout] 
[INFO] [stdout] test result: ok. 0 passed; 0 failed; 0 ignored; 0 measured; 0 filtered out; finished in 0.00s
[INFO] [stdout] 
[INFO] [stdout] 
[INFO] [stdout] running 5 tests
[INFO] [stdout] test insert_and_get_int_keys ... FAILED
[INFO] [stdout] test insert_and_delete_ints_and_strings ... FAILED
[INFO] [stdout] test insert_and_get_zero_and_empty_string ... FAILED
[INFO] [stdout] test put_get_and_remove ... FAILED
[INFO] [stdout] test insert_and_get_string_keys ... FAILED
[INFO] [stdout] 
[INFO] [stdout] failures:
[INFO] [stdout] 
[INFO] [stdout] ---- insert_and_get_int_keys stdout ----
[INFO] [stdout] Error: StorageError(IoError(Os { code: 30, kind: ReadOnlyFilesystem, message: "Read-only file system" }))
[INFO] [stdout] 
[INFO] [stdout] ---- insert_and_delete_ints_and_strings stdout ----
[INFO] [stdout] Error: StorageError(IoError(Os { code: 30, kind: ReadOnlyFilesystem, message: "Read-only file system" }))
[INFO] [stdout] 
[INFO] [stdout] ---- insert_and_get_zero_and_empty_string stdout ----
[INFO] [stdout] Error: StorageError(IoError(Os { code: 30, kind: ReadOnlyFilesystem, message: "Read-only file system" }))
[INFO] [stdout] 
[INFO] [stdout] ---- put_get_and_remove stdout ----
[INFO] [stdout] Error: StorageError(IoError(Os { code: 30, kind: ReadOnlyFilesystem, message: "Read-only file system" }))
[INFO] [stdout] 
[INFO] [stdout] ---- insert_and_get_string_keys stdout ----
[INFO] [stdout] Error: StorageError(IoError(Os { code: 30, kind: ReadOnlyFilesystem, message: "Read-only file system" }))
[INFO] [stdout] 
[INFO] [stdout] 
[INFO] [stdout] failures:
[INFO] [stdout]     insert_and_delete_ints_and_strings
[INFO] [stdout]     insert_and_get_int_keys
[INFO] [stdout]     insert_and_get_string_keys
[INFO] [stdout]     insert_and_get_zero_and_empty_string
[INFO] [stdout]     put_get_and_remove
[INFO] [stdout] 
[INFO] [stdout] test result: FAILED. 0 passed; 5 failed; 0 ignored; 0 measured; 0 filtered out; finished in 0.05s
[INFO] [stdout] 
[INFO] [stderr] error: test failed, to rerun pass `--test basics`
[INFO] running `Command { std: "docker" "inspect" "472412ff02cf1a350b04821157a4b90467ccfcc5471890d27e1f48135ba12435", kill_on_drop: false }`
[INFO] running `Command { std: "docker" "rm" "-f" "472412ff02cf1a350b04821157a4b90467ccfcc5471890d27e1f48135ba12435", kill_on_drop: false }`
[INFO] [stdout] 472412ff02cf1a350b04821157a4b90467ccfcc5471890d27e1f48135ba12435
