[INFO] fetching crate ass_parser 0.1.8...
[INFO] testing ass_parser-0.1.8 against beta-2024-12-08 for beta-1.84.0-4-retry
[INFO] extracting crate ass_parser 0.1.8 into /workspace/builds/worker-2-tc2/source
[INFO] validating manifest of crates.io crate ass_parser 0.1.8 on toolchain beta-2024-12-08
[INFO] running `Command { std: CARGO_HOME="/workspace/cargo-home" RUSTUP_HOME="/workspace/rustup-home" "/workspace/cargo-home/bin/cargo" "+beta-2024-12-08" "metadata" "--manifest-path" "Cargo.toml" "--no-deps", kill_on_drop: false }`
[INFO] started tweaking crates.io crate ass_parser 0.1.8
[INFO] finished tweaking crates.io crate ass_parser 0.1.8
[INFO] tweaked toml for crates.io crate ass_parser 0.1.8 written to /workspace/builds/worker-2-tc2/source/Cargo.toml
[INFO] crate crates.io crate ass_parser 0.1.8 already has a lockfile, it will not be regenerated
[INFO] running `Command { std: CARGO_HOME="/workspace/cargo-home" RUSTUP_HOME="/workspace/rustup-home" "/workspace/cargo-home/bin/cargo" "+beta-2024-12-08" "fetch" "--manifest-path" "Cargo.toml", kill_on_drop: false }`
[INFO] [stderr]     Blocking waiting for file lock on package cache
[INFO] [stderr]     Blocking waiting for file lock on package cache
[INFO] running `Command { std: "docker" "create" "-v" "/var/lib/crater-agent-workspace/builds/worker-2-tc2/target:/opt/rustwide/target:rw,Z" "-v" "/var/lib/crater-agent-workspace/builds/worker-2-tc2/source:/opt/rustwide/workdir:ro,Z" "-v" "/var/lib/crater-agent-workspace/cargo-home:/opt/rustwide/cargo-home:ro,Z" "-v" "/var/lib/crater-agent-workspace/rustup-home:/opt/rustwide/rustup-home:ro,Z" "-e" "SOURCE_DIR=/opt/rustwide/workdir" "-e" "CARGO_TARGET_DIR=/opt/rustwide/target" "-e" "CARGO_HOME=/opt/rustwide/cargo-home" "-e" "RUSTUP_HOME=/opt/rustwide/rustup-home" "-w" "/opt/rustwide/workdir" "-m" "1610612736" "--user" "0:0" "--network" "none" "ghcr.io/rust-lang/crates-build-env/linux@sha256:f3a9d4ad9d972b27faf3965f35b62e55ba32bbce8f20bc8fe909558a86702fde" "/opt/rustwide/cargo-home/bin/cargo" "+beta-2024-12-08" "metadata" "--no-deps" "--format-version=1", kill_on_drop: false }`
[INFO] [stdout] b3758e803142d1e1753164c669f14a3377c8dbc0a637d47556a52c614d2ce00c
[INFO] running `Command { std: "docker" "start" "-a" "b3758e803142d1e1753164c669f14a3377c8dbc0a637d47556a52c614d2ce00c", kill_on_drop: false }`
[INFO] running `Command { std: "docker" "inspect" "b3758e803142d1e1753164c669f14a3377c8dbc0a637d47556a52c614d2ce00c", kill_on_drop: false }`
[INFO] running `Command { std: "docker" "rm" "-f" "b3758e803142d1e1753164c669f14a3377c8dbc0a637d47556a52c614d2ce00c", kill_on_drop: false }`
[INFO] [stdout] b3758e803142d1e1753164c669f14a3377c8dbc0a637d47556a52c614d2ce00c
[INFO] running `Command { std: "docker" "create" "-v" "/var/lib/crater-agent-workspace/builds/worker-2-tc2/target:/opt/rustwide/target:rw,Z" "-v" "/var/lib/crater-agent-workspace/builds/worker-2-tc2/source:/opt/rustwide/workdir:ro,Z" "-v" "/var/lib/crater-agent-workspace/cargo-home:/opt/rustwide/cargo-home:ro,Z" "-v" "/var/lib/crater-agent-workspace/rustup-home:/opt/rustwide/rustup-home:ro,Z" "-e" "SOURCE_DIR=/opt/rustwide/workdir" "-e" "CARGO_TARGET_DIR=/opt/rustwide/target" "-e" "CARGO_INCREMENTAL=0" "-e" "RUST_BACKTRACE=full" "-e" "RUSTFLAGS=--cap-lints=warn" "-e" "RUSTDOCFLAGS=--cap-lints=warn" "-e" "CARGO_HOME=/opt/rustwide/cargo-home" "-e" "RUSTUP_HOME=/opt/rustwide/rustup-home" "-w" "/opt/rustwide/workdir" "-m" "1610612736" "--user" "0:0" "--network" "none" "ghcr.io/rust-lang/crates-build-env/linux@sha256:f3a9d4ad9d972b27faf3965f35b62e55ba32bbce8f20bc8fe909558a86702fde" "/opt/rustwide/cargo-home/bin/cargo" "+beta-2024-12-08" "build" "--frozen" "--message-format=json", kill_on_drop: false }`
[INFO] [stdout] 00edb53850c0eb2808c393a6117b34d334f392f4529cb71785558c5a640c4ec6
[INFO] running `Command { std: "docker" "start" "-a" "00edb53850c0eb2808c393a6117b34d334f392f4529cb71785558c5a640c4ec6", kill_on_drop: false }`
[INFO] [stderr]    Compiling proc-macro2 v1.0.86
[INFO] [stderr]    Compiling unicode-ident v1.0.12
[INFO] [stderr]    Compiling libc v0.2.158
[INFO] [stderr]    Compiling cfg-if v1.0.0
[INFO] [stderr]    Compiling byteorder v1.5.0
[INFO] [stderr]    Compiling quote v1.0.36
[INFO] [stderr]    Compiling syn v2.0.75
[INFO] [stderr]    Compiling getrandom v0.2.15
[INFO] [stderr]    Compiling rand_core v0.6.4
[INFO] [stderr]    Compiling zerocopy-derive v0.7.35
[INFO] [stderr]    Compiling zerocopy v0.7.35
[INFO] [stderr]    Compiling ppv-lite86 v0.2.20
[INFO] [stderr]    Compiling rand_chacha v0.3.1
[INFO] [stderr]    Compiling rand v0.8.5
[INFO] [stderr]    Compiling hex_color v3.0.0
[INFO] [stderr]    Compiling ass_parser v0.1.8 (/opt/rustwide/workdir)
[INFO] [stderr]     Finished `dev` profile [unoptimized + debuginfo] target(s) in 8.58s
[INFO] running `Command { std: "docker" "inspect" "00edb53850c0eb2808c393a6117b34d334f392f4529cb71785558c5a640c4ec6", kill_on_drop: false }`
[INFO] running `Command { std: "docker" "rm" "-f" "00edb53850c0eb2808c393a6117b34d334f392f4529cb71785558c5a640c4ec6", kill_on_drop: false }`
[INFO] [stdout] 00edb53850c0eb2808c393a6117b34d334f392f4529cb71785558c5a640c4ec6
[INFO] running `Command { std: "docker" "create" "-v" "/var/lib/crater-agent-workspace/builds/worker-2-tc2/target:/opt/rustwide/target:rw,Z" "-v" "/var/lib/crater-agent-workspace/builds/worker-2-tc2/source:/opt/rustwide/workdir:ro,Z" "-v" "/var/lib/crater-agent-workspace/cargo-home:/opt/rustwide/cargo-home:ro,Z" "-v" "/var/lib/crater-agent-workspace/rustup-home:/opt/rustwide/rustup-home:ro,Z" "-e" "SOURCE_DIR=/opt/rustwide/workdir" "-e" "CARGO_TARGET_DIR=/opt/rustwide/target" "-e" "CARGO_INCREMENTAL=0" "-e" "RUST_BACKTRACE=full" "-e" "RUSTFLAGS=--cap-lints=warn" "-e" "RUSTDOCFLAGS=--cap-lints=warn" "-e" "CARGO_HOME=/opt/rustwide/cargo-home" "-e" "RUSTUP_HOME=/opt/rustwide/rustup-home" "-w" "/opt/rustwide/workdir" "-m" "1610612736" "--user" "0:0" "--network" "none" "ghcr.io/rust-lang/crates-build-env/linux@sha256:f3a9d4ad9d972b27faf3965f35b62e55ba32bbce8f20bc8fe909558a86702fde" "/opt/rustwide/cargo-home/bin/cargo" "+beta-2024-12-08" "test" "--frozen" "--no-run" "--message-format=json", kill_on_drop: false }`
[INFO] [stdout] e23cd1d70e3c5f0fe2963982b16805c126cb5578904ff095cd2087b3e017079e
[INFO] running `Command { std: "docker" "start" "-a" "e23cd1d70e3c5f0fe2963982b16805c126cb5578904ff095cd2087b3e017079e", kill_on_drop: false }`
[INFO] [stderr]    Compiling ass_parser v0.1.8 (/opt/rustwide/workdir)
[INFO] [stderr]     Finished `test` profile [unoptimized + debuginfo] target(s) in 1.44s
[INFO] running `Command { std: "docker" "inspect" "e23cd1d70e3c5f0fe2963982b16805c126cb5578904ff095cd2087b3e017079e", kill_on_drop: false }`
[INFO] running `Command { std: "docker" "rm" "-f" "e23cd1d70e3c5f0fe2963982b16805c126cb5578904ff095cd2087b3e017079e", kill_on_drop: false }`
[INFO] [stdout] e23cd1d70e3c5f0fe2963982b16805c126cb5578904ff095cd2087b3e017079e
[INFO] running `Command { std: "docker" "create" "-v" "/var/lib/crater-agent-workspace/builds/worker-2-tc2/target:/opt/rustwide/target:rw,Z" "-v" "/var/lib/crater-agent-workspace/builds/worker-2-tc2/source:/opt/rustwide/workdir:ro,Z" "-v" "/var/lib/crater-agent-workspace/cargo-home:/opt/rustwide/cargo-home:ro,Z" "-v" "/var/lib/crater-agent-workspace/rustup-home:/opt/rustwide/rustup-home:ro,Z" "-e" "SOURCE_DIR=/opt/rustwide/workdir" "-e" "CARGO_TARGET_DIR=/opt/rustwide/target" "-e" "CARGO_INCREMENTAL=0" "-e" "RUST_BACKTRACE=full" "-e" "RUSTFLAGS=--cap-lints=warn" "-e" "RUSTDOCFLAGS=--cap-lints=warn" "-e" "CARGO_HOME=/opt/rustwide/cargo-home" "-e" "RUSTUP_HOME=/opt/rustwide/rustup-home" "-w" "/opt/rustwide/workdir" "-m" "1610612736" "--user" "0:0" "--network" "none" "ghcr.io/rust-lang/crates-build-env/linux@sha256:f3a9d4ad9d972b27faf3965f35b62e55ba32bbce8f20bc8fe909558a86702fde" "/opt/rustwide/cargo-home/bin/cargo" "+beta-2024-12-08" "test" "--frozen", kill_on_drop: false }`
[INFO] [stdout] bf792645798c7b4ab25198d79a4735d1d897bb179f215b3f336dd4e059f0a725
[INFO] running `Command { std: "docker" "start" "-a" "bf792645798c7b4ab25198d79a4735d1d897bb179f215b3f336dd4e059f0a725", kill_on_drop: false }`
[INFO] [stderr]     Finished `test` profile [unoptimized + debuginfo] target(s) in 0.04s
[INFO] [stderr]      Running unittests src/lib.rs (/opt/rustwide/target/debug/deps/ass_parser-2509f4a97775007b)
[INFO] [stdout] 
[INFO] [stdout] running 2 tests
[INFO] [stderr]    Doc-tests ass_parser
[INFO] [stdout] test tests::test_from_file_wrong ... ok
[INFO] [stdout] test tests::test_file_contents ... ok
[INFO] [stdout] 
[INFO] [stdout] test result: ok. 2 passed; 0 failed; 0 ignored; 0 measured; 0 filtered out; finished in 0.00s
[INFO] [stdout] 
[INFO] [stdout] 
[INFO] [stdout] running 20 tests
[INFO] [stdout] test src/lib.rs - AssFile::save_file (line 1516) ... FAILED
[INFO] [stdout] test src/lib.rs - HexColor (line 46) ... FAILED
[INFO] [stdout] test src/lib.rs - HexColor (line 216) ... FAILED
[INFO] [stdout] test src/lib.rs - HexColor (line 21) ... FAILED
[INFO] [stdout] test src/lib.rs - Events::add_n_dialogue (line 888) ... FAILED
[INFO] [stdout] test src/lib.rs - V4Format::set_backcolour (line 658) ... FAILED
[INFO] [stdout] test src/lib.rs - AssFile::from_srt (line 1177) ... FAILED
[INFO] [stdout] test src/lib.rs - HexColor (line 238) ... FAILED
[INFO] [stdout] test src/lib.rs - V4Format::set_outlinecolour (line 631) ... FAILED
[INFO] [stdout] test src/lib.rs - HexColor (line 120) ... FAILED
[INFO] [stdout] test src/lib.rs - Events::add_dialogue (line 907) ... FAILED
[INFO] [stdout] test src/lib.rs - Events::create (line 833) ... FAILED
[INFO] [stdout] test src/lib.rs - Events::add_first_dialogue (line 849) ... FAILED
[INFO] [stdout] test src/lib.rs - HexColor (line 66) ... FAILED
[INFO] [stdout] test src/lib.rs - V4Format::set_primarycolour (line 577) ... FAILED
[INFO] [stdout] test src/lib.rs - Events::add_last_dialogue (line 869) ... FAILED
[INFO] [stdout] test src/lib.rs - AssFile::from_file (line 1489) ... FAILED
[INFO] [stdout] test src/lib.rs - V4Format::set_secondarycolour (line 604) ... FAILED
[INFO] [stdout] test src/lib.rs - HexColor (line 137) ... FAILED
[INFO] [stdout] test src/lib.rs - HexColor (line 169) ... FAILED
[INFO] [stdout] 
[INFO] [stdout] failures:
[INFO] [stdout] 
[INFO] [stdout] ---- src/lib.rs - AssFile::save_file (line 1516) stdout ----
[INFO] [stdout] error: expected one of `->`, `where`, or `{`, found `Result`
[INFO] [stdout]  --> src/lib.rs:1522:11
[INFO] [stdout]   |
[INFO] [stdout] 9 | fn main() Result<(), std::io::Error>{
[INFO] [stdout]   |           ^^^^^^ expected one of `->`, `where`, or `{`
[INFO] [stdout] 
[INFO] [stdout] error: aborting due to 1 previous error
[INFO] [stdout] 
[INFO] [stdout] Couldn't compile the test.
[INFO] [stdout] ---- src/lib.rs - HexColor (line 46) stdout ----
[INFO] [stdout] error: expected identifier, found `:`
[INFO] [stdout]  --> src/lib.rs:47:11
[INFO] [stdout]   |
[INFO] [stdout] 3 | ScriptType: v4.00+
[INFO] [stdout]   |           ^ expected identifier
[INFO] [stdout] 
[INFO] [stdout] error: aborting due to 1 previous error
[INFO] [stdout] 
[INFO] [stdout] Couldn't compile the test.
[INFO] [stdout] ---- src/lib.rs - HexColor (line 216) stdout ----
[INFO] [stdout] error: expected identifier, found `:`
[INFO] [stdout]  --> src/lib.rs:217:11
[INFO] [stdout]   |
[INFO] [stdout] 3 | ScriptType: FFMPEG
[INFO] [stdout]   |           ^ expected identifier
[INFO] [stdout] 
[INFO] [stdout] error: aborting due to 1 previous error
[INFO] [stdout] 
[INFO] [stdout] Couldn't compile the test.
[INFO] [stdout] ---- src/lib.rs - HexColor (line 21) stdout ----
[INFO] [stdout] error[E0254]: the name `ass_parser` is defined multiple times
[INFO] [stdout]  --> src/lib.rs:23:18
[INFO] [stdout]   |
[INFO] [stdout] 3 | extern crate r#ass_parser;
[INFO] [stdout]   | -------------------------- previous import of the extern crate `ass_parser` here
[INFO] [stdout] 4 | use ass_parser::{self, AssFile, ScriptInfo, V4Format, Events, AssFileOptions};
[INFO] [stdout]   |                  ^^^^--
[INFO] [stdout]   |                  |
[INFO] [stdout]   |                  `ass_parser` reimported here
[INFO] [stdout]   |                  help: remove unnecessary import
[INFO] [stdout]   |
[INFO] [stdout]   = note: `ass_parser` must be defined only once in the type namespace of this module
[INFO] [stdout] 
[INFO] [stdout] error: aborting due to 1 previous error
[INFO] [stdout] 
[INFO] [stdout] For more information about this error, try `rustc --explain E0254`.
[INFO] [stdout] Couldn't compile the test.
[INFO] [stdout] ---- src/lib.rs - Events::add_n_dialogue (line 888) stdout ----
[INFO] [stdout] error[E0433]: failed to resolve: use of undeclared type `Dialogue`
[INFO] [stdout]  --> src/lib.rs:889:16
[INFO] [stdout]   |
[INFO] [stdout] 3 | let dialogue = Dialogue::default();
[INFO] [stdout]   |                ^^^^^^^^ use of undeclared type `Dialogue`
[INFO] [stdout]   |
[INFO] [stdout] help: consider importing this struct
[INFO] [stdout]   |
[INFO] [stdout] 2 + use ass_parser::Dialogue;
[INFO] [stdout]   |
[INFO] [stdout] 
[INFO] [stdout] error[E0433]: failed to resolve: use of undeclared type `Events`
[INFO] [stdout]  --> src/lib.rs:890:15
[INFO] [stdout]   |
[INFO] [stdout] 4 |  let events = Events::new()
[INFO] [stdout]   |               ^^^^^^ use of undeclared type `Events`
[INFO] [stdout]   |
[INFO] [stdout] help: consider importing this struct
[INFO] [stdout]   |
[INFO] [stdout] 2 + use ass_parser::Events;
[INFO] [stdout]   |
[INFO] [stdout] 
[INFO] [stdout] error: aborting due to 2 previous errors
[INFO] [stdout] 
[INFO] [stdout] For more information about this error, try `rustc --explain E0433`.
[INFO] [stdout] Couldn't compile the test.
[INFO] [stdout] ---- src/lib.rs - V4Format::set_backcolour (line 658) stdout ----
[INFO] [stdout] error[E0254]: the name `ass_parser` is defined multiple times
[INFO] [stdout]  --> src/lib.rs:660:18
[INFO] [stdout]   |
[INFO] [stdout] 3 | extern crate r#ass_parser;
[INFO] [stdout]   | -------------------------- previous import of the extern crate `ass_parser` here
[INFO] [stdout] 4 | use ass_parser::{self, AssFile, ScriptInfo, V4Format, Events, AssFileOptions};
[INFO] [stdout]   |                  ^^^^--
[INFO] [stdout]   |                  |
[INFO] [stdout]   |                  `ass_parser` reimported here
[INFO] [stdout]   |                  help: remove unnecessary import
[INFO] [stdout]   |
[INFO] [stdout]   = note: `ass_parser` must be defined only once in the type namespace of this module
[INFO] [stdout] 
[INFO] [stdout] error: aborting due to 1 previous error
[INFO] [stdout] 
[INFO] [stdout] For more information about this error, try `rustc --explain E0254`.
[INFO] [stdout] Couldn't compile the test.
[INFO] [stdout] ---- src/lib.rs - AssFile::from_srt (line 1177) stdout ----
[INFO] [stdout] error: unknown start of token: `
[INFO] [stdout]   --> src/lib.rs:1187:3
[INFO] [stdout]    |
[INFO] [stdout] 12 | } ```
[INFO] [stdout]    |   ^^^
[INFO] [stdout]    |
[INFO] [stdout]    = note: character appears 2 more times
[INFO] [stdout] help: Unicode character '`' (Grave Accent) looks like ''' (Single Quote), but it is not
[INFO] [stdout]    |
[INFO] [stdout] 12 | } '''
[INFO] [stdout]    |   ~~~
[INFO] [stdout] 
[INFO] [stdout] error[E0433]: failed to resolve: use of undeclared type `AssFile`
[INFO] [stdout]  --> src/lib.rs:1178:16
[INFO] [stdout]   |
[INFO] [stdout] 3 | let srt_file = AssFile::from_srt("sample.srt");
[INFO] [stdout]   |                ^^^^^^^ use of undeclared type `AssFile`
[INFO] [stdout]   |
[INFO] [stdout] help: consider importing this struct
[INFO] [stdout]   |
[INFO] [stdout] 2 + use ass_parser::AssFile;
[INFO] [stdout]   |
[INFO] [stdout] 
[INFO] [stdout] error: aborting due to 2 previous errors
[INFO] [stdout] 
[INFO] [stdout] For more information about this error, try `rustc --explain E0433`.
[INFO] [stdout] Couldn't compile the test.
[INFO] [stdout] ---- src/lib.rs - HexColor (line 238) stdout ----
[INFO] [stdout] error[E0433]: failed to resolve: use of undeclared type `Dialogue`
[INFO] [stdout]  --> src/lib.rs:239:22
[INFO] [stdout]   |
[INFO] [stdout] 3 | let first_dialogue = Dialogue::default()
[INFO] [stdout]   |                      ^^^^^^^^ use of undeclared type `Dialogue`
[INFO] [stdout]   |
[INFO] [stdout] help: consider importing this struct
[INFO] [stdout]   |
[INFO] [stdout] 2 + use ass_parser::Dialogue;
[INFO] [stdout]   |
[INFO] [stdout] 
[INFO] [stdout] error[E0433]: failed to resolve: use of undeclared type `Dialogue`
[INFO] [stdout]  --> src/lib.rs:243:23
[INFO] [stdout]   |
[INFO] [stdout] 7 | let second_dialogue = Dialogue::default()
[INFO] [stdout]   |                       ^^^^^^^^ use of undeclared type `Dialogue`
[INFO] [stdout]   |
[INFO] [stdout] help: consider importing this struct
[INFO] [stdout]   |
[INFO] [stdout] 2 + use ass_parser::Dialogue;
[INFO] [stdout]   |
[INFO] [stdout] 
[INFO] [stdout] error[E0433]: failed to resolve: use of undeclared type `Dialogue`
[INFO] [stdout]   --> src/lib.rs:247:22
[INFO] [stdout]    |
[INFO] [stdout] 11 | let third_dialogue = Dialogue::default()
[INFO] [stdout]    |                      ^^^^^^^^ use of undeclared type `Dialogue`
[INFO] [stdout]    |
[INFO] [stdout] help: consider importing this struct
[INFO] [stdout]    |
[INFO] [stdout] 2  + use ass_parser::Dialogue;
[INFO] [stdout]    |
[INFO] [stdout] 
[INFO] [stdout] error[E0433]: failed to resolve: use of undeclared type `Events`
[INFO] [stdout]   --> src/lib.rs:251:14
[INFO] [stdout]    |
[INFO] [stdout] 15 | let events = Events::new()
[INFO] [stdout]    |              ^^^^^^ use of undeclared type `Events`
[INFO] [stdout]    |
[INFO] [stdout] help: consider importing this struct
[INFO] [stdout]    |
[INFO] [stdout] 2  + use ass_parser::Events;
[INFO] [stdout]    |
[INFO] [stdout] 
[INFO] [stdout] error: aborting due to 4 previous errors
[INFO] [stdout] 
[INFO] [stdout] For more information about this error, try `rustc --explain E0433`.
[INFO] [stdout] Couldn't compile the test.
[INFO] [stdout] ---- src/lib.rs - V4Format::set_outlinecolour (line 631) stdout ----
[INFO] [stdout] error[E0254]: the name `ass_parser` is defined multiple times
[INFO] [stdout]  --> src/lib.rs:633:18
[INFO] [stdout]   |
[INFO] [stdout] 3 | extern crate r#ass_parser;
[INFO] [stdout]   | -------------------------- previous import of the extern crate `ass_parser` here
[INFO] [stdout] 4 | use ass_parser::{self, AssFile, ScriptInfo, V4Format, Events, AssFileOptions};
[INFO] [stdout]   |                  ^^^^--
[INFO] [stdout]   |                  |
[INFO] [stdout]   |                  `ass_parser` reimported here
[INFO] [stdout]   |                  help: remove unnecessary import
[INFO] [stdout]   |
[INFO] [stdout]   = note: `ass_parser` must be defined only once in the type namespace of this module
[INFO] [stdout] 
[INFO] [stdout] error: aborting due to 1 previous error
[INFO] [stdout] 
[INFO] [stdout] For more information about this error, try `rustc --explain E0254`.
[INFO] [stdout] Couldn't compile the test.
[INFO] [stdout] ---- src/lib.rs - HexColor (line 120) stdout ----
[INFO] [stdout] error[E0412]: cannot find type `HexColor` in this scope
[INFO] [stdout]  --> src/lib.rs:122:18
[INFO] [stdout]   |
[INFO] [stdout] 4 | let random_color:HexColor = rand::random();
[INFO] [stdout]   |                  ^^^^^^^^ not found in this scope
[INFO] [stdout]   |
[INFO] [stdout] help: consider importing this struct
[INFO] [stdout]   |
[INFO] [stdout] 3 + use hex_color::HexColor;
[INFO] [stdout]   |
[INFO] [stdout] 
[INFO] [stdout] error[E0433]: failed to resolve: use of undeclared type `Dialogue`
[INFO] [stdout]  --> src/lib.rs:124:16
[INFO] [stdout]   |
[INFO] [stdout] 6 | let dialogue = Dialogue::default()
[INFO] [stdout]   |                ^^^^^^^^ use of undeclared type `Dialogue`
[INFO] [stdout]   |
[INFO] [stdout] help: consider importing this struct
[INFO] [stdout]   |
[INFO] [stdout] 3 + use ass_parser::Dialogue;
[INFO] [stdout]   |
[INFO] [stdout] 
[INFO] [stdout] error[E0423]: expected value, found built-in attribute `start`
[INFO] [stdout]  --> src/lib.rs:125:16
[INFO] [stdout]   |
[INFO] [stdout] 7 |    .set_start(&start)
[INFO] [stdout]   |                ^^^^^ not a value
[INFO] [stdout] 
[INFO] [stdout] error[E0425]: cannot find value `end` in this scope
[INFO] [stdout]  --> src/lib.rs:126:14
[INFO] [stdout]   |
[INFO] [stdout] 8 |    .set_end(&end)
[INFO] [stdout]   |              ^^^ not found in this scope
[INFO] [stdout] 
[INFO] [stdout] error[E0425]: cannot find value `text` in this scope
[INFO] [stdout]  --> src/lib.rs:127:15
[INFO] [stdout]   |
[INFO] [stdout] 9 |    .set_text(&text)
[INFO] [stdout]   |               ^^^^ not found in this scope
[INFO] [stdout] 
[INFO] [stdout] error[E0425]: cannot find value `event` in this scope
[INFO] [stdout]   --> src/lib.rs:130:1
[INFO] [stdout]    |
[INFO] [stdout] 12 | event.add_dialogue(dialogue);
[INFO] [stdout]    | ^^^^^ not found in this scope
[INFO] [stdout] 
[INFO] [stdout] error: aborting due to 6 previous errors
[INFO] [stdout] 
[INFO] [stdout] Some errors have detailed explanations: E0412, E0423, E0425, E0433.
[INFO] [stdout] For more information about an error, try `rustc --explain E0412`.
[INFO] [stdout] Couldn't compile the test.
[INFO] [stdout] ---- src/lib.rs - Events::add_dialogue (line 907) stdout ----
[INFO] [stdout] error[E0433]: failed to resolve: use of undeclared type `Dialogue`
[INFO] [stdout]  --> src/lib.rs:908:16
[INFO] [stdout]   |
[INFO] [stdout] 3 | let dialogue = Dialogue::default();
[INFO] [stdout]   |                ^^^^^^^^ use of undeclared type `Dialogue`
[INFO] [stdout]   |
[INFO] [stdout] help: consider importing this struct
[INFO] [stdout]   |
[INFO] [stdout] 2 + use ass_parser::Dialogue;
[INFO] [stdout]   |
[INFO] [stdout] 
[INFO] [stdout] error[E0433]: failed to resolve: use of undeclared type `Events`
[INFO] [stdout]  --> src/lib.rs:909:15
[INFO] [stdout]   |
[INFO] [stdout] 4 |  let events = Events::new()
[INFO] [stdout]   |               ^^^^^^ use of undeclared type `Events`
[INFO] [stdout]   |
[INFO] [stdout] help: consider importing this struct
[INFO] [stdout]   |
[INFO] [stdout] 2 + use ass_parser::Events;
[INFO] [stdout]   |
[INFO] [stdout] 
[INFO] [stdout] error: aborting due to 2 previous errors
[INFO] [stdout] 
[INFO] [stdout] For more information about this error, try `rustc --explain E0433`.
[INFO] [stdout] Couldn't compile the test.
[INFO] [stdout] ---- src/lib.rs - Events::create (line 833) stdout ----
[INFO] [stdout] error[E0433]: failed to resolve: use of undeclared type `Dialogue`
[INFO] [stdout]  --> src/lib.rs:834:16
[INFO] [stdout]   |
[INFO] [stdout] 3 | let dialogue = Dialogue::default();
[INFO] [stdout]   |                ^^^^^^^^ use of undeclared type `Dialogue`
[INFO] [stdout]   |
[INFO] [stdout] help: consider importing this struct
[INFO] [stdout]   |
[INFO] [stdout] 2 + use ass_parser::Dialogue;
[INFO] [stdout]   |
[INFO] [stdout] 
[INFO] [stdout] error[E0433]: failed to resolve: use of undeclared type `Events`
[INFO] [stdout]  --> src/lib.rs:835:15
[INFO] [stdout]   |
[INFO] [stdout] 4 |  let events = Events::new()
[INFO] [stdout]   |               ^^^^^^ use of undeclared type `Events`
[INFO] [stdout]   |
[INFO] [stdout] help: consider importing this struct
[INFO] [stdout]   |
[INFO] [stdout] 2 + use ass_parser::Events;
[INFO] [stdout]   |
[INFO] [stdout] 
[INFO] [stdout] error: aborting due to 2 previous errors
[INFO] [stdout] 
[INFO] [stdout] For more information about this error, try `rustc --explain E0433`.
[INFO] [stdout] Couldn't compile the test.
[INFO] [stdout] ---- src/lib.rs - Events::add_first_dialogue (line 849) stdout ----
[INFO] [stdout] error[E0433]: failed to resolve: use of undeclared type `Dialogue`
[INFO] [stdout]  --> src/lib.rs:850:16
[INFO] [stdout]   |
[INFO] [stdout] 3 | let dialogue = Dialogue::default();
[INFO] [stdout]   |                ^^^^^^^^ use of undeclared type `Dialogue`
[INFO] [stdout]   |
[INFO] [stdout] help: consider importing this struct
[INFO] [stdout]   |
[INFO] [stdout] 2 + use ass_parser::Dialogue;
[INFO] [stdout]   |
[INFO] [stdout] 
[INFO] [stdout] error[E0433]: failed to resolve: use of undeclared type `Events`
[INFO] [stdout]  --> src/lib.rs:851:15
[INFO] [stdout]   |
[INFO] [stdout] 4 |  let events = Events::new()
[INFO] [stdout]   |               ^^^^^^ use of undeclared type `Events`
[INFO] [stdout]   |
[INFO] [stdout] help: consider importing this struct
[INFO] [stdout]   |
[INFO] [stdout] 2 + use ass_parser::Events;
[INFO] [stdout]   |
[INFO] [stdout] 
[INFO] [stdout] error: aborting due to 2 previous errors
[INFO] [stdout] 
[INFO] [stdout] For more information about this error, try `rustc --explain E0433`.
[INFO] [stdout] Couldn't compile the test.
[INFO] [stdout] ---- src/lib.rs - HexColor (line 66) stdout ----
[INFO] [stdout] error[E0254]: the name `ass_parser` is defined multiple times
[INFO] [stdout]  --> src/lib.rs:68:18
[INFO] [stdout]   |
[INFO] [stdout] 3 | extern crate r#ass_parser;
[INFO] [stdout]   | -------------------------- previous import of the extern crate `ass_parser` here
[INFO] [stdout] 4 | use ass_parser::{self, AssFile, ScriptInfo, V4Format, Events, AssFileOptions, Dialogue};
[INFO] [stdout]   |                  ^^^^--
[INFO] [stdout]   |                  |
[INFO] [stdout]   |                  `ass_parser` reimported here
[INFO] [stdout]   |                  help: remove unnecessary import
[INFO] [stdout]   |
[INFO] [stdout]   = note: `ass_parser` must be defined only once in the type namespace of this module
[INFO] [stdout] 
[INFO] [stdout] error: aborting due to 1 previous error
[INFO] [stdout] 
[INFO] [stdout] For more information about this error, try `rustc --explain E0254`.
[INFO] [stdout] Couldn't compile the test.
[INFO] [stdout] ---- src/lib.rs - V4Format::set_primarycolour (line 577) stdout ----
[INFO] [stdout] error[E0254]: the name `ass_parser` is defined multiple times
[INFO] [stdout]  --> src/lib.rs:579:18
[INFO] [stdout]   |
[INFO] [stdout] 3 | extern crate r#ass_parser;
[INFO] [stdout]   | -------------------------- previous import of the extern crate `ass_parser` here
[INFO] [stdout] 4 | use ass_parser::{self, AssFile, ScriptInfo, V4Format, Events, AssFileOptions};
[INFO] [stdout]   |                  ^^^^--
[INFO] [stdout]   |                  |
[INFO] [stdout]   |                  `ass_parser` reimported here
[INFO] [stdout]   |                  help: remove unnecessary import
[INFO] [stdout]   |
[INFO] [stdout]   = note: `ass_parser` must be defined only once in the type namespace of this module
[INFO] [stdout] 
[INFO] [stdout] error: aborting due to 1 previous error
[INFO] [stdout] 
[INFO] [stdout] For more information about this error, try `rustc --explain E0254`.
[INFO] [stdout] Couldn't compile the test.
[INFO] [stdout] ---- src/lib.rs - Events::add_last_dialogue (line 869) stdout ----
[INFO] [stdout] error[E0433]: failed to resolve: use of undeclared type `Dialogue`
[INFO] [stdout]  --> src/lib.rs:870:16
[INFO] [stdout]   |
[INFO] [stdout] 3 | let dialogue = Dialogue::default();
[INFO] [stdout]   |                ^^^^^^^^ use of undeclared type `Dialogue`
[INFO] [stdout]   |
[INFO] [stdout] help: consider importing this struct
[INFO] [stdout]   |
[INFO] [stdout] 2 + use ass_parser::Dialogue;
[INFO] [stdout]   |
[INFO] [stdout] 
[INFO] [stdout] error[E0433]: failed to resolve: use of undeclared type `Events`
[INFO] [stdout]  --> src/lib.rs:871:15
[INFO] [stdout]   |
[INFO] [stdout] 4 |  let events = Events::new()
[INFO] [stdout]   |               ^^^^^^ use of undeclared type `Events`
[INFO] [stdout]   |
[INFO] [stdout] help: consider importing this struct
[INFO] [stdout]   |
[INFO] [stdout] 2 + use ass_parser::Events;
[INFO] [stdout]   |
[INFO] [stdout] 
[INFO] [stdout] error: aborting due to 2 previous errors
[INFO] [stdout] 
[INFO] [stdout] For more information about this error, try `rustc --explain E0433`.
[INFO] [stdout] Couldn't compile the test.
[INFO] [stdout] ---- src/lib.rs - AssFile::from_file (line 1489) stdout ----
[INFO] [stdout] error[E0308]: mismatched types
[INFO] [stdout]     --> src/lib.rs:1492:51
[INFO] [stdout]      |
[INFO] [stdout] 6    | let mut ass_file = ass_parser::AssFile::from_file("src/subtitles.ass".to_string()).expect("error while reading file.");
[INFO] [stdout]      |                    ------------------------------ ^^^^^^^^^^^^^^^^^^^^^^^^^^^^^^^ expected `&str`, found `String`
[INFO] [stdout]      |                    |
[INFO] [stdout]      |                    arguments to this function are incorrect
[INFO] [stdout]      |
[INFO] [stdout] note: associated function defined here
[INFO] [stdout]     --> /opt/rustwide/workdir/src/lib.rs:1493:12
[INFO] [stdout]      |
[INFO] [stdout] 1493 |     pub fn from_file(filename: &str) -> std::result::Result<AssFile, std::io::Error> {
[INFO] [stdout]      |            ^^^^^^^^^
[INFO] [stdout] help: try removing the method call
[INFO] [stdout]      |
[INFO] [stdout] 6    - let mut ass_file = ass_parser::AssFile::from_file("src/subtitles.ass".to_string()).expect("error while reading file.");
[INFO] [stdout] 6    + let mut ass_file = ass_parser::AssFile::from_file("src/subtitles.ass").expect("error while reading file.");
[INFO] [stdout]      |
[INFO] [stdout] 
[INFO] [stdout] error: aborting due to 1 previous error
[INFO] [stdout] 
[INFO] [stdout] For more information about this error, try `rustc --explain E0308`.
[INFO] [stdout] Couldn't compile the test.
[INFO] [stdout] ---- src/lib.rs - V4Format::set_secondarycolour (line 604) stdout ----
[INFO] [stdout] error[E0254]: the name `ass_parser` is defined multiple times
[INFO] [stdout]  --> src/lib.rs:606:18
[INFO] [stdout]   |
[INFO] [stdout] 3 | extern crate r#ass_parser;
[INFO] [stdout]   | -------------------------- previous import of the extern crate `ass_parser` here
[INFO] [stdout] 4 | use ass_parser::{self, AssFile, ScriptInfo, V4Format, Events, AssFileOptions};
[INFO] [stdout]   |                  ^^^^--
[INFO] [stdout]   |                  |
[INFO] [stdout]   |                  `ass_parser` reimported here
[INFO] [stdout]   |                  help: remove unnecessary import
[INFO] [stdout]   |
[INFO] [stdout]   = note: `ass_parser` must be defined only once in the type namespace of this module
[INFO] [stdout] 
[INFO] [stdout] error: aborting due to 1 previous error
[INFO] [stdout] 
[INFO] [stdout] For more information about this error, try `rustc --explain E0254`.
[INFO] [stdout] Couldn't compile the test.
[INFO] [stdout] ---- src/lib.rs - HexColor (line 137) stdout ----
[INFO] [stdout] Test executable failed (exit status: 1).
[INFO] [stdout] 
[INFO] [stdout] stderr:
[INFO] [stdout] Error: Kind(NotFound)
[INFO] [stdout] 
[INFO] [stdout] 
[INFO] [stdout] ---- src/lib.rs - HexColor (line 169) stdout ----
[INFO] [stdout] Test executable failed (exit status: 101).
[INFO] [stdout] 
[INFO] [stdout] stderr:
[INFO] [stdout] thread 'main' panicked at src/lib.rs:1189:52:
[INFO] [stdout] called `Result::unwrap()` on an `Err` value: Kind(NotFound)
[INFO] [stdout] stack backtrace:
[INFO] [stdout]    0:     0x5a9ca5dbe9fa - std::backtrace_rs::backtrace::libunwind::trace::h8810477743020387
[INFO] [stdout]                                at /rustc/202008a1b8de96d2e5b6bc02d379db03a877d34d/library/std/src/../../backtrace/src/backtrace/libunwind.rs:116:5
[INFO] [stdout]    1:     0x5a9ca5dbe9fa - std::backtrace_rs::backtrace::trace_unsynchronized::h3aa55355dd6c54a6
[INFO] [stdout]                                at /rustc/202008a1b8de96d2e5b6bc02d379db03a877d34d/library/std/src/../../backtrace/src/backtrace/mod.rs:66:5
[INFO] [stdout]    2:     0x5a9ca5dbe9fa - std::sys::backtrace::_print_fmt::h8588b0f62410823f
[INFO] [stdout]                                at /rustc/202008a1b8de96d2e5b6bc02d379db03a877d34d/library/std/src/sys/backtrace.rs:66:9
[INFO] [stdout]    3:     0x5a9ca5dbe9fa - <std::sys::backtrace::BacktraceLock::print::DisplayBacktrace as core::fmt::Display>::fmt::h98c26ac25ffe89bb
[INFO] [stdout]                                at /rustc/202008a1b8de96d2e5b6bc02d379db03a877d34d/library/std/src/sys/backtrace.rs:39:26
[INFO] [stdout]    4:     0x5a9ca5dda963 - core::fmt::rt::Argument::fmt::hf95377f4aebd453b
[INFO] [stdout]                                at /rustc/202008a1b8de96d2e5b6bc02d379db03a877d34d/library/core/src/fmt/rt.rs:177:76
[INFO] [stdout]    5:     0x5a9ca5dda963 - core::fmt::write::h0dd5f6e2238c7982
[INFO] [stdout]                                at /rustc/202008a1b8de96d2e5b6bc02d379db03a877d34d/library/core/src/fmt/mod.rs:1189:21
[INFO] [stdout]    6:     0x5a9ca5dbc773 - std::io::Write::write_fmt::hc00bff0a88e08857
[INFO] [stdout]                                at /rustc/202008a1b8de96d2e5b6bc02d379db03a877d34d/library/std/src/io/mod.rs:1884:15
[INFO] [stdout]    7:     0x5a9ca5dbe842 - std::sys::backtrace::BacktraceLock::print::h5c19c1c038ee186d
[INFO] [stdout]                                at /rustc/202008a1b8de96d2e5b6bc02d379db03a877d34d/library/std/src/sys/backtrace.rs:42:9
[INFO] [stdout]    8:     0x5a9ca5dbf80c - std::panicking::default_hook::{{closure}}::h77172f079a1fcb13
[INFO] [stdout]                                at /rustc/202008a1b8de96d2e5b6bc02d379db03a877d34d/library/std/src/panicking.rs:268:22
[INFO] [stdout]    9:     0x5a9ca5dbf652 - std::panicking::default_hook::he5f8e3b203ccddba
[INFO] [stdout]                                at /rustc/202008a1b8de96d2e5b6bc02d379db03a877d34d/library/std/src/panicking.rs:295:9
[INFO] [stdout]   10:     0x5a9ca5dbfde7 - std::panicking::rust_panic_with_hook::h53863d4e9018df39
[INFO] [stdout]                                at /rustc/202008a1b8de96d2e5b6bc02d379db03a877d34d/library/std/src/panicking.rs:801:13
[INFO] [stdout]   11:     0x5a9ca5dbfc7a - std::panicking::begin_panic_handler::{{closure}}::h67280e6fa0757873
[INFO] [stdout]                                at /rustc/202008a1b8de96d2e5b6bc02d379db03a877d34d/library/std/src/panicking.rs:674:13
[INFO] [stdout]   12:     0x5a9ca5dbeed9 - std::sys::backtrace::__rust_end_short_backtrace::h1dac3f54d6fbbeb2
[INFO] [stdout]                                at /rustc/202008a1b8de96d2e5b6bc02d379db03a877d34d/library/std/src/sys/backtrace.rs:170:18
[INFO] [stdout]   13:     0x5a9ca5dbf90c - rust_begin_unwind
[INFO] [stdout]                                at /rustc/202008a1b8de96d2e5b6bc02d379db03a877d34d/library/std/src/panicking.rs:665:5
[INFO] [stdout]   14:     0x5a9ca5d4d5d0 - core::panicking::panic_fmt::h6792bd1b2bf01041
[INFO] [stdout]                                at /rustc/202008a1b8de96d2e5b6bc02d379db03a877d34d/library/core/src/panicking.rs:76:14
[INFO] [stdout]   15:     0x5a9ca5d4d9e6 - core::result::unwrap_failed::h05e0602ed34287c5
[INFO] [stdout]                                at /rustc/202008a1b8de96d2e5b6bc02d379db03a877d34d/library/core/src/result.rs:1699:5
[INFO] [stdout]   16:     0x5a9ca5d52d4b - core::result::Result<T,E>::unwrap::hd21288f09cb71f87
[INFO] [stdout]                                at /rustc/202008a1b8de96d2e5b6bc02d379db03a877d34d/library/core/src/result.rs:1104:23
[INFO] [stdout]   17:     0x5a9ca5d52d4b - ass_parser::AssFile::from_srt::h3ed2103ed03c1fb3
[INFO] [stdout]                                at /opt/rustwide/workdir/src/lib.rs:1189:29
[INFO] [stdout]   18:     0x5a9ca5d4e405 - rust_out::main::h57eefffa92e38ed0
[INFO] [stdout]   19:     0x5a9ca5d4de53 - core::ops::function::FnOnce::call_once::hcb3872443a25b5b7
[INFO] [stdout]   20:     0x5a9ca5d4ddf6 - std::sys::backtrace::__rust_begin_short_backtrace::hb8f53f53663d2e9e
[INFO] [stdout]   21:     0x5a9ca5d4ddd9 - std::rt::lang_start::{{closure}}::h0d6bdb8cb611c7e9
[INFO] [stdout]   22:     0x5a9ca5dba3c7 - core::ops::function::impls::<impl core::ops::function::FnOnce<A> for &F>::call_once::hba2470d01d3f5e41
[INFO] [stdout]                                at /rustc/202008a1b8de96d2e5b6bc02d379db03a877d34d/library/core/src/ops/function.rs:284:13
[INFO] [stdout]   23:     0x5a9ca5dba3c7 - std::panicking::try::do_call::hc063fb73159aab72
[INFO] [stdout]                                at /rustc/202008a1b8de96d2e5b6bc02d379db03a877d34d/library/std/src/panicking.rs:557:40
[INFO] [stdout]   24:     0x5a9ca5dba3c7 - std::panicking::try::h2767c6d245d3a3bb
[INFO] [stdout]                                at /rustc/202008a1b8de96d2e5b6bc02d379db03a877d34d/library/std/src/panicking.rs:520:19
[INFO] [stdout]   25:     0x5a9ca5dba3c7 - std::panic::catch_unwind::h061c6ef75790da63
[INFO] [stdout]                                at /rustc/202008a1b8de96d2e5b6bc02d379db03a877d34d/library/std/src/panic.rs:358:14
[INFO] [stdout]   26:     0x5a9ca5dba3c7 - std::rt::lang_start_internal::{{closure}}::h5c5e35b11a4b8c4e
[INFO] [stdout]                                at /rustc/202008a1b8de96d2e5b6bc02d379db03a877d34d/library/std/src/rt.rs:174:48
[INFO] [stdout]   27:     0x5a9ca5dba3c7 - std::panicking::try::do_call::h705e99690a8109cc
[INFO] [stdout]                                at /rustc/202008a1b8de96d2e5b6bc02d379db03a877d34d/library/std/src/panicking.rs:557:40
[INFO] [stdout]   28:     0x5a9ca5dba3c7 - std::panicking::try::he5f4452754ed9a34
[INFO] [stdout]                                at /rustc/202008a1b8de96d2e5b6bc02d379db03a877d34d/library/std/src/panicking.rs:520:19
[INFO] [stdout]   29:     0x5a9ca5dba3c7 - std::panic::catch_unwind::h5db61b3bcbe883e5
[INFO] [stdout]                                at /rustc/202008a1b8de96d2e5b6bc02d379db03a877d34d/library/std/src/panic.rs:358:14
[INFO] [stdout]   30:     0x5a9ca5dba3c7 - std::rt::lang_start_internal::h81da9b59bab665c6
[INFO] [stdout]                                at /rustc/202008a1b8de96d2e5b6bc02d379db03a877d34d/library/std/src/rt.rs:174:20
[INFO] [stdout]   31:     0x5a9ca5d4ddb7 - std::rt::lang_start::h2798034e47ddebf9
[INFO] [stdout]   32:     0x5a9ca5d4e985 - main
[INFO] [stdout]   33:     0x7f5dfef89d90 - <unknown>
[INFO] [stdout]   34:     0x7f5dfef89e40 - __libc_start_main
[INFO] [stdout]   35:     0x5a9ca5d4dcc5 - _start
[INFO] [stdout]   36:                0x0 - <unknown>
[INFO] [stdout] 
[INFO] [stdout] 
[INFO] [stdout] 
[INFO] [stdout] failures:
[INFO] [stdout]     src/lib.rs - AssFile::from_file (line 1489)
[INFO] [stdout]     src/lib.rs - AssFile::from_srt (line 1177)
[INFO] [stdout]     src/lib.rs - AssFile::save_file (line 1516)
[INFO] [stdout]     src/lib.rs - Events::add_dialogue (line 907)
[INFO] [stdout]     src/lib.rs - Events::add_first_dialogue (line 849)
[INFO] [stdout]     src/lib.rs - Events::add_last_dialogue (line 869)
[INFO] [stdout]     src/lib.rs - Events::add_n_dialogue (line 888)
[INFO] [stdout]     src/lib.rs - Events::create (line 833)
[INFO] [stdout]     src/lib.rs - HexColor (line 120)
[INFO] [stdout]     src/lib.rs - HexColor (line 137)
[INFO] [stdout]     src/lib.rs - HexColor (line 169)
[INFO] [stdout]     src/lib.rs - HexColor (line 21)
[INFO] [stdout]     src/lib.rs - HexColor (line 216)
[INFO] [stdout]     src/lib.rs - HexColor (line 238)
[INFO] [stdout]     src/lib.rs - HexColor (line 46)
[INFO] [stdout]     src/lib.rs - HexColor (line 66)
[INFO] [stdout]     src/lib.rs - V4Format::set_backcolour (line 658)
[INFO] [stdout]     src/lib.rs - V4Format::set_outlinecolour (line 631)
[INFO] [stdout]     src/lib.rs - V4Format::set_primarycolour (line 577)
[INFO] [stdout]     src/lib.rs - V4Format::set_secondarycolour (line 604)
[INFO] [stdout] 
[INFO] [stdout] test result: FAILED. 0 passed; 20 failed; 0 ignored; 0 measured; 0 filtered out; finished in 0.75s
[INFO] [stdout] 
[INFO] [stderr] error: doctest failed, to rerun pass `--doc`
[INFO] running `Command { std: "docker" "inspect" "bf792645798c7b4ab25198d79a4735d1d897bb179f215b3f336dd4e059f0a725", kill_on_drop: false }`
[INFO] running `Command { std: "docker" "rm" "-f" "bf792645798c7b4ab25198d79a4735d1d897bb179f215b3f336dd4e059f0a725", kill_on_drop: false }`
[INFO] [stdout] bf792645798c7b4ab25198d79a4735d1d897bb179f215b3f336dd4e059f0a725
