[INFO] fetching crate asmkit-rs 0.1.0...
[INFO] testing asmkit-rs-0.1.0 against beta-2024-12-08 for beta-1.84.0-4-retry
[INFO] extracting crate asmkit-rs 0.1.0 into /workspace/builds/worker-0-tc2/source
[INFO] validating manifest of crates.io crate asmkit-rs 0.1.0 on toolchain beta-2024-12-08
[INFO] running `Command { std: CARGO_HOME="/workspace/cargo-home" RUSTUP_HOME="/workspace/rustup-home" "/workspace/cargo-home/bin/cargo" "+beta-2024-12-08" "metadata" "--manifest-path" "Cargo.toml" "--no-deps", kill_on_drop: false }`
[INFO] started tweaking crates.io crate asmkit-rs 0.1.0
[INFO] removed 0 missing examples
[INFO] finished tweaking crates.io crate asmkit-rs 0.1.0
[INFO] tweaked toml for crates.io crate asmkit-rs 0.1.0 written to /workspace/builds/worker-0-tc2/source/Cargo.toml
[INFO] crate crates.io crate asmkit-rs 0.1.0 already has a lockfile, it will not be regenerated
[INFO] running `Command { std: CARGO_HOME="/workspace/cargo-home" RUSTUP_HOME="/workspace/rustup-home" "/workspace/cargo-home/bin/cargo" "+beta-2024-12-08" "fetch" "--manifest-path" "Cargo.toml", kill_on_drop: false }`
[INFO] [stderr]     Blocking waiting for file lock on package cache
[INFO] [stderr]     Blocking waiting for file lock on package cache
[INFO] running `Command { std: "docker" "create" "-v" "/var/lib/crater-agent-workspace/builds/worker-0-tc2/target:/opt/rustwide/target:rw,Z" "-v" "/var/lib/crater-agent-workspace/builds/worker-0-tc2/source:/opt/rustwide/workdir:ro,Z" "-v" "/var/lib/crater-agent-workspace/cargo-home:/opt/rustwide/cargo-home:ro,Z" "-v" "/var/lib/crater-agent-workspace/rustup-home:/opt/rustwide/rustup-home:ro,Z" "-e" "SOURCE_DIR=/opt/rustwide/workdir" "-e" "CARGO_TARGET_DIR=/opt/rustwide/target" "-e" "CARGO_HOME=/opt/rustwide/cargo-home" "-e" "RUSTUP_HOME=/opt/rustwide/rustup-home" "-w" "/opt/rustwide/workdir" "-m" "1610612736" "--user" "0:0" "--network" "none" "ghcr.io/rust-lang/crates-build-env/linux@sha256:f3a9d4ad9d972b27faf3965f35b62e55ba32bbce8f20bc8fe909558a86702fde" "/opt/rustwide/cargo-home/bin/cargo" "+beta-2024-12-08" "metadata" "--no-deps" "--format-version=1", kill_on_drop: false }`
[INFO] [stdout] eb775e922f5856aee94c9b575785d0d16d02a1f492ace06894f76579121dbffd
[INFO] running `Command { std: "docker" "start" "-a" "eb775e922f5856aee94c9b575785d0d16d02a1f492ace06894f76579121dbffd", kill_on_drop: false }`
[INFO] running `Command { std: "docker" "inspect" "eb775e922f5856aee94c9b575785d0d16d02a1f492ace06894f76579121dbffd", kill_on_drop: false }`
[INFO] running `Command { std: "docker" "rm" "-f" "eb775e922f5856aee94c9b575785d0d16d02a1f492ace06894f76579121dbffd", kill_on_drop: false }`
[INFO] [stdout] eb775e922f5856aee94c9b575785d0d16d02a1f492ace06894f76579121dbffd
[INFO] running `Command { std: "docker" "create" "-v" "/var/lib/crater-agent-workspace/builds/worker-0-tc2/target:/opt/rustwide/target:rw,Z" "-v" "/var/lib/crater-agent-workspace/builds/worker-0-tc2/source:/opt/rustwide/workdir:ro,Z" "-v" "/var/lib/crater-agent-workspace/cargo-home:/opt/rustwide/cargo-home:ro,Z" "-v" "/var/lib/crater-agent-workspace/rustup-home:/opt/rustwide/rustup-home:ro,Z" "-e" "SOURCE_DIR=/opt/rustwide/workdir" "-e" "CARGO_TARGET_DIR=/opt/rustwide/target" "-e" "CARGO_INCREMENTAL=0" "-e" "RUST_BACKTRACE=full" "-e" "RUSTFLAGS=--cap-lints=warn" "-e" "RUSTDOCFLAGS=--cap-lints=warn" "-e" "CARGO_HOME=/opt/rustwide/cargo-home" "-e" "RUSTUP_HOME=/opt/rustwide/rustup-home" "-w" "/opt/rustwide/workdir" "-m" "1610612736" "--user" "0:0" "--network" "none" "ghcr.io/rust-lang/crates-build-env/linux@sha256:f3a9d4ad9d972b27faf3965f35b62e55ba32bbce8f20bc8fe909558a86702fde" "/opt/rustwide/cargo-home/bin/cargo" "+beta-2024-12-08" "build" "--frozen" "--message-format=json", kill_on_drop: false }`
[INFO] [stdout] 04a3ab57dddba99d70d553e8baee6d11f6823ce6c3febd2a8872b0df820ec0d8
[INFO] running `Command { std: "docker" "start" "-a" "04a3ab57dddba99d70d553e8baee6d11f6823ce6c3febd2a8872b0df820ec0d8", kill_on_drop: false }`
[INFO] [stderr]    Compiling autocfg v1.4.0
[INFO] [stderr]    Compiling proc-macro2 v1.0.89
[INFO] [stderr]    Compiling unicode-ident v1.0.13
[INFO] [stderr]    Compiling libc v0.2.162
[INFO] [stderr]    Compiling paste v1.0.15
[INFO] [stderr]    Compiling cfgenius v0.1.1
[INFO] [stderr]    Compiling smallvec v1.13.2
[INFO] [stderr]    Compiling memoffset v0.9.1
[INFO] [stderr]    Compiling num-traits v0.2.19
[INFO] [stderr]    Compiling intrusive-collections v0.9.7
[INFO] [stderr]    Compiling quote v1.0.37
[INFO] [stderr]    Compiling syn v2.0.87
[INFO] [stderr]    Compiling errno v0.3.9
[INFO] [stderr]    Compiling derive_more-impl v1.0.0
[INFO] [stderr]    Compiling derive_more v1.0.0
[INFO] [stderr]    Compiling asmkit-rs v0.1.0 (/opt/rustwide/workdir)
[INFO] [stderr]     Finished `dev` profile [unoptimized + debuginfo] target(s) in 27.79s
[INFO] running `Command { std: "docker" "inspect" "04a3ab57dddba99d70d553e8baee6d11f6823ce6c3febd2a8872b0df820ec0d8", kill_on_drop: false }`
[INFO] running `Command { std: "docker" "rm" "-f" "04a3ab57dddba99d70d553e8baee6d11f6823ce6c3febd2a8872b0df820ec0d8", kill_on_drop: false }`
[INFO] [stdout] 04a3ab57dddba99d70d553e8baee6d11f6823ce6c3febd2a8872b0df820ec0d8
[INFO] running `Command { std: "docker" "create" "-v" "/var/lib/crater-agent-workspace/builds/worker-0-tc2/target:/opt/rustwide/target:rw,Z" "-v" "/var/lib/crater-agent-workspace/builds/worker-0-tc2/source:/opt/rustwide/workdir:ro,Z" "-v" "/var/lib/crater-agent-workspace/cargo-home:/opt/rustwide/cargo-home:ro,Z" "-v" "/var/lib/crater-agent-workspace/rustup-home:/opt/rustwide/rustup-home:ro,Z" "-e" "SOURCE_DIR=/opt/rustwide/workdir" "-e" "CARGO_TARGET_DIR=/opt/rustwide/target" "-e" "CARGO_INCREMENTAL=0" "-e" "RUST_BACKTRACE=full" "-e" "RUSTFLAGS=--cap-lints=warn" "-e" "RUSTDOCFLAGS=--cap-lints=warn" "-e" "CARGO_HOME=/opt/rustwide/cargo-home" "-e" "RUSTUP_HOME=/opt/rustwide/rustup-home" "-w" "/opt/rustwide/workdir" "-m" "1610612736" "--user" "0:0" "--network" "none" "ghcr.io/rust-lang/crates-build-env/linux@sha256:f3a9d4ad9d972b27faf3965f35b62e55ba32bbce8f20bc8fe909558a86702fde" "/opt/rustwide/cargo-home/bin/cargo" "+beta-2024-12-08" "test" "--frozen" "--no-run" "--message-format=json", kill_on_drop: false }`
[INFO] [stdout] 9b4ceedee50f686e98a91b9509ea386d2385af3be4c96abe5f579498d5b466a4
[INFO] running `Command { std: "docker" "start" "-a" "9b4ceedee50f686e98a91b9509ea386d2385af3be4c96abe5f579498d5b466a4", kill_on_drop: false }`
[INFO] [stderr]    Compiling asmkit-rs v0.1.0 (/opt/rustwide/workdir)
[INFO] [stderr]     Finished `test` profile [unoptimized + debuginfo] target(s) in 18.28s
[INFO] running `Command { std: "docker" "inspect" "9b4ceedee50f686e98a91b9509ea386d2385af3be4c96abe5f579498d5b466a4", kill_on_drop: false }`
[INFO] running `Command { std: "docker" "rm" "-f" "9b4ceedee50f686e98a91b9509ea386d2385af3be4c96abe5f579498d5b466a4", kill_on_drop: false }`
[INFO] [stdout] 9b4ceedee50f686e98a91b9509ea386d2385af3be4c96abe5f579498d5b466a4
[INFO] running `Command { std: "docker" "create" "-v" "/var/lib/crater-agent-workspace/builds/worker-0-tc2/target:/opt/rustwide/target:rw,Z" "-v" "/var/lib/crater-agent-workspace/builds/worker-0-tc2/source:/opt/rustwide/workdir:ro,Z" "-v" "/var/lib/crater-agent-workspace/cargo-home:/opt/rustwide/cargo-home:ro,Z" "-v" "/var/lib/crater-agent-workspace/rustup-home:/opt/rustwide/rustup-home:ro,Z" "-e" "SOURCE_DIR=/opt/rustwide/workdir" "-e" "CARGO_TARGET_DIR=/opt/rustwide/target" "-e" "CARGO_INCREMENTAL=0" "-e" "RUST_BACKTRACE=full" "-e" "RUSTFLAGS=--cap-lints=warn" "-e" "RUSTDOCFLAGS=--cap-lints=warn" "-e" "CARGO_HOME=/opt/rustwide/cargo-home" "-e" "RUSTUP_HOME=/opt/rustwide/rustup-home" "-w" "/opt/rustwide/workdir" "-m" "1610612736" "--user" "0:0" "--network" "none" "ghcr.io/rust-lang/crates-build-env/linux@sha256:f3a9d4ad9d972b27faf3965f35b62e55ba32bbce8f20bc8fe909558a86702fde" "/opt/rustwide/cargo-home/bin/cargo" "+beta-2024-12-08" "test" "--frozen", kill_on_drop: false }`
[INFO] [stdout] 3d393a10fb8ad8cb820c544b2b6a5a98498fe841e12ebdba9de2c9d7574bc778
[INFO] running `Command { std: "docker" "start" "-a" "3d393a10fb8ad8cb820c544b2b6a5a98498fe841e12ebdba9de2c9d7574bc778", kill_on_drop: false }`
[INFO] [stderr]     Finished `test` profile [unoptimized + debuginfo] target(s) in 0.03s
[INFO] [stderr]      Running unittests src/lib.rs (/opt/rustwide/target/debug/deps/asmkit-df789da6fb76b74e)
[INFO] [stdout] 
[INFO] [stdout] running 0 tests
[INFO] [stdout] 
[INFO] [stdout] test result: ok. 0 passed; 0 failed; 0 ignored; 0 measured; 0 filtered out; finished in 0.00s
[INFO] [stdout] 
[INFO] [stderr]      Running unittests src/main.rs (/opt/rustwide/target/debug/deps/asmkit_rs-59fe22bc1ac088b4)
[INFO] [stdout] 
[INFO] [stdout] running 0 tests
[INFO] [stdout] 
[INFO] [stdout] test result: ok. 0 passed; 0 failed; 0 ignored; 0 measured; 0 filtered out; finished in 0.00s
[INFO] [stdout] 
[INFO] [stderr]    Doc-tests asmkit
[INFO] [stdout] 
[INFO] [stdout] running 2 tests
[INFO] [stdout] test src/util/virtual_memory.rs - util::virtual_memory::protect_jit_memory (line 994) ... FAILED
[INFO] [stdout] test src/lib.rs - (line 24) ... ok
[INFO] [stdout] 
[INFO] [stdout] failures:
[INFO] [stdout] 
[INFO] [stdout] ---- src/util/virtual_memory.rs - util::virtual_memory::protect_jit_memory (line 994) stdout ----
[INFO] [stdout] error: unexpected token: `...`
[INFO] [stdout]  --> src/util/virtual_memory.rs:995:16
[INFO] [stdout]   |
[INFO] [stdout] 3 | let code_ptr = ...;
[INFO] [stdout]   |                ^^^
[INFO] [stdout]   |
[INFO] [stdout] help: use `..` for an exclusive range
[INFO] [stdout]   |
[INFO] [stdout] 3 | let code_ptr = ..;
[INFO] [stdout]   |                ~~
[INFO] [stdout] help: or `..=` for an inclusive range
[INFO] [stdout]   |
[INFO] [stdout] 3 | let code_ptr = ..=;
[INFO] [stdout]   |                ~~~
[INFO] [stdout] 
[INFO] [stdout] error[E0586]: inclusive range with no end
[INFO] [stdout]  --> src/util/virtual_memory.rs:995:16
[INFO] [stdout]   |
[INFO] [stdout] 3 | let code_ptr = ...;
[INFO] [stdout]   |                ^^^
[INFO] [stdout]   |
[INFO] [stdout]   = note: inclusive ranges must be bounded at the end (`..=b` or `a..=b`)
[INFO] [stdout] help: use `..` instead
[INFO] [stdout]   |
[INFO] [stdout] 3 - let code_ptr = ...;
[INFO] [stdout] 3 + let code_ptr = ..;
[INFO] [stdout]   |
[INFO] [stdout] 
[INFO] [stdout] error: unexpected token: `...`
[INFO] [stdout]  --> src/util/virtual_memory.rs:996:17
[INFO] [stdout]   |
[INFO] [stdout] 4 | let code_size = ...;
[INFO] [stdout]   |                 ^^^
[INFO] [stdout]   |
[INFO] [stdout] help: use `..` for an exclusive range
[INFO] [stdout]   |
[INFO] [stdout] 4 | let code_size = ..;
[INFO] [stdout]   |                 ~~
[INFO] [stdout] help: or `..=` for an inclusive range
[INFO] [stdout]   |
[INFO] [stdout] 4 | let code_size = ..=;
[INFO] [stdout]   |                 ~~~
[INFO] [stdout] 
[INFO] [stdout] error[E0586]: inclusive range with no end
[INFO] [stdout]  --> src/util/virtual_memory.rs:996:17
[INFO] [stdout]   |
[INFO] [stdout] 4 | let code_size = ...;
[INFO] [stdout]   |                 ^^^
[INFO] [stdout]   |
[INFO] [stdout]   = note: inclusive ranges must be bounded at the end (`..=b` or `a..=b`)
[INFO] [stdout] help: use `..` instead
[INFO] [stdout]   |
[INFO] [stdout] 4 - let code_size = ...;
[INFO] [stdout] 4 + let code_size = ..;
[INFO] [stdout]   |
[INFO] [stdout] 
[INFO] [stdout] error[E0425]: cannot find function `protect_jit_memory` in this scope
[INFO] [stdout]  --> src/util/virtual_memory.rs:998:1
[INFO] [stdout]   |
[INFO] [stdout] 6 | protect_jit_memory(ProtectJitAccess::ReadWrite);
[INFO] [stdout]   | ^^^^^^^^^^^^^^^^^^ not found in this scope
[INFO] [stdout]   |
[INFO] [stdout] help: consider importing this function
[INFO] [stdout]   |
[INFO] [stdout] 2 + use asmkit::util::virtual_memory::protect_jit_memory;
[INFO] [stdout]   |
[INFO] [stdout] 
[INFO] [stdout] error[E0433]: failed to resolve: use of undeclared type `ProtectJitAccess`
[INFO] [stdout]  --> src/util/virtual_memory.rs:998:20
[INFO] [stdout]   |
[INFO] [stdout] 6 | protect_jit_memory(ProtectJitAccess::ReadWrite);
[INFO] [stdout]   |                    ^^^^^^^^^^^^^^^^ use of undeclared type `ProtectJitAccess`
[INFO] [stdout]   |
[INFO] [stdout] help: consider importing this enum
[INFO] [stdout]   |
[INFO] [stdout] 2 + use asmkit::util::virtual_memory::ProtectJitAccess;
[INFO] [stdout]   |
[INFO] [stdout] 
[INFO] [stdout] error[E0425]: cannot find function `copy_nonoverlapping` in this scope
[INFO] [stdout]  --> src/util/virtual_memory.rs:999:1
[INFO] [stdout]   |
[INFO] [stdout] 7 | copy_nonoverlapping(source, code_ptr, code_size);
[INFO] [stdout]   | ^^^^^^^^^^^^^^^^^^^ not found in this scope
[INFO] [stdout]   |
[INFO] [stdout] help: consider importing this function
[INFO] [stdout]   |
[INFO] [stdout] 2 + use std::ptr::copy_nonoverlapping;
[INFO] [stdout]   |
[INFO] [stdout] 
[INFO] [stdout] error[E0425]: cannot find value `source` in this scope
[INFO] [stdout]  --> src/util/virtual_memory.rs:999:21
[INFO] [stdout]   |
[INFO] [stdout] 7 | copy_nonoverlapping(source, code_ptr, code_size);
[INFO] [stdout]   |                     ^^^^^^ not found in this scope
[INFO] [stdout] 
[INFO] [stdout] error[E0425]: cannot find function `protect_jit_memory` in this scope
[INFO] [stdout]  --> src/util/virtual_memory.rs:1000:1
[INFO] [stdout]   |
[INFO] [stdout] 8 | protect_jit_memory(ProtectJitAccess::ReadOnly);
[INFO] [stdout]   | ^^^^^^^^^^^^^^^^^^ not found in this scope
[INFO] [stdout]   |
[INFO] [stdout] help: consider importing this function
[INFO] [stdout]   |
[INFO] [stdout] 2 + use asmkit::util::virtual_memory::protect_jit_memory;
[INFO] [stdout]   |
[INFO] [stdout] 
[INFO] [stdout] error[E0433]: failed to resolve: use of undeclared type `ProtectJitAccess`
[INFO] [stdout]  --> src/util/virtual_memory.rs:1000:20
[INFO] [stdout]   |
[INFO] [stdout] 8 | protect_jit_memory(ProtectJitAccess::ReadOnly);
[INFO] [stdout]   |                    ^^^^^^^^^^^^^^^^ use of undeclared type `ProtectJitAccess`
[INFO] [stdout]   |
[INFO] [stdout] help: consider importing this enum
[INFO] [stdout]   |
[INFO] [stdout] 2 + use asmkit::util::virtual_memory::ProtectJitAccess;
[INFO] [stdout]   |
[INFO] [stdout] 
[INFO] [stdout] error[E0425]: cannot find function `flush_instruction_cache` in this scope
[INFO] [stdout]  --> src/util/virtual_memory.rs:1001:1
[INFO] [stdout]   |
[INFO] [stdout] 9 | flush_instruction_cache(code_ptr, code_size);
[INFO] [stdout]   | ^^^^^^^^^^^^^^^^^^^^^^^ not found in this scope
[INFO] [stdout]   |
[INFO] [stdout] help: consider importing this function
[INFO] [stdout]   |
[INFO] [stdout] 2 + use asmkit::util::virtual_memory::flush_instruction_cache;
[INFO] [stdout]   |
[INFO] [stdout] 
[INFO] [stdout] error: aborting due to 11 previous errors
[INFO] [stdout] 
[INFO] [stdout] Some errors have detailed explanations: E0425, E0433, E0586.
[INFO] [stdout] For more information about an error, try `rustc --explain E0425`.
[INFO] [stdout] Couldn't compile the test.
[INFO] [stdout] 
[INFO] [stdout] failures:
[INFO] [stdout]     src/util/virtual_memory.rs - util::virtual_memory::protect_jit_memory (line 994)
[INFO] [stdout] 
[INFO] [stdout] test result: FAILED. 1 passed; 1 failed; 0 ignored; 0 measured; 0 filtered out; finished in 0.71s
[INFO] [stdout] 
[INFO] [stderr] error: doctest failed, to rerun pass `--doc`
[INFO] running `Command { std: "docker" "inspect" "3d393a10fb8ad8cb820c544b2b6a5a98498fe841e12ebdba9de2c9d7574bc778", kill_on_drop: false }`
[INFO] running `Command { std: "docker" "rm" "-f" "3d393a10fb8ad8cb820c544b2b6a5a98498fe841e12ebdba9de2c9d7574bc778", kill_on_drop: false }`
[INFO] [stdout] 3d393a10fb8ad8cb820c544b2b6a5a98498fe841e12ebdba9de2c9d7574bc778
