[INFO] fetching crate ascii-rs 0.1.2...
[INFO] testing ascii-rs-0.1.2 against beta-2024-12-08 for beta-1.84.0-4-retry
[INFO] extracting crate ascii-rs 0.1.2 into /workspace/builds/worker-7-tc2/source
[INFO] validating manifest of crates.io crate ascii-rs 0.1.2 on toolchain beta-2024-12-08
[INFO] running `Command { std: CARGO_HOME="/workspace/cargo-home" RUSTUP_HOME="/workspace/rustup-home" "/workspace/cargo-home/bin/cargo" "+beta-2024-12-08" "metadata" "--manifest-path" "Cargo.toml" "--no-deps", kill_on_drop: false }`
[INFO] started tweaking crates.io crate ascii-rs 0.1.2
[INFO] finished tweaking crates.io crate ascii-rs 0.1.2
[INFO] tweaked toml for crates.io crate ascii-rs 0.1.2 written to /workspace/builds/worker-7-tc2/source/Cargo.toml
[INFO] running `Command { std: CARGO_HOME="/workspace/cargo-home" RUSTUP_HOME="/workspace/rustup-home" "/workspace/cargo-home/bin/cargo" "+beta-2024-12-08" "generate-lockfile" "--manifest-path" "Cargo.toml", kill_on_drop: false }`
[INFO] [stderr]     Updating crates.io index
[INFO] [stderr]      Locking 116 packages to latest compatible versions
[INFO] running `Command { std: CARGO_HOME="/workspace/cargo-home" RUSTUP_HOME="/workspace/rustup-home" "/workspace/cargo-home/bin/cargo" "+beta-2024-12-08" "fetch" "--manifest-path" "Cargo.toml", kill_on_drop: false }`
[INFO] running `Command { std: "docker" "create" "-v" "/var/lib/crater-agent-workspace/builds/worker-7-tc2/target:/opt/rustwide/target:rw,Z" "-v" "/var/lib/crater-agent-workspace/builds/worker-7-tc2/source:/opt/rustwide/workdir:ro,Z" "-v" "/var/lib/crater-agent-workspace/cargo-home:/opt/rustwide/cargo-home:ro,Z" "-v" "/var/lib/crater-agent-workspace/rustup-home:/opt/rustwide/rustup-home:ro,Z" "-e" "SOURCE_DIR=/opt/rustwide/workdir" "-e" "CARGO_TARGET_DIR=/opt/rustwide/target" "-e" "CARGO_HOME=/opt/rustwide/cargo-home" "-e" "RUSTUP_HOME=/opt/rustwide/rustup-home" "-w" "/opt/rustwide/workdir" "-m" "1610612736" "--user" "0:0" "--network" "none" "ghcr.io/rust-lang/crates-build-env/linux@sha256:f3a9d4ad9d972b27faf3965f35b62e55ba32bbce8f20bc8fe909558a86702fde" "/opt/rustwide/cargo-home/bin/cargo" "+beta-2024-12-08" "metadata" "--no-deps" "--format-version=1", kill_on_drop: false }`
[INFO] [stdout] ca48ee31fb32f165a8825477e3cebbdd161123f4ae1a8a2109db7684ae4d07ca
[INFO] running `Command { std: "docker" "start" "-a" "ca48ee31fb32f165a8825477e3cebbdd161123f4ae1a8a2109db7684ae4d07ca", kill_on_drop: false }`
[INFO] running `Command { std: "docker" "inspect" "ca48ee31fb32f165a8825477e3cebbdd161123f4ae1a8a2109db7684ae4d07ca", kill_on_drop: false }`
[INFO] running `Command { std: "docker" "rm" "-f" "ca48ee31fb32f165a8825477e3cebbdd161123f4ae1a8a2109db7684ae4d07ca", kill_on_drop: false }`
[INFO] [stdout] ca48ee31fb32f165a8825477e3cebbdd161123f4ae1a8a2109db7684ae4d07ca
[INFO] running `Command { std: "docker" "create" "-v" "/var/lib/crater-agent-workspace/builds/worker-7-tc2/target:/opt/rustwide/target:rw,Z" "-v" "/var/lib/crater-agent-workspace/builds/worker-7-tc2/source:/opt/rustwide/workdir:ro,Z" "-v" "/var/lib/crater-agent-workspace/cargo-home:/opt/rustwide/cargo-home:ro,Z" "-v" "/var/lib/crater-agent-workspace/rustup-home:/opt/rustwide/rustup-home:ro,Z" "-e" "SOURCE_DIR=/opt/rustwide/workdir" "-e" "CARGO_TARGET_DIR=/opt/rustwide/target" "-e" "CARGO_INCREMENTAL=0" "-e" "RUST_BACKTRACE=full" "-e" "RUSTFLAGS=--cap-lints=warn" "-e" "RUSTDOCFLAGS=--cap-lints=warn" "-e" "CARGO_HOME=/opt/rustwide/cargo-home" "-e" "RUSTUP_HOME=/opt/rustwide/rustup-home" "-w" "/opt/rustwide/workdir" "-m" "1610612736" "--user" "0:0" "--network" "none" "ghcr.io/rust-lang/crates-build-env/linux@sha256:f3a9d4ad9d972b27faf3965f35b62e55ba32bbce8f20bc8fe909558a86702fde" "/opt/rustwide/cargo-home/bin/cargo" "+beta-2024-12-08" "build" "--frozen" "--message-format=json", kill_on_drop: false }`
[INFO] [stdout] 3b5a09e54dd67afa32de3144362ab50a62fe839d68853b3d8a1295cc299147e8
[INFO] running `Command { std: "docker" "start" "-a" "3b5a09e54dd67afa32de3144362ab50a62fe839d68853b3d8a1295cc299147e8", kill_on_drop: false }`
[INFO] [stderr]    Compiling proc-macro2 v1.0.92
[INFO] [stderr]    Compiling unicode-ident v1.0.14
[INFO] [stderr]    Compiling autocfg v1.4.0
[INFO] [stderr]    Compiling crossbeam-utils v0.8.20
[INFO] [stderr]    Compiling cfg-if v1.0.0
[INFO] [stderr]    Compiling simd-adler32 v0.3.7
[INFO] [stderr]    Compiling rayon-core v1.12.1
[INFO] [stderr]    Compiling anyhow v1.0.94
[INFO] [stderr]    Compiling adler2 v2.0.0
[INFO] [stderr]    Compiling either v1.13.0
[INFO] [stderr]    Compiling libc v0.2.168
[INFO] [stderr]    Compiling miniz_oxide v0.8.0
[INFO] [stderr]    Compiling aligned-vec v0.5.0
[INFO] [stderr]    Compiling memchr v2.7.4
[INFO] [stderr]    Compiling num-traits v0.2.19
[INFO] [stderr]    Compiling built v0.7.5
[INFO] [stderr]    Compiling minimal-lexical v0.2.1
[INFO] [stderr]    Compiling thiserror v1.0.69
[INFO] [stderr]    Compiling arrayvec v0.7.6
[INFO] [stderr]    Compiling paste v1.0.15
[INFO] [stderr]    Compiling crossbeam-epoch v0.9.18
[INFO] [stderr]    Compiling quote v1.0.37
[INFO] [stderr]    Compiling nom v7.1.3
[INFO] [stderr]    Compiling rav1e v0.7.1
[INFO] [stderr]    Compiling crossbeam-deque v0.8.5
[INFO] [stderr]    Compiling syn v2.0.90
[INFO] [stderr]    Compiling crc32fast v1.4.2
[INFO] [stderr]    Compiling log v0.4.22
[INFO] [stderr]    Compiling simd_helpers v0.1.0
[INFO] [stderr]    Compiling flate2 v1.0.35
[INFO] [stderr]    Compiling num-integer v0.1.46
[INFO] [stderr]    Compiling v_frame v0.3.8
[INFO] [stderr]    Compiling rayon v1.10.0
[INFO] [stderr]    Compiling num-bigint v0.4.6
[INFO] [stderr]    Compiling itertools v0.12.1
[INFO] [stderr]    Compiling quick-error v2.0.1
[INFO] [stderr]    Compiling noop_proc_macro v0.3.0
[INFO] [stderr]    Compiling bitstream-io v2.6.0
[INFO] [stderr]    Compiling weezl v0.1.8
[INFO] [stderr]    Compiling new_debug_unreachable v1.0.6
[INFO] [stderr]    Compiling imgref v1.11.0
[INFO] [stderr]    Compiling once_cell v1.20.2
[INFO] [stderr]    Compiling loop9 v0.1.5
[INFO] [stderr]    Compiling avif-serialize v0.8.2
[INFO] [stderr]    Compiling zune-inflate v0.2.54
[INFO] [stderr]    Compiling fdeflate v0.3.7
[INFO] [stderr]    Compiling half v2.4.1
[INFO] [stderr]    Compiling zune-core v0.4.12
[INFO] [stderr]    Compiling num-rational v0.4.2
[INFO] [stderr]    Compiling bitflags v1.3.2
[INFO] [stderr]    Compiling rgb v0.8.50
[INFO] [stderr]    Compiling bytemuck v1.20.0
[INFO] [stderr]    Compiling maybe-rayon v0.1.1
[INFO] [stderr]    Compiling jpeg-decoder v0.3.1
[INFO] [stderr]    Compiling bit_field v0.10.2
[INFO] [stderr]    Compiling lebe v0.5.2
[INFO] [stderr]    Compiling smallvec v1.13.2
[INFO] [stderr]    Compiling color_quant v1.1.0
[INFO] [stderr]    Compiling av1-grain v0.2.3
[INFO] [stderr]    Compiling byteorder-lite v0.1.0
[INFO] [stderr]    Compiling exr v1.73.0
[INFO] [stderr]    Compiling tiff v0.9.1
[INFO] [stderr]    Compiling image-webp v0.2.0
[INFO] [stderr]    Compiling gif v0.13.1
[INFO] [stderr]    Compiling qoi v0.4.1
[INFO] [stderr]    Compiling png v0.17.15
[INFO] [stderr]    Compiling zune-jpeg v0.4.14
[INFO] [stderr]    Compiling ansi_term v0.12.1
[INFO] [stderr]    Compiling profiling-procmacros v1.0.16
[INFO] [stderr]    Compiling thiserror-impl v1.0.69
[INFO] [stderr]    Compiling arg_enum_proc_macro v0.3.4
[INFO] [stderr]    Compiling num-derive v0.4.2
[INFO] [stderr]    Compiling profiling v1.0.16
[INFO] [stderr]    Compiling ravif v0.11.11
[INFO] [stderr]    Compiling image v0.25.5
[INFO] [stderr]    Compiling ascii-rs v0.1.2 (/opt/rustwide/workdir)
[INFO] [stderr]     Finished `dev` profile [unoptimized + debuginfo] target(s) in 1m 20s
[INFO] running `Command { std: "docker" "inspect" "3b5a09e54dd67afa32de3144362ab50a62fe839d68853b3d8a1295cc299147e8", kill_on_drop: false }`
[INFO] running `Command { std: "docker" "rm" "-f" "3b5a09e54dd67afa32de3144362ab50a62fe839d68853b3d8a1295cc299147e8", kill_on_drop: false }`
[INFO] [stdout] 3b5a09e54dd67afa32de3144362ab50a62fe839d68853b3d8a1295cc299147e8
[INFO] running `Command { std: "docker" "create" "-v" "/var/lib/crater-agent-workspace/builds/worker-7-tc2/target:/opt/rustwide/target:rw,Z" "-v" "/var/lib/crater-agent-workspace/builds/worker-7-tc2/source:/opt/rustwide/workdir:ro,Z" "-v" "/var/lib/crater-agent-workspace/cargo-home:/opt/rustwide/cargo-home:ro,Z" "-v" "/var/lib/crater-agent-workspace/rustup-home:/opt/rustwide/rustup-home:ro,Z" "-e" "SOURCE_DIR=/opt/rustwide/workdir" "-e" "CARGO_TARGET_DIR=/opt/rustwide/target" "-e" "CARGO_INCREMENTAL=0" "-e" "RUST_BACKTRACE=full" "-e" "RUSTFLAGS=--cap-lints=warn" "-e" "RUSTDOCFLAGS=--cap-lints=warn" "-e" "CARGO_HOME=/opt/rustwide/cargo-home" "-e" "RUSTUP_HOME=/opt/rustwide/rustup-home" "-w" "/opt/rustwide/workdir" "-m" "1610612736" "--user" "0:0" "--network" "none" "ghcr.io/rust-lang/crates-build-env/linux@sha256:f3a9d4ad9d972b27faf3965f35b62e55ba32bbce8f20bc8fe909558a86702fde" "/opt/rustwide/cargo-home/bin/cargo" "+beta-2024-12-08" "test" "--frozen" "--no-run" "--message-format=json", kill_on_drop: false }`
[INFO] [stdout] 0f214ac8b8bdd65e137a7739d796abf530b0593e93dfd6fa5a479a1900c4048e
[INFO] running `Command { std: "docker" "start" "-a" "0f214ac8b8bdd65e137a7739d796abf530b0593e93dfd6fa5a479a1900c4048e", kill_on_drop: false }`
[INFO] [stderr]    Compiling ascii-rs v0.1.2 (/opt/rustwide/workdir)
[INFO] [stderr]     Finished `test` profile [unoptimized + debuginfo] target(s) in 0.67s
[INFO] running `Command { std: "docker" "inspect" "0f214ac8b8bdd65e137a7739d796abf530b0593e93dfd6fa5a479a1900c4048e", kill_on_drop: false }`
[INFO] running `Command { std: "docker" "rm" "-f" "0f214ac8b8bdd65e137a7739d796abf530b0593e93dfd6fa5a479a1900c4048e", kill_on_drop: false }`
[INFO] [stdout] 0f214ac8b8bdd65e137a7739d796abf530b0593e93dfd6fa5a479a1900c4048e
[INFO] running `Command { std: "docker" "create" "-v" "/var/lib/crater-agent-workspace/builds/worker-7-tc2/target:/opt/rustwide/target:rw,Z" "-v" "/var/lib/crater-agent-workspace/builds/worker-7-tc2/source:/opt/rustwide/workdir:ro,Z" "-v" "/var/lib/crater-agent-workspace/cargo-home:/opt/rustwide/cargo-home:ro,Z" "-v" "/var/lib/crater-agent-workspace/rustup-home:/opt/rustwide/rustup-home:ro,Z" "-e" "SOURCE_DIR=/opt/rustwide/workdir" "-e" "CARGO_TARGET_DIR=/opt/rustwide/target" "-e" "CARGO_INCREMENTAL=0" "-e" "RUST_BACKTRACE=full" "-e" "RUSTFLAGS=--cap-lints=warn" "-e" "RUSTDOCFLAGS=--cap-lints=warn" "-e" "CARGO_HOME=/opt/rustwide/cargo-home" "-e" "RUSTUP_HOME=/opt/rustwide/rustup-home" "-w" "/opt/rustwide/workdir" "-m" "1610612736" "--user" "0:0" "--network" "none" "ghcr.io/rust-lang/crates-build-env/linux@sha256:f3a9d4ad9d972b27faf3965f35b62e55ba32bbce8f20bc8fe909558a86702fde" "/opt/rustwide/cargo-home/bin/cargo" "+beta-2024-12-08" "test" "--frozen", kill_on_drop: false }`
[INFO] [stdout] 598428b3446430a26d12db59056e973f472c5128d2161163de1d01d70dd7ffd4
[INFO] running `Command { std: "docker" "start" "-a" "598428b3446430a26d12db59056e973f472c5128d2161163de1d01d70dd7ffd4", kill_on_drop: false }`
[INFO] [stderr]     Finished `test` profile [unoptimized + debuginfo] target(s) in 0.13s
[INFO] [stderr]      Running unittests src/lib.rs (/opt/rustwide/target/debug/deps/ascii_rs-c1ad09ab5cfd86f5)
[INFO] [stdout] 
[INFO] [stdout] running 0 tests
[INFO] [stdout] 
[INFO] [stdout] test result: ok. 0 passed; 0 failed; 0 ignored; 0 measured; 0 filtered out; finished in 0.00s
[INFO] [stdout] 
[INFO] [stderr]    Doc-tests ascii_rs
[INFO] [stdout] 
[INFO] [stdout] running 4 tests
[INFO] [stdout] test src/image_proc.rs - image_proc::ImageEngine::from_slice (line 46) ... FAILED
[INFO] [stdout] test src/image_proc.rs - image_proc::ImageEngine::new (line 23) ... FAILED
[INFO] [stdout] test src/image_proc.rs - image_proc::ImageEngine::render_to_text (line 73) ... FAILED
[INFO] [stdout] test src/image_proc.rs - image_proc::ImageEngine::render_to_text (line 91) ... FAILED
[INFO] [stdout] 
[INFO] [stdout] failures:
[INFO] [stdout] 
[INFO] [stdout] ---- src/image_proc.rs - image_proc::ImageEngine::from_slice (line 46) stdout ----
[INFO] [stdout] error: couldn't read `src/your image path`: No such file or directory (os error 2)
[INFO] [stdout]  --> src/image_proc.rs:51:22
[INFO] [stdout]   |
[INFO] [stdout] 6 |         let source = include_bytes!("your image path");
[INFO] [stdout]   |                      ^^^^^^^^^^^^^^^^^^^^^^^^^^^^^^^^^
[INFO] [stdout]   |
[INFO] [stdout]   = note: this error originates in the macro `include_bytes` (in Nightly builds, run with -Z macro-backtrace for more info)
[INFO] [stdout] 
[INFO] [stdout] error[E0433]: failed to resolve: use of undeclared crate or module `rustascii`
[INFO] [stdout]  --> src/image_proc.rs:47:5
[INFO] [stdout]   |
[INFO] [stdout] 2 | use rustascii::{image_proc::ImageEngine};
[INFO] [stdout]   |     ^^^^^^^^^ use of undeclared crate or module `rustascii`
[INFO] [stdout] 
[INFO] [stdout] error: aborting due to 2 previous errors
[INFO] [stdout] 
[INFO] [stdout] For more information about this error, try `rustc --explain E0433`.
[INFO] [stdout] Couldn't compile the test.
[INFO] [stdout] ---- src/image_proc.rs - image_proc::ImageEngine::new (line 23) stdout ----
[INFO] [stdout] error[E0433]: failed to resolve: use of undeclared crate or module `rustascii`
[INFO] [stdout]  --> src/image_proc.rs:26:5
[INFO] [stdout]   |
[INFO] [stdout] 4 | use rustascii::{image, image_proc::ImageEngine};
[INFO] [stdout]   |     ^^^^^^^^^ use of undeclared crate or module `rustascii`
[INFO] [stdout] 
[INFO] [stdout] error[E0432]: unresolved import `rustascii`
[INFO] [stdout]  --> src/image_proc.rs:26:5
[INFO] [stdout]   |
[INFO] [stdout] 4 | use rustascii::{image, image_proc::ImageEngine};
[INFO] [stdout]   |     ^^^^^^^^^ use of undeclared crate or module `rustascii`
[INFO] [stdout] 
[INFO] [stdout] error: aborting due to 2 previous errors
[INFO] [stdout] 
[INFO] [stdout] Some errors have detailed explanations: E0432, E0433.
[INFO] [stdout] For more information about an error, try `rustc --explain E0432`.
[INFO] [stdout] Couldn't compile the test.
[INFO] [stdout] ---- src/image_proc.rs - image_proc::ImageEngine::render_to_text (line 73) stdout ----
[INFO] [stdout] error: couldn't read `src/your-path`: No such file or directory (os error 2)
[INFO] [stdout]  --> src/image_proc.rs:78:22
[INFO] [stdout]   |
[INFO] [stdout] 6 |         let source = include_bytes!("your-path");
[INFO] [stdout]   |                      ^^^^^^^^^^^^^^^^^^^^^^^^^^^
[INFO] [stdout]   |
[INFO] [stdout]   = note: this error originates in the macro `include_bytes` (in Nightly builds, run with -Z macro-backtrace for more info)
[INFO] [stdout] 
[INFO] [stdout] error[E0433]: failed to resolve: use of undeclared crate or module `rustascii`
[INFO] [stdout]  --> src/image_proc.rs:74:5
[INFO] [stdout]   |
[INFO] [stdout] 2 | use rustascii::{image_proc::ImageEngine};
[INFO] [stdout]   |     ^^^^^^^^^ use of undeclared crate or module `rustascii`
[INFO] [stdout] 
[INFO] [stdout] error: aborting due to 2 previous errors
[INFO] [stdout] 
[INFO] [stdout] For more information about this error, try `rustc --explain E0433`.
[INFO] [stdout] Couldn't compile the test.
[INFO] [stdout] ---- src/image_proc.rs - image_proc::ImageEngine::render_to_text (line 91) stdout ----
[INFO] [stdout] error: couldn't read `src/your-path`: No such file or directory (os error 2)
[INFO] [stdout]  --> src/image_proc.rs:96:22
[INFO] [stdout]   |
[INFO] [stdout] 6 |         let source = include_bytes!("your-path");
[INFO] [stdout]   |                      ^^^^^^^^^^^^^^^^^^^^^^^^^^^
[INFO] [stdout]   |
[INFO] [stdout]   = note: this error originates in the macro `include_bytes` (in Nightly builds, run with -Z macro-backtrace for more info)
[INFO] [stdout] 
[INFO] [stdout] error[E0433]: failed to resolve: use of undeclared crate or module `rustascii`
[INFO] [stdout]  --> src/image_proc.rs:92:5
[INFO] [stdout]   |
[INFO] [stdout] 2 | use rustascii::{image_proc::ImageEngine};
[INFO] [stdout]   |     ^^^^^^^^^ use of undeclared crate or module `rustascii`
[INFO] [stdout] 
[INFO] [stdout] error[E0433]: failed to resolve: use of undeclared crate or module `fs`
[INFO] [stdout]  --> src/image_proc.rs:99:31
[INFO] [stdout]   |
[INFO] [stdout] 9 |         let mut file_writer = fs::File::create_new("your-new-file")?;
[INFO] [stdout]   |                               ^^ use of undeclared crate or module `fs`
[INFO] [stdout]   |
[INFO] [stdout] help: consider importing this struct
[INFO] [stdout]   |
[INFO] [stdout] 2 + use std::fs::File;
[INFO] [stdout]   |
[INFO] [stdout] help: if you import `File`, refer to it directly
[INFO] [stdout]   |
[INFO] [stdout] 9 -         let mut file_writer = fs::File::create_new("your-new-file")?;
[INFO] [stdout] 9 +         let mut file_writer = File::create_new("your-new-file")?;
[INFO] [stdout]   |
[INFO] [stdout] 
[INFO] [stdout] error: aborting due to 3 previous errors
[INFO] [stdout] 
[INFO] [stdout] For more information about this error, try `rustc --explain E0433`.
[INFO] [stdout] Couldn't compile the test.
[INFO] [stdout] 
[INFO] [stdout] failures:
[INFO] [stdout]     src/image_proc.rs - image_proc::ImageEngine::from_slice (line 46)
[INFO] [stdout]     src/image_proc.rs - image_proc::ImageEngine::new (line 23)
[INFO] [stdout]     src/image_proc.rs - image_proc::ImageEngine::render_to_text (line 73)
[INFO] [stdout]     src/image_proc.rs - image_proc::ImageEngine::render_to_text (line 91)
[INFO] [stdout] 
[INFO] [stdout] test result: FAILED. 0 passed; 4 failed; 0 ignored; 0 measured; 0 filtered out; finished in 0.20s
[INFO] [stdout] 
[INFO] [stderr] error: doctest failed, to rerun pass `--doc`
[INFO] running `Command { std: "docker" "inspect" "598428b3446430a26d12db59056e973f472c5128d2161163de1d01d70dd7ffd4", kill_on_drop: false }`
[INFO] running `Command { std: "docker" "rm" "-f" "598428b3446430a26d12db59056e973f472c5128d2161163de1d01d70dd7ffd4", kill_on_drop: false }`
[INFO] [stdout] 598428b3446430a26d12db59056e973f472c5128d2161163de1d01d70dd7ffd4
