[INFO] fetching crate ascii-forge 0.3.0...
[INFO] testing ascii-forge-0.3.0 against 1.83.0 for beta-1.84.0-4-retry
[INFO] extracting crate ascii-forge 0.3.0 into /workspace/builds/worker-0-tc1/source
[INFO] validating manifest of crates.io crate ascii-forge 0.3.0 on toolchain 1.83.0
[INFO] running `Command { std: CARGO_HOME="/workspace/cargo-home" RUSTUP_HOME="/workspace/rustup-home" "/workspace/cargo-home/bin/cargo" "+1.83.0" "metadata" "--manifest-path" "Cargo.toml" "--no-deps", kill_on_drop: false }`
[INFO] started tweaking crates.io crate ascii-forge 0.3.0
[INFO] removed 0 missing examples
[INFO] finished tweaking crates.io crate ascii-forge 0.3.0
[INFO] tweaked toml for crates.io crate ascii-forge 0.3.0 written to /workspace/builds/worker-0-tc1/source/Cargo.toml
[INFO] crate crates.io crate ascii-forge 0.3.0 already has a lockfile, it will not be regenerated
[INFO] running `Command { std: CARGO_HOME="/workspace/cargo-home" RUSTUP_HOME="/workspace/rustup-home" "/workspace/cargo-home/bin/cargo" "+1.83.0" "fetch" "--manifest-path" "Cargo.toml", kill_on_drop: false }`
[INFO] running `Command { std: "docker" "create" "-v" "/var/lib/crater-agent-workspace/builds/worker-0-tc1/target:/opt/rustwide/target:rw,Z" "-v" "/var/lib/crater-agent-workspace/builds/worker-0-tc1/source:/opt/rustwide/workdir:ro,Z" "-v" "/var/lib/crater-agent-workspace/cargo-home:/opt/rustwide/cargo-home:ro,Z" "-v" "/var/lib/crater-agent-workspace/rustup-home:/opt/rustwide/rustup-home:ro,Z" "-e" "SOURCE_DIR=/opt/rustwide/workdir" "-e" "CARGO_TARGET_DIR=/opt/rustwide/target" "-e" "CARGO_HOME=/opt/rustwide/cargo-home" "-e" "RUSTUP_HOME=/opt/rustwide/rustup-home" "-w" "/opt/rustwide/workdir" "-m" "1610612736" "--user" "0:0" "--network" "none" "ghcr.io/rust-lang/crates-build-env/linux@sha256:f3a9d4ad9d972b27faf3965f35b62e55ba32bbce8f20bc8fe909558a86702fde" "/opt/rustwide/cargo-home/bin/cargo" "+1.83.0" "metadata" "--no-deps" "--format-version=1", kill_on_drop: false }`
[INFO] [stdout] 59f5e69d380be3a07837b6174cb58516776559ebbf47f317bf3fe3f585b8a451
[INFO] running `Command { std: "docker" "start" "-a" "59f5e69d380be3a07837b6174cb58516776559ebbf47f317bf3fe3f585b8a451", kill_on_drop: false }`
[INFO] running `Command { std: "docker" "inspect" "59f5e69d380be3a07837b6174cb58516776559ebbf47f317bf3fe3f585b8a451", kill_on_drop: false }`
[INFO] running `Command { std: "docker" "rm" "-f" "59f5e69d380be3a07837b6174cb58516776559ebbf47f317bf3fe3f585b8a451", kill_on_drop: false }`
[INFO] [stdout] 59f5e69d380be3a07837b6174cb58516776559ebbf47f317bf3fe3f585b8a451
[INFO] running `Command { std: "docker" "create" "-v" "/var/lib/crater-agent-workspace/builds/worker-0-tc1/target:/opt/rustwide/target:rw,Z" "-v" "/var/lib/crater-agent-workspace/builds/worker-0-tc1/source:/opt/rustwide/workdir:ro,Z" "-v" "/var/lib/crater-agent-workspace/cargo-home:/opt/rustwide/cargo-home:ro,Z" "-v" "/var/lib/crater-agent-workspace/rustup-home:/opt/rustwide/rustup-home:ro,Z" "-e" "SOURCE_DIR=/opt/rustwide/workdir" "-e" "CARGO_TARGET_DIR=/opt/rustwide/target" "-e" "CARGO_INCREMENTAL=0" "-e" "RUST_BACKTRACE=full" "-e" "RUSTFLAGS=--cap-lints=warn" "-e" "RUSTDOCFLAGS=--cap-lints=warn" "-e" "CARGO_HOME=/opt/rustwide/cargo-home" "-e" "RUSTUP_HOME=/opt/rustwide/rustup-home" "-w" "/opt/rustwide/workdir" "-m" "1610612736" "--user" "0:0" "--network" "none" "ghcr.io/rust-lang/crates-build-env/linux@sha256:f3a9d4ad9d972b27faf3965f35b62e55ba32bbce8f20bc8fe909558a86702fde" "/opt/rustwide/cargo-home/bin/cargo" "+1.83.0" "build" "--frozen" "--message-format=json", kill_on_drop: false }`
[INFO] [stdout] 8206afa2087c274aec36b37ff7b13c9edf0d5d577354b75a0d76e6431ccf40b2
[INFO] running `Command { std: "docker" "start" "-a" "8206afa2087c274aec36b37ff7b13c9edf0d5d577354b75a0d76e6431ccf40b2", kill_on_drop: false }`
[INFO] [stderr]    Compiling libc v0.2.158
[INFO] [stderr]    Compiling autocfg v1.1.0
[INFO] [stderr]    Compiling cfg-if v1.0.0
[INFO] [stderr]    Compiling rustversion v1.0.14
[INFO] [stderr]    Compiling signal-hook v0.3.17
[INFO] [stderr]    Compiling parking_lot_core v0.9.9
[INFO] [stderr]    Compiling log v0.4.20
[INFO] [stderr]    Compiling rustix v0.38.37
[INFO] [stderr]    Compiling scopeguard v1.2.0
[INFO] [stderr]    Compiling smallvec v1.13.1
[INFO] [stderr]    Compiling linux-raw-sys v0.4.14
[INFO] [stderr]    Compiling bitflags v2.4.2
[INFO] [stderr]    Compiling static_assertions v1.1.0
[INFO] [stderr]    Compiling ryu v1.0.17
[INFO] [stderr]    Compiling itoa v1.0.10
[INFO] [stderr]    Compiling lock_api v0.4.11
[INFO] [stderr]    Compiling castaway v0.2.3
[INFO] [stderr]    Compiling compact_str v0.8.0
[INFO] [stderr]    Compiling signal-hook-registry v1.4.1
[INFO] [stderr]    Compiling mio v1.0.2
[INFO] [stderr]    Compiling parking_lot v0.12.1
[INFO] [stderr]    Compiling signal-hook-mio v0.2.4
[INFO] [stderr]    Compiling crossterm v0.28.1
[INFO] [stderr]    Compiling ascii-forge v0.3.0 (/opt/rustwide/workdir)
[INFO] [stderr]     Finished `dev` profile [unoptimized + debuginfo] target(s) in 6.98s
[INFO] running `Command { std: "docker" "inspect" "8206afa2087c274aec36b37ff7b13c9edf0d5d577354b75a0d76e6431ccf40b2", kill_on_drop: false }`
[INFO] running `Command { std: "docker" "rm" "-f" "8206afa2087c274aec36b37ff7b13c9edf0d5d577354b75a0d76e6431ccf40b2", kill_on_drop: false }`
[INFO] [stdout] 8206afa2087c274aec36b37ff7b13c9edf0d5d577354b75a0d76e6431ccf40b2
[INFO] running `Command { std: "docker" "create" "-v" "/var/lib/crater-agent-workspace/builds/worker-0-tc1/target:/opt/rustwide/target:rw,Z" "-v" "/var/lib/crater-agent-workspace/builds/worker-0-tc1/source:/opt/rustwide/workdir:ro,Z" "-v" "/var/lib/crater-agent-workspace/cargo-home:/opt/rustwide/cargo-home:ro,Z" "-v" "/var/lib/crater-agent-workspace/rustup-home:/opt/rustwide/rustup-home:ro,Z" "-e" "SOURCE_DIR=/opt/rustwide/workdir" "-e" "CARGO_TARGET_DIR=/opt/rustwide/target" "-e" "CARGO_INCREMENTAL=0" "-e" "RUST_BACKTRACE=full" "-e" "RUSTFLAGS=--cap-lints=warn" "-e" "RUSTDOCFLAGS=--cap-lints=warn" "-e" "CARGO_HOME=/opt/rustwide/cargo-home" "-e" "RUSTUP_HOME=/opt/rustwide/rustup-home" "-w" "/opt/rustwide/workdir" "-m" "1610612736" "--user" "0:0" "--network" "none" "ghcr.io/rust-lang/crates-build-env/linux@sha256:f3a9d4ad9d972b27faf3965f35b62e55ba32bbce8f20bc8fe909558a86702fde" "/opt/rustwide/cargo-home/bin/cargo" "+1.83.0" "test" "--frozen" "--no-run" "--message-format=json", kill_on_drop: false }`
[INFO] [stdout] a3219b783f49124f56fa81fcb0b5165e5ee4839cd2f7b649c361bd617a8d5d2a
[INFO] running `Command { std: "docker" "start" "-a" "a3219b783f49124f56fa81fcb0b5165e5ee4839cd2f7b649c361bd617a8d5d2a", kill_on_drop: false }`
[INFO] [stderr]    Compiling memchr v2.7.1
[INFO] [stderr]    Compiling regex-syntax v0.8.2
[INFO] [stderr]    Compiling aho-corasick v1.1.2
[INFO] [stderr]    Compiling regex-automata v0.4.5
[INFO] [stderr]    Compiling regex v1.10.3
[INFO] [stderr]    Compiling ascii-forge v0.3.0 (/opt/rustwide/workdir)
[INFO] [stderr]     Finished `test` profile [unoptimized + debuginfo] target(s) in 11.80s
[INFO] running `Command { std: "docker" "inspect" "a3219b783f49124f56fa81fcb0b5165e5ee4839cd2f7b649c361bd617a8d5d2a", kill_on_drop: false }`
[INFO] running `Command { std: "docker" "rm" "-f" "a3219b783f49124f56fa81fcb0b5165e5ee4839cd2f7b649c361bd617a8d5d2a", kill_on_drop: false }`
[INFO] [stdout] a3219b783f49124f56fa81fcb0b5165e5ee4839cd2f7b649c361bd617a8d5d2a
[INFO] running `Command { std: "docker" "create" "-v" "/var/lib/crater-agent-workspace/builds/worker-0-tc1/target:/opt/rustwide/target:rw,Z" "-v" "/var/lib/crater-agent-workspace/builds/worker-0-tc1/source:/opt/rustwide/workdir:ro,Z" "-v" "/var/lib/crater-agent-workspace/cargo-home:/opt/rustwide/cargo-home:ro,Z" "-v" "/var/lib/crater-agent-workspace/rustup-home:/opt/rustwide/rustup-home:ro,Z" "-e" "SOURCE_DIR=/opt/rustwide/workdir" "-e" "CARGO_TARGET_DIR=/opt/rustwide/target" "-e" "CARGO_INCREMENTAL=0" "-e" "RUST_BACKTRACE=full" "-e" "RUSTFLAGS=--cap-lints=warn" "-e" "RUSTDOCFLAGS=--cap-lints=warn" "-e" "CARGO_HOME=/opt/rustwide/cargo-home" "-e" "RUSTUP_HOME=/opt/rustwide/rustup-home" "-w" "/opt/rustwide/workdir" "-m" "1610612736" "--user" "0:0" "--network" "none" "ghcr.io/rust-lang/crates-build-env/linux@sha256:f3a9d4ad9d972b27faf3965f35b62e55ba32bbce8f20bc8fe909558a86702fde" "/opt/rustwide/cargo-home/bin/cargo" "+1.83.0" "test" "--frozen", kill_on_drop: false }`
[INFO] [stdout] a8912e34402e0ae6a9dc82c54f7e1a6f4685eeb1a82ce42b8ace3299a82caa1a
[INFO] running `Command { std: "docker" "start" "-a" "a8912e34402e0ae6a9dc82c54f7e1a6f4685eeb1a82ce42b8ace3299a82caa1a", kill_on_drop: false }`
[INFO] [stderr]     Finished `test` profile [unoptimized + debuginfo] target(s) in 0.06s
[INFO] [stderr]      Running unittests src/lib.rs (/opt/rustwide/target/debug/deps/ascii_forge-8bb659478460e462)
[INFO] [stdout] 
[INFO] [stdout] running 0 tests
[INFO] [stdout] 
[INFO] [stdout] test result: ok. 0 passed; 0 failed; 0 ignored; 0 measured; 0 filtered out; finished in 0.00s
[INFO] [stdout] 
[INFO] [stderr]    Doc-tests ascii_forge
[INFO] [stdout] 
[INFO] [stdout] running 4 tests
[INFO] [stdout] test src/renderer/buffer.rs - renderer::buffer::Buffer (line 8) - compile ... FAILED
[INFO] [stdout] test src/window.rs - window::Window (line 33) - compile ... FAILED
[INFO] [stdout] test src/renderer/render.rs - renderer::render::render (line 11) - compile ... FAILED
[INFO] [stdout] test src/window.rs - window::event (line 375) - compile ... FAILED
[INFO] [stdout] 
[INFO] [stdout] failures:
[INFO] [stdout] 
[INFO] [stdout] ---- src/renderer/buffer.rs - renderer::buffer::Buffer (line 8) stdout ----
[INFO] [stdout] error: expected one of `.`, `;`, `?`, `}`, or an operator, found `=>`
[INFO] [stdout]   --> src/renderer/buffer.rs:18:16
[INFO] [stdout]    |
[INFO] [stdout] 13 |         (0, 0) => "Hello World!"
[INFO] [stdout]    |                ^^ expected one of `.`, `;`, `?`, `}`, or an operator
[INFO] [stdout]    |
[INFO] [stdout] help: you might have meant to write a "greater than or equal to" comparison
[INFO] [stdout]    |
[INFO] [stdout] 13 |         (0, 0) >= "Hello World!"
[INFO] [stdout]    |                ~~
[INFO] [stdout] 
[INFO] [stdout] error: unexpected end of macro invocation
[INFO] [stdout]   --> src/renderer/buffer.rs:19:6
[INFO] [stdout]    |
[INFO] [stdout] 14 |     }
[INFO] [stdout]    |      ^ missing tokens in macro arguments
[INFO] [stdout]    |
[INFO] [stdout] note: while trying to match `=>`
[INFO] [stdout]   --> /opt/rustwide/workdir/src/renderer/render.rs:28:33
[INFO] [stdout]    |
[INFO] [stdout] 28 |     ($buffer:expr, $( $loc:expr => [$($render:expr),* $(,)?]),* $(,)?  ) => {{
[INFO] [stdout]    |                                 ^^
[INFO] [stdout] 
[INFO] [stdout] error[E0061]: this function takes 1 argument but 2 arguments were supplied
[INFO] [stdout]   --> src/renderer/buffer.rs:13:18
[INFO] [stdout]    |
[INFO] [stdout] 8  | let mut buffer = Buffer::new(30, 30);
[INFO] [stdout]    |                  ^^^^^^^^^^^     -- unexpected argument #2 of type `{integer}`
[INFO] [stdout]    |
[INFO] [stdout] note: associated function defined here
[INFO] [stdout]   --> /opt/rustwide/workdir/src/renderer/buffer.rs:38:12
[INFO] [stdout]    |
[INFO] [stdout] 38 |     pub fn new(size: impl Into<Vec2>) -> Self {
[INFO] [stdout]    |            ^^^
[INFO] [stdout] help: remove the extra argument
[INFO] [stdout]    |
[INFO] [stdout] 8  - let mut buffer = Buffer::new(30, 30);
[INFO] [stdout] 8  + let mut buffer = Buffer::new(30);
[INFO] [stdout]    |
[INFO] [stdout] 
[INFO] [stdout] error: aborting due to 3 previous errors
[INFO] [stdout] 
[INFO] [stdout] For more information about this error, try `rustc --explain E0061`.
[INFO] [stdout] Couldn't compile the test.
[INFO] [stdout] ---- src/window.rs - window::Window (line 33) stdout ----
[INFO] [stdout] error: expected one of `,`, `.`, `;`, `?`, `]`, or an operator, found `=>`
[INFO] [stdout]   --> src/window.rs:42:18
[INFO] [stdout]    |
[INFO] [stdout] 12 |         (10, 10) => "Element Here!"
[INFO] [stdout]    |                  ^^ expected one of `,`, `.`, `;`, `?`, `]`, or an operator
[INFO] [stdout]    |
[INFO] [stdout]   ::: /opt/rustwide/workdir/src/renderer/render.rs:28:23
[INFO] [stdout]    |
[INFO] [stdout] 28 |     ($buffer:expr, $( $loc:expr => [$($render:expr),* $(,)?]),* $(,)?  ) => {{
[INFO] [stdout]    |                       --------- while parsing argument for this `expr` macro fragment
[INFO] [stdout] 
[INFO] [stdout] error[E0277]: the `?` operator can only be used in a function that returns `Result` or `Option` (or another type that implements `FromResidual`)
[INFO] [stdout]  --> src/window.rs:37:32
[INFO] [stdout]   |
[INFO] [stdout] 4 | fn main() { #[allow(non_snake_case)] fn _doctest_main_src_window_rs_33_0() {
[INFO] [stdout]   |                                      ------------------------------------- this function should return `Result` or `Option` to accept `?`
[INFO] [stdout] ...
[INFO] [stdout] 7 | let mut window = Window::init()?;
[INFO] [stdout]   |                                ^ cannot use the `?` operator in a function that returns `()`
[INFO] [stdout]   |
[INFO] [stdout]   = help: the trait `FromResidual<Result<Infallible, std::io::Error>>` is not implemented for `()`
[INFO] [stdout] help: consider adding return type
[INFO] [stdout]   |
[INFO] [stdout] 4 | fn main() { #[allow(non_snake_case)] fn _doctest_main_src_window_rs_33_0() -> Result<(), Box<dyn std::error::Error>> {
[INFO] [stdout]   |                                                                            +++++++++++++++++++++++++++++++++++++++++
[INFO] [stdout] 
[INFO] [stdout] error: aborting due to 2 previous errors
[INFO] [stdout] 
[INFO] [stdout] For more information about this error, try `rustc --explain E0277`.
[INFO] [stdout] Couldn't compile the test.
[INFO] [stdout] ---- src/renderer/render.rs - renderer::render::render (line 11) stdout ----
[INFO] [stdout] error[E0432]: unresolved import `crate::prelude`
[INFO] [stdout]  --> src/renderer/render.rs:12:12
[INFO] [stdout]   |
[INFO] [stdout] 3 | use crate::prelude::*;
[INFO] [stdout]   |            ^^^^^^^
[INFO] [stdout]   |            |
[INFO] [stdout]   |            unresolved import
[INFO] [stdout]   |            help: a similar path exists: `ascii_forge::prelude`
[INFO] [stdout] 
[INFO] [stdout] error: cannot find macro `render` in this scope
[INFO] [stdout]  --> src/renderer/render.rs:18:1
[INFO] [stdout]   |
[INFO] [stdout] 9 | render!(
[INFO] [stdout]   | ^^^^^^
[INFO] [stdout]   |
[INFO] [stdout] help: consider importing this macro
[INFO] [stdout]   |
[INFO] [stdout] 2 + use ascii_forge::render;
[INFO] [stdout]   |
[INFO] [stdout] 
[INFO] [stdout] error: aborting due to 2 previous errors
[INFO] [stdout] 
[INFO] [stdout] For more information about this error, try `rustc --explain E0432`.
[INFO] [stdout] Couldn't compile the test.
[INFO] [stdout] ---- src/window.rs - window::event (line 375) stdout ----
[INFO] [stdout] error: cannot find macro `event` in this scope
[INFO] [stdout]  --> src/window.rs:376:1
[INFO] [stdout]   |
[INFO] [stdout] 3 | event!(window, Event::Key(e) => e.code == KeyCode::Char('q'));
[INFO] [stdout]   | ^^^^^
[INFO] [stdout]   |
[INFO] [stdout] help: consider importing this macro
[INFO] [stdout]   |
[INFO] [stdout] 2 + use ascii_forge::event;
[INFO] [stdout]   |
[INFO] [stdout] 
[INFO] [stdout] error: aborting due to 1 previous error
[INFO] [stdout] 
[INFO] [stdout] Couldn't compile the test.
[INFO] [stdout] 
[INFO] [stdout] failures:
[INFO] [stdout]     src/renderer/buffer.rs - renderer::buffer::Buffer (line 8)
[INFO] [stdout]     src/renderer/render.rs - renderer::render::render (line 11)
[INFO] [stdout]     src/window.rs - window::Window (line 33)
[INFO] [stdout]     src/window.rs - window::event (line 375)
[INFO] [stdout] 
[INFO] [stdout] test result: FAILED. 0 passed; 4 failed; 0 ignored; 0 measured; 0 filtered out; finished in 0.16s
[INFO] [stdout] 
[INFO] [stderr] error: doctest failed, to rerun pass `--doc`
[INFO] running `Command { std: "docker" "inspect" "a8912e34402e0ae6a9dc82c54f7e1a6f4685eeb1a82ce42b8ace3299a82caa1a", kill_on_drop: false }`
[INFO] running `Command { std: "docker" "rm" "-f" "a8912e34402e0ae6a9dc82c54f7e1a6f4685eeb1a82ce42b8ace3299a82caa1a", kill_on_drop: false }`
[INFO] [stdout] a8912e34402e0ae6a9dc82c54f7e1a6f4685eeb1a82ce42b8ace3299a82caa1a
