[INFO] fetching crate asar-explorer 0.1.0...
[INFO] testing asar-explorer-0.1.0 against 1.83.0 for beta-1.84.0-4-retry
[INFO] extracting crate asar-explorer 0.1.0 into /workspace/builds/worker-4-tc1/source
[INFO] validating manifest of crates.io crate asar-explorer 0.1.0 on toolchain 1.83.0
[INFO] running `Command { std: CARGO_HOME="/workspace/cargo-home" RUSTUP_HOME="/workspace/rustup-home" "/workspace/cargo-home/bin/cargo" "+1.83.0" "metadata" "--manifest-path" "Cargo.toml" "--no-deps", kill_on_drop: false }`
[INFO] started tweaking crates.io crate asar-explorer 0.1.0
[INFO] finished tweaking crates.io crate asar-explorer 0.1.0
[INFO] tweaked toml for crates.io crate asar-explorer 0.1.0 written to /workspace/builds/worker-4-tc1/source/Cargo.toml
[INFO] running `Command { std: CARGO_HOME="/workspace/cargo-home" RUSTUP_HOME="/workspace/rustup-home" "/workspace/cargo-home/bin/cargo" "+1.83.0" "generate-lockfile" "--manifest-path" "Cargo.toml", kill_on_drop: false }`
[INFO] [stderr]     Updating crates.io index
[INFO] [stderr]      Locking 10 packages to latest compatible versions
[INFO] running `Command { std: CARGO_HOME="/workspace/cargo-home" RUSTUP_HOME="/workspace/rustup-home" "/workspace/cargo-home/bin/cargo" "+1.83.0" "fetch" "--manifest-path" "Cargo.toml", kill_on_drop: false }`
[INFO] running `Command { std: "docker" "create" "-v" "/var/lib/crater-agent-workspace/builds/worker-4-tc1/target:/opt/rustwide/target:rw,Z" "-v" "/var/lib/crater-agent-workspace/builds/worker-4-tc1/source:/opt/rustwide/workdir:ro,Z" "-v" "/var/lib/crater-agent-workspace/cargo-home:/opt/rustwide/cargo-home:ro,Z" "-v" "/var/lib/crater-agent-workspace/rustup-home:/opt/rustwide/rustup-home:ro,Z" "-e" "SOURCE_DIR=/opt/rustwide/workdir" "-e" "CARGO_TARGET_DIR=/opt/rustwide/target" "-e" "CARGO_HOME=/opt/rustwide/cargo-home" "-e" "RUSTUP_HOME=/opt/rustwide/rustup-home" "-w" "/opt/rustwide/workdir" "-m" "1610612736" "--user" "0:0" "--network" "none" "ghcr.io/rust-lang/crates-build-env/linux@sha256:f3a9d4ad9d972b27faf3965f35b62e55ba32bbce8f20bc8fe909558a86702fde" "/opt/rustwide/cargo-home/bin/cargo" "+1.83.0" "metadata" "--no-deps" "--format-version=1", kill_on_drop: false }`
[INFO] [stdout] 35ee62bbc276c5c71330e077145c8f6f0b91903b27f51ee35d8af147a1c33871
[INFO] running `Command { std: "docker" "start" "-a" "35ee62bbc276c5c71330e077145c8f6f0b91903b27f51ee35d8af147a1c33871", kill_on_drop: false }`
[INFO] running `Command { std: "docker" "inspect" "35ee62bbc276c5c71330e077145c8f6f0b91903b27f51ee35d8af147a1c33871", kill_on_drop: false }`
[INFO] running `Command { std: "docker" "rm" "-f" "35ee62bbc276c5c71330e077145c8f6f0b91903b27f51ee35d8af147a1c33871", kill_on_drop: false }`
[INFO] [stdout] 35ee62bbc276c5c71330e077145c8f6f0b91903b27f51ee35d8af147a1c33871
[INFO] running `Command { std: "docker" "create" "-v" "/var/lib/crater-agent-workspace/builds/worker-4-tc1/target:/opt/rustwide/target:rw,Z" "-v" "/var/lib/crater-agent-workspace/builds/worker-4-tc1/source:/opt/rustwide/workdir:ro,Z" "-v" "/var/lib/crater-agent-workspace/cargo-home:/opt/rustwide/cargo-home:ro,Z" "-v" "/var/lib/crater-agent-workspace/rustup-home:/opt/rustwide/rustup-home:ro,Z" "-e" "SOURCE_DIR=/opt/rustwide/workdir" "-e" "CARGO_TARGET_DIR=/opt/rustwide/target" "-e" "CARGO_INCREMENTAL=0" "-e" "RUST_BACKTRACE=full" "-e" "RUSTFLAGS=--cap-lints=warn" "-e" "RUSTDOCFLAGS=--cap-lints=warn" "-e" "CARGO_HOME=/opt/rustwide/cargo-home" "-e" "RUSTUP_HOME=/opt/rustwide/rustup-home" "-w" "/opt/rustwide/workdir" "-m" "1610612736" "--user" "0:0" "--network" "none" "ghcr.io/rust-lang/crates-build-env/linux@sha256:f3a9d4ad9d972b27faf3965f35b62e55ba32bbce8f20bc8fe909558a86702fde" "/opt/rustwide/cargo-home/bin/cargo" "+1.83.0" "build" "--frozen" "--message-format=json", kill_on_drop: false }`
[INFO] [stdout] 7d72590d2c094451980031ddce4eeda9bdae2d2921b6cb2b1e31c62d2768c41c
[INFO] running `Command { std: "docker" "start" "-a" "7d72590d2c094451980031ddce4eeda9bdae2d2921b6cb2b1e31c62d2768c41c", kill_on_drop: false }`
[INFO] [stderr]    Compiling serde v1.0.216
[INFO] [stderr]    Compiling serde_json v1.0.133
[INFO] [stderr]    Compiling itoa v1.0.14
[INFO] [stderr]    Compiling memchr v2.7.4
[INFO] [stderr]    Compiling ryu v1.0.18
[INFO] [stderr]    Compiling asar-explorer v0.1.0 (/opt/rustwide/workdir)
[INFO] [stderr]     Finished `dev` profile [unoptimized + debuginfo] target(s) in 6.80s
[INFO] running `Command { std: "docker" "inspect" "7d72590d2c094451980031ddce4eeda9bdae2d2921b6cb2b1e31c62d2768c41c", kill_on_drop: false }`
[INFO] running `Command { std: "docker" "rm" "-f" "7d72590d2c094451980031ddce4eeda9bdae2d2921b6cb2b1e31c62d2768c41c", kill_on_drop: false }`
[INFO] [stdout] 7d72590d2c094451980031ddce4eeda9bdae2d2921b6cb2b1e31c62d2768c41c
[INFO] running `Command { std: "docker" "create" "-v" "/var/lib/crater-agent-workspace/builds/worker-4-tc1/target:/opt/rustwide/target:rw,Z" "-v" "/var/lib/crater-agent-workspace/builds/worker-4-tc1/source:/opt/rustwide/workdir:ro,Z" "-v" "/var/lib/crater-agent-workspace/cargo-home:/opt/rustwide/cargo-home:ro,Z" "-v" "/var/lib/crater-agent-workspace/rustup-home:/opt/rustwide/rustup-home:ro,Z" "-e" "SOURCE_DIR=/opt/rustwide/workdir" "-e" "CARGO_TARGET_DIR=/opt/rustwide/target" "-e" "CARGO_INCREMENTAL=0" "-e" "RUST_BACKTRACE=full" "-e" "RUSTFLAGS=--cap-lints=warn" "-e" "RUSTDOCFLAGS=--cap-lints=warn" "-e" "CARGO_HOME=/opt/rustwide/cargo-home" "-e" "RUSTUP_HOME=/opt/rustwide/rustup-home" "-w" "/opt/rustwide/workdir" "-m" "1610612736" "--user" "0:0" "--network" "none" "ghcr.io/rust-lang/crates-build-env/linux@sha256:f3a9d4ad9d972b27faf3965f35b62e55ba32bbce8f20bc8fe909558a86702fde" "/opt/rustwide/cargo-home/bin/cargo" "+1.83.0" "test" "--frozen" "--no-run" "--message-format=json", kill_on_drop: false }`
[INFO] [stdout] 39ffb69fd84a825c3d4c5f2b8c0f6efc7664187062b8db0debfcf8d178931323
[INFO] running `Command { std: "docker" "start" "-a" "39ffb69fd84a825c3d4c5f2b8c0f6efc7664187062b8db0debfcf8d178931323", kill_on_drop: false }`
[INFO] [stderr]    Compiling asar-explorer v0.1.0 (/opt/rustwide/workdir)
[INFO] [stderr]     Finished `test` profile [unoptimized + debuginfo] target(s) in 0.45s
[INFO] running `Command { std: "docker" "inspect" "39ffb69fd84a825c3d4c5f2b8c0f6efc7664187062b8db0debfcf8d178931323", kill_on_drop: false }`
[INFO] running `Command { std: "docker" "rm" "-f" "39ffb69fd84a825c3d4c5f2b8c0f6efc7664187062b8db0debfcf8d178931323", kill_on_drop: false }`
[INFO] [stdout] 39ffb69fd84a825c3d4c5f2b8c0f6efc7664187062b8db0debfcf8d178931323
[INFO] running `Command { std: "docker" "create" "-v" "/var/lib/crater-agent-workspace/builds/worker-4-tc1/target:/opt/rustwide/target:rw,Z" "-v" "/var/lib/crater-agent-workspace/builds/worker-4-tc1/source:/opt/rustwide/workdir:ro,Z" "-v" "/var/lib/crater-agent-workspace/cargo-home:/opt/rustwide/cargo-home:ro,Z" "-v" "/var/lib/crater-agent-workspace/rustup-home:/opt/rustwide/rustup-home:ro,Z" "-e" "SOURCE_DIR=/opt/rustwide/workdir" "-e" "CARGO_TARGET_DIR=/opt/rustwide/target" "-e" "CARGO_INCREMENTAL=0" "-e" "RUST_BACKTRACE=full" "-e" "RUSTFLAGS=--cap-lints=warn" "-e" "RUSTDOCFLAGS=--cap-lints=warn" "-e" "CARGO_HOME=/opt/rustwide/cargo-home" "-e" "RUSTUP_HOME=/opt/rustwide/rustup-home" "-w" "/opt/rustwide/workdir" "-m" "1610612736" "--user" "0:0" "--network" "none" "ghcr.io/rust-lang/crates-build-env/linux@sha256:f3a9d4ad9d972b27faf3965f35b62e55ba32bbce8f20bc8fe909558a86702fde" "/opt/rustwide/cargo-home/bin/cargo" "+1.83.0" "test" "--frozen", kill_on_drop: false }`
[INFO] [stdout] 06dddc68e2cdfe822d5990bfdfca9142f30d89d50aa4de23f70fb6e9d62d4942
[INFO] running `Command { std: "docker" "start" "-a" "06dddc68e2cdfe822d5990bfdfca9142f30d89d50aa4de23f70fb6e9d62d4942", kill_on_drop: false }`
[INFO] [stderr]     Finished `test` profile [unoptimized + debuginfo] target(s) in 0.05s
[INFO] [stderr]      Running unittests src/lib.rs (/opt/rustwide/target/debug/deps/asar_explorer-4008ff9895303836)
[INFO] [stdout] 
[INFO] [stdout] running 0 tests
[INFO] [stdout] 
[INFO] [stdout] test result: ok. 0 passed; 0 failed; 0 ignored; 0 measured; 0 filtered out; finished in 0.00s
[INFO] [stdout] 
[INFO] [stderr]    Doc-tests asar_explorer
[INFO] [stdout] 
[INFO] [stdout] running 1 test
[INFO] [stdout] test src/../README.md - (line 10) ... FAILED
[INFO] [stdout] 
[INFO] [stdout] failures:
[INFO] [stdout] 
[INFO] [stdout] ---- src/../README.md - (line 10) stdout ----
[INFO] [stdout] error[E0599]: the method `get_headers` exists for enum `Result<File, Error>`, but its trait bounds were not satisfied
[INFO] [stdout]   --> src/../README.md:18:24
[INFO] [stdout]    |
[INFO] [stdout] 10 |     let headers = file.get_headers()?;
[INFO] [stdout]    |                        ^^^^^^^^^^^ method cannot be called on `Result<File, Error>` due to unsatisfied trait bounds
[INFO] [stdout]    |
[INFO] [stdout]    = note: the following trait bounds were not satisfied:
[INFO] [stdout]            `Result<File, std::io::Error>: std::io::Read`
[INFO] [stdout]            which is required by `Result<File, std::io::Error>: Asar`
[INFO] [stdout] note: the method `get_headers` exists on the type `File`
[INFO] [stdout]   --> /opt/rustwide/workdir/src/asar.rs:8:5
[INFO] [stdout]    |
[INFO] [stdout] 8  |     fn get_headers(&mut self) -> Result<Map<String, Value>>;
[INFO] [stdout]    |     ^^^^^^^^^^^^^^^^^^^^^^^^^^^^^^^^^^^^^^^^^^^^^^^^^^^^^^^^
[INFO] [stdout] help: use the `?` operator to extract the `File` value, propagating a `Result::Err` value to the caller
[INFO] [stdout]    |
[INFO] [stdout] 10 |     let headers = file?.get_headers()?;
[INFO] [stdout]    |                       +
[INFO] [stdout] 
[INFO] [stdout] error[E0599]: the method `unpack_files` exists for enum `Result<File, Error>`, but its trait bounds were not satisfied
[INFO] [stdout]   --> src/../README.md:19:10
[INFO] [stdout]    |
[INFO] [stdout] 11 |     file.unpack_files(&headers, "./foo", None)?;
[INFO] [stdout]    |          ^^^^^^^^^^^^ method cannot be called on `Result<File, Error>` due to unsatisfied trait bounds
[INFO] [stdout]    |
[INFO] [stdout]    = note: the following trait bounds were not satisfied:
[INFO] [stdout]            `Result<File, std::io::Error>: std::io::Read`
[INFO] [stdout]            which is required by `Result<File, std::io::Error>: Asar`
[INFO] [stdout] note: the method `unpack_files` exists on the type `File`
[INFO] [stdout]   --> /opt/rustwide/workdir/src/asar.rs:10:5
[INFO] [stdout]    |
[INFO] [stdout] 10 | /     fn unpack_files(
[INFO] [stdout] 11 | |         &mut self,
[INFO] [stdout] 12 | |         headers: &Map<String, Value>,
[INFO] [stdout] 13 | |         base_path: &str,
[INFO] [stdout] 14 | |         data: Option<&[u8]>,
[INFO] [stdout] 15 | |     ) -> Result<()>;
[INFO] [stdout]    | |____________________^
[INFO] [stdout] help: use the `?` operator to extract the `File` value, propagating a `Result::Err` value to the caller
[INFO] [stdout]    |
[INFO] [stdout] 11 |     file?.unpack_files(&headers, "./foo", None)?;
[INFO] [stdout]    |         +
[INFO] [stdout] 
[INFO] [stdout] error: aborting due to 2 previous errors
[INFO] [stdout] 
[INFO] [stdout] For more information about this error, try `rustc --explain E0599`.
[INFO] [stdout] Couldn't compile the test.
[INFO] [stdout] 
[INFO] [stdout] failures:
[INFO] [stdout]     src/../README.md - (line 10)
[INFO] [stdout] 
[INFO] [stdout] test result: FAILED. 0 passed; 1 failed; 0 ignored; 0 measured; 0 filtered out; finished in 0.12s
[INFO] [stdout] 
[INFO] [stderr] error: doctest failed, to rerun pass `--doc`
[INFO] running `Command { std: "docker" "inspect" "06dddc68e2cdfe822d5990bfdfca9142f30d89d50aa4de23f70fb6e9d62d4942", kill_on_drop: false }`
[INFO] running `Command { std: "docker" "rm" "-f" "06dddc68e2cdfe822d5990bfdfca9142f30d89d50aa4de23f70fb6e9d62d4942", kill_on_drop: false }`
[INFO] [stdout] 06dddc68e2cdfe822d5990bfdfca9142f30d89d50aa4de23f70fb6e9d62d4942
